{"id":124944,"date":"2023-06-19T21:45:05","date_gmt":"2023-06-19T21:45:05","guid":{"rendered":"https:\/\/cardamomo.com\/es\/?post_type=show&#038;p=124944"},"modified":"2025-02-01T13:58:14","modified_gmt":"2025-02-01T13:58:14","slug":"mariano-lozano-en-cardamomo","status":"publish","type":"show","link":"https:\/\/cardamomo.com\/fr\/show\/mariano-lozano-en-cardamomo\/","title":{"rendered":"Mariano Lozano \u00e1 Cardamomo"},"content":{"rendered":"<p><\/p>\n<div class=\"flex max-w-full flex-col flex-grow\">\n<div class=\"min-h-[20px] text-message flex w-full flex-col items-end gap-2 whitespace-normal break-words [.text-message+&amp;]:mt-5\" dir=\"auto\" data-message-author-role=\"assistant\" data-message-id=\"2ef31620-bbeb-4e60-9ffd-0d56f7d4013b\">\n<div class=\"flex w-full flex-col gap-1 empty:hidden first:pt-[3px]\">\n<div class=\"markdown prose w-full break-words dark:prose-invert light\">\n<div class=\"flex max-w-full flex-col flex-grow\">\n<div class=\"min-h-8 text-message flex w-full flex-col items-end gap-2 whitespace-normal break-words [.text-message+&amp;]:mt-5\" dir=\"auto\" data-message-author-role=\"assistant\" data-message-id=\"727e4de4-3508-4c1c-a1a6-4681e1bcbcd7\" data-message-model-slug=\"gpt-4o\">\n<div class=\"flex w-full flex-col gap-1 empty:hidden first:pt-[3px]\">\n<div class=\"markdown prose w-full break-words dark:prose-invert light\">\n<p>Nous avons l\u2019honneur d\u2019accueillir <strong>Mariano Lozano<\/strong>, un danseur de flamenco exceptionnel n\u00e9 le 25 septembre 1988 dans une famille gitane aux profondes racines flamencas. H\u00e9ritier d\u2019une tradition artistique incarn\u00e9e par des noms tels que Mari Vizarraga, Arturo de Quilate, El Bobotes et La Tana, Mariano a grandi \u00e0 S\u00e9ville entour\u00e9 de musique et de tradition.<\/p>\n<p>Il a commenc\u00e9 sa carri\u00e8re aux c\u00f4t\u00e9s de <strong>Mercedes \u00ab\u00a0Winy\u00a0\u00bb Amaya<\/strong>, ni\u00e8ce de la l\u00e9gendaire Carmen Amaya, et a poursuivi sa formation dans la prestigieuse \u00e9cole madril\u00e8ne <strong>Amor de Dios<\/strong>, o\u00f9 il s\u2019est perfectionn\u00e9 aupr\u00e8s de grands ma\u00eetres comme Crist\u00f3bal Reyes, Manuel Reyes, Alfonso Losa et Jos\u00e9 Maya.<\/p>\n<p>Mariano a foul\u00e9 les planches des plus c\u00e9l\u00e8bres tablaos de Madrid, tels que Casa Patas, El Corral de la Pacheca et Tablao Flamenco 1911, s\u2019imposant comme une figure incontournable du flamenco. Son spectacle <strong>\u00ab\u00a0Mi sentir\u00a0\u00bb<\/strong>, acclam\u00e9 par le public, l\u2019a conduit en tourn\u00e9e au Mexique, et son talent de soliste principal au sein du <strong>Ballet Flamenco de Madrid<\/strong> lui a permis de conqu\u00e9rir les sc\u00e8nes de Chine avec la production <strong>\u00ab\u00a0Carmen\u00a0\u00bb<\/strong>.<\/p>\n<p>En plus de ses performances dans les tablaos et les compagnies, Mariano a partag\u00e9 l\u2019art du flamenco en enseignant \u00e0 travers le monde, de l\u2019Allemagne au Maroc. Vous l\u2019avez peut-\u00eatre \u00e9galement vu comme la star de la <strong>publicit\u00e9 de la Ligue des champions 2019<\/strong>.<\/p>\n<p>????<strong>Ne manquez pas sa performance exclusive cette semaine dans notre tablao !<\/strong><\/p>\n<h3><a style=\"font-size: 16px\" href=\"https:\/\/cardamomo.com\/es\/comprar-entradas\/\">R\u00e9servez vos billets d\u00e8s maintenant !<\/a><\/h3>\n<\/div>\n<\/div>\n<\/div>\n<\/div>\n<\/div>\n<\/div>\n<\/div>\n<\/div>\n<p><img loading=\"lazy\" decoding=\"async\" class=\"alignnone wp-image-110225\" src=\"https:\/\/cardamomo.com\/wp-content\/uploads\/2022\/01\/logo-gobierno-copia-231x300.jpg\" alt=\"\" width=\"45\" height=\"59\" \/><img loading=\"lazy\" decoding=\"async\" class=\"alignnone wp-image-110187\" src=\"https:\/\/cardamomo.com\/wp-content\/uploads\/2022\/03\/firma_madrid_negro-300x82.png\" alt=\"\" width=\"253\" height=\"69\" \/><img loading=\"lazy\" decoding=\"async\" class=\"alignnone wp-image-110202\" src=\"https:\/\/pro.cardamomo.com\/wp-content\/uploads\/2022\/01\/inaem-02-cajetin-rojo-300x53.png\" alt=\"\" width=\"328\" height=\"58\" \/> <img loading=\"lazy\" decoding=\"async\" class=\"alignnone wp-image-115034\" src=\"https:\/\/cardamomo.com\/wp-content\/uploads\/2022\/03\/espana-puede-logo.png\" alt=\"\" width=\"100\" height=\"58\" \/><\/p>","protected":false},"featured_media":0,"template":"","meta":{"_acf_changed":false,"inline_featured_image":false},"class_list":["post-124944","show","type-show","status-publish","hentry"],"acf":[],"yoast_head":"<!-- This site is optimized with the Yoast SEO plugin v27.4 - https:\/\/yoast.com\/product\/yoast-seo-wordpress\/ -->\n<title>Mariano Lozano \u00e1 Cardamomo - Cardamomo Flamenco Madrid<\/title>\n<meta name=\"robots\" content=\"index, follow, max-snippet:-1, max-image-preview:large, max-video-preview:-1\" \/>\n<link rel=\"canonical\" href=\"\/\" \/>\n<meta property=\"og:locale\" content=\"fr_FR\" \/>\n<meta property=\"og:type\" content=\"article\" \/>\n<meta property=\"og:title\" content=\"Mariano Lozano \u00e1 Cardamomo - Cardamomo Flamenco Madrid\" \/>\n<meta property=\"og:description\" content=\"Nous avons l\u2019honneur d\u2019accueillir Mariano Lozano, un danseur de flamenco exceptionnel n\u00e9 le 25 septembre 1988 dans une famille gitane aux profondes racines flamencas. H\u00e9ritier d\u2019une tradition artistique incarn\u00e9e par des noms tels que Mari Vizarraga, Arturo de Quilate, El Bobotes et La Tana, Mariano a grandi \u00e0 S\u00e9ville entour\u00e9 de musique et de tradition....\" \/>\n<meta property=\"og:url\" content=\"https:\/\/cardamomo.com\/fr\/show\/mariano-lozano-en-cardamomo\/\" \/>\n<meta property=\"og:site_name\" content=\"Cardamomo Flamenco Madrid\" \/>\n<meta property=\"article:modified_time\" content=\"2025-02-01T13:58:14+00:00\" \/>\n<meta property=\"og:image\" content=\"https:\/\/cardamomo.com\/wp-content\/uploads\/2022\/01\/logo-gobierno-copia-231x300.jpg\" \/>\n<meta name=\"twitter:card\" content=\"summary_large_image\" \/>\n<meta name=\"twitter:label1\" content=\"Dur\u00e9e de lecture estim\u00e9e\" \/>\n\t<meta name=\"twitter:data1\" content=\"1 minute\" \/>\n<script type=\"application\/ld+json\" class=\"yoast-schema-graph\">{\"@context\":\"https:\\\/\\\/schema.org\",\"@graph\":[{\"@type\":\"WebPage\",\"@id\":\"https:\\\/\\\/cardamomo.com\\\/fr\\\/show\\\/mariano-lozano-en-cardamomo\\\/\",\"url\":\"https:\\\/\\\/cardamomo.com\\\/fr\\\/show\\\/mariano-lozano-en-cardamomo\\\/\",\"name\":\"Mariano Lozano \u00e1 Cardamomo - Cardamomo Flamenco Madrid\",\"isPartOf\":{\"@id\":\"https:\\\/\\\/cardamomo.com\\\/fr\\\/#website\"},\"primaryImageOfPage\":{\"@id\":\"https:\\\/\\\/cardamomo.com\\\/fr\\\/show\\\/mariano-lozano-en-cardamomo\\\/#primaryimage\"},\"image\":{\"@id\":\"https:\\\/\\\/cardamomo.com\\\/es\\\/show\\\/mariano-lozano-en-cardamomo\\\/#primaryimage\"},\"thumbnailUrl\":\"https:\\\/\\\/cardamomo.com\\\/wp-content\\\/uploads\\\/2022\\\/01\\\/logo-gobierno-copia-231x300.jpg\",\"datePublished\":\"2023-06-19T21:45:05+00:00\",\"dateModified\":\"2025-02-01T13:58:14+00:00\",\"breadcrumb\":{\"@id\":\"https:\\\/\\\/cardamomo.com\\\/fr\\\/show\\\/mariano-lozano-en-cardamomo\\\/#breadcrumb\"},\"inLanguage\":\"fr-FR\",\"potentialAction\":[{\"@type\":\"ReadAction\",\"target\":[[\"https:\\\/\\\/cardamomo.com\\\/fr\\\/show\\\/mariano-lozano-en-cardamomo\\\/\"]]}]},{\"@type\":\"ImageObject\",\"inLanguage\":\"fr-FR\",\"@id\":\"https:\\\/\\\/cardamomo.com\\\/fr\\\/show\\\/mariano-lozano-en-cardamomo\\\/#primaryimage\",\"url\":\"https:\\\/\\\/cardamomo.com\\\/wp-content\\\/uploads\\\/2022\\\/01\\\/logo-gobierno-copia-231x300.jpg\",\"contentUrl\":\"https:\\\/\\\/cardamomo.com\\\/wp-content\\\/uploads\\\/2022\\\/01\\\/logo-gobierno-copia-231x300.jpg\"},{\"@type\":\"BreadcrumbList\",\"@id\":\"https:\\\/\\\/cardamomo.com\\\/fr\\\/show\\\/mariano-lozano-en-cardamomo\\\/#breadcrumb\",\"itemListElement\":[{\"@type\":\"ListItem\",\"position\":1,\"name\":\"Cardamomo\",\"item\":\"https:\\\/\\\/cardamomo.com\\\/fr\\\/\"},{\"@type\":\"ListItem\",\"position\":2,\"name\":\"Shows\",\"item\":\"https:\\\/\\\/cardamomo.com\\\/fr\\\/show\\\/\"},{\"@type\":\"ListItem\",\"position\":3,\"name\":\"Mariano Lozano en Cardamomo\"}]},{\"@type\":\"WebSite\",\"@id\":\"https:\\\/\\\/cardamomo.com\\\/fr\\\/#website\",\"url\":\"https:\\\/\\\/cardamomo.com\\\/fr\\\/\",\"name\":\"Cardamomo Flamenco Madrid\",\"description\":\"\",\"potentialAction\":[{\"@type\":\"SearchAction\",\"target\":{\"@type\":\"EntryPoint\",\"urlTemplate\":\"https:\\\/\\\/cardamomo.com\\\/fr\\\/?s={search_term_string}\"},\"query-input\":{\"@type\":\"PropertyValueSpecification\",\"valueRequired\":true,\"valueName\":\"search_term_string\"}}],\"inLanguage\":\"fr-FR\"}]}<\/script>\n<!-- \/ Yoast SEO plugin. -->","yoast_head_json":{"title":"Mariano Lozano \u00e1 Cardamomo - Cardamomo Flamenco Madrid","robots":{"index":"index","follow":"follow","max-snippet":"max-snippet:-1","max-image-preview":"max-image-preview:large","max-video-preview":"max-video-preview:-1"},"canonical":"\/","og_locale":"fr_FR","og_type":"article","og_title":"Mariano Lozano \u00e1 Cardamomo - Cardamomo Flamenco Madrid","og_description":"Nous avons l\u2019honneur d\u2019accueillir Mariano Lozano, un danseur de flamenco exceptionnel n\u00e9 le 25 septembre 1988 dans une famille gitane aux profondes racines flamencas. H\u00e9ritier d\u2019une tradition artistique incarn\u00e9e par des noms tels que Mari Vizarraga, Arturo de Quilate, El Bobotes et La Tana, Mariano a grandi \u00e0 S\u00e9ville entour\u00e9 de musique et de tradition....","og_url":"https:\/\/cardamomo.com\/fr\/show\/mariano-lozano-en-cardamomo\/","og_site_name":"Cardamomo Flamenco Madrid","article_modified_time":"2025-02-01T13:58:14+00:00","og_image":[{"url":"https:\/\/cardamomo.com\/wp-content\/uploads\/2022\/01\/logo-gobierno-copia-231x300.jpg","type":"","width":"","height":""}],"twitter_card":"summary_large_image","twitter_misc":{"Dur\u00e9e de lecture estim\u00e9e":"1 minute"},"schema":{"@context":"https:\/\/schema.org","@graph":[{"@type":"WebPage","@id":"https:\/\/cardamomo.com\/fr\/show\/mariano-lozano-en-cardamomo\/","url":"https:\/\/cardamomo.com\/fr\/show\/mariano-lozano-en-cardamomo\/","name":"Mariano Lozano \u00e1 Cardamomo - Cardamomo Flamenco Madrid","isPartOf":{"@id":"https:\/\/cardamomo.com\/fr\/#website"},"primaryImageOfPage":{"@id":"https:\/\/cardamomo.com\/fr\/show\/mariano-lozano-en-cardamomo\/#primaryimage"},"image":{"@id":"https:\/\/cardamomo.com\/es\/show\/mariano-lozano-en-cardamomo\/#primaryimage"},"thumbnailUrl":"https:\/\/cardamomo.com\/wp-content\/uploads\/2022\/01\/logo-gobierno-copia-231x300.jpg","datePublished":"2023-06-19T21:45:05+00:00","dateModified":"2025-02-01T13:58:14+00:00","breadcrumb":{"@id":"https:\/\/cardamomo.com\/fr\/show\/mariano-lozano-en-cardamomo\/#breadcrumb"},"inLanguage":"fr-FR","potentialAction":[{"@type":"ReadAction","target":[["https:\/\/cardamomo.com\/fr\/show\/mariano-lozano-en-cardamomo\/"]]}]},{"@type":"ImageObject","inLanguage":"fr-FR","@id":"https:\/\/cardamomo.com\/fr\/show\/mariano-lozano-en-cardamomo\/#primaryimage","url":"https:\/\/cardamomo.com\/wp-content\/uploads\/2022\/01\/logo-gobierno-copia-231x300.jpg","contentUrl":"https:\/\/cardamomo.com\/wp-content\/uploads\/2022\/01\/logo-gobierno-copia-231x300.jpg"},{"@type":"BreadcrumbList","@id":"https:\/\/cardamomo.com\/fr\/show\/mariano-lozano-en-cardamomo\/#breadcrumb","itemListElement":[{"@type":"ListItem","position":1,"name":"Cardamomo","item":"https:\/\/cardamomo.com\/fr\/"},{"@type":"ListItem","position":2,"name":"Shows","item":"https:\/\/cardamomo.com\/fr\/show\/"},{"@type":"ListItem","position":3,"name":"Mariano Lozano en Cardamomo"}]},{"@type":"WebSite","@id":"https:\/\/cardamomo.com\/fr\/#website","url":"https:\/\/cardamomo.com\/fr\/","name":"Cardamomo Flamenco Madrid","description":"","potentialAction":[{"@type":"SearchAction","target":{"@type":"EntryPoint","urlTemplate":"https:\/\/cardamomo.com\/fr\/?s={search_term_string}"},"query-input":{"@type":"PropertyValueSpecification","valueRequired":true,"valueName":"search_term_string"}}],"inLanguage":"fr-FR"}]}},"_links":{"self":[{"href":"https:\/\/cardamomo.com\/fr\/wp-json\/wp\/v2\/show\/124944","targetHints":{"allow":["GET"]}}],"collection":[{"href":"https:\/\/cardamomo.com\/fr\/wp-json\/wp\/v2\/show"}],"about":[{"href":"https:\/\/cardamomo.com\/fr\/wp-json\/wp\/v2\/types\/show"}],"wp:attachment":[{"href":"https:\/\/cardamomo.com\/fr\/wp-json\/wp\/v2\/media?parent=124944"}],"curies":[{"name":"wp","href":"https:\/\/api.w.org\/{rel}","templated":true}]}}

Mariano Lozano á Cardamomo

<p></p>
<div class="flex max-w-full flex-col flex-grow">
<div class="min-h-[20px] text-message flex w-full flex-col items-end gap-2 whitespace-normal break-words [.text-message+&amp;]:mt-5" dir="auto" data-message-author-role="assistant" data-message-id="2ef31620-bbeb-4e60-9ffd-0d56f7d4013b">
<div class="flex w-full flex-col gap-1 empty:hidden first:pt-[3px]">
<div class="markdown prose w-full break-words dark:prose-invert light">
<div class="flex max-w-full flex-col flex-grow">
<div class="min-h-8 text-message flex w-full flex-col items-end gap-2 whitespace-normal break-words [.text-message+&amp;]:mt-5" dir="auto" data-message-author-role="assistant" data-message-id="727e4de4-3508-4c1c-a1a6-4681e1bcbcd7" data-message-model-slug="gpt-4o">
<div class="flex w-full flex-col gap-1 empty:hidden first:pt-[3px]">
<div class="markdown prose w-full break-words dark:prose-invert light">
<p>Nous avons l’honneur d’accueillir <strong>Mariano Lozano</strong>, un danseur de flamenco exceptionnel né le 25 septembre 1988 dans une famille gitane aux profondes racines flamencas. Héritier d’une tradition artistique incarnée par des noms tels que Mari Vizarraga, Arturo de Quilate, El Bobotes et La Tana, Mariano a grandi à Séville entouré de musique et de tradition.</p>
<p>Il a commencé sa carrière aux côtés de <strong>Mercedes « Winy » Amaya</strong>, nièce de la légendaire Carmen Amaya, et a poursuivi sa formation dans la prestigieuse école madrilène <strong>Amor de Dios</strong>, où il s’est perfectionné auprès de grands maîtres comme Cristóbal Reyes, Manuel Reyes, Alfonso Losa et José Maya.</p>
<p>Mariano a foulé les planches des plus célèbres tablaos de Madrid, tels que Casa Patas, El Corral de la Pacheca et Tablao Flamenco 1911, s’imposant comme une figure incontournable du flamenco. Son spectacle <strong>« Mi sentir »</strong>, acclamé par le public, l’a conduit en tournée au Mexique, et son talent de soliste principal au sein du <strong>Ballet Flamenco de Madrid</strong> lui a permis de conquérir les scènes de Chine avec la production <strong>« Carmen »</strong>.</p>
<p>En plus de ses performances dans les tablaos et les compagnies, Mariano a partagé l’art du flamenco en enseignant à travers le monde, de l’Allemagne au Maroc. Vous l’avez peut-être également vu comme la star de la <strong>publicité de la Ligue des champions 2019</strong>.</p>
<p>????<strong>Ne manquez pas sa performance exclusive cette semaine dans notre tablao !</strong></p>
<h3><a style="font-size: 16px" href="https://cardamomo.com/es/comprar-entradas/">Réservez vos billets dès maintenant !</a></h3>
</div>
</div>
</div>
</div>
</div>
</div>
</div>
</div>
<p><img loading="lazy" decoding="async" class="alignnone wp-image-110225" src="https://cardamomo.com/wp-content/uploads/2022/01/logo-gobierno-copia-231x300.jpg" alt="" width="45" height="59" /><img loading="lazy" decoding="async" class="alignnone wp-image-110187" src="https://cardamomo.com/wp-content/uploads/2022/03/firma_madrid_negro-300x82.png" alt="" width="253" height="69" /><img loading="lazy" decoding="async" class="alignnone wp-image-110202" src="https://pro.cardamomo.com/wp-content/uploads/2022/01/inaem-02-cajetin-rojo-300x53.png" alt="" width="328" height="58" /> <img loading="lazy" decoding="async" class="alignnone wp-image-115034" src="https://cardamomo.com/wp-content/uploads/2022/03/espana-puede-logo.png" alt="" width="100" height="58" /></p>

<!-- This site is optimized with the Yoast SEO plugin v27.4 - https://yoast.com/product/yoast-seo-wordpress/ -->
<title>Mariano Lozano á Cardamomo - Cardamomo Flamenco Madrid</title>
<meta name="robots" content="index, follow, max-snippet:-1, max-image-preview:large, max-video-preview:-1" />
<link rel="canonical" href="/" />
<meta property="og:locale" content="fr_FR" />
<meta property="og:type" content="article" />
<meta property="og:title" content="Mariano Lozano á Cardamomo - Cardamomo Flamenco Madrid" />
<meta property="og:description" content="Nous avons l’honneur d’accueillir Mariano Lozano, un danseur de flamenco exceptionnel né le 25 septembre 1988 dans une famille gitane aux profondes racines flamencas. Héritier d’une tradition artistique incarnée par des noms tels que Mari Vizarraga, Arturo de Quilate, El Bobotes et La Tana, Mariano a grandi à Séville entouré de musique et de tradition...." />
<meta property="og:url" content="https://cardamomo.com/fr/show/mariano-lozano-en-cardamomo/" />
<meta property="og:site_name" content="Cardamomo Flamenco Madrid" />
<meta property="article:modified_time" content="2025-02-01T13:58:14+00:00" />
<meta property="og:image" content="https://cardamomo.com/wp-content/uploads/2022/01/logo-gobierno-copia-231x300.jpg" />
<meta name="twitter:card" content="summary_large_image" />
<meta name="twitter:label1" content="Durée de lecture estimée" />
	<meta name="twitter:data1" content="1 minute" />
<script type="application/ld+json" class="yoast-schema-graph">{"@context":"https:\/\/schema.org","@graph":[{"@type":"WebPage","@id":"https:\/\/cardamomo.com\/fr\/show\/mariano-lozano-en-cardamomo\/","url":"https:\/\/cardamomo.com\/fr\/show\/mariano-lozano-en-cardamomo\/","name":"Mariano Lozano á Cardamomo - Cardamomo Flamenco Madrid","isPartOf":{"@id":"https:\/\/cardamomo.com\/fr\/#website"},"primaryImageOfPage":{"@id":"https:\/\/cardamomo.com\/fr\/show\/mariano-lozano-en-cardamomo\/#primaryimage"},"image":{"@id":"https:\/\/cardamomo.com\/es\/show\/mariano-lozano-en-cardamomo\/#primaryimage"},"thumbnailUrl":"https:\/\/cardamomo.com\/wp-content\/uploads\/2022\/01\/logo-gobierno-copia-231x300.jpg","datePublished":"2023-06-19T21:45:05+00:00","dateModified":"2025-02-01T13:58:14+00:00","breadcrumb":{"@id":"https:\/\/cardamomo.com\/fr\/show\/mariano-lozano-en-cardamomo\/#breadcrumb"},"inLanguage":"fr-FR","potentialAction":[{"@type":"ReadAction","target":[["https:\/\/cardamomo.com\/fr\/show\/mariano-lozano-en-cardamomo\/"]]}]},{"@type":"ImageObject","inLanguage":"fr-FR","@id":"https:\/\/cardamomo.com\/fr\/show\/mariano-lozano-en-cardamomo\/#primaryimage","url":"https:\/\/cardamomo.com\/wp-content\/uploads\/2022\/01\/logo-gobierno-copia-231x300.jpg","contentUrl":"https:\/\/cardamomo.com\/wp-content\/uploads\/2022\/01\/logo-gobierno-copia-231x300.jpg"},{"@type":"BreadcrumbList","@id":"https:\/\/cardamomo.com\/fr\/show\/mariano-lozano-en-cardamomo\/#breadcrumb","itemListElement":[{"@type":"ListItem","position":1,"name":"Cardamomo","item":"https:\/\/cardamomo.com\/fr\/"},{"@type":"ListItem","position":2,"name":"Shows","item":"https:\/\/cardamomo.com\/fr\/show\/"},{"@type":"ListItem","position":3,"name":"Mariano Lozano en Cardamomo"}]},{"@type":"WebSite","@id":"https:\/\/cardamomo.com\/fr\/#website","url":"https:\/\/cardamomo.com\/fr\/","name":"Cardamomo Flamenco Madrid","description":"","potentialAction":[{"@type":"SearchAction","target":{"@type":"EntryPoint","urlTemplate":"https:\/\/cardamomo.com\/fr\/?s={search_term_string}"},"query-input":{"@type":"PropertyValueSpecification","valueRequired":true,"valueName":"search_term_string"}}],"inLanguage":"fr-FR"}]}</script>
<!-- / Yoast SEO plugin. -->

Mariano Lozano á Cardamomo - Cardamomo Flamenco Madrid

Nous avons l’honneur d’accueillir Mariano Lozano, un danseur de flamenco exceptionnel né le 25 septembre 1988 dans une famille gitane aux profondes racines flamencas. Héritier d’une tradition artistique incarnée par des noms tels que Mari Vizarraga, Arturo de Quilate, El Bobotes et La Tana, Mariano a grandi à Séville entouré de musique et de tradition....
