{"id":105576,"date":"2022-07-23T21:45:05","date_gmt":"2022-07-23T21:45:05","guid":{"rendered":"https:\/\/cardamomo.com\/es\/?post_type=show&#038;p=105576"},"modified":"2024-12-26T21:54:52","modified_gmt":"2024-12-26T21:54:52","slug":"remache-por-primera-vez-en-cardamomo","status":"publish","type":"show","link":"https:\/\/cardamomo.com\/fr\/show\/el-remache-pour-la-premiere-fois-a-cardamomo\/","title":{"rendered":"\u00a0\u00bbEl Remache\u00a0\u00bb pour la premi\u00e8re fois \u00e0 Cardamomo"},"content":{"rendered":"<p><\/p>\n<h3>Une danse hypnotique<\/h3>\n<p>Le\u00f3nides Santiago Cortes, plus connu sous le nom de Yoni, <strong><span style=\"color: #ff0000;\">\u00ab\u00a0El Remache\u00a0\u00bb<\/span><\/strong>, un nom qui lui vient de son oncle \u00ab\u00a0El Remache de Bronce\u00a0\u00bb, danseur des danseurs, o\u00f9 Yoni trouve l&rsquo;inspiration pour sa danse gitane tant vant\u00e9e par les danseurs de flamenco.<\/p>\n<p>Yoni fait partie des jeunes privil\u00e9gi\u00e9s qui naissent avec l&rsquo;art du flamenco dans le sang, et forgent leur identit\u00e9 de mani\u00e8re autodidacte, ce qui fait que sa danse se distingue d\u00e8s son plus jeune \u00e2ge, il d\u00e9veloppe une danse personnelle fusionnant force et \u00e9l\u00e9gance, une danse gitane qui met tous les sens du spectateur en \u00e9veil.<\/p>\n<p>Sa participation \u00e0 l&rsquo;\u00e9mission \u00ab\u00a0Got Talent\u00a0\u00bb, sur Tele 5, 2021 n&rsquo;a laiss\u00e9 personne indiff\u00e9rent, il a \u00e9t\u00e9 salu\u00e9 par l&rsquo;ensemble du jury, notamment par le plus s\u00e9v\u00e8re, Risto Mejide.<\/p>\n<p>Ne manquez pas ce grand danseur en direct !<\/p>\n<p>Achetez vos billets maintenant !<\/p>\n<p>???? reservas@cardamomo.com<\/p>\n<p>\u260e\ufe0f ( +34) 91 805 1038\/ (+34) 691 02 21 17<\/p>\n<p>???? cardamomo.com<\/p>\n<p>&nbsp;<\/p>","protected":false},"featured_media":0,"template":"","meta":{"_acf_changed":false,"inline_featured_image":false},"class_list":["post-105576","show","type-show","status-publish","hentry"],"acf":[],"yoast_head":"<!-- This site is optimized with the Yoast SEO plugin v27.4 - https:\/\/yoast.com\/product\/yoast-seo-wordpress\/ -->\n<title>&quot;El Remache&quot; pour la premi\u00e8re fois \u00e0 Cardamomo - Cardamomo Flamenco Madrid<\/title>\n<meta name=\"robots\" content=\"index, follow, max-snippet:-1, max-image-preview:large, max-video-preview:-1\" \/>\n<link rel=\"canonical\" href=\"\/\" \/>\n<meta property=\"og:locale\" content=\"fr_FR\" \/>\n<meta property=\"og:type\" content=\"article\" \/>\n<meta property=\"og:title\" content=\"&quot;El Remache&quot; pour la premi\u00e8re fois \u00e0 Cardamomo - Cardamomo Flamenco Madrid\" \/>\n<meta property=\"og:description\" content=\"Une danse hypnotique Le\u00f3nides Santiago Cortes, plus connu sous le nom de Yoni, \u00ab\u00a0El Remache\u00a0\u00bb, un nom qui lui vient de son oncle \u00ab\u00a0El Remache de Bronce\u00a0\u00bb, danseur des danseurs, o\u00f9 Yoni trouve l&rsquo;inspiration pour sa danse gitane tant vant\u00e9e par les danseurs de flamenco. Yoni fait partie des jeunes privil\u00e9gi\u00e9s qui naissent avec l&rsquo;art...\" \/>\n<meta property=\"og:url\" content=\"https:\/\/cardamomo.com\/fr\/show\/el-remache-por-primera-vez-en-cardamomo\/\" \/>\n<meta property=\"og:site_name\" content=\"Cardamomo Flamenco Madrid\" \/>\n<meta property=\"article:modified_time\" content=\"2024-12-26T21:54:52+00:00\" \/>\n<meta name=\"twitter:card\" content=\"summary_large_image\" \/>\n<meta name=\"twitter:label1\" content=\"Dur\u00e9e de lecture estim\u00e9e\" \/>\n\t<meta name=\"twitter:data1\" content=\"1 minute\" \/>\n<script type=\"application\/ld+json\" class=\"yoast-schema-graph\">{\"@context\":\"https:\\\/\\\/schema.org\",\"@graph\":[{\"@type\":\"WebPage\",\"@id\":\"https:\\\/\\\/cardamomo.com\\\/fr\\\/show\\\/el-remache-por-primera-vez-en-cardamomo\\\/\",\"url\":\"https:\\\/\\\/cardamomo.com\\\/fr\\\/show\\\/el-remache-por-primera-vez-en-cardamomo\\\/\",\"name\":\"\\\"El Remache\\\" pour la premi\u00e8re fois \u00e0 Cardamomo - Cardamomo Flamenco Madrid\",\"isPartOf\":{\"@id\":\"https:\\\/\\\/cardamomo.com\\\/fr\\\/#website\"},\"datePublished\":\"2022-07-23T21:45:05+00:00\",\"dateModified\":\"2024-12-26T21:54:52+00:00\",\"breadcrumb\":{\"@id\":\"https:\\\/\\\/cardamomo.com\\\/fr\\\/show\\\/el-remache-por-primera-vez-en-cardamomo\\\/#breadcrumb\"},\"inLanguage\":\"fr-FR\",\"potentialAction\":[{\"@type\":\"ReadAction\",\"target\":[[\"https:\\\/\\\/cardamomo.com\\\/fr\\\/show\\\/el-remache-por-primera-vez-en-cardamomo\\\/\"]]}]},{\"@type\":\"BreadcrumbList\",\"@id\":\"https:\\\/\\\/cardamomo.com\\\/fr\\\/show\\\/el-remache-por-primera-vez-en-cardamomo\\\/#breadcrumb\",\"itemListElement\":[{\"@type\":\"ListItem\",\"position\":1,\"name\":\"Cardamomo\",\"item\":\"https:\\\/\\\/cardamomo.com\\\/fr\\\/\"},{\"@type\":\"ListItem\",\"position\":2,\"name\":\"Shows\",\"item\":\"https:\\\/\\\/cardamomo.com\\\/fr\\\/show\\\/\"},{\"@type\":\"ListItem\",\"position\":3,\"name\":\"\u00abEl Remache\u00bb por primera vez en Cardamomo\"}]},{\"@type\":\"WebSite\",\"@id\":\"https:\\\/\\\/cardamomo.com\\\/fr\\\/#website\",\"url\":\"https:\\\/\\\/cardamomo.com\\\/fr\\\/\",\"name\":\"Cardamomo Flamenco Madrid\",\"description\":\"\",\"potentialAction\":[{\"@type\":\"SearchAction\",\"target\":{\"@type\":\"EntryPoint\",\"urlTemplate\":\"https:\\\/\\\/cardamomo.com\\\/fr\\\/?s={search_term_string}\"},\"query-input\":{\"@type\":\"PropertyValueSpecification\",\"valueRequired\":true,\"valueName\":\"search_term_string\"}}],\"inLanguage\":\"fr-FR\"}]}<\/script>\n<!-- \/ Yoast SEO plugin. -->","yoast_head_json":{"title":"\"El Remache\" pour la premi\u00e8re fois \u00e0 Cardamomo - Cardamomo Flamenco Madrid","robots":{"index":"index","follow":"follow","max-snippet":"max-snippet:-1","max-image-preview":"max-image-preview:large","max-video-preview":"max-video-preview:-1"},"canonical":"\/","og_locale":"fr_FR","og_type":"article","og_title":"\"El Remache\" pour la premi\u00e8re fois \u00e0 Cardamomo - Cardamomo Flamenco Madrid","og_description":"Une danse hypnotique Le\u00f3nides Santiago Cortes, plus connu sous le nom de Yoni, \u00ab\u00a0El Remache\u00a0\u00bb, un nom qui lui vient de son oncle \u00ab\u00a0El Remache de Bronce\u00a0\u00bb, danseur des danseurs, o\u00f9 Yoni trouve l&rsquo;inspiration pour sa danse gitane tant vant\u00e9e par les danseurs de flamenco. Yoni fait partie des jeunes privil\u00e9gi\u00e9s qui naissent avec l&rsquo;art...","og_url":"https:\/\/cardamomo.com\/fr\/show\/el-remache-por-primera-vez-en-cardamomo\/","og_site_name":"Cardamomo Flamenco Madrid","article_modified_time":"2024-12-26T21:54:52+00:00","twitter_card":"summary_large_image","twitter_misc":{"Dur\u00e9e de lecture estim\u00e9e":"1 minute"},"schema":{"@context":"https:\/\/schema.org","@graph":[{"@type":"WebPage","@id":"https:\/\/cardamomo.com\/fr\/show\/el-remache-por-primera-vez-en-cardamomo\/","url":"https:\/\/cardamomo.com\/fr\/show\/el-remache-por-primera-vez-en-cardamomo\/","name":"\"El Remache\" pour la premi\u00e8re fois \u00e0 Cardamomo - Cardamomo Flamenco Madrid","isPartOf":{"@id":"https:\/\/cardamomo.com\/fr\/#website"},"datePublished":"2022-07-23T21:45:05+00:00","dateModified":"2024-12-26T21:54:52+00:00","breadcrumb":{"@id":"https:\/\/cardamomo.com\/fr\/show\/el-remache-por-primera-vez-en-cardamomo\/#breadcrumb"},"inLanguage":"fr-FR","potentialAction":[{"@type":"ReadAction","target":[["https:\/\/cardamomo.com\/fr\/show\/el-remache-por-primera-vez-en-cardamomo\/"]]}]},{"@type":"BreadcrumbList","@id":"https:\/\/cardamomo.com\/fr\/show\/el-remache-por-primera-vez-en-cardamomo\/#breadcrumb","itemListElement":[{"@type":"ListItem","position":1,"name":"Cardamomo","item":"https:\/\/cardamomo.com\/fr\/"},{"@type":"ListItem","position":2,"name":"Shows","item":"https:\/\/cardamomo.com\/fr\/show\/"},{"@type":"ListItem","position":3,"name":"\u00abEl Remache\u00bb por primera vez en Cardamomo"}]},{"@type":"WebSite","@id":"https:\/\/cardamomo.com\/fr\/#website","url":"https:\/\/cardamomo.com\/fr\/","name":"Cardamomo Flamenco Madrid","description":"","potentialAction":[{"@type":"SearchAction","target":{"@type":"EntryPoint","urlTemplate":"https:\/\/cardamomo.com\/fr\/?s={search_term_string}"},"query-input":{"@type":"PropertyValueSpecification","valueRequired":true,"valueName":"search_term_string"}}],"inLanguage":"fr-FR"}]}},"_links":{"self":[{"href":"https:\/\/cardamomo.com\/fr\/wp-json\/wp\/v2\/show\/105576","targetHints":{"allow":["GET"]}}],"collection":[{"href":"https:\/\/cardamomo.com\/fr\/wp-json\/wp\/v2\/show"}],"about":[{"href":"https:\/\/cardamomo.com\/fr\/wp-json\/wp\/v2\/types\/show"}],"wp:attachment":[{"href":"https:\/\/cardamomo.com\/fr\/wp-json\/wp\/v2\/media?parent=105576"}],"curies":[{"name":"wp","href":"https:\/\/api.w.org\/{rel}","templated":true}]}}

»El Remache » pour la première fois à Cardamomo

<p></p>
<h3>Une danse hypnotique</h3>
<p>Leónides Santiago Cortes, plus connu sous le nom de Yoni, <strong><span style="color: #ff0000;">« El Remache »</span></strong>, un nom qui lui vient de son oncle « El Remache de Bronce », danseur des danseurs, où Yoni trouve l&rsquo;inspiration pour sa danse gitane tant vantée par les danseurs de flamenco.</p>
<p>Yoni fait partie des jeunes privilégiés qui naissent avec l&rsquo;art du flamenco dans le sang, et forgent leur identité de manière autodidacte, ce qui fait que sa danse se distingue dès son plus jeune âge, il développe une danse personnelle fusionnant force et élégance, une danse gitane qui met tous les sens du spectateur en éveil.</p>
<p>Sa participation à l&rsquo;émission « Got Talent », sur Tele 5, 2021 n&rsquo;a laissé personne indifférent, il a été salué par l&rsquo;ensemble du jury, notamment par le plus sévère, Risto Mejide.</p>
<p>Ne manquez pas ce grand danseur en direct !</p>
<p>Achetez vos billets maintenant !</p>
<p>???? reservas@cardamomo.com</p>
<p>☎️ ( +34) 91 805 1038/ (+34) 691 02 21 17</p>
<p>???? cardamomo.com</p>
<p>&nbsp;</p>

<!-- This site is optimized with the Yoast SEO plugin v27.4 - https://yoast.com/product/yoast-seo-wordpress/ -->
<title>&quot;El Remache&quot; pour la première fois à Cardamomo - Cardamomo Flamenco Madrid</title>
<meta name="robots" content="index, follow, max-snippet:-1, max-image-preview:large, max-video-preview:-1" />
<link rel="canonical" href="/" />
<meta property="og:locale" content="fr_FR" />
<meta property="og:type" content="article" />
<meta property="og:title" content="&quot;El Remache&quot; pour la première fois à Cardamomo - Cardamomo Flamenco Madrid" />
<meta property="og:description" content="Une danse hypnotique Leónides Santiago Cortes, plus connu sous le nom de Yoni, « El Remache », un nom qui lui vient de son oncle « El Remache de Bronce », danseur des danseurs, où Yoni trouve l&rsquo;inspiration pour sa danse gitane tant vantée par les danseurs de flamenco. Yoni fait partie des jeunes privilégiés qui naissent avec l&rsquo;art..." />
<meta property="og:url" content="https://cardamomo.com/fr/show/el-remache-por-primera-vez-en-cardamomo/" />
<meta property="og:site_name" content="Cardamomo Flamenco Madrid" />
<meta property="article:modified_time" content="2024-12-26T21:54:52+00:00" />
<meta name="twitter:card" content="summary_large_image" />
<meta name="twitter:label1" content="Durée de lecture estimée" />
	<meta name="twitter:data1" content="1 minute" />
<script type="application/ld+json" class="yoast-schema-graph">{"@context":"https:\/\/schema.org","@graph":[{"@type":"WebPage","@id":"https:\/\/cardamomo.com\/fr\/show\/el-remache-por-primera-vez-en-cardamomo\/","url":"https:\/\/cardamomo.com\/fr\/show\/el-remache-por-primera-vez-en-cardamomo\/","name":"\"El Remache\" pour la première fois à Cardamomo - Cardamomo Flamenco Madrid","isPartOf":{"@id":"https:\/\/cardamomo.com\/fr\/#website"},"datePublished":"2022-07-23T21:45:05+00:00","dateModified":"2024-12-26T21:54:52+00:00","breadcrumb":{"@id":"https:\/\/cardamomo.com\/fr\/show\/el-remache-por-primera-vez-en-cardamomo\/#breadcrumb"},"inLanguage":"fr-FR","potentialAction":[{"@type":"ReadAction","target":[["https:\/\/cardamomo.com\/fr\/show\/el-remache-por-primera-vez-en-cardamomo\/"]]}]},{"@type":"BreadcrumbList","@id":"https:\/\/cardamomo.com\/fr\/show\/el-remache-por-primera-vez-en-cardamomo\/#breadcrumb","itemListElement":[{"@type":"ListItem","position":1,"name":"Cardamomo","item":"https:\/\/cardamomo.com\/fr\/"},{"@type":"ListItem","position":2,"name":"Shows","item":"https:\/\/cardamomo.com\/fr\/show\/"},{"@type":"ListItem","position":3,"name":"«El Remache» por primera vez en Cardamomo"}]},{"@type":"WebSite","@id":"https:\/\/cardamomo.com\/fr\/#website","url":"https:\/\/cardamomo.com\/fr\/","name":"Cardamomo Flamenco Madrid","description":"","potentialAction":[{"@type":"SearchAction","target":{"@type":"EntryPoint","urlTemplate":"https:\/\/cardamomo.com\/fr\/?s={search_term_string}"},"query-input":{"@type":"PropertyValueSpecification","valueRequired":true,"valueName":"search_term_string"}}],"inLanguage":"fr-FR"}]}</script>
<!-- / Yoast SEO plugin. -->

"El Remache" pour la première fois à Cardamomo - Cardamomo Flamenco Madrid

Une danse hypnotique Leónides Santiago Cortes, plus connu sous le nom de Yoni, « El Remache », un nom qui lui vient de son oncle « El Remache de Bronce », danseur des danseurs, où Yoni trouve l&rsquo;inspiration pour sa danse gitane tant vantée par les danseurs de flamenco. Yoni fait partie des jeunes privilégiés qui naissent avec l&rsquo;art...
