{"id":704,"date":"2016-07-29T14:32:08","date_gmt":"2016-07-29T12:32:08","guid":{"rendered":"http:\/\/cardamomo.fullcircle.es\/?post_type=artist&#038;p=704"},"modified":"2025-04-02T15:50:16","modified_gmt":"2025-04-02T15:50:16","slug":"luis-miguel-manzano","status":"publish","type":"artist","link":"https:\/\/cardamomo.com\/fr\/artist\/luis-miguel-manzano\/","title":{"rendered":"Luis Miguel Manzano"},"content":{"rendered":"<p><strong>Luis Miguel Manzano<\/strong> est n\u00e9 dans une famille d&rsquo;artistes : l&rsquo;importante saga des \u00ab\u00a0Los Pelaos\u00a0\u00bb. Il est le petit-fils du bailaor El Fati et le petit-neveu de Fa\u00edco, fils du bailaora Loles Manzano et du guitariste Chuscales.<\/p>\n<p>Luis Miguel a commenc\u00e9 sa carri\u00e8re artistique \u00e0 l&rsquo;\u00e2ge de 16 ans. Il a accompagn\u00e9 des personnalit\u00e9s aussi prestigieuses que Merche Esmeralda, Domingo Ortega, Mar\u00eda Pag\u00e9s, Roc\u00edo Molina, Charo Manzano et Aurora Losada.<\/p>\n<p>Parmi ses professeurs les plus remarquables figurent Aquilino Jim\u00e9nez <strong>&lsquo;El Entri&rsquo;<\/strong>, Manuel Parrilla et Francisco Manzano &lsquo;El Calentito&rsquo;, qui lui ont transmis une technique et des connaissances bien d\u00e9finies pour l&rsquo;accompagnement du chant et de la danse&#8230;<\/p>\n<p>C&rsquo;est un guitariste qui donne une continuit\u00e9 \u00e0 l&rsquo;\u00e9cole de guitare du quartier de Ca\u00f1o Roto. Une \u00e9cole dont la fa\u00e7on de comprendre le jeu de guitare est tr\u00e8s particuli\u00e8re \u00e0 Madrid.<\/p>\n<h2>Luis Miguel Manzano dans le monde entier<\/h2>\n<p>D\u00e8s son plus jeune \u00e2ge, il a particip\u00e9 \u00e0 des festivals internationaux tels que New York, Jerez et Japan Expo; il a partag\u00e9 des tourn\u00e9es internationales avec des artistes tels que Gerardo N\u00fa\u00f1ez, Manuela Carrasco, Farruquito, Israel Galv\u00e1n et Los Campallo.<\/p>\n<ul>\n<li>Il a accompagn\u00e9 son oncle Toni El Pelao avec beaucoup de succ\u00e8s.<\/li>\n<li>S&rsquo;est produit en tant que guitariste principal dans de prestigieux tablaos de Madrid et de Barcelone &#8211; accompagnant <strong>La Tana, Duquende, Farru, Antonio Rey&#8230;<\/strong><\/li>\n<li>Il a travaill\u00e9 avec sa tante, la bailaora et cantaora Charo Manzano, ainsi qu&rsquo;avec Manuel Parrilla, Bernardo Parrilla et Ram\u00f3n au Teatro Central de S\u00e9ville, partageant la sc\u00e8ne avec <strong>Manuel Agujetas.<\/strong><\/li>\n<\/ul>\n<p>L&rsquo;une de ses derni\u00e8res collaborations remarquables a \u00e9t\u00e9 le spectacle \u00ab\u00a0Oco the Show\u00a0\u00bb produit par l&rsquo;Italien<strong> Pino Sagliocco.<\/strong><\/p>","protected":false},"featured_media":157261,"template":"","meta":{"_acf_changed":false,"inline_featured_image":false},"class_list":["post-704","artist","type-artist","status-publish","has-post-thumbnail","hentry"],"acf":[],"yoast_head":"<!-- This site is optimized with the Yoast SEO plugin v27.4 - https:\/\/yoast.com\/product\/yoast-seo-wordpress\/ -->\n<title>Luis Miguel Manzano<\/title>\n<meta name=\"description\" content=\"Luis Miguel Manzano. El guitarrista de la saga de los pelaos, \u00a1en Cardamomo! Si quieres conocer m\u00e1s sobre \u00e9l, no lo dudes. \u00a1Vis\u00edtanos!\" \/>\n<meta name=\"robots\" content=\"index, follow, max-snippet:-1, max-image-preview:large, max-video-preview:-1\" \/>\n<link rel=\"canonical\" href=\"\/\" \/>\n<meta property=\"og:locale\" content=\"fr_FR\" \/>\n<meta property=\"og:type\" content=\"article\" \/>\n<meta property=\"og:title\" content=\"Luis Miguel Manzano\" \/>\n<meta property=\"og:description\" content=\"Luis Miguel Manzano. El guitarrista de la saga de los pelaos, \u00a1en Cardamomo! Si quieres conocer m\u00e1s sobre \u00e9l, no lo dudes. \u00a1Vis\u00edtanos!\" \/>\n<meta property=\"og:url\" content=\"https:\/\/cardamomo.com\/fr\/artist\/luis-miguel-manzano\/\" \/>\n<meta property=\"og:site_name\" content=\"Cardamomo Flamenco Madrid\" \/>\n<meta property=\"article:modified_time\" content=\"2025-04-02T15:50:16+00:00\" \/>\n<meta property=\"og:image\" content=\"https:\/\/cardamomo.ams3.digitaloceanspaces.com\/wp-content\/uploads\/2016\/07\/02154945\/luis-miguel-manzano.jpg\" \/>\n\t<meta property=\"og:image:width\" content=\"600\" \/>\n\t<meta property=\"og:image:height\" content=\"750\" \/>\n\t<meta property=\"og:image:type\" content=\"image\/jpeg\" \/>\n<meta name=\"twitter:card\" content=\"summary_large_image\" \/>\n<meta name=\"twitter:label1\" content=\"Dur\u00e9e de lecture estim\u00e9e\" \/>\n\t<meta name=\"twitter:data1\" content=\"2 minutes\" \/>\n<script type=\"application\/ld+json\" class=\"yoast-schema-graph\">{\"@context\":\"https:\\\/\\\/schema.org\",\"@graph\":[{\"@type\":\"WebPage\",\"@id\":\"https:\\\/\\\/cardamomo.com\\\/fr\\\/artist\\\/luis-miguel-manzano\\\/\",\"url\":\"https:\\\/\\\/cardamomo.com\\\/fr\\\/artist\\\/luis-miguel-manzano\\\/\",\"name\":\"Luis Miguel Manzano\",\"isPartOf\":{\"@id\":\"https:\\\/\\\/cardamomo.com\\\/fr\\\/#website\"},\"primaryImageOfPage\":{\"@id\":\"https:\\\/\\\/cardamomo.com\\\/fr\\\/artist\\\/luis-miguel-manzano\\\/#primaryimage\"},\"image\":{\"@id\":\"https:\\\/\\\/cardamomo.com\\\/es\\\/artist\\\/luis-miguel-manzano\\\/#primaryimage\"},\"thumbnailUrl\":\"https:\\\/\\\/cardamomo.ams3.digitaloceanspaces.com\\\/wp-content\\\/uploads\\\/2016\\\/07\\\/02154945\\\/luis-miguel-manzano.jpg\",\"datePublished\":\"2016-07-29T12:32:08+00:00\",\"dateModified\":\"2025-04-02T15:50:16+00:00\",\"description\":\"Luis Miguel Manzano. El guitarrista de la saga de los pelaos, \u00a1en Cardamomo! Si quieres conocer m\u00e1s sobre \u00e9l, no lo dudes. \u00a1Vis\u00edtanos!\",\"breadcrumb\":{\"@id\":\"https:\\\/\\\/cardamomo.com\\\/fr\\\/artist\\\/luis-miguel-manzano\\\/#breadcrumb\"},\"inLanguage\":\"fr-FR\",\"potentialAction\":[{\"@type\":\"ReadAction\",\"target\":[[\"https:\\\/\\\/cardamomo.com\\\/fr\\\/artist\\\/luis-miguel-manzano\\\/\"]]}]},{\"@type\":\"ImageObject\",\"inLanguage\":\"fr-FR\",\"@id\":\"https:\\\/\\\/cardamomo.com\\\/fr\\\/artist\\\/luis-miguel-manzano\\\/#primaryimage\",\"url\":\"https:\\\/\\\/cardamomo.ams3.digitaloceanspaces.com\\\/wp-content\\\/uploads\\\/2016\\\/07\\\/02154945\\\/luis-miguel-manzano.jpg\",\"contentUrl\":\"https:\\\/\\\/cardamomo.ams3.digitaloceanspaces.com\\\/wp-content\\\/uploads\\\/2016\\\/07\\\/02154945\\\/luis-miguel-manzano.jpg\",\"width\":600,\"height\":750,\"caption\":\"Guitarrista Luis Miguel Manzano\"},{\"@type\":\"BreadcrumbList\",\"@id\":\"https:\\\/\\\/cardamomo.com\\\/fr\\\/artist\\\/luis-miguel-manzano\\\/#breadcrumb\",\"itemListElement\":[{\"@type\":\"ListItem\",\"position\":1,\"name\":\"Cardamomo\",\"item\":\"https:\\\/\\\/cardamomo.com\\\/fr\\\/\"},{\"@type\":\"ListItem\",\"position\":2,\"name\":\"Artists\",\"item\":\"https:\\\/\\\/cardamomo.com\\\/fr\\\/artist\\\/\"},{\"@type\":\"ListItem\",\"position\":3,\"name\":\"Luis Miguel Manzano\"}]},{\"@type\":\"WebSite\",\"@id\":\"https:\\\/\\\/cardamomo.com\\\/fr\\\/#website\",\"url\":\"https:\\\/\\\/cardamomo.com\\\/fr\\\/\",\"name\":\"Cardamomo Flamenco Madrid\",\"description\":\"\",\"potentialAction\":[{\"@type\":\"SearchAction\",\"target\":{\"@type\":\"EntryPoint\",\"urlTemplate\":\"https:\\\/\\\/cardamomo.com\\\/fr\\\/?s={search_term_string}\"},\"query-input\":{\"@type\":\"PropertyValueSpecification\",\"valueRequired\":true,\"valueName\":\"search_term_string\"}}],\"inLanguage\":\"fr-FR\"}]}<\/script>\n<!-- \/ Yoast SEO plugin. -->","yoast_head_json":{"title":"Luis Miguel Manzano","description":"Luis Miguel Manzano. El guitarrista de la saga de los pelaos, \u00a1en Cardamomo! Si quieres conocer m\u00e1s sobre \u00e9l, no lo dudes. \u00a1Vis\u00edtanos!","robots":{"index":"index","follow":"follow","max-snippet":"max-snippet:-1","max-image-preview":"max-image-preview:large","max-video-preview":"max-video-preview:-1"},"canonical":"\/","og_locale":"fr_FR","og_type":"article","og_title":"Luis Miguel Manzano","og_description":"Luis Miguel Manzano. El guitarrista de la saga de los pelaos, \u00a1en Cardamomo! Si quieres conocer m\u00e1s sobre \u00e9l, no lo dudes. \u00a1Vis\u00edtanos!","og_url":"https:\/\/cardamomo.com\/fr\/artist\/luis-miguel-manzano\/","og_site_name":"Cardamomo Flamenco Madrid","article_modified_time":"2025-04-02T15:50:16+00:00","og_image":[{"width":600,"height":750,"url":"https:\/\/cardamomo.ams3.digitaloceanspaces.com\/wp-content\/uploads\/2016\/07\/02154945\/luis-miguel-manzano.jpg","type":"image\/jpeg"}],"twitter_card":"summary_large_image","twitter_misc":{"Dur\u00e9e de lecture estim\u00e9e":"2 minutes"},"schema":{"@context":"https:\/\/schema.org","@graph":[{"@type":"WebPage","@id":"https:\/\/cardamomo.com\/fr\/artist\/luis-miguel-manzano\/","url":"https:\/\/cardamomo.com\/fr\/artist\/luis-miguel-manzano\/","name":"Luis Miguel Manzano","isPartOf":{"@id":"https:\/\/cardamomo.com\/fr\/#website"},"primaryImageOfPage":{"@id":"https:\/\/cardamomo.com\/fr\/artist\/luis-miguel-manzano\/#primaryimage"},"image":{"@id":"https:\/\/cardamomo.com\/es\/artist\/luis-miguel-manzano\/#primaryimage"},"thumbnailUrl":"https:\/\/cardamomo.ams3.digitaloceanspaces.com\/wp-content\/uploads\/2016\/07\/02154945\/luis-miguel-manzano.jpg","datePublished":"2016-07-29T12:32:08+00:00","dateModified":"2025-04-02T15:50:16+00:00","description":"Luis Miguel Manzano. El guitarrista de la saga de los pelaos, \u00a1en Cardamomo! Si quieres conocer m\u00e1s sobre \u00e9l, no lo dudes. \u00a1Vis\u00edtanos!","breadcrumb":{"@id":"https:\/\/cardamomo.com\/fr\/artist\/luis-miguel-manzano\/#breadcrumb"},"inLanguage":"fr-FR","potentialAction":[{"@type":"ReadAction","target":[["https:\/\/cardamomo.com\/fr\/artist\/luis-miguel-manzano\/"]]}]},{"@type":"ImageObject","inLanguage":"fr-FR","@id":"https:\/\/cardamomo.com\/fr\/artist\/luis-miguel-manzano\/#primaryimage","url":"https:\/\/cardamomo.ams3.digitaloceanspaces.com\/wp-content\/uploads\/2016\/07\/02154945\/luis-miguel-manzano.jpg","contentUrl":"https:\/\/cardamomo.ams3.digitaloceanspaces.com\/wp-content\/uploads\/2016\/07\/02154945\/luis-miguel-manzano.jpg","width":600,"height":750,"caption":"Guitarrista Luis Miguel Manzano"},{"@type":"BreadcrumbList","@id":"https:\/\/cardamomo.com\/fr\/artist\/luis-miguel-manzano\/#breadcrumb","itemListElement":[{"@type":"ListItem","position":1,"name":"Cardamomo","item":"https:\/\/cardamomo.com\/fr\/"},{"@type":"ListItem","position":2,"name":"Artists","item":"https:\/\/cardamomo.com\/fr\/artist\/"},{"@type":"ListItem","position":3,"name":"Luis Miguel Manzano"}]},{"@type":"WebSite","@id":"https:\/\/cardamomo.com\/fr\/#website","url":"https:\/\/cardamomo.com\/fr\/","name":"Cardamomo Flamenco Madrid","description":"","potentialAction":[{"@type":"SearchAction","target":{"@type":"EntryPoint","urlTemplate":"https:\/\/cardamomo.com\/fr\/?s={search_term_string}"},"query-input":{"@type":"PropertyValueSpecification","valueRequired":true,"valueName":"search_term_string"}}],"inLanguage":"fr-FR"}]}},"_links":{"self":[{"href":"https:\/\/cardamomo.com\/fr\/wp-json\/wp\/v2\/artist\/704","targetHints":{"allow":["GET"]}}],"collection":[{"href":"https:\/\/cardamomo.com\/fr\/wp-json\/wp\/v2\/artist"}],"about":[{"href":"https:\/\/cardamomo.com\/fr\/wp-json\/wp\/v2\/types\/artist"}],"wp:featuredmedia":[{"embeddable":true,"href":"https:\/\/cardamomo.com\/fr\/wp-json\/wp\/v2\/media\/157261"}],"wp:attachment":[{"href":"https:\/\/cardamomo.com\/fr\/wp-json\/wp\/v2\/media?parent=704"}],"curies":[{"name":"wp","href":"https:\/\/api.w.org\/{rel}","templated":true}]}}

<p><strong>Luis Miguel Manzano</strong> est né dans une famille d&rsquo;artistes : l&rsquo;importante saga des « Los Pelaos ». Il est le petit-fils du bailaor El Fati et le petit-neveu de Faíco, fils du bailaora Loles Manzano et du guitariste Chuscales.</p>
<p>Luis Miguel a commencé sa carrière artistique à l&rsquo;âge de 16 ans. Il a accompagné des personnalités aussi prestigieuses que Merche Esmeralda, Domingo Ortega, María Pagés, Rocío Molina, Charo Manzano et Aurora Losada.</p>
<p>Parmi ses professeurs les plus remarquables figurent Aquilino Jiménez <strong>&lsquo;El Entri&rsquo;</strong>, Manuel Parrilla et Francisco Manzano &lsquo;El Calentito&rsquo;, qui lui ont transmis une technique et des connaissances bien définies pour l&rsquo;accompagnement du chant et de la danse&#8230;</p>
<p>C&rsquo;est un guitariste qui donne une continuité à l&rsquo;école de guitare du quartier de Caño Roto. Une école dont la façon de comprendre le jeu de guitare est très particulière à Madrid.</p>
<h2>Luis Miguel Manzano dans le monde entier</h2>
<p>Dès son plus jeune âge, il a participé à des festivals internationaux tels que New York, Jerez et Japan Expo; il a partagé des tournées internationales avec des artistes tels que Gerardo Núñez, Manuela Carrasco, Farruquito, Israel Galván et Los Campallo.</p>
<ul>
<li>Il a accompagné son oncle Toni El Pelao avec beaucoup de succès.</li>
<li>S&rsquo;est produit en tant que guitariste principal dans de prestigieux tablaos de Madrid et de Barcelone &#8211; accompagnant <strong>La Tana, Duquende, Farru, Antonio Rey&#8230;</strong></li>
<li>Il a travaillé avec sa tante, la bailaora et cantaora Charo Manzano, ainsi qu&rsquo;avec Manuel Parrilla, Bernardo Parrilla et Ramón au Teatro Central de Séville, partageant la scène avec <strong>Manuel Agujetas.</strong></li>
</ul>
<p>L&rsquo;une de ses dernières collaborations remarquables a été le spectacle « Oco the Show » produit par l&rsquo;Italien<strong> Pino Sagliocco.</strong></p>

<!-- This site is optimized with the Yoast SEO plugin v27.4 - https://yoast.com/product/yoast-seo-wordpress/ -->
<title>Luis Miguel Manzano</title>
<meta name="description" content="Luis Miguel Manzano. El guitarrista de la saga de los pelaos, ¡en Cardamomo! Si quieres conocer más sobre él, no lo dudes. ¡Visítanos!" />
<meta name="robots" content="index, follow, max-snippet:-1, max-image-preview:large, max-video-preview:-1" />
<link rel="canonical" href="/" />
<meta property="og:locale" content="fr_FR" />
<meta property="og:type" content="article" />
<meta property="og:title" content="Luis Miguel Manzano" />
<meta property="og:description" content="Luis Miguel Manzano. El guitarrista de la saga de los pelaos, ¡en Cardamomo! Si quieres conocer más sobre él, no lo dudes. ¡Visítanos!" />
<meta property="og:url" content="https://cardamomo.com/fr/artist/luis-miguel-manzano/" />
<meta property="og:site_name" content="Cardamomo Flamenco Madrid" />
<meta property="article:modified_time" content="2025-04-02T15:50:16+00:00" />
<meta property="og:image" content="https://cardamomo.ams3.digitaloceanspaces.com/wp-content/uploads/2016/07/02154945/luis-miguel-manzano.jpg" />
	<meta property="og:image:width" content="600" />
	<meta property="og:image:height" content="750" />
	<meta property="og:image:type" content="image/jpeg" />
<meta name="twitter:card" content="summary_large_image" />
<meta name="twitter:label1" content="Durée de lecture estimée" />
	<meta name="twitter:data1" content="2 minutes" />
<script type="application/ld+json" class="yoast-schema-graph">{"@context":"https:\/\/schema.org","@graph":[{"@type":"WebPage","@id":"https:\/\/cardamomo.com\/fr\/artist\/luis-miguel-manzano\/","url":"https:\/\/cardamomo.com\/fr\/artist\/luis-miguel-manzano\/","name":"Luis Miguel Manzano","isPartOf":{"@id":"https:\/\/cardamomo.com\/fr\/#website"},"primaryImageOfPage":{"@id":"https:\/\/cardamomo.com\/fr\/artist\/luis-miguel-manzano\/#primaryimage"},"image":{"@id":"https:\/\/cardamomo.com\/es\/artist\/luis-miguel-manzano\/#primaryimage"},"thumbnailUrl":"https:\/\/cardamomo.ams3.digitaloceanspaces.com\/wp-content\/uploads\/2016\/07\/02154945\/luis-miguel-manzano.jpg","datePublished":"2016-07-29T12:32:08+00:00","dateModified":"2025-04-02T15:50:16+00:00","description":"Luis Miguel Manzano. El guitarrista de la saga de los pelaos, ¡en Cardamomo! Si quieres conocer más sobre él, no lo dudes. ¡Visítanos!","breadcrumb":{"@id":"https:\/\/cardamomo.com\/fr\/artist\/luis-miguel-manzano\/#breadcrumb"},"inLanguage":"fr-FR","potentialAction":[{"@type":"ReadAction","target":[["https:\/\/cardamomo.com\/fr\/artist\/luis-miguel-manzano\/"]]}]},{"@type":"ImageObject","inLanguage":"fr-FR","@id":"https:\/\/cardamomo.com\/fr\/artist\/luis-miguel-manzano\/#primaryimage","url":"https:\/\/cardamomo.ams3.digitaloceanspaces.com\/wp-content\/uploads\/2016\/07\/02154945\/luis-miguel-manzano.jpg","contentUrl":"https:\/\/cardamomo.ams3.digitaloceanspaces.com\/wp-content\/uploads\/2016\/07\/02154945\/luis-miguel-manzano.jpg","width":600,"height":750,"caption":"Guitarrista Luis Miguel Manzano"},{"@type":"BreadcrumbList","@id":"https:\/\/cardamomo.com\/fr\/artist\/luis-miguel-manzano\/#breadcrumb","itemListElement":[{"@type":"ListItem","position":1,"name":"Cardamomo","item":"https:\/\/cardamomo.com\/fr\/"},{"@type":"ListItem","position":2,"name":"Artists","item":"https:\/\/cardamomo.com\/fr\/artist\/"},{"@type":"ListItem","position":3,"name":"Luis Miguel Manzano"}]},{"@type":"WebSite","@id":"https:\/\/cardamomo.com\/fr\/#website","url":"https:\/\/cardamomo.com\/fr\/","name":"Cardamomo Flamenco Madrid","description":"","potentialAction":[{"@type":"SearchAction","target":{"@type":"EntryPoint","urlTemplate":"https:\/\/cardamomo.com\/fr\/?s={search_term_string}"},"query-input":{"@type":"PropertyValueSpecification","valueRequired":true,"valueName":"search_term_string"}}],"inLanguage":"fr-FR"}]}</script>
<!-- / Yoast SEO plugin. -->

Luis Miguel Manzano. El guitarrista de la saga de los pelaos, ¡en Cardamomo! Si quieres conocer más sobre él, no lo dudes. ¡Visítanos!
