{"id":691,"date":"2016-07-29T12:58:22","date_gmt":"2016-07-29T10:58:22","guid":{"rendered":"http:\/\/cardamomo.fullcircle.es\/?post_type=artist&#038;p=691"},"modified":"2025-04-03T08:16:48","modified_gmt":"2025-04-03T08:16:48","slug":"juan-jimenez-abadia","status":"publish","type":"artist","link":"https:\/\/cardamomo.com\/fr\/artist\/juan-jimenez-abadia-madrid\/","title":{"rendered":"Juan Jim\u00e9nez Abad\u00eda (Madrid)"},"content":{"rendered":"<p>Entre 2013 et 2014, il a fait une tourn\u00e9e internationale au Suzanne Dellal Centre de Tel Aviv (Isra\u00ebl) et au Th\u00e9\u00e2tre de l&rsquo;Op\u00e9ra de Rome (Italie). Il a accompagn\u00e9 de grands cantaores, tels que Montse Cort\u00e9s, Miguel El Rubio et Guadiana Amador Losada, le flutiste Jorge Pardo, ainsi que les artistes Alain P\u00e9rez et Jerry Gonz\u00e1lez et les grands bailaores Farruquito et Farru. \u00c0 souligner \u00e9galement son travail dans les troupes de danse flamenca d&rsquo;El Guito et Manolete, avec des tourn\u00e9es en Espagne. Actuellement, il joue sur diff\u00e9rentes sc\u00e8nes d&rsquo;Espagne avec la troupe de ballet flamenco de Jos\u00e9 Porcel.<\/p>","protected":false},"featured_media":157273,"template":"","meta":{"_acf_changed":false,"inline_featured_image":false},"class_list":["post-691","artist","type-artist","status-publish","has-post-thumbnail","hentry"],"acf":[],"yoast_head":"<!-- This site is optimized with the Yoast SEO plugin v27.4 - https:\/\/yoast.com\/product\/yoast-seo-wordpress\/ -->\n<title>Juan Jim\u00e9nez Abad\u00eda (Madrid) - Cardamomo Flamenco Madrid<\/title>\n<meta name=\"robots\" content=\"index, follow, max-snippet:-1, max-image-preview:large, max-video-preview:-1\" \/>\n<link rel=\"canonical\" href=\"\/\" \/>\n<meta property=\"og:locale\" content=\"fr_FR\" \/>\n<meta property=\"og:type\" content=\"article\" \/>\n<meta property=\"og:title\" content=\"Juan Jim\u00e9nez Abad\u00eda (Madrid) - Cardamomo Flamenco Madrid\" \/>\n<meta property=\"og:description\" content=\"Entre 2013 et 2014, il a fait une tourn\u00e9e internationale au Suzanne Dellal Centre de Tel Aviv (Isra\u00ebl) et au Th\u00e9\u00e2tre de l&rsquo;Op\u00e9ra de Rome (Italie). Il a accompagn\u00e9 de grands cantaores, tels que Montse Cort\u00e9s, Miguel El Rubio et Guadiana Amador Losada, le flutiste Jorge Pardo, ainsi que les artistes Alain P\u00e9rez et Jerry...\" \/>\n<meta property=\"og:url\" content=\"https:\/\/cardamomo.com\/fr\/artist\/juan-jimenez-abadia-madrid\/\" \/>\n<meta property=\"og:site_name\" content=\"Cardamomo Flamenco Madrid\" \/>\n<meta property=\"article:modified_time\" content=\"2025-04-03T08:16:48+00:00\" \/>\n<meta property=\"og:image\" content=\"https:\/\/cardamomo.ams3.digitaloceanspaces.com\/wp-content\/uploads\/2016\/07\/03081623\/juan-jimenez-abadia-1.jpg\" \/>\n\t<meta property=\"og:image:width\" content=\"600\" \/>\n\t<meta property=\"og:image:height\" content=\"750\" \/>\n\t<meta property=\"og:image:type\" content=\"image\/jpeg\" \/>\n<meta name=\"twitter:card\" content=\"summary_large_image\" \/>\n<meta name=\"twitter:label1\" content=\"Dur\u00e9e de lecture estim\u00e9e\" \/>\n\t<meta name=\"twitter:data1\" content=\"1 minute\" \/>\n<script type=\"application\/ld+json\" class=\"yoast-schema-graph\">{\"@context\":\"https:\\\/\\\/schema.org\",\"@graph\":[{\"@type\":\"WebPage\",\"@id\":\"https:\\\/\\\/cardamomo.com\\\/fr\\\/artist\\\/juan-jimenez-abadia-madrid\\\/\",\"url\":\"https:\\\/\\\/cardamomo.com\\\/fr\\\/artist\\\/juan-jimenez-abadia-madrid\\\/\",\"name\":\"Juan Jim\u00e9nez Abad\u00eda (Madrid) - Cardamomo Flamenco Madrid\",\"isPartOf\":{\"@id\":\"https:\\\/\\\/cardamomo.com\\\/fr\\\/#website\"},\"primaryImageOfPage\":{\"@id\":\"https:\\\/\\\/cardamomo.com\\\/fr\\\/artist\\\/juan-jimenez-abadia-madrid\\\/#primaryimage\"},\"image\":{\"@id\":\"https:\\\/\\\/cardamomo.com\\\/es\\\/artist\\\/juan-jimenez-abadia-madrid\\\/#primaryimage\"},\"thumbnailUrl\":\"https:\\\/\\\/cardamomo.ams3.digitaloceanspaces.com\\\/wp-content\\\/uploads\\\/2016\\\/07\\\/03081623\\\/juan-jimenez-abadia-1.jpg\",\"datePublished\":\"2016-07-29T10:58:22+00:00\",\"dateModified\":\"2025-04-03T08:16:48+00:00\",\"breadcrumb\":{\"@id\":\"https:\\\/\\\/cardamomo.com\\\/fr\\\/artist\\\/juan-jimenez-abadia-madrid\\\/#breadcrumb\"},\"inLanguage\":\"fr-FR\",\"potentialAction\":[{\"@type\":\"ReadAction\",\"target\":[[\"https:\\\/\\\/cardamomo.com\\\/fr\\\/artist\\\/juan-jimenez-abadia-madrid\\\/\"]]}]},{\"@type\":\"ImageObject\",\"inLanguage\":\"fr-FR\",\"@id\":\"https:\\\/\\\/cardamomo.com\\\/fr\\\/artist\\\/juan-jimenez-abadia-madrid\\\/#primaryimage\",\"url\":\"https:\\\/\\\/cardamomo.ams3.digitaloceanspaces.com\\\/wp-content\\\/uploads\\\/2016\\\/07\\\/03081623\\\/juan-jimenez-abadia-1.jpg\",\"contentUrl\":\"https:\\\/\\\/cardamomo.ams3.digitaloceanspaces.com\\\/wp-content\\\/uploads\\\/2016\\\/07\\\/03081623\\\/juan-jimenez-abadia-1.jpg\",\"width\":600,\"height\":750,\"caption\":\"Guitarrista Juan Jim\u00e9nez Abad\u00eda (Madrid)\"},{\"@type\":\"BreadcrumbList\",\"@id\":\"https:\\\/\\\/cardamomo.com\\\/fr\\\/artist\\\/juan-jimenez-abadia-madrid\\\/#breadcrumb\",\"itemListElement\":[{\"@type\":\"ListItem\",\"position\":1,\"name\":\"Cardamomo\",\"item\":\"https:\\\/\\\/cardamomo.com\\\/fr\\\/\"},{\"@type\":\"ListItem\",\"position\":2,\"name\":\"Artists\",\"item\":\"https:\\\/\\\/cardamomo.com\\\/fr\\\/artist\\\/\"},{\"@type\":\"ListItem\",\"position\":3,\"name\":\"Juan Jim\u00e9nez Abad\u00eda (Madrid)\"}]},{\"@type\":\"WebSite\",\"@id\":\"https:\\\/\\\/cardamomo.com\\\/fr\\\/#website\",\"url\":\"https:\\\/\\\/cardamomo.com\\\/fr\\\/\",\"name\":\"Cardamomo Flamenco Madrid\",\"description\":\"\",\"potentialAction\":[{\"@type\":\"SearchAction\",\"target\":{\"@type\":\"EntryPoint\",\"urlTemplate\":\"https:\\\/\\\/cardamomo.com\\\/fr\\\/?s={search_term_string}\"},\"query-input\":{\"@type\":\"PropertyValueSpecification\",\"valueRequired\":true,\"valueName\":\"search_term_string\"}}],\"inLanguage\":\"fr-FR\"}]}<\/script>\n<!-- \/ Yoast SEO plugin. -->","yoast_head_json":{"title":"Juan Jim\u00e9nez Abad\u00eda (Madrid) - Cardamomo Flamenco Madrid","robots":{"index":"index","follow":"follow","max-snippet":"max-snippet:-1","max-image-preview":"max-image-preview:large","max-video-preview":"max-video-preview:-1"},"canonical":"\/","og_locale":"fr_FR","og_type":"article","og_title":"Juan Jim\u00e9nez Abad\u00eda (Madrid) - Cardamomo Flamenco Madrid","og_description":"Entre 2013 et 2014, il a fait une tourn\u00e9e internationale au Suzanne Dellal Centre de Tel Aviv (Isra\u00ebl) et au Th\u00e9\u00e2tre de l&rsquo;Op\u00e9ra de Rome (Italie). Il a accompagn\u00e9 de grands cantaores, tels que Montse Cort\u00e9s, Miguel El Rubio et Guadiana Amador Losada, le flutiste Jorge Pardo, ainsi que les artistes Alain P\u00e9rez et Jerry...","og_url":"https:\/\/cardamomo.com\/fr\/artist\/juan-jimenez-abadia-madrid\/","og_site_name":"Cardamomo Flamenco Madrid","article_modified_time":"2025-04-03T08:16:48+00:00","og_image":[{"width":600,"height":750,"url":"https:\/\/cardamomo.ams3.digitaloceanspaces.com\/wp-content\/uploads\/2016\/07\/03081623\/juan-jimenez-abadia-1.jpg","type":"image\/jpeg"}],"twitter_card":"summary_large_image","twitter_misc":{"Dur\u00e9e de lecture estim\u00e9e":"1 minute"},"schema":{"@context":"https:\/\/schema.org","@graph":[{"@type":"WebPage","@id":"https:\/\/cardamomo.com\/fr\/artist\/juan-jimenez-abadia-madrid\/","url":"https:\/\/cardamomo.com\/fr\/artist\/juan-jimenez-abadia-madrid\/","name":"Juan Jim\u00e9nez Abad\u00eda (Madrid) - Cardamomo Flamenco Madrid","isPartOf":{"@id":"https:\/\/cardamomo.com\/fr\/#website"},"primaryImageOfPage":{"@id":"https:\/\/cardamomo.com\/fr\/artist\/juan-jimenez-abadia-madrid\/#primaryimage"},"image":{"@id":"https:\/\/cardamomo.com\/es\/artist\/juan-jimenez-abadia-madrid\/#primaryimage"},"thumbnailUrl":"https:\/\/cardamomo.ams3.digitaloceanspaces.com\/wp-content\/uploads\/2016\/07\/03081623\/juan-jimenez-abadia-1.jpg","datePublished":"2016-07-29T10:58:22+00:00","dateModified":"2025-04-03T08:16:48+00:00","breadcrumb":{"@id":"https:\/\/cardamomo.com\/fr\/artist\/juan-jimenez-abadia-madrid\/#breadcrumb"},"inLanguage":"fr-FR","potentialAction":[{"@type":"ReadAction","target":[["https:\/\/cardamomo.com\/fr\/artist\/juan-jimenez-abadia-madrid\/"]]}]},{"@type":"ImageObject","inLanguage":"fr-FR","@id":"https:\/\/cardamomo.com\/fr\/artist\/juan-jimenez-abadia-madrid\/#primaryimage","url":"https:\/\/cardamomo.ams3.digitaloceanspaces.com\/wp-content\/uploads\/2016\/07\/03081623\/juan-jimenez-abadia-1.jpg","contentUrl":"https:\/\/cardamomo.ams3.digitaloceanspaces.com\/wp-content\/uploads\/2016\/07\/03081623\/juan-jimenez-abadia-1.jpg","width":600,"height":750,"caption":"Guitarrista Juan Jim\u00e9nez Abad\u00eda (Madrid)"},{"@type":"BreadcrumbList","@id":"https:\/\/cardamomo.com\/fr\/artist\/juan-jimenez-abadia-madrid\/#breadcrumb","itemListElement":[{"@type":"ListItem","position":1,"name":"Cardamomo","item":"https:\/\/cardamomo.com\/fr\/"},{"@type":"ListItem","position":2,"name":"Artists","item":"https:\/\/cardamomo.com\/fr\/artist\/"},{"@type":"ListItem","position":3,"name":"Juan Jim\u00e9nez Abad\u00eda (Madrid)"}]},{"@type":"WebSite","@id":"https:\/\/cardamomo.com\/fr\/#website","url":"https:\/\/cardamomo.com\/fr\/","name":"Cardamomo Flamenco Madrid","description":"","potentialAction":[{"@type":"SearchAction","target":{"@type":"EntryPoint","urlTemplate":"https:\/\/cardamomo.com\/fr\/?s={search_term_string}"},"query-input":{"@type":"PropertyValueSpecification","valueRequired":true,"valueName":"search_term_string"}}],"inLanguage":"fr-FR"}]}},"_links":{"self":[{"href":"https:\/\/cardamomo.com\/fr\/wp-json\/wp\/v2\/artist\/691","targetHints":{"allow":["GET"]}}],"collection":[{"href":"https:\/\/cardamomo.com\/fr\/wp-json\/wp\/v2\/artist"}],"about":[{"href":"https:\/\/cardamomo.com\/fr\/wp-json\/wp\/v2\/types\/artist"}],"wp:featuredmedia":[{"embeddable":true,"href":"https:\/\/cardamomo.com\/fr\/wp-json\/wp\/v2\/media\/157273"}],"wp:attachment":[{"href":"https:\/\/cardamomo.com\/fr\/wp-json\/wp\/v2\/media?parent=691"}],"curies":[{"name":"wp","href":"https:\/\/api.w.org\/{rel}","templated":true}]}}

Juan Jiménez Abadía (Madrid)

<p>Entre 2013 et 2014, il a fait une tournée internationale au Suzanne Dellal Centre de Tel Aviv (Israël) et au Théâtre de l&rsquo;Opéra de Rome (Italie). Il a accompagné de grands cantaores, tels que Montse Cortés, Miguel El Rubio et Guadiana Amador Losada, le flutiste Jorge Pardo, ainsi que les artistes Alain Pérez et Jerry González et les grands bailaores Farruquito et Farru. À souligner également son travail dans les troupes de danse flamenca d&rsquo;El Guito et Manolete, avec des tournées en Espagne. Actuellement, il joue sur différentes scènes d&rsquo;Espagne avec la troupe de ballet flamenco de José Porcel.</p>

<!-- This site is optimized with the Yoast SEO plugin v27.4 - https://yoast.com/product/yoast-seo-wordpress/ -->
<title>Juan Jiménez Abadía (Madrid) - Cardamomo Flamenco Madrid</title>
<meta name="robots" content="index, follow, max-snippet:-1, max-image-preview:large, max-video-preview:-1" />
<link rel="canonical" href="/" />
<meta property="og:locale" content="fr_FR" />
<meta property="og:type" content="article" />
<meta property="og:title" content="Juan Jiménez Abadía (Madrid) - Cardamomo Flamenco Madrid" />
<meta property="og:description" content="Entre 2013 et 2014, il a fait une tournée internationale au Suzanne Dellal Centre de Tel Aviv (Israël) et au Théâtre de l&rsquo;Opéra de Rome (Italie). Il a accompagné de grands cantaores, tels que Montse Cortés, Miguel El Rubio et Guadiana Amador Losada, le flutiste Jorge Pardo, ainsi que les artistes Alain Pérez et Jerry..." />
<meta property="og:url" content="https://cardamomo.com/fr/artist/juan-jimenez-abadia-madrid/" />
<meta property="og:site_name" content="Cardamomo Flamenco Madrid" />
<meta property="article:modified_time" content="2025-04-03T08:16:48+00:00" />
<meta property="og:image" content="https://cardamomo.ams3.digitaloceanspaces.com/wp-content/uploads/2016/07/03081623/juan-jimenez-abadia-1.jpg" />
	<meta property="og:image:width" content="600" />
	<meta property="og:image:height" content="750" />
	<meta property="og:image:type" content="image/jpeg" />
<meta name="twitter:card" content="summary_large_image" />
<meta name="twitter:label1" content="Durée de lecture estimée" />
	<meta name="twitter:data1" content="1 minute" />
<script type="application/ld+json" class="yoast-schema-graph">{"@context":"https:\/\/schema.org","@graph":[{"@type":"WebPage","@id":"https:\/\/cardamomo.com\/fr\/artist\/juan-jimenez-abadia-madrid\/","url":"https:\/\/cardamomo.com\/fr\/artist\/juan-jimenez-abadia-madrid\/","name":"Juan Jiménez Abadía (Madrid) - Cardamomo Flamenco Madrid","isPartOf":{"@id":"https:\/\/cardamomo.com\/fr\/#website"},"primaryImageOfPage":{"@id":"https:\/\/cardamomo.com\/fr\/artist\/juan-jimenez-abadia-madrid\/#primaryimage"},"image":{"@id":"https:\/\/cardamomo.com\/es\/artist\/juan-jimenez-abadia-madrid\/#primaryimage"},"thumbnailUrl":"https:\/\/cardamomo.ams3.digitaloceanspaces.com\/wp-content\/uploads\/2016\/07\/03081623\/juan-jimenez-abadia-1.jpg","datePublished":"2016-07-29T10:58:22+00:00","dateModified":"2025-04-03T08:16:48+00:00","breadcrumb":{"@id":"https:\/\/cardamomo.com\/fr\/artist\/juan-jimenez-abadia-madrid\/#breadcrumb"},"inLanguage":"fr-FR","potentialAction":[{"@type":"ReadAction","target":[["https:\/\/cardamomo.com\/fr\/artist\/juan-jimenez-abadia-madrid\/"]]}]},{"@type":"ImageObject","inLanguage":"fr-FR","@id":"https:\/\/cardamomo.com\/fr\/artist\/juan-jimenez-abadia-madrid\/#primaryimage","url":"https:\/\/cardamomo.ams3.digitaloceanspaces.com\/wp-content\/uploads\/2016\/07\/03081623\/juan-jimenez-abadia-1.jpg","contentUrl":"https:\/\/cardamomo.ams3.digitaloceanspaces.com\/wp-content\/uploads\/2016\/07\/03081623\/juan-jimenez-abadia-1.jpg","width":600,"height":750,"caption":"Guitarrista Juan Jiménez Abadía (Madrid)"},{"@type":"BreadcrumbList","@id":"https:\/\/cardamomo.com\/fr\/artist\/juan-jimenez-abadia-madrid\/#breadcrumb","itemListElement":[{"@type":"ListItem","position":1,"name":"Cardamomo","item":"https:\/\/cardamomo.com\/fr\/"},{"@type":"ListItem","position":2,"name":"Artists","item":"https:\/\/cardamomo.com\/fr\/artist\/"},{"@type":"ListItem","position":3,"name":"Juan Jiménez Abadía (Madrid)"}]},{"@type":"WebSite","@id":"https:\/\/cardamomo.com\/fr\/#website","url":"https:\/\/cardamomo.com\/fr\/","name":"Cardamomo Flamenco Madrid","description":"","potentialAction":[{"@type":"SearchAction","target":{"@type":"EntryPoint","urlTemplate":"https:\/\/cardamomo.com\/fr\/?s={search_term_string}"},"query-input":{"@type":"PropertyValueSpecification","valueRequired":true,"valueName":"search_term_string"}}],"inLanguage":"fr-FR"}]}</script>
<!-- / Yoast SEO plugin. -->

Juan Jiménez Abadía (Madrid) - Cardamomo Flamenco Madrid

Entre 2013 et 2014, il a fait une tournée internationale au Suzanne Dellal Centre de Tel Aviv (Israël) et au Théâtre de l&rsquo;Opéra de Rome (Italie). Il a accompagné de grands cantaores, tels que Montse Cortés, Miguel El Rubio et Guadiana Amador Losada, le flutiste Jorge Pardo, ainsi que les artistes Alain Pérez et Jerry...

Guitarrista Juan Jiménez Abadía (Madrid)
