{"id":690,"date":"2016-07-29T12:57:44","date_gmt":"2016-07-29T10:57:44","guid":{"rendered":"http:\/\/cardamomo.fullcircle.es\/?post_type=artist&#038;p=690"},"modified":"2025-04-03T08:19:21","modified_gmt":"2025-04-03T08:19:21","slug":"rober-el-moreno","status":"publish","type":"artist","link":"https:\/\/cardamomo.com\/fr\/artist\/rober-el-moreno-madrid\/","title":{"rendered":"Rober \u00ab\u00a0El Moreno\u00a0\u00bb (Madrid)"},"content":{"rendered":"<p><\/p>\n<h4>Biographie<\/h4>\n<p>Il a commenc\u00e9 sa formation artistique en danse \u00e0 l&rsquo;\u00e2ge de 6 ans \u00e0 la prestigieuse acad\u00e9mie de flamenco et de danse espagnole Amor de Dios de Madrid, sous la direction des professeurs Antonio Reyes et Crist\u00f3bal Reyes, poursuivant son apprentissage jusqu&rsquo;\u00e0 aujourd&rsquo;hui avec le danseur et chor\u00e9graphe Alfonso Losa et les enseignements de Toni El Pelao, Farruquito, Miguel Ca\u00f1as et Nino de los Reyes.<\/p>\n<p>Il a travaill\u00e9 au Teatro C\u00f3mpac Gran V\u00eda, Teatro Garc\u00eda Lorca et La Latina \u00e0 Madrid, \u00e0 l&rsquo;Auditorio Alc\u00e1zar de San Juan \u00e0 Valladolid et au Teatro Nescaf\u00e9 de las Artes \u00e0 Santiago du Chili, ainsi qu&rsquo;aux tablaos Cardamomo, Casa Patas, Museo La Corrala, Tablao Torero, Tablao Estaci\u00f3n Los Porches et Tablao Cantares \u00e0 Madrid. Rober, \u00ab\u00a0El Moreno\u00a0\u00bb se distingue comme un danseur innovant, mais en m\u00eame temps avec une grande puret\u00e9 flamenca.<\/p>\n<p>Malgr\u00e9 son jeune \u00e2ge, il a une longue carri\u00e8re de performances avec de grands artistes. Parmi toutes ses prestations, nous pouvons souligner sa performance en tant qu&rsquo;artiste principal de l&rsquo;hommage \u00e0 Camar\u00f3n de la Isla \u00e0 Salamanque. Il a travaill\u00e9 pendant un certain temps avec la compagnie de Tito Losada, puis a pass\u00e9 deux ans avec la compagnie de Mar\u00eda Toledo, se produisant dans des endroits tels que : Menansalbas (Tol\u00e8de), Plaza Santo Cristo de Veracruz (Las Cabeza de San Juan), (Festival Yerbabuena), Sala Luz de Gas (Barcelone), Auditorio Villaviciosa de Od\u00f3n (Madrid), El Aai\u00fan (Maroc), Auditorio Nacional (Pr\u00edncipe de Vergara , Madrid), Complejo Alc\u00e1ntara (Badajoz), Polideportivo Municipal (Navas del Rey , Valladolid), Auditorio de Arroyomol\u00ednos (Madrid), Palacio de Congresos (C\u00e1diz), El arahal (Sevilla), Sala copera (Granada), B\u00e9lgica , Bruselas , Melilla, centro, Casino central de salamanca, ainsi que la continuit\u00e9 de la tourn\u00e9e avec l&rsquo;album Magn\u00e9tica.<\/p>","protected":false},"featured_media":157274,"template":"","meta":{"_acf_changed":false,"inline_featured_image":false},"class_list":["post-690","artist","type-artist","status-publish","has-post-thumbnail","hentry"],"acf":[],"yoast_head":"<!-- This site is optimized with the Yoast SEO plugin v27.4 - https:\/\/yoast.com\/product\/yoast-seo-wordpress\/ -->\n<title>Rober &quot;El Moreno&quot; (Madrid) - Cardamomo Flamenco Madrid<\/title>\n<meta name=\"robots\" content=\"index, follow, max-snippet:-1, max-image-preview:large, max-video-preview:-1\" \/>\n<link rel=\"canonical\" href=\"\/\" \/>\n<meta property=\"og:locale\" content=\"fr_FR\" \/>\n<meta property=\"og:type\" content=\"article\" \/>\n<meta property=\"og:title\" content=\"Rober &quot;El Moreno&quot; (Madrid) - Cardamomo Flamenco Madrid\" \/>\n<meta property=\"og:description\" content=\"Biographie Il a commenc\u00e9 sa formation artistique en danse \u00e0 l&rsquo;\u00e2ge de 6 ans \u00e0 la prestigieuse acad\u00e9mie de flamenco et de danse espagnole Amor de Dios de Madrid, sous la direction des professeurs Antonio Reyes et Crist\u00f3bal Reyes, poursuivant son apprentissage jusqu&rsquo;\u00e0 aujourd&rsquo;hui avec le danseur et chor\u00e9graphe Alfonso Losa et les enseignements de...\" \/>\n<meta property=\"og:url\" content=\"https:\/\/cardamomo.com\/fr\/artist\/rober-el-moreno-madrid\/\" \/>\n<meta property=\"og:site_name\" content=\"Cardamomo Flamenco Madrid\" \/>\n<meta property=\"article:modified_time\" content=\"2025-04-03T08:19:21+00:00\" \/>\n<meta property=\"og:image\" content=\"https:\/\/cardamomo.ams3.digitaloceanspaces.com\/wp-content\/uploads\/2016\/07\/03081857\/rober-el-moreno.jpg\" \/>\n\t<meta property=\"og:image:width\" content=\"600\" \/>\n\t<meta property=\"og:image:height\" content=\"750\" \/>\n\t<meta property=\"og:image:type\" content=\"image\/jpeg\" \/>\n<meta name=\"twitter:card\" content=\"summary_large_image\" \/>\n<meta name=\"twitter:label1\" content=\"Dur\u00e9e de lecture estim\u00e9e\" \/>\n\t<meta name=\"twitter:data1\" content=\"2 minutes\" \/>\n<script type=\"application\/ld+json\" class=\"yoast-schema-graph\">{\"@context\":\"https:\\\/\\\/schema.org\",\"@graph\":[{\"@type\":\"WebPage\",\"@id\":\"https:\\\/\\\/cardamomo.com\\\/fr\\\/artist\\\/rober-el-moreno-madrid\\\/\",\"url\":\"https:\\\/\\\/cardamomo.com\\\/fr\\\/artist\\\/rober-el-moreno-madrid\\\/\",\"name\":\"Rober \\\"El Moreno\\\" (Madrid) - Cardamomo Flamenco Madrid\",\"isPartOf\":{\"@id\":\"https:\\\/\\\/cardamomo.com\\\/fr\\\/#website\"},\"primaryImageOfPage\":{\"@id\":\"https:\\\/\\\/cardamomo.com\\\/fr\\\/artist\\\/rober-el-moreno-madrid\\\/#primaryimage\"},\"image\":{\"@id\":\"https:\\\/\\\/cardamomo.com\\\/es\\\/artist\\\/rober-el-moreno-madrid\\\/#primaryimage\"},\"thumbnailUrl\":\"https:\\\/\\\/cardamomo.ams3.digitaloceanspaces.com\\\/wp-content\\\/uploads\\\/2016\\\/07\\\/03081857\\\/rober-el-moreno.jpg\",\"datePublished\":\"2016-07-29T10:57:44+00:00\",\"dateModified\":\"2025-04-03T08:19:21+00:00\",\"breadcrumb\":{\"@id\":\"https:\\\/\\\/cardamomo.com\\\/fr\\\/artist\\\/rober-el-moreno-madrid\\\/#breadcrumb\"},\"inLanguage\":\"fr-FR\",\"potentialAction\":[{\"@type\":\"ReadAction\",\"target\":[[\"https:\\\/\\\/cardamomo.com\\\/fr\\\/artist\\\/rober-el-moreno-madrid\\\/\"]]}]},{\"@type\":\"ImageObject\",\"inLanguage\":\"fr-FR\",\"@id\":\"https:\\\/\\\/cardamomo.com\\\/fr\\\/artist\\\/rober-el-moreno-madrid\\\/#primaryimage\",\"url\":\"https:\\\/\\\/cardamomo.ams3.digitaloceanspaces.com\\\/wp-content\\\/uploads\\\/2016\\\/07\\\/03081857\\\/rober-el-moreno.jpg\",\"contentUrl\":\"https:\\\/\\\/cardamomo.ams3.digitaloceanspaces.com\\\/wp-content\\\/uploads\\\/2016\\\/07\\\/03081857\\\/rober-el-moreno.jpg\",\"width\":600,\"height\":750,\"caption\":\"Bailaor Rober \\\"El Moreno\\\" (Madrid)\"},{\"@type\":\"BreadcrumbList\",\"@id\":\"https:\\\/\\\/cardamomo.com\\\/fr\\\/artist\\\/rober-el-moreno-madrid\\\/#breadcrumb\",\"itemListElement\":[{\"@type\":\"ListItem\",\"position\":1,\"name\":\"Cardamomo\",\"item\":\"https:\\\/\\\/cardamomo.com\\\/fr\\\/\"},{\"@type\":\"ListItem\",\"position\":2,\"name\":\"Artists\",\"item\":\"https:\\\/\\\/cardamomo.com\\\/fr\\\/artist\\\/\"},{\"@type\":\"ListItem\",\"position\":3,\"name\":\"Rober \u00abEl Moreno\u00bb (Madrid)\"}]},{\"@type\":\"WebSite\",\"@id\":\"https:\\\/\\\/cardamomo.com\\\/fr\\\/#website\",\"url\":\"https:\\\/\\\/cardamomo.com\\\/fr\\\/\",\"name\":\"Cardamomo Flamenco Madrid\",\"description\":\"\",\"potentialAction\":[{\"@type\":\"SearchAction\",\"target\":{\"@type\":\"EntryPoint\",\"urlTemplate\":\"https:\\\/\\\/cardamomo.com\\\/fr\\\/?s={search_term_string}\"},\"query-input\":{\"@type\":\"PropertyValueSpecification\",\"valueRequired\":true,\"valueName\":\"search_term_string\"}}],\"inLanguage\":\"fr-FR\"}]}<\/script>\n<!-- \/ Yoast SEO plugin. -->","yoast_head_json":{"title":"Rober \"El Moreno\" (Madrid) - Cardamomo Flamenco Madrid","robots":{"index":"index","follow":"follow","max-snippet":"max-snippet:-1","max-image-preview":"max-image-preview:large","max-video-preview":"max-video-preview:-1"},"canonical":"\/","og_locale":"fr_FR","og_type":"article","og_title":"Rober \"El Moreno\" (Madrid) - Cardamomo Flamenco Madrid","og_description":"Biographie Il a commenc\u00e9 sa formation artistique en danse \u00e0 l&rsquo;\u00e2ge de 6 ans \u00e0 la prestigieuse acad\u00e9mie de flamenco et de danse espagnole Amor de Dios de Madrid, sous la direction des professeurs Antonio Reyes et Crist\u00f3bal Reyes, poursuivant son apprentissage jusqu&rsquo;\u00e0 aujourd&rsquo;hui avec le danseur et chor\u00e9graphe Alfonso Losa et les enseignements de...","og_url":"https:\/\/cardamomo.com\/fr\/artist\/rober-el-moreno-madrid\/","og_site_name":"Cardamomo Flamenco Madrid","article_modified_time":"2025-04-03T08:19:21+00:00","og_image":[{"width":600,"height":750,"url":"https:\/\/cardamomo.ams3.digitaloceanspaces.com\/wp-content\/uploads\/2016\/07\/03081857\/rober-el-moreno.jpg","type":"image\/jpeg"}],"twitter_card":"summary_large_image","twitter_misc":{"Dur\u00e9e de lecture estim\u00e9e":"2 minutes"},"schema":{"@context":"https:\/\/schema.org","@graph":[{"@type":"WebPage","@id":"https:\/\/cardamomo.com\/fr\/artist\/rober-el-moreno-madrid\/","url":"https:\/\/cardamomo.com\/fr\/artist\/rober-el-moreno-madrid\/","name":"Rober \"El Moreno\" (Madrid) - Cardamomo Flamenco Madrid","isPartOf":{"@id":"https:\/\/cardamomo.com\/fr\/#website"},"primaryImageOfPage":{"@id":"https:\/\/cardamomo.com\/fr\/artist\/rober-el-moreno-madrid\/#primaryimage"},"image":{"@id":"https:\/\/cardamomo.com\/es\/artist\/rober-el-moreno-madrid\/#primaryimage"},"thumbnailUrl":"https:\/\/cardamomo.ams3.digitaloceanspaces.com\/wp-content\/uploads\/2016\/07\/03081857\/rober-el-moreno.jpg","datePublished":"2016-07-29T10:57:44+00:00","dateModified":"2025-04-03T08:19:21+00:00","breadcrumb":{"@id":"https:\/\/cardamomo.com\/fr\/artist\/rober-el-moreno-madrid\/#breadcrumb"},"inLanguage":"fr-FR","potentialAction":[{"@type":"ReadAction","target":[["https:\/\/cardamomo.com\/fr\/artist\/rober-el-moreno-madrid\/"]]}]},{"@type":"ImageObject","inLanguage":"fr-FR","@id":"https:\/\/cardamomo.com\/fr\/artist\/rober-el-moreno-madrid\/#primaryimage","url":"https:\/\/cardamomo.ams3.digitaloceanspaces.com\/wp-content\/uploads\/2016\/07\/03081857\/rober-el-moreno.jpg","contentUrl":"https:\/\/cardamomo.ams3.digitaloceanspaces.com\/wp-content\/uploads\/2016\/07\/03081857\/rober-el-moreno.jpg","width":600,"height":750,"caption":"Bailaor Rober \"El Moreno\" (Madrid)"},{"@type":"BreadcrumbList","@id":"https:\/\/cardamomo.com\/fr\/artist\/rober-el-moreno-madrid\/#breadcrumb","itemListElement":[{"@type":"ListItem","position":1,"name":"Cardamomo","item":"https:\/\/cardamomo.com\/fr\/"},{"@type":"ListItem","position":2,"name":"Artists","item":"https:\/\/cardamomo.com\/fr\/artist\/"},{"@type":"ListItem","position":3,"name":"Rober \u00abEl Moreno\u00bb (Madrid)"}]},{"@type":"WebSite","@id":"https:\/\/cardamomo.com\/fr\/#website","url":"https:\/\/cardamomo.com\/fr\/","name":"Cardamomo Flamenco Madrid","description":"","potentialAction":[{"@type":"SearchAction","target":{"@type":"EntryPoint","urlTemplate":"https:\/\/cardamomo.com\/fr\/?s={search_term_string}"},"query-input":{"@type":"PropertyValueSpecification","valueRequired":true,"valueName":"search_term_string"}}],"inLanguage":"fr-FR"}]}},"_links":{"self":[{"href":"https:\/\/cardamomo.com\/fr\/wp-json\/wp\/v2\/artist\/690","targetHints":{"allow":["GET"]}}],"collection":[{"href":"https:\/\/cardamomo.com\/fr\/wp-json\/wp\/v2\/artist"}],"about":[{"href":"https:\/\/cardamomo.com\/fr\/wp-json\/wp\/v2\/types\/artist"}],"wp:featuredmedia":[{"embeddable":true,"href":"https:\/\/cardamomo.com\/fr\/wp-json\/wp\/v2\/media\/157274"}],"wp:attachment":[{"href":"https:\/\/cardamomo.com\/fr\/wp-json\/wp\/v2\/media?parent=690"}],"curies":[{"name":"wp","href":"https:\/\/api.w.org\/{rel}","templated":true}]}}

<p></p>
<h4>Biographie</h4>
<p>Il a commencé sa formation artistique en danse à l&rsquo;âge de 6 ans à la prestigieuse académie de flamenco et de danse espagnole Amor de Dios de Madrid, sous la direction des professeurs Antonio Reyes et Cristóbal Reyes, poursuivant son apprentissage jusqu&rsquo;à aujourd&rsquo;hui avec le danseur et chorégraphe Alfonso Losa et les enseignements de Toni El Pelao, Farruquito, Miguel Cañas et Nino de los Reyes.</p>
<p>Il a travaillé au Teatro Cómpac Gran Vía, Teatro García Lorca et La Latina à Madrid, à l&rsquo;Auditorio Alcázar de San Juan à Valladolid et au Teatro Nescafé de las Artes à Santiago du Chili, ainsi qu&rsquo;aux tablaos Cardamomo, Casa Patas, Museo La Corrala, Tablao Torero, Tablao Estación Los Porches et Tablao Cantares à Madrid. Rober, « El Moreno » se distingue comme un danseur innovant, mais en même temps avec une grande pureté flamenca.</p>
<p>Malgré son jeune âge, il a une longue carrière de performances avec de grands artistes. Parmi toutes ses prestations, nous pouvons souligner sa performance en tant qu&rsquo;artiste principal de l&rsquo;hommage à Camarón de la Isla à Salamanque. Il a travaillé pendant un certain temps avec la compagnie de Tito Losada, puis a passé deux ans avec la compagnie de María Toledo, se produisant dans des endroits tels que : Menansalbas (Tolède), Plaza Santo Cristo de Veracruz (Las Cabeza de San Juan), (Festival Yerbabuena), Sala Luz de Gas (Barcelone), Auditorio Villaviciosa de Odón (Madrid), El Aaiún (Maroc), Auditorio Nacional (Príncipe de Vergara , Madrid), Complejo Alcántara (Badajoz), Polideportivo Municipal (Navas del Rey , Valladolid), Auditorio de Arroyomolínos (Madrid), Palacio de Congresos (Cádiz), El arahal (Sevilla), Sala copera (Granada), Bélgica , Bruselas , Melilla, centro, Casino central de salamanca, ainsi que la continuité de la tournée avec l&rsquo;album Magnética.</p>

<!-- This site is optimized with the Yoast SEO plugin v27.4 - https://yoast.com/product/yoast-seo-wordpress/ -->
<title>Rober &quot;El Moreno&quot; (Madrid) - Cardamomo Flamenco Madrid</title>
<meta name="robots" content="index, follow, max-snippet:-1, max-image-preview:large, max-video-preview:-1" />
<link rel="canonical" href="/" />
<meta property="og:locale" content="fr_FR" />
<meta property="og:type" content="article" />
<meta property="og:title" content="Rober &quot;El Moreno&quot; (Madrid) - Cardamomo Flamenco Madrid" />
<meta property="og:description" content="Biographie Il a commencé sa formation artistique en danse à l&rsquo;âge de 6 ans à la prestigieuse académie de flamenco et de danse espagnole Amor de Dios de Madrid, sous la direction des professeurs Antonio Reyes et Cristóbal Reyes, poursuivant son apprentissage jusqu&rsquo;à aujourd&rsquo;hui avec le danseur et chorégraphe Alfonso Losa et les enseignements de..." />
<meta property="og:url" content="https://cardamomo.com/fr/artist/rober-el-moreno-madrid/" />
<meta property="og:site_name" content="Cardamomo Flamenco Madrid" />
<meta property="article:modified_time" content="2025-04-03T08:19:21+00:00" />
<meta property="og:image" content="https://cardamomo.ams3.digitaloceanspaces.com/wp-content/uploads/2016/07/03081857/rober-el-moreno.jpg" />
	<meta property="og:image:width" content="600" />
	<meta property="og:image:height" content="750" />
	<meta property="og:image:type" content="image/jpeg" />
<meta name="twitter:card" content="summary_large_image" />
<meta name="twitter:label1" content="Durée de lecture estimée" />
	<meta name="twitter:data1" content="2 minutes" />
<script type="application/ld+json" class="yoast-schema-graph">{"@context":"https:\/\/schema.org","@graph":[{"@type":"WebPage","@id":"https:\/\/cardamomo.com\/fr\/artist\/rober-el-moreno-madrid\/","url":"https:\/\/cardamomo.com\/fr\/artist\/rober-el-moreno-madrid\/","name":"Rober \"El Moreno\" (Madrid) - Cardamomo Flamenco Madrid","isPartOf":{"@id":"https:\/\/cardamomo.com\/fr\/#website"},"primaryImageOfPage":{"@id":"https:\/\/cardamomo.com\/fr\/artist\/rober-el-moreno-madrid\/#primaryimage"},"image":{"@id":"https:\/\/cardamomo.com\/es\/artist\/rober-el-moreno-madrid\/#primaryimage"},"thumbnailUrl":"https:\/\/cardamomo.ams3.digitaloceanspaces.com\/wp-content\/uploads\/2016\/07\/03081857\/rober-el-moreno.jpg","datePublished":"2016-07-29T10:57:44+00:00","dateModified":"2025-04-03T08:19:21+00:00","breadcrumb":{"@id":"https:\/\/cardamomo.com\/fr\/artist\/rober-el-moreno-madrid\/#breadcrumb"},"inLanguage":"fr-FR","potentialAction":[{"@type":"ReadAction","target":[["https:\/\/cardamomo.com\/fr\/artist\/rober-el-moreno-madrid\/"]]}]},{"@type":"ImageObject","inLanguage":"fr-FR","@id":"https:\/\/cardamomo.com\/fr\/artist\/rober-el-moreno-madrid\/#primaryimage","url":"https:\/\/cardamomo.ams3.digitaloceanspaces.com\/wp-content\/uploads\/2016\/07\/03081857\/rober-el-moreno.jpg","contentUrl":"https:\/\/cardamomo.ams3.digitaloceanspaces.com\/wp-content\/uploads\/2016\/07\/03081857\/rober-el-moreno.jpg","width":600,"height":750,"caption":"Bailaor Rober \"El Moreno\" (Madrid)"},{"@type":"BreadcrumbList","@id":"https:\/\/cardamomo.com\/fr\/artist\/rober-el-moreno-madrid\/#breadcrumb","itemListElement":[{"@type":"ListItem","position":1,"name":"Cardamomo","item":"https:\/\/cardamomo.com\/fr\/"},{"@type":"ListItem","position":2,"name":"Artists","item":"https:\/\/cardamomo.com\/fr\/artist\/"},{"@type":"ListItem","position":3,"name":"Rober «El Moreno» (Madrid)"}]},{"@type":"WebSite","@id":"https:\/\/cardamomo.com\/fr\/#website","url":"https:\/\/cardamomo.com\/fr\/","name":"Cardamomo Flamenco Madrid","description":"","potentialAction":[{"@type":"SearchAction","target":{"@type":"EntryPoint","urlTemplate":"https:\/\/cardamomo.com\/fr\/?s={search_term_string}"},"query-input":{"@type":"PropertyValueSpecification","valueRequired":true,"valueName":"search_term_string"}}],"inLanguage":"fr-FR"}]}</script>
<!-- / Yoast SEO plugin. -->

Biographie Il a commencé sa formation artistique en danse à l&rsquo;âge de 6 ans à la prestigieuse académie de flamenco et de danse espagnole Amor de Dios de Madrid, sous la direction des professeurs Antonio Reyes et Cristóbal Reyes, poursuivant son apprentissage jusqu&rsquo;à aujourd&rsquo;hui avec le danseur et chorégraphe Alfonso Losa et les enseignements de...
