{"id":684,"date":"2016-07-29T12:52:03","date_gmt":"2016-07-29T10:52:03","guid":{"rendered":"http:\/\/cardamomo.fullcircle.es\/?post_type=artist&#038;p=684"},"modified":"2025-04-03T09:00:26","modified_gmt":"2025-04-03T09:00:26","slug":"jose-gomez-carmona-rapico","status":"publish","type":"artist","link":"https:\/\/cardamomo.com\/fr\/artist\/jose-gomez\/","title":{"rendered":"Jos\u00e9 G\u00f3mez Carmona \u00ab\u00a0Rapico\u00a0\u00bb (Mallorca)"},"content":{"rendered":"<p>Lorsqu&rsquo;il avait 5 ans, ses professeurs ont \u00e9t\u00e9 oblig\u00e9s d&rsquo;accepter qu&rsquo;il aille \u00e0 l&rsquo;\u00e9cole avec des bottes de danse et m\u00eame qu&rsquo;il joue au football avec elles, autrement il n&rsquo;arr\u00eatait pas de pleurer.<\/p>\n<p>Lorsqu&rsquo;\u00e0 l&rsquo;\u00e2ge de 7 ans Rapico a assist\u00e9 au spectacle flamenco Torero, du mythe Antonio Canales, \u00e0 l&rsquo;auditorium de sa Majorque natale, un \u00e9lan irr\u00e9pressible l&rsquo;a pouss\u00e9 \u00e0 monter sur sc\u00e8ne de mani\u00e8re spontan\u00e9e. Impressionn\u00e9, le ma\u00eetre Canales a arr\u00eat\u00e9 le spectacle face \u00e0 la stupeur des spectateurs par l&rsquo;interruption, et l&rsquo;a invit\u00e9 \u00e0 danser. Certains des composants de la troupe se souviennent encore de cette anecdote. Ils partagent actuellement la sc\u00e8ne avec lui \u00e0 Cardamomo (David Jim\u00e9nez, Keli\u00e1n Jim\u00e9nez et M\u00f3nica Fern\u00e1ndez). Tout faisait penser que Jos\u00e9 G\u00f3mez -dont le surnom provient de la famille d&rsquo;artistes \u00ab\u00a0les Rapico\u00a0\u00bb- serait le grand bailaor qu&rsquo;il est. C&rsquo;est ce que voulait dire Paco de Luc\u00eda lorsqu&rsquo;il lui a dit qu&rsquo;il avait tout ce qu&rsquo;il fallait pour triompher, ainsi que Michael Douglas, qui, apr\u00e8s l&rsquo;avoir vu danser par hasard, l&rsquo;a engag\u00e9, \u00e0 l&rsquo;\u00e2ge de 12 ans, pour danser pendant une f\u00eate qu&rsquo;il faisait chez lui. Toutefois, outre ces anecdotes, sa trajectoire est pleine de voyages et d&rsquo;\u00e9v\u00e9nements qui mettent en \u00e9vidence son professionalisme. En 2015, il a voyag\u00e9 au Kowe\u00eft et \u00e0 Duba\u00ef comme composant d&rsquo;un spectacle flamenco form\u00e9 d&rsquo;artistes reconnus de Grenade, Madrid et Barcelone. Il a \u00e9galement tourn\u00e9 un spot publicitaire avec ADIDAS pour les \u00c9mirats Arabes, laissant sur place son empreinte flamenca. Il a fait partie de la troupe de Tito Losada, voyageant au Japon et \u00e0 d&rsquo;autres 18 villes comme artiste soliste. Il a collabor\u00e9 de nombreuses fois avec des ma\u00eetres de la guitare tels que Tomatito et Pepe Habichuela. Il a particip\u00e9 au Festival de Marseille, il a fait partie de la troupe de Gerardo N\u00fa\u00f1ez et a collabor\u00e9 avec la troupe Promesa Flamenca. Peu \u00e0 peu, il accumul\u00e9 une \u00e9norme exp\u00e9rience, avec des concours, des festivals, des prix, des tablaos prestigieux, des th\u00e9\u00e2tres et des auditoriums en Espagne et \u00e0 l&rsquo;\u00e9tranger. En fait, Rapico, artiste exceptionnel qui, avec 7 ans seulement, prenait d\u00e9j\u00e0 des cours de ballet, de danse classique espagnole et de flamenco, reconna\u00eet aujourd&rsquo;hui, avec \u00e0 peine 26 ans, avoir appris r\u00e9ellement ce qu&rsquo;il sait &lsquo;en regardant sans cesse des cassettes vid\u00e9o des meilleurs artistes de flamenco et, surtout, chez lui avec sa famille&rsquo;.<\/p>\n<p>&nbsp;<\/p>","protected":false},"featured_media":157280,"template":"","meta":{"_acf_changed":false,"inline_featured_image":false},"class_list":["post-684","artist","type-artist","status-publish","has-post-thumbnail","hentry"],"acf":[],"yoast_head":"<!-- This site is optimized with the Yoast SEO plugin v27.4 - https:\/\/yoast.com\/product\/yoast-seo-wordpress\/ -->\n<title>Jos\u00e9 G\u00f3mez Carmona &quot;Rapico&quot; (Mallorca) - Cardamomo Flamenco Madrid<\/title>\n<meta name=\"robots\" content=\"index, follow, max-snippet:-1, max-image-preview:large, max-video-preview:-1\" \/>\n<link rel=\"canonical\" href=\"\/\" \/>\n<meta property=\"og:locale\" content=\"fr_FR\" \/>\n<meta property=\"og:type\" content=\"article\" \/>\n<meta property=\"og:title\" content=\"Jos\u00e9 G\u00f3mez Carmona &quot;Rapico&quot; (Mallorca) - Cardamomo Flamenco Madrid\" \/>\n<meta property=\"og:description\" content=\"Lorsqu&rsquo;il avait 5 ans, ses professeurs ont \u00e9t\u00e9 oblig\u00e9s d&rsquo;accepter qu&rsquo;il aille \u00e0 l&rsquo;\u00e9cole avec des bottes de danse et m\u00eame qu&rsquo;il joue au football avec elles, autrement il n&rsquo;arr\u00eatait pas de pleurer. Lorsqu&rsquo;\u00e0 l&rsquo;\u00e2ge de 7 ans Rapico a assist\u00e9 au spectacle flamenco Torero, du mythe Antonio Canales, \u00e0 l&rsquo;auditorium de sa Majorque natale,...\" \/>\n<meta property=\"og:url\" content=\"https:\/\/cardamomo.com\/fr\/artist\/jose-gomez\/\" \/>\n<meta property=\"og:site_name\" content=\"Cardamomo Flamenco Madrid\" \/>\n<meta property=\"article:modified_time\" content=\"2025-04-03T09:00:26+00:00\" \/>\n<meta property=\"og:image\" content=\"https:\/\/cardamomo.ams3.digitaloceanspaces.com\/wp-content\/uploads\/2016\/07\/03085949\/jose-gomez-carmona.jpg\" \/>\n\t<meta property=\"og:image:width\" content=\"600\" \/>\n\t<meta property=\"og:image:height\" content=\"750\" \/>\n\t<meta property=\"og:image:type\" content=\"image\/jpeg\" \/>\n<meta name=\"twitter:card\" content=\"summary_large_image\" \/>\n<meta name=\"twitter:label1\" content=\"Dur\u00e9e de lecture estim\u00e9e\" \/>\n\t<meta name=\"twitter:data1\" content=\"4 minutes\" \/>\n<script type=\"application\/ld+json\" class=\"yoast-schema-graph\">{\"@context\":\"https:\\\/\\\/schema.org\",\"@graph\":[{\"@type\":\"WebPage\",\"@id\":\"https:\\\/\\\/cardamomo.com\\\/fr\\\/artist\\\/jose-gomez\\\/\",\"url\":\"https:\\\/\\\/cardamomo.com\\\/fr\\\/artist\\\/jose-gomez\\\/\",\"name\":\"Jos\u00e9 G\u00f3mez Carmona \\\"Rapico\\\" (Mallorca) - Cardamomo Flamenco Madrid\",\"isPartOf\":{\"@id\":\"https:\\\/\\\/cardamomo.com\\\/fr\\\/#website\"},\"primaryImageOfPage\":{\"@id\":\"https:\\\/\\\/cardamomo.com\\\/fr\\\/artist\\\/jose-gomez\\\/#primaryimage\"},\"image\":{\"@id\":\"https:\\\/\\\/cardamomo.com\\\/es\\\/artist\\\/jose-gomez\\\/#primaryimage\"},\"thumbnailUrl\":\"https:\\\/\\\/cardamomo.ams3.digitaloceanspaces.com\\\/wp-content\\\/uploads\\\/2016\\\/07\\\/03085949\\\/jose-gomez-carmona.jpg\",\"datePublished\":\"2016-07-29T10:52:03+00:00\",\"dateModified\":\"2025-04-03T09:00:26+00:00\",\"breadcrumb\":{\"@id\":\"https:\\\/\\\/cardamomo.com\\\/fr\\\/artist\\\/jose-gomez\\\/#breadcrumb\"},\"inLanguage\":\"fr-FR\",\"potentialAction\":[{\"@type\":\"ReadAction\",\"target\":[[\"https:\\\/\\\/cardamomo.com\\\/fr\\\/artist\\\/jose-gomez\\\/\"]]}]},{\"@type\":\"ImageObject\",\"inLanguage\":\"fr-FR\",\"@id\":\"https:\\\/\\\/cardamomo.com\\\/fr\\\/artist\\\/jose-gomez\\\/#primaryimage\",\"url\":\"https:\\\/\\\/cardamomo.ams3.digitaloceanspaces.com\\\/wp-content\\\/uploads\\\/2016\\\/07\\\/03085949\\\/jose-gomez-carmona.jpg\",\"contentUrl\":\"https:\\\/\\\/cardamomo.ams3.digitaloceanspaces.com\\\/wp-content\\\/uploads\\\/2016\\\/07\\\/03085949\\\/jose-gomez-carmona.jpg\",\"width\":600,\"height\":750,\"caption\":\"Bailaor Jos\u00e9 G\u00f3mez Carmona \\\"Rapico\\\" (Mallorca)\"},{\"@type\":\"BreadcrumbList\",\"@id\":\"https:\\\/\\\/cardamomo.com\\\/fr\\\/artist\\\/jose-gomez\\\/#breadcrumb\",\"itemListElement\":[{\"@type\":\"ListItem\",\"position\":1,\"name\":\"Cardamomo\",\"item\":\"https:\\\/\\\/cardamomo.com\\\/fr\\\/\"},{\"@type\":\"ListItem\",\"position\":2,\"name\":\"Artists\",\"item\":\"https:\\\/\\\/cardamomo.com\\\/fr\\\/artist\\\/\"},{\"@type\":\"ListItem\",\"position\":3,\"name\":\"Jos\u00e9 G\u00f3mez Carmona \u00abRapico\u00bb (Mallorca)\"}]},{\"@type\":\"WebSite\",\"@id\":\"https:\\\/\\\/cardamomo.com\\\/fr\\\/#website\",\"url\":\"https:\\\/\\\/cardamomo.com\\\/fr\\\/\",\"name\":\"Cardamomo Flamenco Madrid\",\"description\":\"\",\"potentialAction\":[{\"@type\":\"SearchAction\",\"target\":{\"@type\":\"EntryPoint\",\"urlTemplate\":\"https:\\\/\\\/cardamomo.com\\\/fr\\\/?s={search_term_string}\"},\"query-input\":{\"@type\":\"PropertyValueSpecification\",\"valueRequired\":true,\"valueName\":\"search_term_string\"}}],\"inLanguage\":\"fr-FR\"}]}<\/script>\n<!-- \/ Yoast SEO plugin. -->","yoast_head_json":{"title":"Jos\u00e9 G\u00f3mez Carmona \"Rapico\" (Mallorca) - Cardamomo Flamenco Madrid","robots":{"index":"index","follow":"follow","max-snippet":"max-snippet:-1","max-image-preview":"max-image-preview:large","max-video-preview":"max-video-preview:-1"},"canonical":"\/","og_locale":"fr_FR","og_type":"article","og_title":"Jos\u00e9 G\u00f3mez Carmona \"Rapico\" (Mallorca) - Cardamomo Flamenco Madrid","og_description":"Lorsqu&rsquo;il avait 5 ans, ses professeurs ont \u00e9t\u00e9 oblig\u00e9s d&rsquo;accepter qu&rsquo;il aille \u00e0 l&rsquo;\u00e9cole avec des bottes de danse et m\u00eame qu&rsquo;il joue au football avec elles, autrement il n&rsquo;arr\u00eatait pas de pleurer. Lorsqu&rsquo;\u00e0 l&rsquo;\u00e2ge de 7 ans Rapico a assist\u00e9 au spectacle flamenco Torero, du mythe Antonio Canales, \u00e0 l&rsquo;auditorium de sa Majorque natale,...","og_url":"https:\/\/cardamomo.com\/fr\/artist\/jose-gomez\/","og_site_name":"Cardamomo Flamenco Madrid","article_modified_time":"2025-04-03T09:00:26+00:00","og_image":[{"width":600,"height":750,"url":"https:\/\/cardamomo.ams3.digitaloceanspaces.com\/wp-content\/uploads\/2016\/07\/03085949\/jose-gomez-carmona.jpg","type":"image\/jpeg"}],"twitter_card":"summary_large_image","twitter_misc":{"Dur\u00e9e de lecture estim\u00e9e":"4 minutes"},"schema":{"@context":"https:\/\/schema.org","@graph":[{"@type":"WebPage","@id":"https:\/\/cardamomo.com\/fr\/artist\/jose-gomez\/","url":"https:\/\/cardamomo.com\/fr\/artist\/jose-gomez\/","name":"Jos\u00e9 G\u00f3mez Carmona \"Rapico\" (Mallorca) - Cardamomo Flamenco Madrid","isPartOf":{"@id":"https:\/\/cardamomo.com\/fr\/#website"},"primaryImageOfPage":{"@id":"https:\/\/cardamomo.com\/fr\/artist\/jose-gomez\/#primaryimage"},"image":{"@id":"https:\/\/cardamomo.com\/es\/artist\/jose-gomez\/#primaryimage"},"thumbnailUrl":"https:\/\/cardamomo.ams3.digitaloceanspaces.com\/wp-content\/uploads\/2016\/07\/03085949\/jose-gomez-carmona.jpg","datePublished":"2016-07-29T10:52:03+00:00","dateModified":"2025-04-03T09:00:26+00:00","breadcrumb":{"@id":"https:\/\/cardamomo.com\/fr\/artist\/jose-gomez\/#breadcrumb"},"inLanguage":"fr-FR","potentialAction":[{"@type":"ReadAction","target":[["https:\/\/cardamomo.com\/fr\/artist\/jose-gomez\/"]]}]},{"@type":"ImageObject","inLanguage":"fr-FR","@id":"https:\/\/cardamomo.com\/fr\/artist\/jose-gomez\/#primaryimage","url":"https:\/\/cardamomo.ams3.digitaloceanspaces.com\/wp-content\/uploads\/2016\/07\/03085949\/jose-gomez-carmona.jpg","contentUrl":"https:\/\/cardamomo.ams3.digitaloceanspaces.com\/wp-content\/uploads\/2016\/07\/03085949\/jose-gomez-carmona.jpg","width":600,"height":750,"caption":"Bailaor Jos\u00e9 G\u00f3mez Carmona \"Rapico\" (Mallorca)"},{"@type":"BreadcrumbList","@id":"https:\/\/cardamomo.com\/fr\/artist\/jose-gomez\/#breadcrumb","itemListElement":[{"@type":"ListItem","position":1,"name":"Cardamomo","item":"https:\/\/cardamomo.com\/fr\/"},{"@type":"ListItem","position":2,"name":"Artists","item":"https:\/\/cardamomo.com\/fr\/artist\/"},{"@type":"ListItem","position":3,"name":"Jos\u00e9 G\u00f3mez Carmona \u00abRapico\u00bb (Mallorca)"}]},{"@type":"WebSite","@id":"https:\/\/cardamomo.com\/fr\/#website","url":"https:\/\/cardamomo.com\/fr\/","name":"Cardamomo Flamenco Madrid","description":"","potentialAction":[{"@type":"SearchAction","target":{"@type":"EntryPoint","urlTemplate":"https:\/\/cardamomo.com\/fr\/?s={search_term_string}"},"query-input":{"@type":"PropertyValueSpecification","valueRequired":true,"valueName":"search_term_string"}}],"inLanguage":"fr-FR"}]}},"_links":{"self":[{"href":"https:\/\/cardamomo.com\/fr\/wp-json\/wp\/v2\/artist\/684","targetHints":{"allow":["GET"]}}],"collection":[{"href":"https:\/\/cardamomo.com\/fr\/wp-json\/wp\/v2\/artist"}],"about":[{"href":"https:\/\/cardamomo.com\/fr\/wp-json\/wp\/v2\/types\/artist"}],"wp:featuredmedia":[{"embeddable":true,"href":"https:\/\/cardamomo.com\/fr\/wp-json\/wp\/v2\/media\/157280"}],"wp:attachment":[{"href":"https:\/\/cardamomo.com\/fr\/wp-json\/wp\/v2\/media?parent=684"}],"curies":[{"name":"wp","href":"https:\/\/api.w.org\/{rel}","templated":true}]}}

José Gómez Carmona « Rapico » (Mallorca)

<p>Lorsqu&rsquo;il avait 5 ans, ses professeurs ont été obligés d&rsquo;accepter qu&rsquo;il aille à l&rsquo;école avec des bottes de danse et même qu&rsquo;il joue au football avec elles, autrement il n&rsquo;arrêtait pas de pleurer.</p>
<p>Lorsqu&rsquo;à l&rsquo;âge de 7 ans Rapico a assisté au spectacle flamenco Torero, du mythe Antonio Canales, à l&rsquo;auditorium de sa Majorque natale, un élan irrépressible l&rsquo;a poussé à monter sur scène de manière spontanée. Impressionné, le maître Canales a arrêté le spectacle face à la stupeur des spectateurs par l&rsquo;interruption, et l&rsquo;a invité à danser. Certains des composants de la troupe se souviennent encore de cette anecdote. Ils partagent actuellement la scène avec lui à Cardamomo (David Jiménez, Kelián Jiménez et Mónica Fernández). Tout faisait penser que José Gómez -dont le surnom provient de la famille d&rsquo;artistes « les Rapico »- serait le grand bailaor qu&rsquo;il est. C&rsquo;est ce que voulait dire Paco de Lucía lorsqu&rsquo;il lui a dit qu&rsquo;il avait tout ce qu&rsquo;il fallait pour triompher, ainsi que Michael Douglas, qui, après l&rsquo;avoir vu danser par hasard, l&rsquo;a engagé, à l&rsquo;âge de 12 ans, pour danser pendant une fête qu&rsquo;il faisait chez lui. Toutefois, outre ces anecdotes, sa trajectoire est pleine de voyages et d&rsquo;événements qui mettent en évidence son professionalisme. En 2015, il a voyagé au Koweït et à Dubaï comme composant d&rsquo;un spectacle flamenco formé d&rsquo;artistes reconnus de Grenade, Madrid et Barcelone. Il a également tourné un spot publicitaire avec ADIDAS pour les Émirats Arabes, laissant sur place son empreinte flamenca. Il a fait partie de la troupe de Tito Losada, voyageant au Japon et à d&rsquo;autres 18 villes comme artiste soliste. Il a collaboré de nombreuses fois avec des maîtres de la guitare tels que Tomatito et Pepe Habichuela. Il a participé au Festival de Marseille, il a fait partie de la troupe de Gerardo Núñez et a collaboré avec la troupe Promesa Flamenca. Peu à peu, il accumulé une énorme expérience, avec des concours, des festivals, des prix, des tablaos prestigieux, des théâtres et des auditoriums en Espagne et à l&rsquo;étranger. En fait, Rapico, artiste exceptionnel qui, avec 7 ans seulement, prenait déjà des cours de ballet, de danse classique espagnole et de flamenco, reconnaît aujourd&rsquo;hui, avec à peine 26 ans, avoir appris réellement ce qu&rsquo;il sait &lsquo;en regardant sans cesse des cassettes vidéo des meilleurs artistes de flamenco et, surtout, chez lui avec sa famille&rsquo;.</p>
<p>&nbsp;</p>

<!-- This site is optimized with the Yoast SEO plugin v27.4 - https://yoast.com/product/yoast-seo-wordpress/ -->
<title>José Gómez Carmona &quot;Rapico&quot; (Mallorca) - Cardamomo Flamenco Madrid</title>
<meta name="robots" content="index, follow, max-snippet:-1, max-image-preview:large, max-video-preview:-1" />
<link rel="canonical" href="/" />
<meta property="og:locale" content="fr_FR" />
<meta property="og:type" content="article" />
<meta property="og:title" content="José Gómez Carmona &quot;Rapico&quot; (Mallorca) - Cardamomo Flamenco Madrid" />
<meta property="og:description" content="Lorsqu&rsquo;il avait 5 ans, ses professeurs ont été obligés d&rsquo;accepter qu&rsquo;il aille à l&rsquo;école avec des bottes de danse et même qu&rsquo;il joue au football avec elles, autrement il n&rsquo;arrêtait pas de pleurer. Lorsqu&rsquo;à l&rsquo;âge de 7 ans Rapico a assisté au spectacle flamenco Torero, du mythe Antonio Canales, à l&rsquo;auditorium de sa Majorque natale,..." />
<meta property="og:url" content="https://cardamomo.com/fr/artist/jose-gomez/" />
<meta property="og:site_name" content="Cardamomo Flamenco Madrid" />
<meta property="article:modified_time" content="2025-04-03T09:00:26+00:00" />
<meta property="og:image" content="https://cardamomo.ams3.digitaloceanspaces.com/wp-content/uploads/2016/07/03085949/jose-gomez-carmona.jpg" />
	<meta property="og:image:width" content="600" />
	<meta property="og:image:height" content="750" />
	<meta property="og:image:type" content="image/jpeg" />
<meta name="twitter:card" content="summary_large_image" />
<meta name="twitter:label1" content="Durée de lecture estimée" />
	<meta name="twitter:data1" content="4 minutes" />
<script type="application/ld+json" class="yoast-schema-graph">{"@context":"https:\/\/schema.org","@graph":[{"@type":"WebPage","@id":"https:\/\/cardamomo.com\/fr\/artist\/jose-gomez\/","url":"https:\/\/cardamomo.com\/fr\/artist\/jose-gomez\/","name":"José Gómez Carmona \"Rapico\" (Mallorca) - Cardamomo Flamenco Madrid","isPartOf":{"@id":"https:\/\/cardamomo.com\/fr\/#website"},"primaryImageOfPage":{"@id":"https:\/\/cardamomo.com\/fr\/artist\/jose-gomez\/#primaryimage"},"image":{"@id":"https:\/\/cardamomo.com\/es\/artist\/jose-gomez\/#primaryimage"},"thumbnailUrl":"https:\/\/cardamomo.ams3.digitaloceanspaces.com\/wp-content\/uploads\/2016\/07\/03085949\/jose-gomez-carmona.jpg","datePublished":"2016-07-29T10:52:03+00:00","dateModified":"2025-04-03T09:00:26+00:00","breadcrumb":{"@id":"https:\/\/cardamomo.com\/fr\/artist\/jose-gomez\/#breadcrumb"},"inLanguage":"fr-FR","potentialAction":[{"@type":"ReadAction","target":[["https:\/\/cardamomo.com\/fr\/artist\/jose-gomez\/"]]}]},{"@type":"ImageObject","inLanguage":"fr-FR","@id":"https:\/\/cardamomo.com\/fr\/artist\/jose-gomez\/#primaryimage","url":"https:\/\/cardamomo.ams3.digitaloceanspaces.com\/wp-content\/uploads\/2016\/07\/03085949\/jose-gomez-carmona.jpg","contentUrl":"https:\/\/cardamomo.ams3.digitaloceanspaces.com\/wp-content\/uploads\/2016\/07\/03085949\/jose-gomez-carmona.jpg","width":600,"height":750,"caption":"Bailaor José Gómez Carmona \"Rapico\" (Mallorca)"},{"@type":"BreadcrumbList","@id":"https:\/\/cardamomo.com\/fr\/artist\/jose-gomez\/#breadcrumb","itemListElement":[{"@type":"ListItem","position":1,"name":"Cardamomo","item":"https:\/\/cardamomo.com\/fr\/"},{"@type":"ListItem","position":2,"name":"Artists","item":"https:\/\/cardamomo.com\/fr\/artist\/"},{"@type":"ListItem","position":3,"name":"José Gómez Carmona «Rapico» (Mallorca)"}]},{"@type":"WebSite","@id":"https:\/\/cardamomo.com\/fr\/#website","url":"https:\/\/cardamomo.com\/fr\/","name":"Cardamomo Flamenco Madrid","description":"","potentialAction":[{"@type":"SearchAction","target":{"@type":"EntryPoint","urlTemplate":"https:\/\/cardamomo.com\/fr\/?s={search_term_string}"},"query-input":{"@type":"PropertyValueSpecification","valueRequired":true,"valueName":"search_term_string"}}],"inLanguage":"fr-FR"}]}</script>
<!-- / Yoast SEO plugin. -->

José Gómez Carmona "Rapico" (Mallorca) - Cardamomo Flamenco Madrid

Lorsqu&rsquo;il avait 5 ans, ses professeurs ont été obligés d&rsquo;accepter qu&rsquo;il aille à l&rsquo;école avec des bottes de danse et même qu&rsquo;il joue au football avec elles, autrement il n&rsquo;arrêtait pas de pleurer. Lorsqu&rsquo;à l&rsquo;âge de 7 ans Rapico a assisté au spectacle flamenco Torero, du mythe Antonio Canales, à l&rsquo;auditorium de sa Majorque natale,...

Bailaor José Gómez Carmona "Rapico" (Mallorca)

José Gómez Carmona «Rapico» (Mallorca)
