{"id":63058,"date":"2019-05-28T13:01:36","date_gmt":"2019-05-28T11:01:36","guid":{"rendered":"https:\/\/cardamomo.com\/es\/?post_type=artist&#038;p=63058"},"modified":"2025-03-19T12:42:12","modified_gmt":"2025-03-19T12:42:12","slug":"salome-ramirez","status":"publish","type":"artist","link":"https:\/\/cardamomo.com\/fr\/artist\/salome-ramirez\/","title":{"rendered":"Salom\u00e9 Ram\u00edrez"},"content":{"rendered":"<p><\/p>\n<h4>Biographie<\/h4>\n<p>Salom\u00e9 Ram\u00edrez est n\u00e9e \u00e0 Jerez de la Frontera en 1990. Elle a commenc\u00e9 \u00e0 danser avec Rafael Mu\u00f1oz \u00e0 l&rsquo;\u00e2ge de 4 ans et a fait partie de Huella Jerezana (1994-1998), un groupe de jeunes danseurs de flamenco prometteurs.<\/p>\n<p>\u00c0 l&rsquo;\u00e2ge de 8 ans, elle poursuit sa formation \u00e0 l&rsquo;acad\u00e9mie de Manuela Carpio et de Chiqui de Jerez. Elle compl\u00e8te cette formation par des cours r\u00e9guliers avec de grands ma\u00eetres de l&rsquo;art flamenco tels que Farruquito, Antonio Canales, Alfonso Losa, Marco Flores et Manuel Li\u00f1\u00e1n.<\/p>\n<p>En 2002, encore enfant, elle a commenc\u00e9 \u00e0 travailler dans le tablao El Lagar de T\u00edo Parrilla. \u00c0 partir de ce moment, Salom\u00e9 a commenc\u00e9 \u00e0 danser dans diff\u00e9rents lieux de flamenco \u00e0 Jerez comme La Taberna Flamenca, Tablao del Bereber ou le tablao Puro Arte.<\/p>\n<p>En 2007, elle a particip\u00e9 aux Viernes Flamencos de Jerez de la Frontera. Il est revenu en 2014.<\/p>\n<p>En 2010, il a fait partie de la compagnie Farruquito avec le spectacle \u00ab\u00a0Soner\u00edas\u00a0\u00bb.<\/p>\n<p>Depuis 2012, elle fait partie du groupe r\u00e9gulier de flamenco du Tablao del Carmen \u00e0 Barcelone.\u00a0 Elle s&rsquo;est \u00e9galement produite dans des tablaos flamenco de S\u00e9ville tels que El Museo del Flamenco de Cristina Hoyos, El Arenal et Los Gallos.<\/p>\n<p>En 2014, il a effectu\u00e9 sa premi\u00e8re tourn\u00e9e au Japon, qu&rsquo;il a r\u00e9p\u00e9t\u00e9e chaque ann\u00e9e jusqu&rsquo;\u00e0 aujourd&rsquo;hui, se produisant et enseignant dans diff\u00e9rentes villes telles que Tokyo, Osaka, Sendai et Nagoya.<\/p>\n<p>En 2015, il participe au festival de flamenco de Lyon avec le spectacle \u00ab\u00a0De Lebrija a Jerez\u00a0\u00bb aux c\u00f4t\u00e9s de la cantaora Anabel Valencia.<\/p>\n<p>En 2016, elle a remport\u00e9 le deuxi\u00e8me prix du concours de danse flamenco au Tablao Las Carboneras de Madrid.<\/p>\n<p>En 2017, elle s&rsquo;est rendue au festival de musique du monde \u00e0 Copenhague, au Danemark.<\/p>\n<p>En 2018, il a rejoint la Compa\u00f1\u00eda C\u00eda, sous la direction d&rsquo;Eduardo Guerrero. Ils ont effectu\u00e9 une tourn\u00e9e dans une grande partie des \u00c9tats-Unis au cours de laquelle ils ont pr\u00e9sent\u00e9 le spectacle \u00ab\u00a0Gaditana\u00a0\u00bb.<\/p>\n<p>Elle vit actuellement \u00e0 Madrid et se produit dans des tablaos prestigieux comme le Cardamomo.<\/p>\n<p>&nbsp;<\/p>","protected":false},"featured_media":157217,"template":"","meta":{"_acf_changed":false,"inline_featured_image":false},"class_list":["post-63058","artist","type-artist","status-publish","has-post-thumbnail","hentry"],"acf":[],"yoast_head":"<!-- This site is optimized with the Yoast SEO plugin v27.4 - https:\/\/yoast.com\/product\/yoast-seo-wordpress\/ -->\n<title>Salom\u00e9 Ram\u00edrez bailaora cardamomo tablao flamenco<\/title>\n<meta name=\"robots\" content=\"index, follow, max-snippet:-1, max-image-preview:large, max-video-preview:-1\" \/>\n<link rel=\"canonical\" href=\"\/\" \/>\n<meta property=\"og:locale\" content=\"fr_FR\" \/>\n<meta property=\"og:type\" content=\"article\" \/>\n<meta property=\"og:title\" content=\"Salom\u00e9 Ram\u00edrez bailaora cardamomo tablao flamenco\" \/>\n<meta property=\"og:description\" content=\"Biographie Salom\u00e9 Ram\u00edrez est n\u00e9e \u00e0 Jerez de la Frontera en 1990. Elle a commenc\u00e9 \u00e0 danser avec Rafael Mu\u00f1oz \u00e0 l&rsquo;\u00e2ge de 4 ans et a fait partie de Huella Jerezana (1994-1998), un groupe de jeunes danseurs de flamenco prometteurs. \u00c0 l&rsquo;\u00e2ge de 8 ans, elle poursuit sa formation \u00e0 l&rsquo;acad\u00e9mie de Manuela Carpio...\" \/>\n<meta property=\"og:url\" content=\"https:\/\/cardamomo.com\/fr\/artist\/salome-ramirez\/\" \/>\n<meta property=\"og:site_name\" content=\"Cardamomo Flamenco Madrid\" \/>\n<meta property=\"article:modified_time\" content=\"2025-03-19T12:42:12+00:00\" \/>\n<meta property=\"og:image\" content=\"https:\/\/cardamomo.ams3.digitaloceanspaces.com\/wp-content\/uploads\/2019\/05\/19124156\/salome-ramirez.jpg\" \/>\n\t<meta property=\"og:image:width\" content=\"600\" \/>\n\t<meta property=\"og:image:height\" content=\"750\" \/>\n\t<meta property=\"og:image:type\" content=\"image\/jpeg\" \/>\n<meta name=\"twitter:card\" content=\"summary_large_image\" \/>\n<meta name=\"twitter:label1\" content=\"Dur\u00e9e de lecture estim\u00e9e\" \/>\n\t<meta name=\"twitter:data1\" content=\"2 minutes\" \/>\n<script type=\"application\/ld+json\" class=\"yoast-schema-graph\">{\"@context\":\"https:\\\/\\\/schema.org\",\"@graph\":[{\"@type\":\"WebPage\",\"@id\":\"https:\\\/\\\/cardamomo.com\\\/fr\\\/artist\\\/salome-ramirez\\\/\",\"url\":\"https:\\\/\\\/cardamomo.com\\\/fr\\\/artist\\\/salome-ramirez\\\/\",\"name\":\"Salom\u00e9 Ram\u00edrez bailaora cardamomo tablao flamenco\",\"isPartOf\":{\"@id\":\"https:\\\/\\\/cardamomo.com\\\/fr\\\/#website\"},\"primaryImageOfPage\":{\"@id\":\"https:\\\/\\\/cardamomo.com\\\/fr\\\/artist\\\/salome-ramirez\\\/#primaryimage\"},\"image\":{\"@id\":\"https:\\\/\\\/cardamomo.com\\\/es\\\/artist\\\/salome-ramirez\\\/#primaryimage\"},\"thumbnailUrl\":\"https:\\\/\\\/cardamomo.ams3.digitaloceanspaces.com\\\/wp-content\\\/uploads\\\/2019\\\/05\\\/19124156\\\/salome-ramirez.jpg\",\"datePublished\":\"2019-05-28T11:01:36+00:00\",\"dateModified\":\"2025-03-19T12:42:12+00:00\",\"breadcrumb\":{\"@id\":\"https:\\\/\\\/cardamomo.com\\\/fr\\\/artist\\\/salome-ramirez\\\/#breadcrumb\"},\"inLanguage\":\"fr-FR\",\"potentialAction\":[{\"@type\":\"ReadAction\",\"target\":[[\"https:\\\/\\\/cardamomo.com\\\/fr\\\/artist\\\/salome-ramirez\\\/\"]]}]},{\"@type\":\"ImageObject\",\"inLanguage\":\"fr-FR\",\"@id\":\"https:\\\/\\\/cardamomo.com\\\/fr\\\/artist\\\/salome-ramirez\\\/#primaryimage\",\"url\":\"https:\\\/\\\/cardamomo.ams3.digitaloceanspaces.com\\\/wp-content\\\/uploads\\\/2019\\\/05\\\/19124156\\\/salome-ramirez.jpg\",\"contentUrl\":\"https:\\\/\\\/cardamomo.ams3.digitaloceanspaces.com\\\/wp-content\\\/uploads\\\/2019\\\/05\\\/19124156\\\/salome-ramirez.jpg\",\"width\":600,\"height\":750,\"caption\":\"Bailaora Salom\u00e9 Ram\u00edrez\"},{\"@type\":\"BreadcrumbList\",\"@id\":\"https:\\\/\\\/cardamomo.com\\\/fr\\\/artist\\\/salome-ramirez\\\/#breadcrumb\",\"itemListElement\":[{\"@type\":\"ListItem\",\"position\":1,\"name\":\"Cardamomo\",\"item\":\"https:\\\/\\\/cardamomo.com\\\/fr\\\/\"},{\"@type\":\"ListItem\",\"position\":2,\"name\":\"Artists\",\"item\":\"https:\\\/\\\/cardamomo.com\\\/fr\\\/artist\\\/\"},{\"@type\":\"ListItem\",\"position\":3,\"name\":\"Salom\u00e9 Ram\u00edrez\"}]},{\"@type\":\"WebSite\",\"@id\":\"https:\\\/\\\/cardamomo.com\\\/fr\\\/#website\",\"url\":\"https:\\\/\\\/cardamomo.com\\\/fr\\\/\",\"name\":\"Cardamomo Flamenco Madrid\",\"description\":\"\",\"potentialAction\":[{\"@type\":\"SearchAction\",\"target\":{\"@type\":\"EntryPoint\",\"urlTemplate\":\"https:\\\/\\\/cardamomo.com\\\/fr\\\/?s={search_term_string}\"},\"query-input\":{\"@type\":\"PropertyValueSpecification\",\"valueRequired\":true,\"valueName\":\"search_term_string\"}}],\"inLanguage\":\"fr-FR\"}]}<\/script>\n<!-- \/ Yoast SEO plugin. -->","yoast_head_json":{"title":"Salom\u00e9 Ram\u00edrez bailaora cardamomo tablao flamenco","robots":{"index":"index","follow":"follow","max-snippet":"max-snippet:-1","max-image-preview":"max-image-preview:large","max-video-preview":"max-video-preview:-1"},"canonical":"\/","og_locale":"fr_FR","og_type":"article","og_title":"Salom\u00e9 Ram\u00edrez bailaora cardamomo tablao flamenco","og_description":"Biographie Salom\u00e9 Ram\u00edrez est n\u00e9e \u00e0 Jerez de la Frontera en 1990. Elle a commenc\u00e9 \u00e0 danser avec Rafael Mu\u00f1oz \u00e0 l&rsquo;\u00e2ge de 4 ans et a fait partie de Huella Jerezana (1994-1998), un groupe de jeunes danseurs de flamenco prometteurs. \u00c0 l&rsquo;\u00e2ge de 8 ans, elle poursuit sa formation \u00e0 l&rsquo;acad\u00e9mie de Manuela Carpio...","og_url":"https:\/\/cardamomo.com\/fr\/artist\/salome-ramirez\/","og_site_name":"Cardamomo Flamenco Madrid","article_modified_time":"2025-03-19T12:42:12+00:00","og_image":[{"width":600,"height":750,"url":"https:\/\/cardamomo.ams3.digitaloceanspaces.com\/wp-content\/uploads\/2019\/05\/19124156\/salome-ramirez.jpg","type":"image\/jpeg"}],"twitter_card":"summary_large_image","twitter_misc":{"Dur\u00e9e de lecture estim\u00e9e":"2 minutes"},"schema":{"@context":"https:\/\/schema.org","@graph":[{"@type":"WebPage","@id":"https:\/\/cardamomo.com\/fr\/artist\/salome-ramirez\/","url":"https:\/\/cardamomo.com\/fr\/artist\/salome-ramirez\/","name":"Salom\u00e9 Ram\u00edrez bailaora cardamomo tablao flamenco","isPartOf":{"@id":"https:\/\/cardamomo.com\/fr\/#website"},"primaryImageOfPage":{"@id":"https:\/\/cardamomo.com\/fr\/artist\/salome-ramirez\/#primaryimage"},"image":{"@id":"https:\/\/cardamomo.com\/es\/artist\/salome-ramirez\/#primaryimage"},"thumbnailUrl":"https:\/\/cardamomo.ams3.digitaloceanspaces.com\/wp-content\/uploads\/2019\/05\/19124156\/salome-ramirez.jpg","datePublished":"2019-05-28T11:01:36+00:00","dateModified":"2025-03-19T12:42:12+00:00","breadcrumb":{"@id":"https:\/\/cardamomo.com\/fr\/artist\/salome-ramirez\/#breadcrumb"},"inLanguage":"fr-FR","potentialAction":[{"@type":"ReadAction","target":[["https:\/\/cardamomo.com\/fr\/artist\/salome-ramirez\/"]]}]},{"@type":"ImageObject","inLanguage":"fr-FR","@id":"https:\/\/cardamomo.com\/fr\/artist\/salome-ramirez\/#primaryimage","url":"https:\/\/cardamomo.ams3.digitaloceanspaces.com\/wp-content\/uploads\/2019\/05\/19124156\/salome-ramirez.jpg","contentUrl":"https:\/\/cardamomo.ams3.digitaloceanspaces.com\/wp-content\/uploads\/2019\/05\/19124156\/salome-ramirez.jpg","width":600,"height":750,"caption":"Bailaora Salom\u00e9 Ram\u00edrez"},{"@type":"BreadcrumbList","@id":"https:\/\/cardamomo.com\/fr\/artist\/salome-ramirez\/#breadcrumb","itemListElement":[{"@type":"ListItem","position":1,"name":"Cardamomo","item":"https:\/\/cardamomo.com\/fr\/"},{"@type":"ListItem","position":2,"name":"Artists","item":"https:\/\/cardamomo.com\/fr\/artist\/"},{"@type":"ListItem","position":3,"name":"Salom\u00e9 Ram\u00edrez"}]},{"@type":"WebSite","@id":"https:\/\/cardamomo.com\/fr\/#website","url":"https:\/\/cardamomo.com\/fr\/","name":"Cardamomo Flamenco Madrid","description":"","potentialAction":[{"@type":"SearchAction","target":{"@type":"EntryPoint","urlTemplate":"https:\/\/cardamomo.com\/fr\/?s={search_term_string}"},"query-input":{"@type":"PropertyValueSpecification","valueRequired":true,"valueName":"search_term_string"}}],"inLanguage":"fr-FR"}]}},"_links":{"self":[{"href":"https:\/\/cardamomo.com\/fr\/wp-json\/wp\/v2\/artist\/63058","targetHints":{"allow":["GET"]}}],"collection":[{"href":"https:\/\/cardamomo.com\/fr\/wp-json\/wp\/v2\/artist"}],"about":[{"href":"https:\/\/cardamomo.com\/fr\/wp-json\/wp\/v2\/types\/artist"}],"wp:featuredmedia":[{"embeddable":true,"href":"https:\/\/cardamomo.com\/fr\/wp-json\/wp\/v2\/media\/157217"}],"wp:attachment":[{"href":"https:\/\/cardamomo.com\/fr\/wp-json\/wp\/v2\/media?parent=63058"}],"curies":[{"name":"wp","href":"https:\/\/api.w.org\/{rel}","templated":true}]}}

Salomé Ramírez

<p></p>
<h4>Biographie</h4>
<p>Salomé Ramírez est née à Jerez de la Frontera en 1990. Elle a commencé à danser avec Rafael Muñoz à l&rsquo;âge de 4 ans et a fait partie de Huella Jerezana (1994-1998), un groupe de jeunes danseurs de flamenco prometteurs.</p>
<p>À l&rsquo;âge de 8 ans, elle poursuit sa formation à l&rsquo;académie de Manuela Carpio et de Chiqui de Jerez. Elle complète cette formation par des cours réguliers avec de grands maîtres de l&rsquo;art flamenco tels que Farruquito, Antonio Canales, Alfonso Losa, Marco Flores et Manuel Liñán.</p>
<p>En 2002, encore enfant, elle a commencé à travailler dans le tablao El Lagar de Tío Parrilla. À partir de ce moment, Salomé a commencé à danser dans différents lieux de flamenco à Jerez comme La Taberna Flamenca, Tablao del Bereber ou le tablao Puro Arte.</p>
<p>En 2007, elle a participé aux Viernes Flamencos de Jerez de la Frontera. Il est revenu en 2014.</p>
<p>En 2010, il a fait partie de la compagnie Farruquito avec le spectacle « Sonerías ».</p>
<p>Depuis 2012, elle fait partie du groupe régulier de flamenco du Tablao del Carmen à Barcelone.  Elle s&rsquo;est également produite dans des tablaos flamenco de Séville tels que El Museo del Flamenco de Cristina Hoyos, El Arenal et Los Gallos.</p>
<p>En 2014, il a effectué sa première tournée au Japon, qu&rsquo;il a répétée chaque année jusqu&rsquo;à aujourd&rsquo;hui, se produisant et enseignant dans différentes villes telles que Tokyo, Osaka, Sendai et Nagoya.</p>
<p>En 2015, il participe au festival de flamenco de Lyon avec le spectacle « De Lebrija a Jerez » aux côtés de la cantaora Anabel Valencia.</p>
<p>En 2016, elle a remporté le deuxième prix du concours de danse flamenco au Tablao Las Carboneras de Madrid.</p>
<p>En 2017, elle s&rsquo;est rendue au festival de musique du monde à Copenhague, au Danemark.</p>
<p>En 2018, il a rejoint la Compañía Cía, sous la direction d&rsquo;Eduardo Guerrero. Ils ont effectué une tournée dans une grande partie des États-Unis au cours de laquelle ils ont présenté le spectacle « Gaditana ».</p>
<p>Elle vit actuellement à Madrid et se produit dans des tablaos prestigieux comme le Cardamomo.</p>
<p>&nbsp;</p>

<!-- This site is optimized with the Yoast SEO plugin v27.4 - https://yoast.com/product/yoast-seo-wordpress/ -->
<title>Salomé Ramírez bailaora cardamomo tablao flamenco</title>
<meta name="robots" content="index, follow, max-snippet:-1, max-image-preview:large, max-video-preview:-1" />
<link rel="canonical" href="/" />
<meta property="og:locale" content="fr_FR" />
<meta property="og:type" content="article" />
<meta property="og:title" content="Salomé Ramírez bailaora cardamomo tablao flamenco" />
<meta property="og:description" content="Biographie Salomé Ramírez est née à Jerez de la Frontera en 1990. Elle a commencé à danser avec Rafael Muñoz à l&rsquo;âge de 4 ans et a fait partie de Huella Jerezana (1994-1998), un groupe de jeunes danseurs de flamenco prometteurs. À l&rsquo;âge de 8 ans, elle poursuit sa formation à l&rsquo;académie de Manuela Carpio..." />
<meta property="og:url" content="https://cardamomo.com/fr/artist/salome-ramirez/" />
<meta property="og:site_name" content="Cardamomo Flamenco Madrid" />
<meta property="article:modified_time" content="2025-03-19T12:42:12+00:00" />
<meta property="og:image" content="https://cardamomo.ams3.digitaloceanspaces.com/wp-content/uploads/2019/05/19124156/salome-ramirez.jpg" />
	<meta property="og:image:width" content="600" />
	<meta property="og:image:height" content="750" />
	<meta property="og:image:type" content="image/jpeg" />
<meta name="twitter:card" content="summary_large_image" />
<meta name="twitter:label1" content="Durée de lecture estimée" />
	<meta name="twitter:data1" content="2 minutes" />
<script type="application/ld+json" class="yoast-schema-graph">{"@context":"https:\/\/schema.org","@graph":[{"@type":"WebPage","@id":"https:\/\/cardamomo.com\/fr\/artist\/salome-ramirez\/","url":"https:\/\/cardamomo.com\/fr\/artist\/salome-ramirez\/","name":"Salomé Ramírez bailaora cardamomo tablao flamenco","isPartOf":{"@id":"https:\/\/cardamomo.com\/fr\/#website"},"primaryImageOfPage":{"@id":"https:\/\/cardamomo.com\/fr\/artist\/salome-ramirez\/#primaryimage"},"image":{"@id":"https:\/\/cardamomo.com\/es\/artist\/salome-ramirez\/#primaryimage"},"thumbnailUrl":"https:\/\/cardamomo.ams3.digitaloceanspaces.com\/wp-content\/uploads\/2019\/05\/19124156\/salome-ramirez.jpg","datePublished":"2019-05-28T11:01:36+00:00","dateModified":"2025-03-19T12:42:12+00:00","breadcrumb":{"@id":"https:\/\/cardamomo.com\/fr\/artist\/salome-ramirez\/#breadcrumb"},"inLanguage":"fr-FR","potentialAction":[{"@type":"ReadAction","target":[["https:\/\/cardamomo.com\/fr\/artist\/salome-ramirez\/"]]}]},{"@type":"ImageObject","inLanguage":"fr-FR","@id":"https:\/\/cardamomo.com\/fr\/artist\/salome-ramirez\/#primaryimage","url":"https:\/\/cardamomo.ams3.digitaloceanspaces.com\/wp-content\/uploads\/2019\/05\/19124156\/salome-ramirez.jpg","contentUrl":"https:\/\/cardamomo.ams3.digitaloceanspaces.com\/wp-content\/uploads\/2019\/05\/19124156\/salome-ramirez.jpg","width":600,"height":750,"caption":"Bailaora Salomé Ramírez"},{"@type":"BreadcrumbList","@id":"https:\/\/cardamomo.com\/fr\/artist\/salome-ramirez\/#breadcrumb","itemListElement":[{"@type":"ListItem","position":1,"name":"Cardamomo","item":"https:\/\/cardamomo.com\/fr\/"},{"@type":"ListItem","position":2,"name":"Artists","item":"https:\/\/cardamomo.com\/fr\/artist\/"},{"@type":"ListItem","position":3,"name":"Salomé Ramírez"}]},{"@type":"WebSite","@id":"https:\/\/cardamomo.com\/fr\/#website","url":"https:\/\/cardamomo.com\/fr\/","name":"Cardamomo Flamenco Madrid","description":"","potentialAction":[{"@type":"SearchAction","target":{"@type":"EntryPoint","urlTemplate":"https:\/\/cardamomo.com\/fr\/?s={search_term_string}"},"query-input":{"@type":"PropertyValueSpecification","valueRequired":true,"valueName":"search_term_string"}}],"inLanguage":"fr-FR"}]}</script>
<!-- / Yoast SEO plugin. -->

Salomé Ramírez bailaora cardamomo tablao flamenco

Biographie Salomé Ramírez est née à Jerez de la Frontera en 1990. Elle a commencé à danser avec Rafael Muñoz à l&rsquo;âge de 4 ans et a fait partie de Huella Jerezana (1994-1998), un groupe de jeunes danseurs de flamenco prometteurs. À l&rsquo;âge de 8 ans, elle poursuit sa formation à l&rsquo;académie de Manuela Carpio...

Bailaora Salomé Ramírez
