{"id":22209,"date":"2016-09-12T17:27:45","date_gmt":"2016-09-12T15:27:45","guid":{"rendered":"https:\/\/cardamomo.com\/es\/?post_type=artist&#038;p=22209"},"modified":"2025-04-02T10:50:20","modified_gmt":"2025-04-02T10:50:20","slug":"jose-losada","status":"publish","type":"artist","link":"https:\/\/cardamomo.com\/fr\/artist\/jose-losada\/","title":{"rendered":"Jose Losada"},"content":{"rendered":"<p><strong>Jos\u00e9 Losada<\/strong> admire ses cousins et ses oncles depuis son plus jeune \u00e2ge. Il a voulu les imiter en suivant la voie de la guitare flamenca. Cet artiste extraordinaire, qui a commenc\u00e9 sa carri\u00e8re dans les tablaos de Madrid, a fait le tour du monde avec des spectacles tels que <strong>Las Mil y Una Noches, Misa flamenca, Vertiges,<\/strong> etc. Il a \u00e9galement travaill\u00e9 avec des personnalit\u00e9s aussi importantes qu&rsquo;<a href=\"https:\/\/tablaoflamenco1911.com\/es\/antonio-canales-padrino-del-1911\/\">Antonio Canales<\/a>, <a href=\"https:\/\/cardamomo.com\/es\/artist\/jose-maya\/\">Jos\u00e9 Maya<\/a> et Jes\u00fas Carmona.<\/p>\n<h2>Jos\u00e9 Losada, un guitariste prometteur<\/h2>\n<p>\u00c0 l&rsquo;\u00e2ge de<strong> quatorze ans<\/strong>, il fait son premier grand saut sur les grandes sc\u00e8nes du <strong>Teatro de La Latina<\/strong> sous la houlette de son cousin Iv\u00e1n Losada. Aujourd&rsquo;hui encore, il se souvient du succ\u00e8s de la pi\u00e8ce <strong>\u00ab\u00a0ronde\u00f1a<\/strong>\u00ab\u00a0, qu&rsquo;il jouait par c\u0153ur, apr\u00e8s l&rsquo;avoir r\u00e9p\u00e9t\u00e9e tant de fois en raison de l&rsquo;admiration qu&rsquo;il \u00e9prouvait pour sa famille. Il ne fait aucun doute que la carri\u00e8re qui attend encore ce fantastique guitariste est prometteuse.<\/p>","protected":false},"featured_media":157253,"template":"","meta":{"_acf_changed":false,"inline_featured_image":false},"class_list":["post-22209","artist","type-artist","status-publish","has-post-thumbnail","hentry"],"acf":[],"yoast_head":"<!-- This site is optimized with the Yoast SEO plugin v27.4 - https:\/\/yoast.com\/product\/yoast-seo-wordpress\/ -->\n<title>Jose Losada - Cardamomo Flamenco Madrid<\/title>\n<meta name=\"description\" content=\"Jos\u00e9 Losada es un guitarrista Madrile\u00f1o perteneciente a una gran familia flamenca. Si quieres conocer m\u00e1s sobre su carrera, pincha \u00a1aqu\u00ed!\" \/>\n<meta name=\"robots\" content=\"index, follow, max-snippet:-1, max-image-preview:large, max-video-preview:-1\" \/>\n<link rel=\"canonical\" href=\"\/\" \/>\n<meta property=\"og:locale\" content=\"fr_FR\" \/>\n<meta property=\"og:type\" content=\"article\" \/>\n<meta property=\"og:title\" content=\"Jose Losada - Cardamomo Flamenco Madrid\" \/>\n<meta property=\"og:description\" content=\"Jos\u00e9 Losada es un guitarrista Madrile\u00f1o perteneciente a una gran familia flamenca. Si quieres conocer m\u00e1s sobre su carrera, pincha \u00a1aqu\u00ed!\" \/>\n<meta property=\"og:url\" content=\"https:\/\/cardamomo.com\/fr\/artist\/jose-losada\/\" \/>\n<meta property=\"og:site_name\" content=\"Cardamomo Flamenco Madrid\" \/>\n<meta property=\"article:modified_time\" content=\"2025-04-02T10:50:20+00:00\" \/>\n<meta property=\"og:image\" content=\"https:\/\/cardamomo.ams3.digitaloceanspaces.com\/wp-content\/uploads\/2016\/09\/02105003\/jose-losada-1.jpg\" \/>\n\t<meta property=\"og:image:width\" content=\"600\" \/>\n\t<meta property=\"og:image:height\" content=\"750\" \/>\n\t<meta property=\"og:image:type\" content=\"image\/jpeg\" \/>\n<meta name=\"twitter:card\" content=\"summary_large_image\" \/>\n<meta name=\"twitter:label1\" content=\"Dur\u00e9e de lecture estim\u00e9e\" \/>\n\t<meta name=\"twitter:data1\" content=\"1 minute\" \/>\n<script type=\"application\/ld+json\" class=\"yoast-schema-graph\">{\"@context\":\"https:\\\/\\\/schema.org\",\"@graph\":[{\"@type\":\"WebPage\",\"@id\":\"https:\\\/\\\/cardamomo.com\\\/fr\\\/artist\\\/jose-losada\\\/\",\"url\":\"https:\\\/\\\/cardamomo.com\\\/fr\\\/artist\\\/jose-losada\\\/\",\"name\":\"Jose Losada - Cardamomo Flamenco Madrid\",\"isPartOf\":{\"@id\":\"https:\\\/\\\/cardamomo.com\\\/fr\\\/#website\"},\"primaryImageOfPage\":{\"@id\":\"https:\\\/\\\/cardamomo.com\\\/fr\\\/artist\\\/jose-losada\\\/#primaryimage\"},\"image\":{\"@id\":\"https:\\\/\\\/cardamomo.com\\\/es\\\/artist\\\/jose-losada\\\/#primaryimage\"},\"thumbnailUrl\":\"https:\\\/\\\/cardamomo.ams3.digitaloceanspaces.com\\\/wp-content\\\/uploads\\\/2016\\\/09\\\/02105003\\\/jose-losada-1.jpg\",\"datePublished\":\"2016-09-12T15:27:45+00:00\",\"dateModified\":\"2025-04-02T10:50:20+00:00\",\"description\":\"Jos\u00e9 Losada es un guitarrista Madrile\u00f1o perteneciente a una gran familia flamenca. Si quieres conocer m\u00e1s sobre su carrera, pincha \u00a1aqu\u00ed!\",\"breadcrumb\":{\"@id\":\"https:\\\/\\\/cardamomo.com\\\/fr\\\/artist\\\/jose-losada\\\/#breadcrumb\"},\"inLanguage\":\"fr-FR\",\"potentialAction\":[{\"@type\":\"ReadAction\",\"target\":[[\"https:\\\/\\\/cardamomo.com\\\/fr\\\/artist\\\/jose-losada\\\/\"]]}]},{\"@type\":\"ImageObject\",\"inLanguage\":\"fr-FR\",\"@id\":\"https:\\\/\\\/cardamomo.com\\\/fr\\\/artist\\\/jose-losada\\\/#primaryimage\",\"url\":\"https:\\\/\\\/cardamomo.ams3.digitaloceanspaces.com\\\/wp-content\\\/uploads\\\/2016\\\/09\\\/02105003\\\/jose-losada-1.jpg\",\"contentUrl\":\"https:\\\/\\\/cardamomo.ams3.digitaloceanspaces.com\\\/wp-content\\\/uploads\\\/2016\\\/09\\\/02105003\\\/jose-losada-1.jpg\",\"width\":600,\"height\":750,\"caption\":\"Guitarrista Jos\u00e9 Losada\"},{\"@type\":\"BreadcrumbList\",\"@id\":\"https:\\\/\\\/cardamomo.com\\\/fr\\\/artist\\\/jose-losada\\\/#breadcrumb\",\"itemListElement\":[{\"@type\":\"ListItem\",\"position\":1,\"name\":\"Cardamomo\",\"item\":\"https:\\\/\\\/cardamomo.com\\\/fr\\\/\"},{\"@type\":\"ListItem\",\"position\":2,\"name\":\"Artists\",\"item\":\"https:\\\/\\\/cardamomo.com\\\/fr\\\/artist\\\/\"},{\"@type\":\"ListItem\",\"position\":3,\"name\":\"Jose Losada\"}]},{\"@type\":\"WebSite\",\"@id\":\"https:\\\/\\\/cardamomo.com\\\/fr\\\/#website\",\"url\":\"https:\\\/\\\/cardamomo.com\\\/fr\\\/\",\"name\":\"Cardamomo Flamenco Madrid\",\"description\":\"\",\"potentialAction\":[{\"@type\":\"SearchAction\",\"target\":{\"@type\":\"EntryPoint\",\"urlTemplate\":\"https:\\\/\\\/cardamomo.com\\\/fr\\\/?s={search_term_string}\"},\"query-input\":{\"@type\":\"PropertyValueSpecification\",\"valueRequired\":true,\"valueName\":\"search_term_string\"}}],\"inLanguage\":\"fr-FR\"}]}<\/script>\n<!-- \/ Yoast SEO plugin. -->","yoast_head_json":{"title":"Jose Losada - Cardamomo Flamenco Madrid","description":"Jos\u00e9 Losada es un guitarrista Madrile\u00f1o perteneciente a una gran familia flamenca. Si quieres conocer m\u00e1s sobre su carrera, pincha \u00a1aqu\u00ed!","robots":{"index":"index","follow":"follow","max-snippet":"max-snippet:-1","max-image-preview":"max-image-preview:large","max-video-preview":"max-video-preview:-1"},"canonical":"\/","og_locale":"fr_FR","og_type":"article","og_title":"Jose Losada - Cardamomo Flamenco Madrid","og_description":"Jos\u00e9 Losada es un guitarrista Madrile\u00f1o perteneciente a una gran familia flamenca. Si quieres conocer m\u00e1s sobre su carrera, pincha \u00a1aqu\u00ed!","og_url":"https:\/\/cardamomo.com\/fr\/artist\/jose-losada\/","og_site_name":"Cardamomo Flamenco Madrid","article_modified_time":"2025-04-02T10:50:20+00:00","og_image":[{"width":600,"height":750,"url":"https:\/\/cardamomo.ams3.digitaloceanspaces.com\/wp-content\/uploads\/2016\/09\/02105003\/jose-losada-1.jpg","type":"image\/jpeg"}],"twitter_card":"summary_large_image","twitter_misc":{"Dur\u00e9e de lecture estim\u00e9e":"1 minute"},"schema":{"@context":"https:\/\/schema.org","@graph":[{"@type":"WebPage","@id":"https:\/\/cardamomo.com\/fr\/artist\/jose-losada\/","url":"https:\/\/cardamomo.com\/fr\/artist\/jose-losada\/","name":"Jose Losada - Cardamomo Flamenco Madrid","isPartOf":{"@id":"https:\/\/cardamomo.com\/fr\/#website"},"primaryImageOfPage":{"@id":"https:\/\/cardamomo.com\/fr\/artist\/jose-losada\/#primaryimage"},"image":{"@id":"https:\/\/cardamomo.com\/es\/artist\/jose-losada\/#primaryimage"},"thumbnailUrl":"https:\/\/cardamomo.ams3.digitaloceanspaces.com\/wp-content\/uploads\/2016\/09\/02105003\/jose-losada-1.jpg","datePublished":"2016-09-12T15:27:45+00:00","dateModified":"2025-04-02T10:50:20+00:00","description":"Jos\u00e9 Losada es un guitarrista Madrile\u00f1o perteneciente a una gran familia flamenca. Si quieres conocer m\u00e1s sobre su carrera, pincha \u00a1aqu\u00ed!","breadcrumb":{"@id":"https:\/\/cardamomo.com\/fr\/artist\/jose-losada\/#breadcrumb"},"inLanguage":"fr-FR","potentialAction":[{"@type":"ReadAction","target":[["https:\/\/cardamomo.com\/fr\/artist\/jose-losada\/"]]}]},{"@type":"ImageObject","inLanguage":"fr-FR","@id":"https:\/\/cardamomo.com\/fr\/artist\/jose-losada\/#primaryimage","url":"https:\/\/cardamomo.ams3.digitaloceanspaces.com\/wp-content\/uploads\/2016\/09\/02105003\/jose-losada-1.jpg","contentUrl":"https:\/\/cardamomo.ams3.digitaloceanspaces.com\/wp-content\/uploads\/2016\/09\/02105003\/jose-losada-1.jpg","width":600,"height":750,"caption":"Guitarrista Jos\u00e9 Losada"},{"@type":"BreadcrumbList","@id":"https:\/\/cardamomo.com\/fr\/artist\/jose-losada\/#breadcrumb","itemListElement":[{"@type":"ListItem","position":1,"name":"Cardamomo","item":"https:\/\/cardamomo.com\/fr\/"},{"@type":"ListItem","position":2,"name":"Artists","item":"https:\/\/cardamomo.com\/fr\/artist\/"},{"@type":"ListItem","position":3,"name":"Jose Losada"}]},{"@type":"WebSite","@id":"https:\/\/cardamomo.com\/fr\/#website","url":"https:\/\/cardamomo.com\/fr\/","name":"Cardamomo Flamenco Madrid","description":"","potentialAction":[{"@type":"SearchAction","target":{"@type":"EntryPoint","urlTemplate":"https:\/\/cardamomo.com\/fr\/?s={search_term_string}"},"query-input":{"@type":"PropertyValueSpecification","valueRequired":true,"valueName":"search_term_string"}}],"inLanguage":"fr-FR"}]}},"_links":{"self":[{"href":"https:\/\/cardamomo.com\/fr\/wp-json\/wp\/v2\/artist\/22209","targetHints":{"allow":["GET"]}}],"collection":[{"href":"https:\/\/cardamomo.com\/fr\/wp-json\/wp\/v2\/artist"}],"about":[{"href":"https:\/\/cardamomo.com\/fr\/wp-json\/wp\/v2\/types\/artist"}],"wp:featuredmedia":[{"embeddable":true,"href":"https:\/\/cardamomo.com\/fr\/wp-json\/wp\/v2\/media\/157253"}],"wp:attachment":[{"href":"https:\/\/cardamomo.com\/fr\/wp-json\/wp\/v2\/media?parent=22209"}],"curies":[{"name":"wp","href":"https:\/\/api.w.org\/{rel}","templated":true}]}}

<p><strong>José Losada</strong> admire ses cousins et ses oncles depuis son plus jeune âge. Il a voulu les imiter en suivant la voie de la guitare flamenca. Cet artiste extraordinaire, qui a commencé sa carrière dans les tablaos de Madrid, a fait le tour du monde avec des spectacles tels que <strong>Las Mil y Una Noches, Misa flamenca, Vertiges,</strong> etc. Il a également travaillé avec des personnalités aussi importantes qu&rsquo;<a href="https://tablaoflamenco1911.com/es/antonio-canales-padrino-del-1911/">Antonio Canales</a>, <a href="https://cardamomo.com/es/artist/jose-maya/">José Maya</a> et Jesús Carmona.</p>
<h2>José Losada, un guitariste prometteur</h2>
<p>À l&rsquo;âge de<strong> quatorze ans</strong>, il fait son premier grand saut sur les grandes scènes du <strong>Teatro de La Latina</strong> sous la houlette de son cousin Iván Losada. Aujourd&rsquo;hui encore, il se souvient du succès de la pièce <strong>« rondeña</strong>« , qu&rsquo;il jouait par cœur, après l&rsquo;avoir répétée tant de fois en raison de l&rsquo;admiration qu&rsquo;il éprouvait pour sa famille. Il ne fait aucun doute que la carrière qui attend encore ce fantastique guitariste est prometteuse.</p>

<!-- This site is optimized with the Yoast SEO plugin v27.4 - https://yoast.com/product/yoast-seo-wordpress/ -->
<title>Jose Losada - Cardamomo Flamenco Madrid</title>
<meta name="description" content="José Losada es un guitarrista Madrileño perteneciente a una gran familia flamenca. Si quieres conocer más sobre su carrera, pincha ¡aquí!" />
<meta name="robots" content="index, follow, max-snippet:-1, max-image-preview:large, max-video-preview:-1" />
<link rel="canonical" href="/" />
<meta property="og:locale" content="fr_FR" />
<meta property="og:type" content="article" />
<meta property="og:title" content="Jose Losada - Cardamomo Flamenco Madrid" />
<meta property="og:description" content="José Losada es un guitarrista Madrileño perteneciente a una gran familia flamenca. Si quieres conocer más sobre su carrera, pincha ¡aquí!" />
<meta property="og:url" content="https://cardamomo.com/fr/artist/jose-losada/" />
<meta property="og:site_name" content="Cardamomo Flamenco Madrid" />
<meta property="article:modified_time" content="2025-04-02T10:50:20+00:00" />
<meta property="og:image" content="https://cardamomo.ams3.digitaloceanspaces.com/wp-content/uploads/2016/09/02105003/jose-losada-1.jpg" />
	<meta property="og:image:width" content="600" />
	<meta property="og:image:height" content="750" />
	<meta property="og:image:type" content="image/jpeg" />
<meta name="twitter:card" content="summary_large_image" />
<meta name="twitter:label1" content="Durée de lecture estimée" />
	<meta name="twitter:data1" content="1 minute" />
<script type="application/ld+json" class="yoast-schema-graph">{"@context":"https:\/\/schema.org","@graph":[{"@type":"WebPage","@id":"https:\/\/cardamomo.com\/fr\/artist\/jose-losada\/","url":"https:\/\/cardamomo.com\/fr\/artist\/jose-losada\/","name":"Jose Losada - Cardamomo Flamenco Madrid","isPartOf":{"@id":"https:\/\/cardamomo.com\/fr\/#website"},"primaryImageOfPage":{"@id":"https:\/\/cardamomo.com\/fr\/artist\/jose-losada\/#primaryimage"},"image":{"@id":"https:\/\/cardamomo.com\/es\/artist\/jose-losada\/#primaryimage"},"thumbnailUrl":"https:\/\/cardamomo.ams3.digitaloceanspaces.com\/wp-content\/uploads\/2016\/09\/02105003\/jose-losada-1.jpg","datePublished":"2016-09-12T15:27:45+00:00","dateModified":"2025-04-02T10:50:20+00:00","description":"José Losada es un guitarrista Madrileño perteneciente a una gran familia flamenca. Si quieres conocer más sobre su carrera, pincha ¡aquí!","breadcrumb":{"@id":"https:\/\/cardamomo.com\/fr\/artist\/jose-losada\/#breadcrumb"},"inLanguage":"fr-FR","potentialAction":[{"@type":"ReadAction","target":[["https:\/\/cardamomo.com\/fr\/artist\/jose-losada\/"]]}]},{"@type":"ImageObject","inLanguage":"fr-FR","@id":"https:\/\/cardamomo.com\/fr\/artist\/jose-losada\/#primaryimage","url":"https:\/\/cardamomo.ams3.digitaloceanspaces.com\/wp-content\/uploads\/2016\/09\/02105003\/jose-losada-1.jpg","contentUrl":"https:\/\/cardamomo.ams3.digitaloceanspaces.com\/wp-content\/uploads\/2016\/09\/02105003\/jose-losada-1.jpg","width":600,"height":750,"caption":"Guitarrista José Losada"},{"@type":"BreadcrumbList","@id":"https:\/\/cardamomo.com\/fr\/artist\/jose-losada\/#breadcrumb","itemListElement":[{"@type":"ListItem","position":1,"name":"Cardamomo","item":"https:\/\/cardamomo.com\/fr\/"},{"@type":"ListItem","position":2,"name":"Artists","item":"https:\/\/cardamomo.com\/fr\/artist\/"},{"@type":"ListItem","position":3,"name":"Jose Losada"}]},{"@type":"WebSite","@id":"https:\/\/cardamomo.com\/fr\/#website","url":"https:\/\/cardamomo.com\/fr\/","name":"Cardamomo Flamenco Madrid","description":"","potentialAction":[{"@type":"SearchAction","target":{"@type":"EntryPoint","urlTemplate":"https:\/\/cardamomo.com\/fr\/?s={search_term_string}"},"query-input":{"@type":"PropertyValueSpecification","valueRequired":true,"valueName":"search_term_string"}}],"inLanguage":"fr-FR"}]}</script>
<!-- / Yoast SEO plugin. -->

José Losada es un guitarrista Madrileño perteneciente a una gran familia flamenca. Si quieres conocer más sobre su carrera, pincha ¡aquí!

Guitarrista José Losada
