{"id":142324,"date":"2024-04-25T11:58:48","date_gmt":"2024-04-25T09:58:48","guid":{"rendered":"https:\/\/cardamomo.com\/es\/?post_type=artist&#038;p=142324"},"modified":"2025-03-10T15:33:36","modified_gmt":"2025-03-10T15:33:36","slug":"claudia-de-utrera","status":"publish","type":"artist","link":"https:\/\/cardamomo.com\/fr\/artist\/claudia-de-utrera\/","title":{"rendered":"Claudia de Utrera"},"content":{"rendered":"<p><strong>Claudia de Utrera<\/strong> est une jeune danseuse n\u00e9e \u00e0 Madrid. Elle doit son nom artistique et son amour pour le flamenco \u00e0 une partie de sa famille originaire d&rsquo;Utrera et de Lebrija. C&rsquo;est chez son grand-p\u00e8re, guitariste de profession, qu&rsquo;elle a commenc\u00e9 \u00e0 danser le flamenco de mani\u00e8re naturelle. Il commence sa carri\u00e8re sur sc\u00e8ne \u00e0 l&rsquo;\u00e2ge de 5 ans avec l&rsquo;aide de son grand-p\u00e8re.<\/p>\n<p>\u00c0 l&rsquo;\u00e2ge de 7 ans, elle entre \u00e0 l&rsquo;institut de flamenco \u00ab\u00a0La Truco\u00a0\u00bb pour commencer sa formation et devenir danseuse professionnelle. C&rsquo;est l\u00e0 qu&rsquo;elle a form\u00e9 le groupe Las Turroneras avec plusieurs compagnons avec lesquels elle a parcouru les sc\u00e8nes de toute l&rsquo;Espagne. Elle combine actuellement sa formation avec des repr\u00e9sentations dans diff\u00e9rents tablaos de Madrid.<\/p>\n<h2><strong>Claudia de Utrera, le flamenco d&rsquo;une nouvelle g\u00e9n\u00e9ration.<\/strong><\/h2>\n<p>Cette bailaora appartient \u00e0 une nouvelle g\u00e9n\u00e9ration d&rsquo;artistes flamenco qui repr\u00e9sentent une nouvelle fa\u00e7on de comprendre le flamenco, fra\u00eeche et actualis\u00e9e. En plus d&rsquo;avoir re\u00e7u plusieurs bourses, telles que les bourses Cardamomo, elle a \u00e9t\u00e9 parrain\u00e9e par \u00ab\u00a0El Farru\u00a0\u00bb et a \u00e9t\u00e9 finaliste de la premi\u00e8re \u00e9dition du concours de la t\u00e9l\u00e9vision espagnole \u00ab\u00a0The Dancer\u00a0\u00bb.<\/p>","protected":false},"featured_media":157134,"template":"","meta":{"_acf_changed":false,"inline_featured_image":false},"class_list":["post-142324","artist","type-artist","status-publish","has-post-thumbnail","hentry"],"acf":[],"yoast_head":"<!-- This site is optimized with the Yoast SEO plugin v27.4 - https:\/\/yoast.com\/product\/yoast-seo-wordpress\/ -->\n<title>Claudia de Utrera - Cardamomo Flamenco Madrid<\/title>\n<meta name=\"description\" content=\"\u00a1Claudia de Utrera! La joven bailaora del grupo &quot;Las Turroneras&quot; en Cardamomo. Te invitamos a conocer m\u00e1s sobre ella en nuestra web.\" \/>\n<meta name=\"robots\" content=\"index, follow, max-snippet:-1, max-image-preview:large, max-video-preview:-1\" \/>\n<link rel=\"canonical\" href=\"\/\" \/>\n<meta property=\"og:locale\" content=\"fr_FR\" \/>\n<meta property=\"og:type\" content=\"article\" \/>\n<meta property=\"og:title\" content=\"Claudia de Utrera - Cardamomo Flamenco Madrid\" \/>\n<meta property=\"og:description\" content=\"\u00a1Claudia de Utrera! La joven bailaora del grupo &quot;Las Turroneras&quot; en Cardamomo. Te invitamos a conocer m\u00e1s sobre ella en nuestra web.\" \/>\n<meta property=\"og:url\" content=\"https:\/\/cardamomo.com\/fr\/artist\/claudia-de-utrera\/\" \/>\n<meta property=\"og:site_name\" content=\"Cardamomo Flamenco Madrid\" \/>\n<meta property=\"article:modified_time\" content=\"2025-03-10T15:33:36+00:00\" \/>\n<meta property=\"og:image\" content=\"https:\/\/cardamomo.ams3.digitaloceanspaces.com\/wp-content\/uploads\/2024\/04\/10130938\/claudia-de-utrera.jpg\" \/>\n\t<meta property=\"og:image:width\" content=\"600\" \/>\n\t<meta property=\"og:image:height\" content=\"750\" \/>\n\t<meta property=\"og:image:type\" content=\"image\/jpeg\" \/>\n<meta name=\"twitter:card\" content=\"summary_large_image\" \/>\n<meta name=\"twitter:label1\" content=\"Dur\u00e9e de lecture estim\u00e9e\" \/>\n\t<meta name=\"twitter:data1\" content=\"1 minute\" \/>\n<script type=\"application\/ld+json\" class=\"yoast-schema-graph\">{\"@context\":\"https:\\\/\\\/schema.org\",\"@graph\":[{\"@type\":\"WebPage\",\"@id\":\"https:\\\/\\\/cardamomo.com\\\/fr\\\/artist\\\/claudia-de-utrera\\\/\",\"url\":\"https:\\\/\\\/cardamomo.com\\\/fr\\\/artist\\\/claudia-de-utrera\\\/\",\"name\":\"Claudia de Utrera - Cardamomo Flamenco Madrid\",\"isPartOf\":{\"@id\":\"https:\\\/\\\/cardamomo.com\\\/fr\\\/#website\"},\"primaryImageOfPage\":{\"@id\":\"https:\\\/\\\/cardamomo.com\\\/fr\\\/artist\\\/claudia-de-utrera\\\/#primaryimage\"},\"image\":{\"@id\":\"https:\\\/\\\/cardamomo.com\\\/es\\\/artist\\\/claudia-de-utrera\\\/#primaryimage\"},\"thumbnailUrl\":\"https:\\\/\\\/cardamomo.ams3.digitaloceanspaces.com\\\/wp-content\\\/uploads\\\/2024\\\/04\\\/10130938\\\/claudia-de-utrera.jpg\",\"datePublished\":\"2024-04-25T09:58:48+00:00\",\"dateModified\":\"2025-03-10T15:33:36+00:00\",\"description\":\"\u00a1Claudia de Utrera! La joven bailaora del grupo \\\"Las Turroneras\\\" en Cardamomo. Te invitamos a conocer m\u00e1s sobre ella en nuestra web.\",\"breadcrumb\":{\"@id\":\"https:\\\/\\\/cardamomo.com\\\/fr\\\/artist\\\/claudia-de-utrera\\\/#breadcrumb\"},\"inLanguage\":\"fr-FR\",\"potentialAction\":[{\"@type\":\"ReadAction\",\"target\":[[\"https:\\\/\\\/cardamomo.com\\\/fr\\\/artist\\\/claudia-de-utrera\\\/\"]]}]},{\"@type\":\"ImageObject\",\"inLanguage\":\"fr-FR\",\"@id\":\"https:\\\/\\\/cardamomo.com\\\/fr\\\/artist\\\/claudia-de-utrera\\\/#primaryimage\",\"url\":\"https:\\\/\\\/cardamomo.ams3.digitaloceanspaces.com\\\/wp-content\\\/uploads\\\/2024\\\/04\\\/10130938\\\/claudia-de-utrera.jpg\",\"contentUrl\":\"https:\\\/\\\/cardamomo.ams3.digitaloceanspaces.com\\\/wp-content\\\/uploads\\\/2024\\\/04\\\/10130938\\\/claudia-de-utrera.jpg\",\"width\":600,\"height\":750,\"caption\":\"Bailaora Claudia de Utrera\"},{\"@type\":\"BreadcrumbList\",\"@id\":\"https:\\\/\\\/cardamomo.com\\\/fr\\\/artist\\\/claudia-de-utrera\\\/#breadcrumb\",\"itemListElement\":[{\"@type\":\"ListItem\",\"position\":1,\"name\":\"Cardamomo\",\"item\":\"https:\\\/\\\/cardamomo.com\\\/fr\\\/\"},{\"@type\":\"ListItem\",\"position\":2,\"name\":\"Artists\",\"item\":\"https:\\\/\\\/cardamomo.com\\\/fr\\\/artist\\\/\"},{\"@type\":\"ListItem\",\"position\":3,\"name\":\"Claudia de Utrera\"}]},{\"@type\":\"WebSite\",\"@id\":\"https:\\\/\\\/cardamomo.com\\\/fr\\\/#website\",\"url\":\"https:\\\/\\\/cardamomo.com\\\/fr\\\/\",\"name\":\"Cardamomo Flamenco Madrid\",\"description\":\"\",\"potentialAction\":[{\"@type\":\"SearchAction\",\"target\":{\"@type\":\"EntryPoint\",\"urlTemplate\":\"https:\\\/\\\/cardamomo.com\\\/fr\\\/?s={search_term_string}\"},\"query-input\":{\"@type\":\"PropertyValueSpecification\",\"valueRequired\":true,\"valueName\":\"search_term_string\"}}],\"inLanguage\":\"fr-FR\"}]}<\/script>\n<!-- \/ Yoast SEO plugin. -->","yoast_head_json":{"title":"Claudia de Utrera - Cardamomo Flamenco Madrid","description":"\u00a1Claudia de Utrera! La joven bailaora del grupo \"Las Turroneras\" en Cardamomo. Te invitamos a conocer m\u00e1s sobre ella en nuestra web.","robots":{"index":"index","follow":"follow","max-snippet":"max-snippet:-1","max-image-preview":"max-image-preview:large","max-video-preview":"max-video-preview:-1"},"canonical":"\/","og_locale":"fr_FR","og_type":"article","og_title":"Claudia de Utrera - Cardamomo Flamenco Madrid","og_description":"\u00a1Claudia de Utrera! La joven bailaora del grupo \"Las Turroneras\" en Cardamomo. Te invitamos a conocer m\u00e1s sobre ella en nuestra web.","og_url":"https:\/\/cardamomo.com\/fr\/artist\/claudia-de-utrera\/","og_site_name":"Cardamomo Flamenco Madrid","article_modified_time":"2025-03-10T15:33:36+00:00","og_image":[{"width":600,"height":750,"url":"https:\/\/cardamomo.ams3.digitaloceanspaces.com\/wp-content\/uploads\/2024\/04\/10130938\/claudia-de-utrera.jpg","type":"image\/jpeg"}],"twitter_card":"summary_large_image","twitter_misc":{"Dur\u00e9e de lecture estim\u00e9e":"1 minute"},"schema":{"@context":"https:\/\/schema.org","@graph":[{"@type":"WebPage","@id":"https:\/\/cardamomo.com\/fr\/artist\/claudia-de-utrera\/","url":"https:\/\/cardamomo.com\/fr\/artist\/claudia-de-utrera\/","name":"Claudia de Utrera - Cardamomo Flamenco Madrid","isPartOf":{"@id":"https:\/\/cardamomo.com\/fr\/#website"},"primaryImageOfPage":{"@id":"https:\/\/cardamomo.com\/fr\/artist\/claudia-de-utrera\/#primaryimage"},"image":{"@id":"https:\/\/cardamomo.com\/es\/artist\/claudia-de-utrera\/#primaryimage"},"thumbnailUrl":"https:\/\/cardamomo.ams3.digitaloceanspaces.com\/wp-content\/uploads\/2024\/04\/10130938\/claudia-de-utrera.jpg","datePublished":"2024-04-25T09:58:48+00:00","dateModified":"2025-03-10T15:33:36+00:00","description":"\u00a1Claudia de Utrera! La joven bailaora del grupo \"Las Turroneras\" en Cardamomo. Te invitamos a conocer m\u00e1s sobre ella en nuestra web.","breadcrumb":{"@id":"https:\/\/cardamomo.com\/fr\/artist\/claudia-de-utrera\/#breadcrumb"},"inLanguage":"fr-FR","potentialAction":[{"@type":"ReadAction","target":[["https:\/\/cardamomo.com\/fr\/artist\/claudia-de-utrera\/"]]}]},{"@type":"ImageObject","inLanguage":"fr-FR","@id":"https:\/\/cardamomo.com\/fr\/artist\/claudia-de-utrera\/#primaryimage","url":"https:\/\/cardamomo.ams3.digitaloceanspaces.com\/wp-content\/uploads\/2024\/04\/10130938\/claudia-de-utrera.jpg","contentUrl":"https:\/\/cardamomo.ams3.digitaloceanspaces.com\/wp-content\/uploads\/2024\/04\/10130938\/claudia-de-utrera.jpg","width":600,"height":750,"caption":"Bailaora Claudia de Utrera"},{"@type":"BreadcrumbList","@id":"https:\/\/cardamomo.com\/fr\/artist\/claudia-de-utrera\/#breadcrumb","itemListElement":[{"@type":"ListItem","position":1,"name":"Cardamomo","item":"https:\/\/cardamomo.com\/fr\/"},{"@type":"ListItem","position":2,"name":"Artists","item":"https:\/\/cardamomo.com\/fr\/artist\/"},{"@type":"ListItem","position":3,"name":"Claudia de Utrera"}]},{"@type":"WebSite","@id":"https:\/\/cardamomo.com\/fr\/#website","url":"https:\/\/cardamomo.com\/fr\/","name":"Cardamomo Flamenco Madrid","description":"","potentialAction":[{"@type":"SearchAction","target":{"@type":"EntryPoint","urlTemplate":"https:\/\/cardamomo.com\/fr\/?s={search_term_string}"},"query-input":{"@type":"PropertyValueSpecification","valueRequired":true,"valueName":"search_term_string"}}],"inLanguage":"fr-FR"}]}},"_links":{"self":[{"href":"https:\/\/cardamomo.com\/fr\/wp-json\/wp\/v2\/artist\/142324","targetHints":{"allow":["GET"]}}],"collection":[{"href":"https:\/\/cardamomo.com\/fr\/wp-json\/wp\/v2\/artist"}],"about":[{"href":"https:\/\/cardamomo.com\/fr\/wp-json\/wp\/v2\/types\/artist"}],"wp:featuredmedia":[{"embeddable":true,"href":"https:\/\/cardamomo.com\/fr\/wp-json\/wp\/v2\/media\/157134"}],"wp:attachment":[{"href":"https:\/\/cardamomo.com\/fr\/wp-json\/wp\/v2\/media?parent=142324"}],"curies":[{"name":"wp","href":"https:\/\/api.w.org\/{rel}","templated":true}]}}

<p><strong>Claudia de Utrera</strong> est une jeune danseuse née à Madrid. Elle doit son nom artistique et son amour pour le flamenco à une partie de sa famille originaire d&rsquo;Utrera et de Lebrija. C&rsquo;est chez son grand-père, guitariste de profession, qu&rsquo;elle a commencé à danser le flamenco de manière naturelle. Il commence sa carrière sur scène à l&rsquo;âge de 5 ans avec l&rsquo;aide de son grand-père.</p>
<p>À l&rsquo;âge de 7 ans, elle entre à l&rsquo;institut de flamenco « La Truco » pour commencer sa formation et devenir danseuse professionnelle. C&rsquo;est là qu&rsquo;elle a formé le groupe Las Turroneras avec plusieurs compagnons avec lesquels elle a parcouru les scènes de toute l&rsquo;Espagne. Elle combine actuellement sa formation avec des représentations dans différents tablaos de Madrid.</p>
<h2><strong>Claudia de Utrera, le flamenco d&rsquo;une nouvelle génération.</strong></h2>
<p>Cette bailaora appartient à une nouvelle génération d&rsquo;artistes flamenco qui représentent une nouvelle façon de comprendre le flamenco, fraîche et actualisée. En plus d&rsquo;avoir reçu plusieurs bourses, telles que les bourses Cardamomo, elle a été parrainée par « El Farru » et a été finaliste de la première édition du concours de la télévision espagnole « The Dancer ».</p>

<!-- This site is optimized with the Yoast SEO plugin v27.4 - https://yoast.com/product/yoast-seo-wordpress/ -->
<title>Claudia de Utrera - Cardamomo Flamenco Madrid</title>
<meta name="description" content="¡Claudia de Utrera! La joven bailaora del grupo &quot;Las Turroneras&quot; en Cardamomo. Te invitamos a conocer más sobre ella en nuestra web." />
<meta name="robots" content="index, follow, max-snippet:-1, max-image-preview:large, max-video-preview:-1" />
<link rel="canonical" href="/" />
<meta property="og:locale" content="fr_FR" />
<meta property="og:type" content="article" />
<meta property="og:title" content="Claudia de Utrera - Cardamomo Flamenco Madrid" />
<meta property="og:description" content="¡Claudia de Utrera! La joven bailaora del grupo &quot;Las Turroneras&quot; en Cardamomo. Te invitamos a conocer más sobre ella en nuestra web." />
<meta property="og:url" content="https://cardamomo.com/fr/artist/claudia-de-utrera/" />
<meta property="og:site_name" content="Cardamomo Flamenco Madrid" />
<meta property="article:modified_time" content="2025-03-10T15:33:36+00:00" />
<meta property="og:image" content="https://cardamomo.ams3.digitaloceanspaces.com/wp-content/uploads/2024/04/10130938/claudia-de-utrera.jpg" />
	<meta property="og:image:width" content="600" />
	<meta property="og:image:height" content="750" />
	<meta property="og:image:type" content="image/jpeg" />
<meta name="twitter:card" content="summary_large_image" />
<meta name="twitter:label1" content="Durée de lecture estimée" />
	<meta name="twitter:data1" content="1 minute" />
<script type="application/ld+json" class="yoast-schema-graph">{"@context":"https:\/\/schema.org","@graph":[{"@type":"WebPage","@id":"https:\/\/cardamomo.com\/fr\/artist\/claudia-de-utrera\/","url":"https:\/\/cardamomo.com\/fr\/artist\/claudia-de-utrera\/","name":"Claudia de Utrera - Cardamomo Flamenco Madrid","isPartOf":{"@id":"https:\/\/cardamomo.com\/fr\/#website"},"primaryImageOfPage":{"@id":"https:\/\/cardamomo.com\/fr\/artist\/claudia-de-utrera\/#primaryimage"},"image":{"@id":"https:\/\/cardamomo.com\/es\/artist\/claudia-de-utrera\/#primaryimage"},"thumbnailUrl":"https:\/\/cardamomo.ams3.digitaloceanspaces.com\/wp-content\/uploads\/2024\/04\/10130938\/claudia-de-utrera.jpg","datePublished":"2024-04-25T09:58:48+00:00","dateModified":"2025-03-10T15:33:36+00:00","description":"¡Claudia de Utrera! La joven bailaora del grupo \"Las Turroneras\" en Cardamomo. Te invitamos a conocer más sobre ella en nuestra web.","breadcrumb":{"@id":"https:\/\/cardamomo.com\/fr\/artist\/claudia-de-utrera\/#breadcrumb"},"inLanguage":"fr-FR","potentialAction":[{"@type":"ReadAction","target":[["https:\/\/cardamomo.com\/fr\/artist\/claudia-de-utrera\/"]]}]},{"@type":"ImageObject","inLanguage":"fr-FR","@id":"https:\/\/cardamomo.com\/fr\/artist\/claudia-de-utrera\/#primaryimage","url":"https:\/\/cardamomo.ams3.digitaloceanspaces.com\/wp-content\/uploads\/2024\/04\/10130938\/claudia-de-utrera.jpg","contentUrl":"https:\/\/cardamomo.ams3.digitaloceanspaces.com\/wp-content\/uploads\/2024\/04\/10130938\/claudia-de-utrera.jpg","width":600,"height":750,"caption":"Bailaora Claudia de Utrera"},{"@type":"BreadcrumbList","@id":"https:\/\/cardamomo.com\/fr\/artist\/claudia-de-utrera\/#breadcrumb","itemListElement":[{"@type":"ListItem","position":1,"name":"Cardamomo","item":"https:\/\/cardamomo.com\/fr\/"},{"@type":"ListItem","position":2,"name":"Artists","item":"https:\/\/cardamomo.com\/fr\/artist\/"},{"@type":"ListItem","position":3,"name":"Claudia de Utrera"}]},{"@type":"WebSite","@id":"https:\/\/cardamomo.com\/fr\/#website","url":"https:\/\/cardamomo.com\/fr\/","name":"Cardamomo Flamenco Madrid","description":"","potentialAction":[{"@type":"SearchAction","target":{"@type":"EntryPoint","urlTemplate":"https:\/\/cardamomo.com\/fr\/?s={search_term_string}"},"query-input":{"@type":"PropertyValueSpecification","valueRequired":true,"valueName":"search_term_string"}}],"inLanguage":"fr-FR"}]}</script>
<!-- / Yoast SEO plugin. -->

¡Claudia de Utrera! La joven bailaora del grupo "Las Turroneras" en Cardamomo. Te invitamos a conocer más sobre ella en nuestra web.
