{"id":141229,"date":"2024-04-16T10:46:45","date_gmt":"2024-04-16T08:46:45","guid":{"rendered":"https:\/\/cardamomo.com\/es\/?post_type=artist&#038;p=141229"},"modified":"2025-03-10T15:34:57","modified_gmt":"2025-03-10T15:34:57","slug":"illeana-gomez","status":"publish","type":"artist","link":"https:\/\/cardamomo.com\/fr\/artist\/illeana-gomez\/","title":{"rendered":"Illeana G\u00f3mez"},"content":{"rendered":"<p>N\u00e9e au Nouveau-Mexique, Illeana est titulaire d&rsquo;une ma\u00eetrise en Beaux-Arts et depuis quelques ann\u00e9es elle se consacre enti\u00e8rement \u00e0 sa formation de danseuse dans diff\u00e9rentes villes d&rsquo;Espagne. Elle a \u00e9tudi\u00e9 avec les meilleurs artistes et professeurs de flamenco, parmi lesquels Juana Amaya, Farruquito, Carmen Ledesma, Alfonso Losa, Jos\u00e9 Maya, Adela Campallo, Yolanda Heredia, entre autres.<\/p>\n<p>Elle a particip\u00e9 aux concours de danse les plus importants, obtenant des positions exceptionnelles. Illeana a visit\u00e9 des th\u00e9\u00e2tres et des festivals prestigieux pour montrer son art \u00e0 travers le monde. Certains d&rsquo;entre eux sont : le Joyce Theatre \u00e0 New York, le festival de danse : Jacob&rsquo;s Pillow (\u00c9tats-Unis) et le festival de flamenco d&rsquo;Alburquerque (\u00c9tats-Unis).<\/p>\n<p>En 2010, elle a obtenu une ma\u00eetrise en danse, devenant ainsi la premi\u00e8re \u00e9tudiante de l&rsquo;histoire des \u00c9tats-Unis \u00e0 obtenir ce dipl\u00f4me avec une sp\u00e9cialisation en flamenco. Elle travaille actuellement dans diff\u00e9rents tablaos de Madrid, partageant la sc\u00e8ne avec de grands artistes.<\/p>","protected":false},"featured_media":157136,"template":"","meta":{"_acf_changed":false,"inline_featured_image":false},"class_list":["post-141229","artist","type-artist","status-publish","has-post-thumbnail","hentry"],"acf":[],"yoast_head":"<!-- This site is optimized with the Yoast SEO plugin v27.4 - https:\/\/yoast.com\/product\/yoast-seo-wordpress\/ -->\n<title>Illeana G\u00f3mez - Cardamomo Flamenco Madrid<\/title>\n<meta name=\"robots\" content=\"index, follow, max-snippet:-1, max-image-preview:large, max-video-preview:-1\" \/>\n<link rel=\"canonical\" href=\"\/\" \/>\n<meta property=\"og:locale\" content=\"fr_FR\" \/>\n<meta property=\"og:type\" content=\"article\" \/>\n<meta property=\"og:title\" content=\"Illeana G\u00f3mez - Cardamomo Flamenco Madrid\" \/>\n<meta property=\"og:description\" content=\"N\u00e9e au Nouveau-Mexique, Illeana est titulaire d&rsquo;une ma\u00eetrise en Beaux-Arts et depuis quelques ann\u00e9es elle se consacre enti\u00e8rement \u00e0 sa formation de danseuse dans diff\u00e9rentes villes d&rsquo;Espagne. Elle a \u00e9tudi\u00e9 avec les meilleurs artistes et professeurs de flamenco, parmi lesquels Juana Amaya, Farruquito, Carmen Ledesma, Alfonso Losa, Jos\u00e9 Maya, Adela Campallo, Yolanda Heredia, entre autres....\" \/>\n<meta property=\"og:url\" content=\"https:\/\/cardamomo.com\/fr\/artist\/illeana-gomez\/\" \/>\n<meta property=\"og:site_name\" content=\"Cardamomo Flamenco Madrid\" \/>\n<meta property=\"article:modified_time\" content=\"2025-03-10T15:34:57+00:00\" \/>\n<meta property=\"og:image\" content=\"https:\/\/cardamomo.ams3.digitaloceanspaces.com\/wp-content\/uploads\/2024\/04\/10131350\/illeana-gomez.jpg\" \/>\n\t<meta property=\"og:image:width\" content=\"600\" \/>\n\t<meta property=\"og:image:height\" content=\"750\" \/>\n\t<meta property=\"og:image:type\" content=\"image\/jpeg\" \/>\n<meta name=\"twitter:card\" content=\"summary_large_image\" \/>\n<meta name=\"twitter:label1\" content=\"Dur\u00e9e de lecture estim\u00e9e\" \/>\n\t<meta name=\"twitter:data1\" content=\"1 minute\" \/>\n<script type=\"application\/ld+json\" class=\"yoast-schema-graph\">{\"@context\":\"https:\\\/\\\/schema.org\",\"@graph\":[{\"@type\":\"WebPage\",\"@id\":\"https:\\\/\\\/cardamomo.com\\\/fr\\\/artist\\\/illeana-gomez\\\/\",\"url\":\"https:\\\/\\\/cardamomo.com\\\/fr\\\/artist\\\/illeana-gomez\\\/\",\"name\":\"Illeana G\u00f3mez - Cardamomo Flamenco Madrid\",\"isPartOf\":{\"@id\":\"https:\\\/\\\/cardamomo.com\\\/fr\\\/#website\"},\"primaryImageOfPage\":{\"@id\":\"https:\\\/\\\/cardamomo.com\\\/fr\\\/artist\\\/illeana-gomez\\\/#primaryimage\"},\"image\":{\"@id\":\"https:\\\/\\\/cardamomo.com\\\/es\\\/artist\\\/illeana-gomez\\\/#primaryimage\"},\"thumbnailUrl\":\"https:\\\/\\\/cardamomo.ams3.digitaloceanspaces.com\\\/wp-content\\\/uploads\\\/2024\\\/04\\\/10131350\\\/illeana-gomez.jpg\",\"datePublished\":\"2024-04-16T08:46:45+00:00\",\"dateModified\":\"2025-03-10T15:34:57+00:00\",\"breadcrumb\":{\"@id\":\"https:\\\/\\\/cardamomo.com\\\/fr\\\/artist\\\/illeana-gomez\\\/#breadcrumb\"},\"inLanguage\":\"fr-FR\",\"potentialAction\":[{\"@type\":\"ReadAction\",\"target\":[[\"https:\\\/\\\/cardamomo.com\\\/fr\\\/artist\\\/illeana-gomez\\\/\"]]}]},{\"@type\":\"ImageObject\",\"inLanguage\":\"fr-FR\",\"@id\":\"https:\\\/\\\/cardamomo.com\\\/fr\\\/artist\\\/illeana-gomez\\\/#primaryimage\",\"url\":\"https:\\\/\\\/cardamomo.ams3.digitaloceanspaces.com\\\/wp-content\\\/uploads\\\/2024\\\/04\\\/10131350\\\/illeana-gomez.jpg\",\"contentUrl\":\"https:\\\/\\\/cardamomo.ams3.digitaloceanspaces.com\\\/wp-content\\\/uploads\\\/2024\\\/04\\\/10131350\\\/illeana-gomez.jpg\",\"width\":600,\"height\":750,\"caption\":\"bailaora Illeana G\u00f3mez\"},{\"@type\":\"BreadcrumbList\",\"@id\":\"https:\\\/\\\/cardamomo.com\\\/fr\\\/artist\\\/illeana-gomez\\\/#breadcrumb\",\"itemListElement\":[{\"@type\":\"ListItem\",\"position\":1,\"name\":\"Cardamomo\",\"item\":\"https:\\\/\\\/cardamomo.com\\\/fr\\\/\"},{\"@type\":\"ListItem\",\"position\":2,\"name\":\"Artists\",\"item\":\"https:\\\/\\\/cardamomo.com\\\/fr\\\/artist\\\/\"},{\"@type\":\"ListItem\",\"position\":3,\"name\":\"Illeana G\u00f3mez\"}]},{\"@type\":\"WebSite\",\"@id\":\"https:\\\/\\\/cardamomo.com\\\/fr\\\/#website\",\"url\":\"https:\\\/\\\/cardamomo.com\\\/fr\\\/\",\"name\":\"Cardamomo Flamenco Madrid\",\"description\":\"\",\"potentialAction\":[{\"@type\":\"SearchAction\",\"target\":{\"@type\":\"EntryPoint\",\"urlTemplate\":\"https:\\\/\\\/cardamomo.com\\\/fr\\\/?s={search_term_string}\"},\"query-input\":{\"@type\":\"PropertyValueSpecification\",\"valueRequired\":true,\"valueName\":\"search_term_string\"}}],\"inLanguage\":\"fr-FR\"}]}<\/script>\n<!-- \/ Yoast SEO plugin. -->","yoast_head_json":{"title":"Illeana G\u00f3mez - Cardamomo Flamenco Madrid","robots":{"index":"index","follow":"follow","max-snippet":"max-snippet:-1","max-image-preview":"max-image-preview:large","max-video-preview":"max-video-preview:-1"},"canonical":"\/","og_locale":"fr_FR","og_type":"article","og_title":"Illeana G\u00f3mez - Cardamomo Flamenco Madrid","og_description":"N\u00e9e au Nouveau-Mexique, Illeana est titulaire d&rsquo;une ma\u00eetrise en Beaux-Arts et depuis quelques ann\u00e9es elle se consacre enti\u00e8rement \u00e0 sa formation de danseuse dans diff\u00e9rentes villes d&rsquo;Espagne. Elle a \u00e9tudi\u00e9 avec les meilleurs artistes et professeurs de flamenco, parmi lesquels Juana Amaya, Farruquito, Carmen Ledesma, Alfonso Losa, Jos\u00e9 Maya, Adela Campallo, Yolanda Heredia, entre autres....","og_url":"https:\/\/cardamomo.com\/fr\/artist\/illeana-gomez\/","og_site_name":"Cardamomo Flamenco Madrid","article_modified_time":"2025-03-10T15:34:57+00:00","og_image":[{"width":600,"height":750,"url":"https:\/\/cardamomo.ams3.digitaloceanspaces.com\/wp-content\/uploads\/2024\/04\/10131350\/illeana-gomez.jpg","type":"image\/jpeg"}],"twitter_card":"summary_large_image","twitter_misc":{"Dur\u00e9e de lecture estim\u00e9e":"1 minute"},"schema":{"@context":"https:\/\/schema.org","@graph":[{"@type":"WebPage","@id":"https:\/\/cardamomo.com\/fr\/artist\/illeana-gomez\/","url":"https:\/\/cardamomo.com\/fr\/artist\/illeana-gomez\/","name":"Illeana G\u00f3mez - Cardamomo Flamenco Madrid","isPartOf":{"@id":"https:\/\/cardamomo.com\/fr\/#website"},"primaryImageOfPage":{"@id":"https:\/\/cardamomo.com\/fr\/artist\/illeana-gomez\/#primaryimage"},"image":{"@id":"https:\/\/cardamomo.com\/es\/artist\/illeana-gomez\/#primaryimage"},"thumbnailUrl":"https:\/\/cardamomo.ams3.digitaloceanspaces.com\/wp-content\/uploads\/2024\/04\/10131350\/illeana-gomez.jpg","datePublished":"2024-04-16T08:46:45+00:00","dateModified":"2025-03-10T15:34:57+00:00","breadcrumb":{"@id":"https:\/\/cardamomo.com\/fr\/artist\/illeana-gomez\/#breadcrumb"},"inLanguage":"fr-FR","potentialAction":[{"@type":"ReadAction","target":[["https:\/\/cardamomo.com\/fr\/artist\/illeana-gomez\/"]]}]},{"@type":"ImageObject","inLanguage":"fr-FR","@id":"https:\/\/cardamomo.com\/fr\/artist\/illeana-gomez\/#primaryimage","url":"https:\/\/cardamomo.ams3.digitaloceanspaces.com\/wp-content\/uploads\/2024\/04\/10131350\/illeana-gomez.jpg","contentUrl":"https:\/\/cardamomo.ams3.digitaloceanspaces.com\/wp-content\/uploads\/2024\/04\/10131350\/illeana-gomez.jpg","width":600,"height":750,"caption":"bailaora Illeana G\u00f3mez"},{"@type":"BreadcrumbList","@id":"https:\/\/cardamomo.com\/fr\/artist\/illeana-gomez\/#breadcrumb","itemListElement":[{"@type":"ListItem","position":1,"name":"Cardamomo","item":"https:\/\/cardamomo.com\/fr\/"},{"@type":"ListItem","position":2,"name":"Artists","item":"https:\/\/cardamomo.com\/fr\/artist\/"},{"@type":"ListItem","position":3,"name":"Illeana G\u00f3mez"}]},{"@type":"WebSite","@id":"https:\/\/cardamomo.com\/fr\/#website","url":"https:\/\/cardamomo.com\/fr\/","name":"Cardamomo Flamenco Madrid","description":"","potentialAction":[{"@type":"SearchAction","target":{"@type":"EntryPoint","urlTemplate":"https:\/\/cardamomo.com\/fr\/?s={search_term_string}"},"query-input":{"@type":"PropertyValueSpecification","valueRequired":true,"valueName":"search_term_string"}}],"inLanguage":"fr-FR"}]}},"_links":{"self":[{"href":"https:\/\/cardamomo.com\/fr\/wp-json\/wp\/v2\/artist\/141229","targetHints":{"allow":["GET"]}}],"collection":[{"href":"https:\/\/cardamomo.com\/fr\/wp-json\/wp\/v2\/artist"}],"about":[{"href":"https:\/\/cardamomo.com\/fr\/wp-json\/wp\/v2\/types\/artist"}],"wp:featuredmedia":[{"embeddable":true,"href":"https:\/\/cardamomo.com\/fr\/wp-json\/wp\/v2\/media\/157136"}],"wp:attachment":[{"href":"https:\/\/cardamomo.com\/fr\/wp-json\/wp\/v2\/media?parent=141229"}],"curies":[{"name":"wp","href":"https:\/\/api.w.org\/{rel}","templated":true}]}}

Illeana Gómez

<p>Née au Nouveau-Mexique, Illeana est titulaire d&rsquo;une maîtrise en Beaux-Arts et depuis quelques années elle se consacre entièrement à sa formation de danseuse dans différentes villes d&rsquo;Espagne. Elle a étudié avec les meilleurs artistes et professeurs de flamenco, parmi lesquels Juana Amaya, Farruquito, Carmen Ledesma, Alfonso Losa, José Maya, Adela Campallo, Yolanda Heredia, entre autres.</p>
<p>Elle a participé aux concours de danse les plus importants, obtenant des positions exceptionnelles. Illeana a visité des théâtres et des festivals prestigieux pour montrer son art à travers le monde. Certains d&rsquo;entre eux sont : le Joyce Theatre à New York, le festival de danse : Jacob&rsquo;s Pillow (États-Unis) et le festival de flamenco d&rsquo;Alburquerque (États-Unis).</p>
<p>En 2010, elle a obtenu une maîtrise en danse, devenant ainsi la première étudiante de l&rsquo;histoire des États-Unis à obtenir ce diplôme avec une spécialisation en flamenco. Elle travaille actuellement dans différents tablaos de Madrid, partageant la scène avec de grands artistes.</p>

<!-- This site is optimized with the Yoast SEO plugin v27.4 - https://yoast.com/product/yoast-seo-wordpress/ -->
<title>Illeana Gómez - Cardamomo Flamenco Madrid</title>
<meta name="robots" content="index, follow, max-snippet:-1, max-image-preview:large, max-video-preview:-1" />
<link rel="canonical" href="/" />
<meta property="og:locale" content="fr_FR" />
<meta property="og:type" content="article" />
<meta property="og:title" content="Illeana Gómez - Cardamomo Flamenco Madrid" />
<meta property="og:description" content="Née au Nouveau-Mexique, Illeana est titulaire d&rsquo;une maîtrise en Beaux-Arts et depuis quelques années elle se consacre entièrement à sa formation de danseuse dans différentes villes d&rsquo;Espagne. Elle a étudié avec les meilleurs artistes et professeurs de flamenco, parmi lesquels Juana Amaya, Farruquito, Carmen Ledesma, Alfonso Losa, José Maya, Adela Campallo, Yolanda Heredia, entre autres...." />
<meta property="og:url" content="https://cardamomo.com/fr/artist/illeana-gomez/" />
<meta property="og:site_name" content="Cardamomo Flamenco Madrid" />
<meta property="article:modified_time" content="2025-03-10T15:34:57+00:00" />
<meta property="og:image" content="https://cardamomo.ams3.digitaloceanspaces.com/wp-content/uploads/2024/04/10131350/illeana-gomez.jpg" />
	<meta property="og:image:width" content="600" />
	<meta property="og:image:height" content="750" />
	<meta property="og:image:type" content="image/jpeg" />
<meta name="twitter:card" content="summary_large_image" />
<meta name="twitter:label1" content="Durée de lecture estimée" />
	<meta name="twitter:data1" content="1 minute" />
<script type="application/ld+json" class="yoast-schema-graph">{"@context":"https:\/\/schema.org","@graph":[{"@type":"WebPage","@id":"https:\/\/cardamomo.com\/fr\/artist\/illeana-gomez\/","url":"https:\/\/cardamomo.com\/fr\/artist\/illeana-gomez\/","name":"Illeana Gómez - Cardamomo Flamenco Madrid","isPartOf":{"@id":"https:\/\/cardamomo.com\/fr\/#website"},"primaryImageOfPage":{"@id":"https:\/\/cardamomo.com\/fr\/artist\/illeana-gomez\/#primaryimage"},"image":{"@id":"https:\/\/cardamomo.com\/es\/artist\/illeana-gomez\/#primaryimage"},"thumbnailUrl":"https:\/\/cardamomo.ams3.digitaloceanspaces.com\/wp-content\/uploads\/2024\/04\/10131350\/illeana-gomez.jpg","datePublished":"2024-04-16T08:46:45+00:00","dateModified":"2025-03-10T15:34:57+00:00","breadcrumb":{"@id":"https:\/\/cardamomo.com\/fr\/artist\/illeana-gomez\/#breadcrumb"},"inLanguage":"fr-FR","potentialAction":[{"@type":"ReadAction","target":[["https:\/\/cardamomo.com\/fr\/artist\/illeana-gomez\/"]]}]},{"@type":"ImageObject","inLanguage":"fr-FR","@id":"https:\/\/cardamomo.com\/fr\/artist\/illeana-gomez\/#primaryimage","url":"https:\/\/cardamomo.ams3.digitaloceanspaces.com\/wp-content\/uploads\/2024\/04\/10131350\/illeana-gomez.jpg","contentUrl":"https:\/\/cardamomo.ams3.digitaloceanspaces.com\/wp-content\/uploads\/2024\/04\/10131350\/illeana-gomez.jpg","width":600,"height":750,"caption":"bailaora Illeana Gómez"},{"@type":"BreadcrumbList","@id":"https:\/\/cardamomo.com\/fr\/artist\/illeana-gomez\/#breadcrumb","itemListElement":[{"@type":"ListItem","position":1,"name":"Cardamomo","item":"https:\/\/cardamomo.com\/fr\/"},{"@type":"ListItem","position":2,"name":"Artists","item":"https:\/\/cardamomo.com\/fr\/artist\/"},{"@type":"ListItem","position":3,"name":"Illeana Gómez"}]},{"@type":"WebSite","@id":"https:\/\/cardamomo.com\/fr\/#website","url":"https:\/\/cardamomo.com\/fr\/","name":"Cardamomo Flamenco Madrid","description":"","potentialAction":[{"@type":"SearchAction","target":{"@type":"EntryPoint","urlTemplate":"https:\/\/cardamomo.com\/fr\/?s={search_term_string}"},"query-input":{"@type":"PropertyValueSpecification","valueRequired":true,"valueName":"search_term_string"}}],"inLanguage":"fr-FR"}]}</script>
<!-- / Yoast SEO plugin. -->

Illeana Gómez - Cardamomo Flamenco Madrid

Née au Nouveau-Mexique, Illeana est titulaire d&rsquo;une maîtrise en Beaux-Arts et depuis quelques années elle se consacre entièrement à sa formation de danseuse dans différentes villes d&rsquo;Espagne. Elle a étudié avec les meilleurs artistes et professeurs de flamenco, parmi lesquels Juana Amaya, Farruquito, Carmen Ledesma, Alfonso Losa, José Maya, Adela Campallo, Yolanda Heredia, entre autres....

bailaora Illeana Gómez
