{"id":136881,"date":"2024-01-18T16:26:16","date_gmt":"2024-01-18T15:26:16","guid":{"rendered":"https:\/\/cardamomo.com\/es\/?post_type=artist&#038;p=136881"},"modified":"2025-03-10T15:44:09","modified_gmt":"2025-03-10T15:44:09","slug":"daniel-caballero-madrid","status":"publish","type":"artist","link":"https:\/\/cardamomo.com\/fr\/artist\/daniel-caballero-madrid\/","title":{"rendered":"Daniel Caballero"},"content":{"rendered":"<p>Le danseur madril\u00e8ne a \u00e9tudi\u00e9 au Centro de Danza Amor de Dios avec les meilleurs professeurs, notamment Alfonso Losa, ainsi que Jos\u00e9 Maya, David Paniagua, Nino de los Reyes, etc. Au cours de sa carri\u00e8re professionnelle, il a travaill\u00e9 dans des tablaos embl\u00e9matiques d&rsquo;Espagne tels que Casa Patas, Cardamomo, El Carmen et City Hall. Il a \u00e9t\u00e9 invit\u00e9 \u00e0 collaborer avec des artistes de l&rsquo;envergure de Montse Cort\u00e9s, Jer\u00f3nimo Maya, Bel\u00e9n L\u00f3pez et Andr\u00e9s Barrios, entre autres, sur des sc\u00e8nes nationales et internationales et lors de festivals tels que Vejer de la Frontera et Suma Flamenca. Il a \u00e9galement collabor\u00e9 avec le chanteur Omar Montes. Il a des projets en solo \u00e0 l&rsquo;\u00e9tranger, principalement aux \u00c9tats-Unis, en Islande et en Allemagne. Il se consacre actuellement \u00e0 de nouveaux projets avec la danseuse Nerea Carrasco et participe \u00e0 des festivals tels que celui d&rsquo;Arles, en France.<\/p>","protected":false},"featured_media":157148,"template":"","meta":{"_acf_changed":false,"inline_featured_image":false},"class_list":["post-136881","artist","type-artist","status-publish","has-post-thumbnail","hentry"],"acf":[],"yoast_head":"<!-- This site is optimized with the Yoast SEO plugin v27.4 - https:\/\/yoast.com\/product\/yoast-seo-wordpress\/ -->\n<title>Daniel Caballero - Cardamomo Flamenco Madrid<\/title>\n<meta name=\"robots\" content=\"index, follow, max-snippet:-1, max-image-preview:large, max-video-preview:-1\" \/>\n<link rel=\"canonical\" href=\"\/\" \/>\n<meta property=\"og:locale\" content=\"fr_FR\" \/>\n<meta property=\"og:type\" content=\"article\" \/>\n<meta property=\"og:title\" content=\"Daniel Caballero - Cardamomo Flamenco Madrid\" \/>\n<meta property=\"og:description\" content=\"Le danseur madril\u00e8ne a \u00e9tudi\u00e9 au Centro de Danza Amor de Dios avec les meilleurs professeurs, notamment Alfonso Losa, ainsi que Jos\u00e9 Maya, David Paniagua, Nino de los Reyes, etc. Au cours de sa carri\u00e8re professionnelle, il a travaill\u00e9 dans des tablaos embl\u00e9matiques d&rsquo;Espagne tels que Casa Patas, Cardamomo, El Carmen et City Hall. Il...\" \/>\n<meta property=\"og:url\" content=\"https:\/\/cardamomo.com\/fr\/artist\/daniel-caballero-madrid\/\" \/>\n<meta property=\"og:site_name\" content=\"Cardamomo Flamenco Madrid\" \/>\n<meta property=\"article:modified_time\" content=\"2025-03-10T15:44:09+00:00\" \/>\n<meta property=\"og:image\" content=\"https:\/\/cardamomo.ams3.digitaloceanspaces.com\/wp-content\/uploads\/2024\/01\/10150301\/dani-caballero.jpg\" \/>\n\t<meta property=\"og:image:width\" content=\"600\" \/>\n\t<meta property=\"og:image:height\" content=\"750\" \/>\n\t<meta property=\"og:image:type\" content=\"image\/jpeg\" \/>\n<meta name=\"twitter:card\" content=\"summary_large_image\" \/>\n<meta name=\"twitter:label1\" content=\"Dur\u00e9e de lecture estim\u00e9e\" \/>\n\t<meta name=\"twitter:data1\" content=\"1 minute\" \/>\n<script type=\"application\/ld+json\" class=\"yoast-schema-graph\">{\"@context\":\"https:\\\/\\\/schema.org\",\"@graph\":[{\"@type\":\"WebPage\",\"@id\":\"https:\\\/\\\/cardamomo.com\\\/fr\\\/artist\\\/daniel-caballero-madrid\\\/\",\"url\":\"https:\\\/\\\/cardamomo.com\\\/fr\\\/artist\\\/daniel-caballero-madrid\\\/\",\"name\":\"Daniel Caballero - Cardamomo Flamenco Madrid\",\"isPartOf\":{\"@id\":\"https:\\\/\\\/cardamomo.com\\\/fr\\\/#website\"},\"primaryImageOfPage\":{\"@id\":\"https:\\\/\\\/cardamomo.com\\\/fr\\\/artist\\\/daniel-caballero-madrid\\\/#primaryimage\"},\"image\":{\"@id\":\"https:\\\/\\\/cardamomo.com\\\/es\\\/artist\\\/daniel-caballero-madrid\\\/#primaryimage\"},\"thumbnailUrl\":\"https:\\\/\\\/cardamomo.ams3.digitaloceanspaces.com\\\/wp-content\\\/uploads\\\/2024\\\/01\\\/10150301\\\/dani-caballero.jpg\",\"datePublished\":\"2024-01-18T15:26:16+00:00\",\"dateModified\":\"2025-03-10T15:44:09+00:00\",\"breadcrumb\":{\"@id\":\"https:\\\/\\\/cardamomo.com\\\/fr\\\/artist\\\/daniel-caballero-madrid\\\/#breadcrumb\"},\"inLanguage\":\"fr-FR\",\"potentialAction\":[{\"@type\":\"ReadAction\",\"target\":[[\"https:\\\/\\\/cardamomo.com\\\/fr\\\/artist\\\/daniel-caballero-madrid\\\/\"]]}]},{\"@type\":\"ImageObject\",\"inLanguage\":\"fr-FR\",\"@id\":\"https:\\\/\\\/cardamomo.com\\\/fr\\\/artist\\\/daniel-caballero-madrid\\\/#primaryimage\",\"url\":\"https:\\\/\\\/cardamomo.ams3.digitaloceanspaces.com\\\/wp-content\\\/uploads\\\/2024\\\/01\\\/10150301\\\/dani-caballero.jpg\",\"contentUrl\":\"https:\\\/\\\/cardamomo.ams3.digitaloceanspaces.com\\\/wp-content\\\/uploads\\\/2024\\\/01\\\/10150301\\\/dani-caballero.jpg\",\"width\":600,\"height\":750,\"caption\":\"bailaor Dani Caballero\"},{\"@type\":\"BreadcrumbList\",\"@id\":\"https:\\\/\\\/cardamomo.com\\\/fr\\\/artist\\\/daniel-caballero-madrid\\\/#breadcrumb\",\"itemListElement\":[{\"@type\":\"ListItem\",\"position\":1,\"name\":\"Cardamomo\",\"item\":\"https:\\\/\\\/cardamomo.com\\\/fr\\\/\"},{\"@type\":\"ListItem\",\"position\":2,\"name\":\"Artists\",\"item\":\"https:\\\/\\\/cardamomo.com\\\/fr\\\/artist\\\/\"},{\"@type\":\"ListItem\",\"position\":3,\"name\":\"Daniel Caballero\"}]},{\"@type\":\"WebSite\",\"@id\":\"https:\\\/\\\/cardamomo.com\\\/fr\\\/#website\",\"url\":\"https:\\\/\\\/cardamomo.com\\\/fr\\\/\",\"name\":\"Cardamomo Flamenco Madrid\",\"description\":\"\",\"potentialAction\":[{\"@type\":\"SearchAction\",\"target\":{\"@type\":\"EntryPoint\",\"urlTemplate\":\"https:\\\/\\\/cardamomo.com\\\/fr\\\/?s={search_term_string}\"},\"query-input\":{\"@type\":\"PropertyValueSpecification\",\"valueRequired\":true,\"valueName\":\"search_term_string\"}}],\"inLanguage\":\"fr-FR\"}]}<\/script>\n<!-- \/ Yoast SEO plugin. -->","yoast_head_json":{"title":"Daniel Caballero - Cardamomo Flamenco Madrid","robots":{"index":"index","follow":"follow","max-snippet":"max-snippet:-1","max-image-preview":"max-image-preview:large","max-video-preview":"max-video-preview:-1"},"canonical":"\/","og_locale":"fr_FR","og_type":"article","og_title":"Daniel Caballero - Cardamomo Flamenco Madrid","og_description":"Le danseur madril\u00e8ne a \u00e9tudi\u00e9 au Centro de Danza Amor de Dios avec les meilleurs professeurs, notamment Alfonso Losa, ainsi que Jos\u00e9 Maya, David Paniagua, Nino de los Reyes, etc. Au cours de sa carri\u00e8re professionnelle, il a travaill\u00e9 dans des tablaos embl\u00e9matiques d&rsquo;Espagne tels que Casa Patas, Cardamomo, El Carmen et City Hall. Il...","og_url":"https:\/\/cardamomo.com\/fr\/artist\/daniel-caballero-madrid\/","og_site_name":"Cardamomo Flamenco Madrid","article_modified_time":"2025-03-10T15:44:09+00:00","og_image":[{"width":600,"height":750,"url":"https:\/\/cardamomo.ams3.digitaloceanspaces.com\/wp-content\/uploads\/2024\/01\/10150301\/dani-caballero.jpg","type":"image\/jpeg"}],"twitter_card":"summary_large_image","twitter_misc":{"Dur\u00e9e de lecture estim\u00e9e":"1 minute"},"schema":{"@context":"https:\/\/schema.org","@graph":[{"@type":"WebPage","@id":"https:\/\/cardamomo.com\/fr\/artist\/daniel-caballero-madrid\/","url":"https:\/\/cardamomo.com\/fr\/artist\/daniel-caballero-madrid\/","name":"Daniel Caballero - Cardamomo Flamenco Madrid","isPartOf":{"@id":"https:\/\/cardamomo.com\/fr\/#website"},"primaryImageOfPage":{"@id":"https:\/\/cardamomo.com\/fr\/artist\/daniel-caballero-madrid\/#primaryimage"},"image":{"@id":"https:\/\/cardamomo.com\/es\/artist\/daniel-caballero-madrid\/#primaryimage"},"thumbnailUrl":"https:\/\/cardamomo.ams3.digitaloceanspaces.com\/wp-content\/uploads\/2024\/01\/10150301\/dani-caballero.jpg","datePublished":"2024-01-18T15:26:16+00:00","dateModified":"2025-03-10T15:44:09+00:00","breadcrumb":{"@id":"https:\/\/cardamomo.com\/fr\/artist\/daniel-caballero-madrid\/#breadcrumb"},"inLanguage":"fr-FR","potentialAction":[{"@type":"ReadAction","target":[["https:\/\/cardamomo.com\/fr\/artist\/daniel-caballero-madrid\/"]]}]},{"@type":"ImageObject","inLanguage":"fr-FR","@id":"https:\/\/cardamomo.com\/fr\/artist\/daniel-caballero-madrid\/#primaryimage","url":"https:\/\/cardamomo.ams3.digitaloceanspaces.com\/wp-content\/uploads\/2024\/01\/10150301\/dani-caballero.jpg","contentUrl":"https:\/\/cardamomo.ams3.digitaloceanspaces.com\/wp-content\/uploads\/2024\/01\/10150301\/dani-caballero.jpg","width":600,"height":750,"caption":"bailaor Dani Caballero"},{"@type":"BreadcrumbList","@id":"https:\/\/cardamomo.com\/fr\/artist\/daniel-caballero-madrid\/#breadcrumb","itemListElement":[{"@type":"ListItem","position":1,"name":"Cardamomo","item":"https:\/\/cardamomo.com\/fr\/"},{"@type":"ListItem","position":2,"name":"Artists","item":"https:\/\/cardamomo.com\/fr\/artist\/"},{"@type":"ListItem","position":3,"name":"Daniel Caballero"}]},{"@type":"WebSite","@id":"https:\/\/cardamomo.com\/fr\/#website","url":"https:\/\/cardamomo.com\/fr\/","name":"Cardamomo Flamenco Madrid","description":"","potentialAction":[{"@type":"SearchAction","target":{"@type":"EntryPoint","urlTemplate":"https:\/\/cardamomo.com\/fr\/?s={search_term_string}"},"query-input":{"@type":"PropertyValueSpecification","valueRequired":true,"valueName":"search_term_string"}}],"inLanguage":"fr-FR"}]}},"_links":{"self":[{"href":"https:\/\/cardamomo.com\/fr\/wp-json\/wp\/v2\/artist\/136881","targetHints":{"allow":["GET"]}}],"collection":[{"href":"https:\/\/cardamomo.com\/fr\/wp-json\/wp\/v2\/artist"}],"about":[{"href":"https:\/\/cardamomo.com\/fr\/wp-json\/wp\/v2\/types\/artist"}],"wp:featuredmedia":[{"embeddable":true,"href":"https:\/\/cardamomo.com\/fr\/wp-json\/wp\/v2\/media\/157148"}],"wp:attachment":[{"href":"https:\/\/cardamomo.com\/fr\/wp-json\/wp\/v2\/media?parent=136881"}],"curies":[{"name":"wp","href":"https:\/\/api.w.org\/{rel}","templated":true}]}}

<p>Le danseur madrilène a étudié au Centro de Danza Amor de Dios avec les meilleurs professeurs, notamment Alfonso Losa, ainsi que José Maya, David Paniagua, Nino de los Reyes, etc. Au cours de sa carrière professionnelle, il a travaillé dans des tablaos emblématiques d&rsquo;Espagne tels que Casa Patas, Cardamomo, El Carmen et City Hall. Il a été invité à collaborer avec des artistes de l&rsquo;envergure de Montse Cortés, Jerónimo Maya, Belén López et Andrés Barrios, entre autres, sur des scènes nationales et internationales et lors de festivals tels que Vejer de la Frontera et Suma Flamenca. Il a également collaboré avec le chanteur Omar Montes. Il a des projets en solo à l&rsquo;étranger, principalement aux États-Unis, en Islande et en Allemagne. Il se consacre actuellement à de nouveaux projets avec la danseuse Nerea Carrasco et participe à des festivals tels que celui d&rsquo;Arles, en France.</p>

<!-- This site is optimized with the Yoast SEO plugin v27.4 - https://yoast.com/product/yoast-seo-wordpress/ -->
<title>Daniel Caballero - Cardamomo Flamenco Madrid</title>
<meta name="robots" content="index, follow, max-snippet:-1, max-image-preview:large, max-video-preview:-1" />
<link rel="canonical" href="/" />
<meta property="og:locale" content="fr_FR" />
<meta property="og:type" content="article" />
<meta property="og:title" content="Daniel Caballero - Cardamomo Flamenco Madrid" />
<meta property="og:description" content="Le danseur madrilène a étudié au Centro de Danza Amor de Dios avec les meilleurs professeurs, notamment Alfonso Losa, ainsi que José Maya, David Paniagua, Nino de los Reyes, etc. Au cours de sa carrière professionnelle, il a travaillé dans des tablaos emblématiques d&rsquo;Espagne tels que Casa Patas, Cardamomo, El Carmen et City Hall. Il..." />
<meta property="og:url" content="https://cardamomo.com/fr/artist/daniel-caballero-madrid/" />
<meta property="og:site_name" content="Cardamomo Flamenco Madrid" />
<meta property="article:modified_time" content="2025-03-10T15:44:09+00:00" />
<meta property="og:image" content="https://cardamomo.ams3.digitaloceanspaces.com/wp-content/uploads/2024/01/10150301/dani-caballero.jpg" />
	<meta property="og:image:width" content="600" />
	<meta property="og:image:height" content="750" />
	<meta property="og:image:type" content="image/jpeg" />
<meta name="twitter:card" content="summary_large_image" />
<meta name="twitter:label1" content="Durée de lecture estimée" />
	<meta name="twitter:data1" content="1 minute" />
<script type="application/ld+json" class="yoast-schema-graph">{"@context":"https:\/\/schema.org","@graph":[{"@type":"WebPage","@id":"https:\/\/cardamomo.com\/fr\/artist\/daniel-caballero-madrid\/","url":"https:\/\/cardamomo.com\/fr\/artist\/daniel-caballero-madrid\/","name":"Daniel Caballero - Cardamomo Flamenco Madrid","isPartOf":{"@id":"https:\/\/cardamomo.com\/fr\/#website"},"primaryImageOfPage":{"@id":"https:\/\/cardamomo.com\/fr\/artist\/daniel-caballero-madrid\/#primaryimage"},"image":{"@id":"https:\/\/cardamomo.com\/es\/artist\/daniel-caballero-madrid\/#primaryimage"},"thumbnailUrl":"https:\/\/cardamomo.ams3.digitaloceanspaces.com\/wp-content\/uploads\/2024\/01\/10150301\/dani-caballero.jpg","datePublished":"2024-01-18T15:26:16+00:00","dateModified":"2025-03-10T15:44:09+00:00","breadcrumb":{"@id":"https:\/\/cardamomo.com\/fr\/artist\/daniel-caballero-madrid\/#breadcrumb"},"inLanguage":"fr-FR","potentialAction":[{"@type":"ReadAction","target":[["https:\/\/cardamomo.com\/fr\/artist\/daniel-caballero-madrid\/"]]}]},{"@type":"ImageObject","inLanguage":"fr-FR","@id":"https:\/\/cardamomo.com\/fr\/artist\/daniel-caballero-madrid\/#primaryimage","url":"https:\/\/cardamomo.ams3.digitaloceanspaces.com\/wp-content\/uploads\/2024\/01\/10150301\/dani-caballero.jpg","contentUrl":"https:\/\/cardamomo.ams3.digitaloceanspaces.com\/wp-content\/uploads\/2024\/01\/10150301\/dani-caballero.jpg","width":600,"height":750,"caption":"bailaor Dani Caballero"},{"@type":"BreadcrumbList","@id":"https:\/\/cardamomo.com\/fr\/artist\/daniel-caballero-madrid\/#breadcrumb","itemListElement":[{"@type":"ListItem","position":1,"name":"Cardamomo","item":"https:\/\/cardamomo.com\/fr\/"},{"@type":"ListItem","position":2,"name":"Artists","item":"https:\/\/cardamomo.com\/fr\/artist\/"},{"@type":"ListItem","position":3,"name":"Daniel Caballero"}]},{"@type":"WebSite","@id":"https:\/\/cardamomo.com\/fr\/#website","url":"https:\/\/cardamomo.com\/fr\/","name":"Cardamomo Flamenco Madrid","description":"","potentialAction":[{"@type":"SearchAction","target":{"@type":"EntryPoint","urlTemplate":"https:\/\/cardamomo.com\/fr\/?s={search_term_string}"},"query-input":{"@type":"PropertyValueSpecification","valueRequired":true,"valueName":"search_term_string"}}],"inLanguage":"fr-FR"}]}</script>
<!-- / Yoast SEO plugin. -->

Le danseur madrilène a étudié au Centro de Danza Amor de Dios avec les meilleurs professeurs, notamment Alfonso Losa, ainsi que José Maya, David Paniagua, Nino de los Reyes, etc. Au cours de sa carrière professionnelle, il a travaillé dans des tablaos emblématiques d&rsquo;Espagne tels que Casa Patas, Cardamomo, El Carmen et City Hall. Il...
