{"id":105580,"date":"2022-07-23T19:00:39","date_gmt":"2022-07-23T17:00:39","guid":{"rendered":"https:\/\/cardamomo.com\/es\/?post_type=artist&#038;p=105580"},"modified":"2025-03-12T10:02:43","modified_gmt":"2025-03-12T10:02:43","slug":"ivan-losada-junior","status":"publish","type":"artist","link":"https:\/\/cardamomo.com\/fr\/artist\/ivan-losada-junior\/","title":{"rendered":"Iv\u00e1n Losada Junior"},"content":{"rendered":"<p><strong>Iv\u00e1n Losada Junior<\/strong> est n\u00e9 \u00e0 Madrid dans une famille d&rsquo;artistes. \u00c0 l&rsquo;\u00e2ge de 13 ans, il commence \u00e0 se plonger dans les percussions flamenco avec sa famille. Ses premiers professeurs sont ses oncles Luki et Antonio Losada, \u00e9galement percussionnistes professionnels.<\/p>\n<blockquote><p>Il a commenc\u00e9 \u00e0 travailler professionnellement \u00e0 l&rsquo;\u00e2ge de 14 ans et a effectu\u00e9 sa premi\u00e8re tourn\u00e9e en Italie avec son grand-p\u00e8re Tito Losada. \u00c0 partir de ce moment, Iv\u00e1n a poursuivi sa carri\u00e8re d&rsquo;artiste dans diff\u00e9rents tablaos d&rsquo;Espagne.<\/p><\/blockquote>\n<p>Il a particip\u00e9 \u00e0 la pi\u00e8ce de th\u00e9\u00e2tre <strong>\u00ab\u00a0Misa Flamenca : Los gitanos cantan a Dios\u00a0\u00bb<\/strong> dirig\u00e9e par son grand-p\u00e8re Tito Losada et de nombreux autres artistes. Cette \u0153uvre a \u00e9t\u00e9 pr\u00e9sent\u00e9e dans plusieurs villes d&rsquo;Espagne et du monde entier, notamment \u00e0 Monterrey, Santiago, Lima, Quito, Bogota, Tokyo, New York et Rabat.<\/p>\n<p>Ce spectacle est la seule messe flamenca au monde \u00e0 laquelle participent une symphonie et un ch\u0153ur classique de chaque pays visit\u00e9 par la compagnie du maestro Tito Losada. Il int\u00e8gre les styles les plus traditionnels du flamenco.<\/p>\n<p>\u00c0 seulement 22 ans, il a d\u00e9j\u00e0 travaill\u00e9 et effectu\u00e9 des tourn\u00e9es avec des artistes aussi importants qu&rsquo;<strong>Antonio Canales, Farruquito, Jos\u00e9 Maya, Jos\u00e9 Merc\u00e9, Diego del Morao<\/strong>, entre autres.<\/p>\n<p><strong>Iv\u00e1n Losada Junior<\/strong> a \u00e9galement particip\u00e9 aux spectacles de son p\u00e8re, le guitariste Iv\u00e1n Losada, \u00ab\u00a0La Tarara S\u00ed\u00a0\u00bb, \u00ab\u00a0Bailaoras\u00a0\u00bb. Il a fait la tourn\u00e9e de tous les th\u00e9\u00e2tres de Madrid, puis a transport\u00e9 sa musique de l&rsquo;Andalousie \u00e0 Milan. Elle a \u00e9galement particip\u00e9 \u00e0 de nombreux festivals importants: Suma Flamenca \u00e0 Madrid, le Festival de Jerez et le Festival \u00ab\u00a0On Fire\u00a0\u00bb \u00e0 Pampelune.<\/p>\n<p>Il est actuellement membre de la compagnie du <strong>Ballet national espagnol<\/strong> et l&rsquo;un des principaux percussionnistes de <strong>Cardamomo<\/strong>.<\/p>","protected":false},"featured_media":157172,"template":"","meta":{"_acf_changed":false,"inline_featured_image":false},"class_list":["post-105580","artist","type-artist","status-publish","has-post-thumbnail","hentry"],"acf":[],"yoast_head":"<!-- This site is optimized with the Yoast SEO plugin v27.4 - https:\/\/yoast.com\/product\/yoast-seo-wordpress\/ -->\n<title>Iv\u00e1n Losada Junior - Cardamomo Flamenco Madrid<\/title>\n<meta name=\"description\" content=\"El joven percusionista Iv\u00e1n Losada Junior en el Tablao Flamenco Cardamomo. \u00a1Conoce m\u00e1s sobre este gran artista!\" \/>\n<meta name=\"robots\" content=\"index, follow, max-snippet:-1, max-image-preview:large, max-video-preview:-1\" \/>\n<link rel=\"canonical\" href=\"\/\" \/>\n<meta property=\"og:locale\" content=\"fr_FR\" \/>\n<meta property=\"og:type\" content=\"article\" \/>\n<meta property=\"og:title\" content=\"Iv\u00e1n Losada Junior - Cardamomo Flamenco Madrid\" \/>\n<meta property=\"og:description\" content=\"El joven percusionista Iv\u00e1n Losada Junior en el Tablao Flamenco Cardamomo. \u00a1Conoce m\u00e1s sobre este gran artista!\" \/>\n<meta property=\"og:url\" content=\"https:\/\/cardamomo.com\/fr\/artist\/ivan-losada-junior\/\" \/>\n<meta property=\"og:site_name\" content=\"Cardamomo Flamenco Madrid\" \/>\n<meta property=\"article:modified_time\" content=\"2025-03-12T10:02:43+00:00\" \/>\n<meta property=\"og:image\" content=\"https:\/\/cardamomo.ams3.digitaloceanspaces.com\/wp-content\/uploads\/2022\/07\/12100220\/ivan-losada.jpg\" \/>\n\t<meta property=\"og:image:width\" content=\"600\" \/>\n\t<meta property=\"og:image:height\" content=\"750\" \/>\n\t<meta property=\"og:image:type\" content=\"image\/jpeg\" \/>\n<meta name=\"twitter:card\" content=\"summary_large_image\" \/>\n<meta name=\"twitter:label1\" content=\"Dur\u00e9e de lecture estim\u00e9e\" \/>\n\t<meta name=\"twitter:data1\" content=\"2 minutes\" \/>\n<script type=\"application\/ld+json\" class=\"yoast-schema-graph\">{\"@context\":\"https:\\\/\\\/schema.org\",\"@graph\":[{\"@type\":\"WebPage\",\"@id\":\"https:\\\/\\\/cardamomo.com\\\/fr\\\/artist\\\/ivan-losada-junior\\\/\",\"url\":\"https:\\\/\\\/cardamomo.com\\\/fr\\\/artist\\\/ivan-losada-junior\\\/\",\"name\":\"Iv\u00e1n Losada Junior - Cardamomo Flamenco Madrid\",\"isPartOf\":{\"@id\":\"https:\\\/\\\/cardamomo.com\\\/fr\\\/#website\"},\"primaryImageOfPage\":{\"@id\":\"https:\\\/\\\/cardamomo.com\\\/fr\\\/artist\\\/ivan-losada-junior\\\/#primaryimage\"},\"image\":{\"@id\":\"https:\\\/\\\/cardamomo.com\\\/es\\\/artist\\\/ivan-losada-junior\\\/#primaryimage\"},\"thumbnailUrl\":\"https:\\\/\\\/cardamomo.ams3.digitaloceanspaces.com\\\/wp-content\\\/uploads\\\/2022\\\/07\\\/12100220\\\/ivan-losada.jpg\",\"datePublished\":\"2022-07-23T17:00:39+00:00\",\"dateModified\":\"2025-03-12T10:02:43+00:00\",\"description\":\"El joven percusionista Iv\u00e1n Losada Junior en el Tablao Flamenco Cardamomo. \u00a1Conoce m\u00e1s sobre este gran artista!\",\"breadcrumb\":{\"@id\":\"https:\\\/\\\/cardamomo.com\\\/fr\\\/artist\\\/ivan-losada-junior\\\/#breadcrumb\"},\"inLanguage\":\"fr-FR\",\"potentialAction\":[{\"@type\":\"ReadAction\",\"target\":[[\"https:\\\/\\\/cardamomo.com\\\/fr\\\/artist\\\/ivan-losada-junior\\\/\"]]}]},{\"@type\":\"ImageObject\",\"inLanguage\":\"fr-FR\",\"@id\":\"https:\\\/\\\/cardamomo.com\\\/fr\\\/artist\\\/ivan-losada-junior\\\/#primaryimage\",\"url\":\"https:\\\/\\\/cardamomo.ams3.digitaloceanspaces.com\\\/wp-content\\\/uploads\\\/2022\\\/07\\\/12100220\\\/ivan-losada.jpg\",\"contentUrl\":\"https:\\\/\\\/cardamomo.ams3.digitaloceanspaces.com\\\/wp-content\\\/uploads\\\/2022\\\/07\\\/12100220\\\/ivan-losada.jpg\",\"width\":600,\"height\":750,\"caption\":\"Percusionista Iv\u00e1n Losada\"},{\"@type\":\"BreadcrumbList\",\"@id\":\"https:\\\/\\\/cardamomo.com\\\/fr\\\/artist\\\/ivan-losada-junior\\\/#breadcrumb\",\"itemListElement\":[{\"@type\":\"ListItem\",\"position\":1,\"name\":\"Cardamomo\",\"item\":\"https:\\\/\\\/cardamomo.com\\\/fr\\\/\"},{\"@type\":\"ListItem\",\"position\":2,\"name\":\"Artists\",\"item\":\"https:\\\/\\\/cardamomo.com\\\/fr\\\/artist\\\/\"},{\"@type\":\"ListItem\",\"position\":3,\"name\":\"Iv\u00e1n Losada Junior\"}]},{\"@type\":\"WebSite\",\"@id\":\"https:\\\/\\\/cardamomo.com\\\/fr\\\/#website\",\"url\":\"https:\\\/\\\/cardamomo.com\\\/fr\\\/\",\"name\":\"Cardamomo Flamenco Madrid\",\"description\":\"\",\"potentialAction\":[{\"@type\":\"SearchAction\",\"target\":{\"@type\":\"EntryPoint\",\"urlTemplate\":\"https:\\\/\\\/cardamomo.com\\\/fr\\\/?s={search_term_string}\"},\"query-input\":{\"@type\":\"PropertyValueSpecification\",\"valueRequired\":true,\"valueName\":\"search_term_string\"}}],\"inLanguage\":\"fr-FR\"}]}<\/script>\n<!-- \/ Yoast SEO plugin. -->","yoast_head_json":{"title":"Iv\u00e1n Losada Junior - Cardamomo Flamenco Madrid","description":"El joven percusionista Iv\u00e1n Losada Junior en el Tablao Flamenco Cardamomo. \u00a1Conoce m\u00e1s sobre este gran artista!","robots":{"index":"index","follow":"follow","max-snippet":"max-snippet:-1","max-image-preview":"max-image-preview:large","max-video-preview":"max-video-preview:-1"},"canonical":"\/","og_locale":"fr_FR","og_type":"article","og_title":"Iv\u00e1n Losada Junior - Cardamomo Flamenco Madrid","og_description":"El joven percusionista Iv\u00e1n Losada Junior en el Tablao Flamenco Cardamomo. \u00a1Conoce m\u00e1s sobre este gran artista!","og_url":"https:\/\/cardamomo.com\/fr\/artist\/ivan-losada-junior\/","og_site_name":"Cardamomo Flamenco Madrid","article_modified_time":"2025-03-12T10:02:43+00:00","og_image":[{"width":600,"height":750,"url":"https:\/\/cardamomo.ams3.digitaloceanspaces.com\/wp-content\/uploads\/2022\/07\/12100220\/ivan-losada.jpg","type":"image\/jpeg"}],"twitter_card":"summary_large_image","twitter_misc":{"Dur\u00e9e de lecture estim\u00e9e":"2 minutes"},"schema":{"@context":"https:\/\/schema.org","@graph":[{"@type":"WebPage","@id":"https:\/\/cardamomo.com\/fr\/artist\/ivan-losada-junior\/","url":"https:\/\/cardamomo.com\/fr\/artist\/ivan-losada-junior\/","name":"Iv\u00e1n Losada Junior - Cardamomo Flamenco Madrid","isPartOf":{"@id":"https:\/\/cardamomo.com\/fr\/#website"},"primaryImageOfPage":{"@id":"https:\/\/cardamomo.com\/fr\/artist\/ivan-losada-junior\/#primaryimage"},"image":{"@id":"https:\/\/cardamomo.com\/es\/artist\/ivan-losada-junior\/#primaryimage"},"thumbnailUrl":"https:\/\/cardamomo.ams3.digitaloceanspaces.com\/wp-content\/uploads\/2022\/07\/12100220\/ivan-losada.jpg","datePublished":"2022-07-23T17:00:39+00:00","dateModified":"2025-03-12T10:02:43+00:00","description":"El joven percusionista Iv\u00e1n Losada Junior en el Tablao Flamenco Cardamomo. \u00a1Conoce m\u00e1s sobre este gran artista!","breadcrumb":{"@id":"https:\/\/cardamomo.com\/fr\/artist\/ivan-losada-junior\/#breadcrumb"},"inLanguage":"fr-FR","potentialAction":[{"@type":"ReadAction","target":[["https:\/\/cardamomo.com\/fr\/artist\/ivan-losada-junior\/"]]}]},{"@type":"ImageObject","inLanguage":"fr-FR","@id":"https:\/\/cardamomo.com\/fr\/artist\/ivan-losada-junior\/#primaryimage","url":"https:\/\/cardamomo.ams3.digitaloceanspaces.com\/wp-content\/uploads\/2022\/07\/12100220\/ivan-losada.jpg","contentUrl":"https:\/\/cardamomo.ams3.digitaloceanspaces.com\/wp-content\/uploads\/2022\/07\/12100220\/ivan-losada.jpg","width":600,"height":750,"caption":"Percusionista Iv\u00e1n Losada"},{"@type":"BreadcrumbList","@id":"https:\/\/cardamomo.com\/fr\/artist\/ivan-losada-junior\/#breadcrumb","itemListElement":[{"@type":"ListItem","position":1,"name":"Cardamomo","item":"https:\/\/cardamomo.com\/fr\/"},{"@type":"ListItem","position":2,"name":"Artists","item":"https:\/\/cardamomo.com\/fr\/artist\/"},{"@type":"ListItem","position":3,"name":"Iv\u00e1n Losada Junior"}]},{"@type":"WebSite","@id":"https:\/\/cardamomo.com\/fr\/#website","url":"https:\/\/cardamomo.com\/fr\/","name":"Cardamomo Flamenco Madrid","description":"","potentialAction":[{"@type":"SearchAction","target":{"@type":"EntryPoint","urlTemplate":"https:\/\/cardamomo.com\/fr\/?s={search_term_string}"},"query-input":{"@type":"PropertyValueSpecification","valueRequired":true,"valueName":"search_term_string"}}],"inLanguage":"fr-FR"}]}},"_links":{"self":[{"href":"https:\/\/cardamomo.com\/fr\/wp-json\/wp\/v2\/artist\/105580","targetHints":{"allow":["GET"]}}],"collection":[{"href":"https:\/\/cardamomo.com\/fr\/wp-json\/wp\/v2\/artist"}],"about":[{"href":"https:\/\/cardamomo.com\/fr\/wp-json\/wp\/v2\/types\/artist"}],"wp:featuredmedia":[{"embeddable":true,"href":"https:\/\/cardamomo.com\/fr\/wp-json\/wp\/v2\/media\/157172"}],"wp:attachment":[{"href":"https:\/\/cardamomo.com\/fr\/wp-json\/wp\/v2\/media?parent=105580"}],"curies":[{"name":"wp","href":"https:\/\/api.w.org\/{rel}","templated":true}]}}

Iván Losada Junior

<p><strong>Iván Losada Junior</strong> est né à Madrid dans une famille d&rsquo;artistes. À l&rsquo;âge de 13 ans, il commence à se plonger dans les percussions flamenco avec sa famille. Ses premiers professeurs sont ses oncles Luki et Antonio Losada, également percussionnistes professionnels.</p>
<blockquote><p>Il a commencé à travailler professionnellement à l&rsquo;âge de 14 ans et a effectué sa première tournée en Italie avec son grand-père Tito Losada. À partir de ce moment, Iván a poursuivi sa carrière d&rsquo;artiste dans différents tablaos d&rsquo;Espagne.</p></blockquote>
<p>Il a participé à la pièce de théâtre <strong>« Misa Flamenca : Los gitanos cantan a Dios »</strong> dirigée par son grand-père Tito Losada et de nombreux autres artistes. Cette œuvre a été présentée dans plusieurs villes d&rsquo;Espagne et du monde entier, notamment à Monterrey, Santiago, Lima, Quito, Bogota, Tokyo, New York et Rabat.</p>
<p>Ce spectacle est la seule messe flamenca au monde à laquelle participent une symphonie et un chœur classique de chaque pays visité par la compagnie du maestro Tito Losada. Il intègre les styles les plus traditionnels du flamenco.</p>
<p>À seulement 22 ans, il a déjà travaillé et effectué des tournées avec des artistes aussi importants qu&rsquo;<strong>Antonio Canales, Farruquito, José Maya, José Mercé, Diego del Morao</strong>, entre autres.</p>
<p><strong>Iván Losada Junior</strong> a également participé aux spectacles de son père, le guitariste Iván Losada, « La Tarara Sí », « Bailaoras ». Il a fait la tournée de tous les théâtres de Madrid, puis a transporté sa musique de l&rsquo;Andalousie à Milan. Elle a également participé à de nombreux festivals importants: Suma Flamenca à Madrid, le Festival de Jerez et le Festival « On Fire » à Pampelune.</p>
<p>Il est actuellement membre de la compagnie du <strong>Ballet national espagnol</strong> et l&rsquo;un des principaux percussionnistes de <strong>Cardamomo</strong>.</p>

<!-- This site is optimized with the Yoast SEO plugin v27.4 - https://yoast.com/product/yoast-seo-wordpress/ -->
<title>Iván Losada Junior - Cardamomo Flamenco Madrid</title>
<meta name="description" content="El joven percusionista Iván Losada Junior en el Tablao Flamenco Cardamomo. ¡Conoce más sobre este gran artista!" />
<meta name="robots" content="index, follow, max-snippet:-1, max-image-preview:large, max-video-preview:-1" />
<link rel="canonical" href="/" />
<meta property="og:locale" content="fr_FR" />
<meta property="og:type" content="article" />
<meta property="og:title" content="Iván Losada Junior - Cardamomo Flamenco Madrid" />
<meta property="og:description" content="El joven percusionista Iván Losada Junior en el Tablao Flamenco Cardamomo. ¡Conoce más sobre este gran artista!" />
<meta property="og:url" content="https://cardamomo.com/fr/artist/ivan-losada-junior/" />
<meta property="og:site_name" content="Cardamomo Flamenco Madrid" />
<meta property="article:modified_time" content="2025-03-12T10:02:43+00:00" />
<meta property="og:image" content="https://cardamomo.ams3.digitaloceanspaces.com/wp-content/uploads/2022/07/12100220/ivan-losada.jpg" />
	<meta property="og:image:width" content="600" />
	<meta property="og:image:height" content="750" />
	<meta property="og:image:type" content="image/jpeg" />
<meta name="twitter:card" content="summary_large_image" />
<meta name="twitter:label1" content="Durée de lecture estimée" />
	<meta name="twitter:data1" content="2 minutes" />
<script type="application/ld+json" class="yoast-schema-graph">{"@context":"https:\/\/schema.org","@graph":[{"@type":"WebPage","@id":"https:\/\/cardamomo.com\/fr\/artist\/ivan-losada-junior\/","url":"https:\/\/cardamomo.com\/fr\/artist\/ivan-losada-junior\/","name":"Iván Losada Junior - Cardamomo Flamenco Madrid","isPartOf":{"@id":"https:\/\/cardamomo.com\/fr\/#website"},"primaryImageOfPage":{"@id":"https:\/\/cardamomo.com\/fr\/artist\/ivan-losada-junior\/#primaryimage"},"image":{"@id":"https:\/\/cardamomo.com\/es\/artist\/ivan-losada-junior\/#primaryimage"},"thumbnailUrl":"https:\/\/cardamomo.ams3.digitaloceanspaces.com\/wp-content\/uploads\/2022\/07\/12100220\/ivan-losada.jpg","datePublished":"2022-07-23T17:00:39+00:00","dateModified":"2025-03-12T10:02:43+00:00","description":"El joven percusionista Iván Losada Junior en el Tablao Flamenco Cardamomo. ¡Conoce más sobre este gran artista!","breadcrumb":{"@id":"https:\/\/cardamomo.com\/fr\/artist\/ivan-losada-junior\/#breadcrumb"},"inLanguage":"fr-FR","potentialAction":[{"@type":"ReadAction","target":[["https:\/\/cardamomo.com\/fr\/artist\/ivan-losada-junior\/"]]}]},{"@type":"ImageObject","inLanguage":"fr-FR","@id":"https:\/\/cardamomo.com\/fr\/artist\/ivan-losada-junior\/#primaryimage","url":"https:\/\/cardamomo.ams3.digitaloceanspaces.com\/wp-content\/uploads\/2022\/07\/12100220\/ivan-losada.jpg","contentUrl":"https:\/\/cardamomo.ams3.digitaloceanspaces.com\/wp-content\/uploads\/2022\/07\/12100220\/ivan-losada.jpg","width":600,"height":750,"caption":"Percusionista Iván Losada"},{"@type":"BreadcrumbList","@id":"https:\/\/cardamomo.com\/fr\/artist\/ivan-losada-junior\/#breadcrumb","itemListElement":[{"@type":"ListItem","position":1,"name":"Cardamomo","item":"https:\/\/cardamomo.com\/fr\/"},{"@type":"ListItem","position":2,"name":"Artists","item":"https:\/\/cardamomo.com\/fr\/artist\/"},{"@type":"ListItem","position":3,"name":"Iván Losada Junior"}]},{"@type":"WebSite","@id":"https:\/\/cardamomo.com\/fr\/#website","url":"https:\/\/cardamomo.com\/fr\/","name":"Cardamomo Flamenco Madrid","description":"","potentialAction":[{"@type":"SearchAction","target":{"@type":"EntryPoint","urlTemplate":"https:\/\/cardamomo.com\/fr\/?s={search_term_string}"},"query-input":{"@type":"PropertyValueSpecification","valueRequired":true,"valueName":"search_term_string"}}],"inLanguage":"fr-FR"}]}</script>
<!-- / Yoast SEO plugin. -->

Iván Losada Junior - Cardamomo Flamenco Madrid

El joven percusionista Iván Losada Junior en el Tablao Flamenco Cardamomo. ¡Conoce más sobre este gran artista!

Percusionista Iván Losada
