{"version":"1.0","provider_name":"Cardamomo Flamenco Madrid","provider_url":"https:\/\/cardamomo.com\/fr","author_name":"admin_cardamomo","author_url":"https:\/\/cardamomo.com\/fr\/author\/admin_cardamomo\/","title":"Juan Ram\u00edrez, ma\u00eetre du comp\u00e1s et du zapateado, est de retour. - Cardamomo Flamenco Madrid","type":"rich","width":600,"height":338,"html":"<blockquote class=\"wp-embedded-content\" data-secret=\"eNa0GKgDTT\"><a href=\"https:\/\/cardamomo.com\/fr\/show\/vuelve-juan-ramirez-maestro-del-compas-y-zapateado\/\">Juan Ram\u00edrez, ma\u00eetre du comp\u00e1s et du zapateado, est de retour.<\/a><\/blockquote><iframe sandbox=\"allow-scripts\" security=\"restricted\" src=\"https:\/\/cardamomo.com\/fr\/show\/vuelve-juan-ramirez-maestro-del-compas-y-zapateado\/embed\/#?secret=eNa0GKgDTT\" width=\"600\" height=\"338\" title=\"\u00ab\u00a0Juan Ram\u00edrez, ma\u00eetre du comp\u00e1s et du zapateado, est de retour.\u00a0\u00bb &#8212; Cardamomo Flamenco Madrid\" data-secret=\"eNa0GKgDTT\" frameborder=\"0\" marginwidth=\"0\" marginheight=\"0\" scrolling=\"no\" class=\"wp-embedded-content\"><\/iframe><script type=\"text\/javascript\">\n\/* <![CDATA[ *\/\n\/*! This file is auto-generated *\/\n!function(d,l){\"use strict\";l.querySelector&&d.addEventListener&&\"undefined\"!=typeof URL&&(d.wp=d.wp||{},d.wp.receiveEmbedMessage||(d.wp.receiveEmbedMessage=function(e){var t=e.data;if((t||t.secret||t.message||t.value)&&!\/[^a-zA-Z0-9]\/.test(t.secret)){for(var s,r,n,a=l.querySelectorAll('iframe[data-secret=\"'+t.secret+'\"]'),o=l.querySelectorAll('blockquote[data-secret=\"'+t.secret+'\"]'),c=new RegExp(\"^https?:$\",\"i\"),i=0;i<o.length;i++)o[i].style.display=\"none\";for(i=0;i<a.length;i++)s=a[i],e.source===s.contentWindow&&(s.removeAttribute(\"style\"),\"height\"===t.message?(1e3<(r=parseInt(t.value,10))?r=1e3:~~r<200&&(r=200),s.height=r):\"link\"===t.message&&(r=new URL(s.getAttribute(\"src\")),n=new URL(t.value),c.test(n.protocol))&&n.host===r.host&&l.activeElement===s&&(d.top.location.href=t.value))}},d.addEventListener(\"message\",d.wp.receiveEmbedMessage,!1),l.addEventListener(\"DOMContentLoaded\",function(){for(var e,t,s=l.querySelectorAll(\"iframe.wp-embedded-content\"),r=0;r<s.length;r++)(t=(e=s[r]).getAttribute(\"data-secret\"))||(t=Math.random().toString(36).substring(2,12),e.src+=\"#?secret=\"+t,e.setAttribute(\"data-secret\",t)),e.contentWindow.postMessage({message:\"ready\",secret:t},\"*\")},!1)))}(window,document);\n\/\/# sourceURL=https:\/\/cardamomo.com\/wp-includes\/js\/wp-embed.min.js\n\/* ]]> *\/\n<\/script>\n","description":"N\u00e9 \u00e0 M\u00e9rida, c&rsquo;est \u00e0 l&rsquo;\u00e2ge de dix ans qu&rsquo;il commence sa carri\u00e8re dans le monde du flamenco. Il apprend dans la rue, en observant les plus grands comme Manuela Carrasco, Angelita Vargas, el Mimbre, Manuela Vargas, La Chana, entre autres. Toujours en accord avec la puret\u00e9 du flamenco, sa technique in\u00e9gal\u00e9e nous enveloppe dans...","thumbnail_url":"https:\/\/cardamomo.com\/wp-content\/uploads\/2023\/06\/logo-inst-madridenvivo.png"}

Juan Ramírez, maître du compás et du zapateado, est de retour. - Cardamomo Flamenco Madrid

<blockquote class="wp-embedded-content" data-secret="eNa0GKgDTT"><a href="https://cardamomo.com/fr/show/vuelve-juan-ramirez-maestro-del-compas-y-zapateado/">Juan Ramírez, maître du compás et du zapateado, est de retour.</a></blockquote><iframe sandbox="allow-scripts" security="restricted" src="https://cardamomo.com/fr/show/vuelve-juan-ramirez-maestro-del-compas-y-zapateado/embed/#?secret=eNa0GKgDTT" width="600" height="338" title="« Juan Ramírez, maître du compás et du zapateado, est de retour. » &#8212; Cardamomo Flamenco Madrid" data-secret="eNa0GKgDTT" frameborder="0" marginwidth="0" marginheight="0" scrolling="no" class="wp-embedded-content"></iframe><script type="text/javascript">
/* <![CDATA[ */
/*! This file is auto-generated */
!function(d,l){"use strict";l.querySelector&&d.addEventListener&&"undefined"!=typeof URL&&(d.wp=d.wp||{},d.wp.receiveEmbedMessage||(d.wp.receiveEmbedMessage=function(e){var t=e.data;if((t||t.secret||t.message||t.value)&&!/[^a-zA-Z0-9]/.test(t.secret)){for(var s,r,n,a=l.querySelectorAll('iframe[data-secret="'+t.secret+'"]'),o=l.querySelectorAll('blockquote[data-secret="'+t.secret+'"]'),c=new RegExp("^https?:$","i"),i=0;i<o.length;i++)o[i].style.display="none";for(i=0;i<a.length;i++)s=a[i],e.source===s.contentWindow&&(s.removeAttribute("style"),"height"===t.message?(1e3<(r=parseInt(t.value,10))?r=1e3:~~r<200&&(r=200),s.height=r):"link"===t.message&&(r=new URL(s.getAttribute("src")),n=new URL(t.value),c.test(n.protocol))&&n.host===r.host&&l.activeElement===s&&(d.top.location.href=t.value))}},d.addEventListener("message",d.wp.receiveEmbedMessage,!1),l.addEventListener("DOMContentLoaded",function(){for(var e,t,s=l.querySelectorAll("iframe.wp-embedded-content"),r=0;r<s.length;r++)(t=(e=s[r]).getAttribute("data-secret"))||(t=Math.random().toString(36).substring(2,12),e.src+="#?secret="+t,e.setAttribute("data-secret",t)),e.contentWindow.postMessage({message:"ready",secret:t},"*")},!1)))}(window,document);
//# sourceURL=https://cardamomo.com/wp-includes/js/wp-embed.min.js
/* ]]> */
</script>

Né à Mérida, c&rsquo;est à l&rsquo;âge de dix ans qu&rsquo;il commence sa carrière dans le monde du flamenco. Il apprend dans la rue, en observant les plus grands comme Manuela Carrasco, Angelita Vargas, el Mimbre, Manuela Vargas, La Chana, entre autres. Toujours en accord avec la pureté du flamenco, sa technique inégalée nous enveloppe dans...
