{"version":"1.0","provider_name":"Cardamomo Flamenco Madrid","provider_url":"https:\/\/cardamomo.com\/fr","author_name":"admin_cardamomo","author_url":"https:\/\/cardamomo.com\/fr\/author\/admin_cardamomo\/","title":"Mar\u00eda Mezcle - Cardamomo Flamenco Madrid","type":"rich","width":600,"height":338,"html":"<blockquote class=\"wp-embedded-content\" data-secret=\"zLZCjAoztW\"><a href=\"https:\/\/cardamomo.com\/fr\/artist\/maria-mezcle\/\">Mar\u00eda Mezcle<\/a><\/blockquote><iframe sandbox=\"allow-scripts\" security=\"restricted\" src=\"https:\/\/cardamomo.com\/fr\/artist\/maria-mezcle\/embed\/#?secret=zLZCjAoztW\" width=\"600\" height=\"338\" title=\"\u00ab\u00a0Mar\u00eda Mezcle\u00a0\u00bb &#8212; Cardamomo Flamenco Madrid\" data-secret=\"zLZCjAoztW\" frameborder=\"0\" marginwidth=\"0\" marginheight=\"0\" scrolling=\"no\" class=\"wp-embedded-content\"><\/iframe><script type=\"text\/javascript\">\n\/* <![CDATA[ *\/\n\/*! This file is auto-generated *\/\n!function(d,l){\"use strict\";l.querySelector&&d.addEventListener&&\"undefined\"!=typeof URL&&(d.wp=d.wp||{},d.wp.receiveEmbedMessage||(d.wp.receiveEmbedMessage=function(e){var t=e.data;if((t||t.secret||t.message||t.value)&&!\/[^a-zA-Z0-9]\/.test(t.secret)){for(var s,r,n,a=l.querySelectorAll('iframe[data-secret=\"'+t.secret+'\"]'),o=l.querySelectorAll('blockquote[data-secret=\"'+t.secret+'\"]'),c=new RegExp(\"^https?:$\",\"i\"),i=0;i<o.length;i++)o[i].style.display=\"none\";for(i=0;i<a.length;i++)s=a[i],e.source===s.contentWindow&&(s.removeAttribute(\"style\"),\"height\"===t.message?(1e3<(r=parseInt(t.value,10))?r=1e3:~~r<200&&(r=200),s.height=r):\"link\"===t.message&&(r=new URL(s.getAttribute(\"src\")),n=new URL(t.value),c.test(n.protocol))&&n.host===r.host&&l.activeElement===s&&(d.top.location.href=t.value))}},d.addEventListener(\"message\",d.wp.receiveEmbedMessage,!1),l.addEventListener(\"DOMContentLoaded\",function(){for(var e,t,s=l.querySelectorAll(\"iframe.wp-embedded-content\"),r=0;r<s.length;r++)(t=(e=s[r]).getAttribute(\"data-secret\"))||(t=Math.random().toString(36).substring(2,12),e.src+=\"#?secret=\"+t,e.setAttribute(\"data-secret\",t)),e.contentWindow.postMessage({message:\"ready\",secret:t},\"*\")},!1)))}(window,document);\n\/\/# sourceURL=https:\/\/cardamomo.com\/wp-includes\/js\/wp-embed.min.js\n\/* ]]> *\/\n<\/script>\n","thumbnail_url":"https:\/\/cardamomo.ams3.digitaloceanspaces.com\/wp-content\/uploads\/2022\/06\/12101815\/maria-mezcle.jpg","thumbnail_width":600,"thumbnail_height":750,"description":"Biographie La chanteuse Mar\u00eda \u00c1ngeles Rodr\u00edguez Cuevas, plus connue sous le nom de Mar\u00eda Mezcle, est n\u00e9e \u00e0 Sanl\u00facar de Barrameda (Cadix) en 1987. Le flamenco fait partie de sa vie depuis son plus jeune \u00e2ge. \u00c0 tel point qu&rsquo;\u00e0 l&rsquo;\u00e2ge de 6 ans, elle a commenc\u00e9 \u00e0 fr\u00e9quenter l&rsquo;acad\u00e9mie de danse de Puerto Lucero,..."}

María Mezcle - Cardamomo Flamenco Madrid

<blockquote class="wp-embedded-content" data-secret="zLZCjAoztW"><a href="https://cardamomo.com/fr/artist/maria-mezcle/">María Mezcle</a></blockquote><iframe sandbox="allow-scripts" security="restricted" src="https://cardamomo.com/fr/artist/maria-mezcle/embed/#?secret=zLZCjAoztW" width="600" height="338" title="« María Mezcle » &#8212; Cardamomo Flamenco Madrid" data-secret="zLZCjAoztW" frameborder="0" marginwidth="0" marginheight="0" scrolling="no" class="wp-embedded-content"></iframe><script type="text/javascript">
/* <![CDATA[ */
/*! This file is auto-generated */
!function(d,l){"use strict";l.querySelector&&d.addEventListener&&"undefined"!=typeof URL&&(d.wp=d.wp||{},d.wp.receiveEmbedMessage||(d.wp.receiveEmbedMessage=function(e){var t=e.data;if((t||t.secret||t.message||t.value)&&!/[^a-zA-Z0-9]/.test(t.secret)){for(var s,r,n,a=l.querySelectorAll('iframe[data-secret="'+t.secret+'"]'),o=l.querySelectorAll('blockquote[data-secret="'+t.secret+'"]'),c=new RegExp("^https?:$","i"),i=0;i<o.length;i++)o[i].style.display="none";for(i=0;i<a.length;i++)s=a[i],e.source===s.contentWindow&&(s.removeAttribute("style"),"height"===t.message?(1e3<(r=parseInt(t.value,10))?r=1e3:~~r<200&&(r=200),s.height=r):"link"===t.message&&(r=new URL(s.getAttribute("src")),n=new URL(t.value),c.test(n.protocol))&&n.host===r.host&&l.activeElement===s&&(d.top.location.href=t.value))}},d.addEventListener("message",d.wp.receiveEmbedMessage,!1),l.addEventListener("DOMContentLoaded",function(){for(var e,t,s=l.querySelectorAll("iframe.wp-embedded-content"),r=0;r<s.length;r++)(t=(e=s[r]).getAttribute("data-secret"))||(t=Math.random().toString(36).substring(2,12),e.src+="#?secret="+t,e.setAttribute("data-secret",t)),e.contentWindow.postMessage({message:"ready",secret:t},"*")},!1)))}(window,document);
//# sourceURL=https://cardamomo.com/wp-includes/js/wp-embed.min.js
/* ]]> */
</script>

Biographie La chanteuse María Ángeles Rodríguez Cuevas, plus connue sous le nom de María Mezcle, est née à Sanlúcar de Barrameda (Cadix) en 1987. Le flamenco fait partie de sa vie depuis son plus jeune âge. À tel point qu&rsquo;à l&rsquo;âge de 6 ans, elle a commencé à fréquenter l&rsquo;académie de danse de Puerto Lucero,...
