{"id":89578,"date":"2021-11-19T14:25:21","date_gmt":"2021-11-19T13:25:21","guid":{"rendered":"https:\/\/cardamomo.com\/es\/?post_type=show&amp;p=89578"},"modified":"2021-11-19T14:25:21","modified_gmt":"2021-11-19T13:25:21","slug":"antonio-canales-en-diciembre","status":"publish","type":"show","link":"https:\/\/cardamomo.com\/es\/show\/antonio-canales-en-diciembre\/","title":{"rendered":"Antonio Canales en Diciembre"},"content":{"rendered":"<p><\/p>\n<h3 style=\"text-align: center;\">\u00a1Considerado uno de los mejores bailaores del mundo, s\u00edmbolo y representaci\u00f3n del Flamenco, Premio Nacional de Danza y Medalla de Oro al m\u00e9rito en las Bellas Artes!<\/h3>\n<h2 style=\"text-align: center;\"><strong><span style=\"color: #ff0000;\">Antonio Canales<\/span><\/strong><\/h2>\n<p style=\"text-align: center;\"><strong>TRES \u00fanicos espect\u00e1culos &#8211; 17,18 y 19 de Diciembre a las 22:30!<\/strong><\/p>\n<p>Es la primera vez que vuelve a bailar en un tablao despu\u00e9s del Reality Show &#8211; Supervivientes &#8211; y para nosotros siempre es una alegr\u00eda y un honor recibirlo en nuestra casa. Canales es un ejemplo de superaci\u00f3n, compa\u00f1erismo y honestidad.<\/p>\n<p>En Cardamomo, Antonio Canales se siente en familia. Algunos de los artistas del cuadro flamenco de Cardamomo, como Laura Abad\u00eda y David Jim\u00e9nez \u00a0ya han compartido escenario con el maestro trabajando en compa\u00f1\u00eda del artista (<strong>Ballet Flamenco Antonio Canales)<\/strong>, con espect\u00e1culos que promueven el arte y la cultura flamenca como <strong><em>Torero, A cuerda y tac\u00f3n o Gitano.<\/em><\/strong><\/p>\n<p>Hemos preparado un cuadro de lujo que estar\u00e1 acompa\u00f1ando al maestro. Entre ellos, la gran bailaora, nieta de Carmen Amaya, <strong>KARIME AMAYA<\/strong>.<\/p>\n<p>Durante esas tres noches, la frescura y la sabidur\u00eda reinar\u00e1 en nuestro escenario, y juntos har\u00e1n que disfrutemos con ellos desde muy cerca.<\/p>\n<p>Es un aforo limitado para <strong>80 personas<\/strong>, las entradas vuelan! Adquiere ya la tuya, porque no os lo pod\u00e9is perder.<\/p>\n<p style=\"text-align: center;\"><strong>Si amas el arte flamenco, Cardamomo es una experiencia que tienes que vivir.<\/strong><\/p>\n<p><a href=\"https:\/\/es.wikipedia.org\/wiki\/Antonio_Canales_(bailaor)\">Wikipedia Antonio Canales<\/a><\/p>\n<p>&nbsp;<\/p>","protected":false},"featured_media":89576,"template":"","meta":{"_acf_changed":false,"inline_featured_image":false},"class_list":["post-89578","show","type-show","status-publish","has-post-thumbnail","hentry"],"acf":[],"yoast_head":"<!-- This site is optimized with the Yoast SEO plugin v27.4 - https:\/\/yoast.com\/product\/yoast-seo-wordpress\/ -->\n<title>Antonio Canales en Diciembre - Cardamomo Flamenco Madrid<\/title>\n<meta name=\"robots\" content=\"index, follow, max-snippet:-1, max-image-preview:large, max-video-preview:-1\" \/>\n<link rel=\"canonical\" href=\"\/\" \/>\n<meta property=\"og:locale\" content=\"es_ES\" \/>\n<meta property=\"og:type\" content=\"article\" \/>\n<meta property=\"og:title\" content=\"Antonio Canales en Diciembre - Cardamomo Flamenco Madrid\" \/>\n<meta property=\"og:description\" content=\"\u00a1Considerado uno de los mejores bailaores del mundo, s\u00edmbolo y representaci\u00f3n del Flamenco, Premio Nacional de Danza y Medalla de Oro al m\u00e9rito en las Bellas Artes! Antonio Canales TRES \u00fanicos espect\u00e1culos &#8211; 17,18 y 19 de Diciembre a las 22:30! Es la primera vez que vuelve a bailar en un tablao despu\u00e9s del Reality...\" \/>\n<meta property=\"og:url\" content=\"https:\/\/cardamomo.com\/es\/show\/antonio-canales-en-diciembre\/\" \/>\n<meta property=\"og:site_name\" content=\"Cardamomo Flamenco Madrid\" \/>\n<meta property=\"og:image\" content=\"https:\/\/cardamomo.ams3.digitaloceanspaces.com\/wp-content\/uploads\/2021\/11\/15115959\/photo-2021-11-17-19-21-41.jpg\" \/>\n\t<meta property=\"og:image:width\" content=\"1024\" \/>\n\t<meta property=\"og:image:height\" content=\"1024\" \/>\n\t<meta property=\"og:image:type\" content=\"image\/jpeg\" \/>\n<meta name=\"twitter:card\" content=\"summary_large_image\" \/>\n<meta name=\"twitter:label1\" content=\"Tiempo de lectura\" \/>\n\t<meta name=\"twitter:data1\" content=\"1 minuto\" \/>\n<script type=\"application\/ld+json\" class=\"yoast-schema-graph\">{\"@context\":\"https:\\\/\\\/schema.org\",\"@graph\":[{\"@type\":\"WebPage\",\"@id\":\"https:\\\/\\\/cardamomo.com\\\/es\\\/show\\\/antonio-canales-en-diciembre\\\/\",\"url\":\"https:\\\/\\\/cardamomo.com\\\/es\\\/show\\\/antonio-canales-en-diciembre\\\/\",\"name\":\"Antonio Canales en Diciembre - Cardamomo Flamenco Madrid\",\"isPartOf\":{\"@id\":\"https:\\\/\\\/cardamomo.com\\\/es\\\/#website\"},\"primaryImageOfPage\":{\"@id\":\"https:\\\/\\\/cardamomo.com\\\/es\\\/show\\\/antonio-canales-en-diciembre\\\/#primaryimage\"},\"image\":{\"@id\":\"https:\\\/\\\/cardamomo.com\\\/es\\\/show\\\/antonio-canales-en-diciembre\\\/#primaryimage\"},\"thumbnailUrl\":\"https:\\\/\\\/cardamomo.ams3.digitaloceanspaces.com\\\/wp-content\\\/uploads\\\/2021\\\/11\\\/15115959\\\/photo-2021-11-17-19-21-41.jpg\",\"datePublished\":\"2021-11-19T13:25:21+00:00\",\"breadcrumb\":{\"@id\":\"https:\\\/\\\/cardamomo.com\\\/es\\\/show\\\/antonio-canales-en-diciembre\\\/#breadcrumb\"},\"inLanguage\":\"es\",\"potentialAction\":[{\"@type\":\"ReadAction\",\"target\":[[\"https:\\\/\\\/cardamomo.com\\\/es\\\/show\\\/antonio-canales-en-diciembre\\\/\"]]}]},{\"@type\":\"ImageObject\",\"inLanguage\":\"es\",\"@id\":\"https:\\\/\\\/cardamomo.com\\\/es\\\/show\\\/antonio-canales-en-diciembre\\\/#primaryimage\",\"url\":\"https:\\\/\\\/cardamomo.ams3.digitaloceanspaces.com\\\/wp-content\\\/uploads\\\/2021\\\/11\\\/15115959\\\/photo-2021-11-17-19-21-41.jpg\",\"contentUrl\":\"https:\\\/\\\/cardamomo.ams3.digitaloceanspaces.com\\\/wp-content\\\/uploads\\\/2021\\\/11\\\/15115959\\\/photo-2021-11-17-19-21-41.jpg\",\"width\":1024,\"height\":1024,\"caption\":\"Antonio Canales en Diciembre en Cardamomo Tablao Flamenco\"},{\"@type\":\"BreadcrumbList\",\"@id\":\"https:\\\/\\\/cardamomo.com\\\/es\\\/show\\\/antonio-canales-en-diciembre\\\/#breadcrumb\",\"itemListElement\":[{\"@type\":\"ListItem\",\"position\":1,\"name\":\"Cardamomo\",\"item\":\"https:\\\/\\\/cardamomo.com\\\/es\\\/\"},{\"@type\":\"ListItem\",\"position\":2,\"name\":\"Shows\",\"item\":\"https:\\\/\\\/cardamomo.com\\\/es\\\/show\\\/\"},{\"@type\":\"ListItem\",\"position\":3,\"name\":\"Antonio Canales en Diciembre\"}]},{\"@type\":\"WebSite\",\"@id\":\"https:\\\/\\\/cardamomo.com\\\/es\\\/#website\",\"url\":\"https:\\\/\\\/cardamomo.com\\\/es\\\/\",\"name\":\"Cardamomo Flamenco Madrid\",\"description\":\"\",\"potentialAction\":[{\"@type\":\"SearchAction\",\"target\":{\"@type\":\"EntryPoint\",\"urlTemplate\":\"https:\\\/\\\/cardamomo.com\\\/es\\\/?s={search_term_string}\"},\"query-input\":{\"@type\":\"PropertyValueSpecification\",\"valueRequired\":true,\"valueName\":\"search_term_string\"}}],\"inLanguage\":\"es\"}]}<\/script>\n<!-- \/ Yoast SEO plugin. -->","yoast_head_json":{"title":"Antonio Canales en Diciembre - Cardamomo Flamenco Madrid","robots":{"index":"index","follow":"follow","max-snippet":"max-snippet:-1","max-image-preview":"max-image-preview:large","max-video-preview":"max-video-preview:-1"},"canonical":"\/","og_locale":"es_ES","og_type":"article","og_title":"Antonio Canales en Diciembre - Cardamomo Flamenco Madrid","og_description":"\u00a1Considerado uno de los mejores bailaores del mundo, s\u00edmbolo y representaci\u00f3n del Flamenco, Premio Nacional de Danza y Medalla de Oro al m\u00e9rito en las Bellas Artes! Antonio Canales TRES \u00fanicos espect\u00e1culos &#8211; 17,18 y 19 de Diciembre a las 22:30! Es la primera vez que vuelve a bailar en un tablao despu\u00e9s del Reality...","og_url":"https:\/\/cardamomo.com\/es\/show\/antonio-canales-en-diciembre\/","og_site_name":"Cardamomo Flamenco Madrid","og_image":[{"width":1024,"height":1024,"url":"https:\/\/cardamomo.ams3.digitaloceanspaces.com\/wp-content\/uploads\/2021\/11\/15115959\/photo-2021-11-17-19-21-41.jpg","type":"image\/jpeg"}],"twitter_card":"summary_large_image","twitter_misc":{"Tiempo de lectura":"1 minuto"},"schema":{"@context":"https:\/\/schema.org","@graph":[{"@type":"WebPage","@id":"https:\/\/cardamomo.com\/es\/show\/antonio-canales-en-diciembre\/","url":"https:\/\/cardamomo.com\/es\/show\/antonio-canales-en-diciembre\/","name":"Antonio Canales en Diciembre - Cardamomo Flamenco Madrid","isPartOf":{"@id":"https:\/\/cardamomo.com\/es\/#website"},"primaryImageOfPage":{"@id":"https:\/\/cardamomo.com\/es\/show\/antonio-canales-en-diciembre\/#primaryimage"},"image":{"@id":"https:\/\/cardamomo.com\/es\/show\/antonio-canales-en-diciembre\/#primaryimage"},"thumbnailUrl":"https:\/\/cardamomo.ams3.digitaloceanspaces.com\/wp-content\/uploads\/2021\/11\/15115959\/photo-2021-11-17-19-21-41.jpg","datePublished":"2021-11-19T13:25:21+00:00","breadcrumb":{"@id":"https:\/\/cardamomo.com\/es\/show\/antonio-canales-en-diciembre\/#breadcrumb"},"inLanguage":"es","potentialAction":[{"@type":"ReadAction","target":[["https:\/\/cardamomo.com\/es\/show\/antonio-canales-en-diciembre\/"]]}]},{"@type":"ImageObject","inLanguage":"es","@id":"https:\/\/cardamomo.com\/es\/show\/antonio-canales-en-diciembre\/#primaryimage","url":"https:\/\/cardamomo.ams3.digitaloceanspaces.com\/wp-content\/uploads\/2021\/11\/15115959\/photo-2021-11-17-19-21-41.jpg","contentUrl":"https:\/\/cardamomo.ams3.digitaloceanspaces.com\/wp-content\/uploads\/2021\/11\/15115959\/photo-2021-11-17-19-21-41.jpg","width":1024,"height":1024,"caption":"Antonio Canales en Diciembre en Cardamomo Tablao Flamenco"},{"@type":"BreadcrumbList","@id":"https:\/\/cardamomo.com\/es\/show\/antonio-canales-en-diciembre\/#breadcrumb","itemListElement":[{"@type":"ListItem","position":1,"name":"Cardamomo","item":"https:\/\/cardamomo.com\/es\/"},{"@type":"ListItem","position":2,"name":"Shows","item":"https:\/\/cardamomo.com\/es\/show\/"},{"@type":"ListItem","position":3,"name":"Antonio Canales en Diciembre"}]},{"@type":"WebSite","@id":"https:\/\/cardamomo.com\/es\/#website","url":"https:\/\/cardamomo.com\/es\/","name":"Cardamomo Flamenco Madrid","description":"","potentialAction":[{"@type":"SearchAction","target":{"@type":"EntryPoint","urlTemplate":"https:\/\/cardamomo.com\/es\/?s={search_term_string}"},"query-input":{"@type":"PropertyValueSpecification","valueRequired":true,"valueName":"search_term_string"}}],"inLanguage":"es"}]}},"_links":{"self":[{"href":"https:\/\/cardamomo.com\/es\/wp-json\/wp\/v2\/show\/89578","targetHints":{"allow":["GET"]}}],"collection":[{"href":"https:\/\/cardamomo.com\/es\/wp-json\/wp\/v2\/show"}],"about":[{"href":"https:\/\/cardamomo.com\/es\/wp-json\/wp\/v2\/types\/show"}],"wp:featuredmedia":[{"embeddable":true,"href":"https:\/\/cardamomo.com\/es\/wp-json\/wp\/v2\/media\/89576"}],"wp:attachment":[{"href":"https:\/\/cardamomo.com\/es\/wp-json\/wp\/v2\/media?parent=89578"}],"curies":[{"name":"wp","href":"https:\/\/api.w.org\/{rel}","templated":true}]}}

<p></p>
<h3 style="text-align: center;">¡Considerado uno de los mejores bailaores del mundo, símbolo y representación del Flamenco, Premio Nacional de Danza y Medalla de Oro al mérito en las Bellas Artes!</h3>
<h2 style="text-align: center;"><strong><span style="color: #ff0000;">Antonio Canales</span></strong></h2>
<p style="text-align: center;"><strong>TRES únicos espectáculos &#8211; 17,18 y 19 de Diciembre a las 22:30!</strong></p>
<p>Es la primera vez que vuelve a bailar en un tablao después del Reality Show &#8211; Supervivientes &#8211; y para nosotros siempre es una alegría y un honor recibirlo en nuestra casa. Canales es un ejemplo de superación, compañerismo y honestidad.</p>
<p>En Cardamomo, Antonio Canales se siente en familia. Algunos de los artistas del cuadro flamenco de Cardamomo, como Laura Abadía y David Jiménez  ya han compartido escenario con el maestro trabajando en compañía del artista (<strong>Ballet Flamenco Antonio Canales)</strong>, con espectáculos que promueven el arte y la cultura flamenca como <strong><em>Torero, A cuerda y tacón o Gitano.</em></strong></p>
<p>Hemos preparado un cuadro de lujo que estará acompañando al maestro. Entre ellos, la gran bailaora, nieta de Carmen Amaya, <strong>KARIME AMAYA</strong>.</p>
<p>Durante esas tres noches, la frescura y la sabiduría reinará en nuestro escenario, y juntos harán que disfrutemos con ellos desde muy cerca.</p>
<p>Es un aforo limitado para <strong>80 personas</strong>, las entradas vuelan! Adquiere ya la tuya, porque no os lo podéis perder.</p>
<p style="text-align: center;"><strong>Si amas el arte flamenco, Cardamomo es una experiencia que tienes que vivir.</strong></p>
<p><a href="https://es.wikipedia.org/wiki/Antonio_Canales_(bailaor)">Wikipedia Antonio Canales</a></p>
<p>&nbsp;</p>

<!-- This site is optimized with the Yoast SEO plugin v27.4 - https://yoast.com/product/yoast-seo-wordpress/ -->
<title>Antonio Canales en Diciembre - Cardamomo Flamenco Madrid</title>
<meta name="robots" content="index, follow, max-snippet:-1, max-image-preview:large, max-video-preview:-1" />
<link rel="canonical" href="/" />
<meta property="og:locale" content="es_ES" />
<meta property="og:type" content="article" />
<meta property="og:title" content="Antonio Canales en Diciembre - Cardamomo Flamenco Madrid" />
<meta property="og:description" content="¡Considerado uno de los mejores bailaores del mundo, símbolo y representación del Flamenco, Premio Nacional de Danza y Medalla de Oro al mérito en las Bellas Artes! Antonio Canales TRES únicos espectáculos &#8211; 17,18 y 19 de Diciembre a las 22:30! Es la primera vez que vuelve a bailar en un tablao después del Reality..." />
<meta property="og:url" content="https://cardamomo.com/es/show/antonio-canales-en-diciembre/" />
<meta property="og:site_name" content="Cardamomo Flamenco Madrid" />
<meta property="og:image" content="https://cardamomo.ams3.digitaloceanspaces.com/wp-content/uploads/2021/11/15115959/photo-2021-11-17-19-21-41.jpg" />
	<meta property="og:image:width" content="1024" />
	<meta property="og:image:height" content="1024" />
	<meta property="og:image:type" content="image/jpeg" />
<meta name="twitter:card" content="summary_large_image" />
<meta name="twitter:label1" content="Tiempo de lectura" />
	<meta name="twitter:data1" content="1 minuto" />
<script type="application/ld+json" class="yoast-schema-graph">{"@context":"https:\/\/schema.org","@graph":[{"@type":"WebPage","@id":"https:\/\/cardamomo.com\/es\/show\/antonio-canales-en-diciembre\/","url":"https:\/\/cardamomo.com\/es\/show\/antonio-canales-en-diciembre\/","name":"Antonio Canales en Diciembre - Cardamomo Flamenco Madrid","isPartOf":{"@id":"https:\/\/cardamomo.com\/es\/#website"},"primaryImageOfPage":{"@id":"https:\/\/cardamomo.com\/es\/show\/antonio-canales-en-diciembre\/#primaryimage"},"image":{"@id":"https:\/\/cardamomo.com\/es\/show\/antonio-canales-en-diciembre\/#primaryimage"},"thumbnailUrl":"https:\/\/cardamomo.ams3.digitaloceanspaces.com\/wp-content\/uploads\/2021\/11\/15115959\/photo-2021-11-17-19-21-41.jpg","datePublished":"2021-11-19T13:25:21+00:00","breadcrumb":{"@id":"https:\/\/cardamomo.com\/es\/show\/antonio-canales-en-diciembre\/#breadcrumb"},"inLanguage":"es","potentialAction":[{"@type":"ReadAction","target":[["https:\/\/cardamomo.com\/es\/show\/antonio-canales-en-diciembre\/"]]}]},{"@type":"ImageObject","inLanguage":"es","@id":"https:\/\/cardamomo.com\/es\/show\/antonio-canales-en-diciembre\/#primaryimage","url":"https:\/\/cardamomo.ams3.digitaloceanspaces.com\/wp-content\/uploads\/2021\/11\/15115959\/photo-2021-11-17-19-21-41.jpg","contentUrl":"https:\/\/cardamomo.ams3.digitaloceanspaces.com\/wp-content\/uploads\/2021\/11\/15115959\/photo-2021-11-17-19-21-41.jpg","width":1024,"height":1024,"caption":"Antonio Canales en Diciembre en Cardamomo Tablao Flamenco"},{"@type":"BreadcrumbList","@id":"https:\/\/cardamomo.com\/es\/show\/antonio-canales-en-diciembre\/#breadcrumb","itemListElement":[{"@type":"ListItem","position":1,"name":"Cardamomo","item":"https:\/\/cardamomo.com\/es\/"},{"@type":"ListItem","position":2,"name":"Shows","item":"https:\/\/cardamomo.com\/es\/show\/"},{"@type":"ListItem","position":3,"name":"Antonio Canales en Diciembre"}]},{"@type":"WebSite","@id":"https:\/\/cardamomo.com\/es\/#website","url":"https:\/\/cardamomo.com\/es\/","name":"Cardamomo Flamenco Madrid","description":"","potentialAction":[{"@type":"SearchAction","target":{"@type":"EntryPoint","urlTemplate":"https:\/\/cardamomo.com\/es\/?s={search_term_string}"},"query-input":{"@type":"PropertyValueSpecification","valueRequired":true,"valueName":"search_term_string"}}],"inLanguage":"es"}]}</script>
<!-- / Yoast SEO plugin. -->

¡Considerado uno de los mejores bailaores del mundo, símbolo y representación del Flamenco, Premio Nacional de Danza y Medalla de Oro al mérito en las Bellas Artes! Antonio Canales TRES únicos espectáculos &#8211; 17,18 y 19 de Diciembre a las 22:30! Es la primera vez que vuelve a bailar en un tablao después del Reality...
