{"id":86856,"date":"2021-09-30T13:05:46","date_gmt":"2021-09-30T11:05:46","guid":{"rendered":"https:\/\/cardamomo.com\/es\/?post_type=show&amp;p=86856"},"modified":"2021-09-30T13:05:46","modified_gmt":"2021-09-30T11:05:46","slug":"macarena-ramirez","status":"publish","type":"show","link":"https:\/\/cardamomo.com\/es\/show\/macarena-ramirez\/","title":{"rendered":"Macarena Ram\u00edrez vuelve a Cardamomo"},"content":{"rendered":"<p><\/p>\n<h2>La bailaora gaditana estar\u00e1 en nuestro escenario del\u00a0 17 al 22 de Octubre.<\/h2>\n<p>Macarena Ram\u00edrez se form\u00f3 en el conservatorio Maribel Gallardo de C\u00e1diz y ha seguido form\u00e1ndose en las artes esc\u00e9nicas. Ya desde ni\u00f1a despunt\u00f3 como artista y bailaora, llegando a ser una de las bailarinas de la compa\u00f1\u00eda de Antonio el Pipa en 2002, en la que participa en \u201cPuertas adentro\u201d, \u201cDanza Cali\u201d y \u201cDe tablao\u201d. Tambi\u00e9n interpret\u00f3 a <strong>Lola Flores<\/strong> de ni\u00f1a en la pel\u00edcula \u201cLola, la pel\u00edcula\u201d.<\/p>\n<p>Recientemente ha iniciado su carrera como core\u00f3grafa, creando su propia compa\u00f1\u00eda de flamenco y presentando sus dos primeros espect\u00e1culos: \u201c8 letras, 8 palos\u201d y \u201cRecuerdos\u201d. A trav\u00e9s de esta \u00faltima, la artista se mete en la piel de una antigua bailaora retirada, que rememora su juventud como bailaora y artista, vida a la que tuvo que renunciar para dedicarse a su familia. Por otro lado, su carrera art\u00edstica traspasa las pantallas cuando en 2021 se declara ganadora en el programa de televisi\u00f3n de TVE \u00a0<strong>\u00abThe Dancer\u00bb.\u00a0<\/strong><\/p>\n<p>Una artista de los pies a la cabeza. \u00a1No te pierdas su espect\u00e1culo!<\/p>\n<p><strong>Reservas \u2b07\ufe0f<\/strong><\/p>\n<p class=\"p1\"><strong><span class=\"s1\">????\u00a0<\/span>reservas@cardamomo.com<\/strong><\/p>\n<p class=\"p2\"><strong>\u260e\ufe0f (\u200b +34) 91 805 1038\/ (+34) 691 02 21 17<\/strong><\/p>\n<p class=\"p1\"><strong><span class=\"s1\">????\u00a0<\/span>cardamomo.com<\/strong><\/p>\n<p>&nbsp;<\/p>\n<p><img loading=\"lazy\" decoding=\"async\" class=\"alignnone wp-image-110199\" src=\"https:\/\/cardamomo.com\/wp-content\/uploads\/2022\/03\/log_comunidad_m.jpg\" alt=\"\" width=\"38\" height=\"54\" \/><img loading=\"lazy\" decoding=\"async\" class=\"alignnone wp-image-110187\" src=\"https:\/\/cardamomo.com\/wp-content\/uploads\/2022\/03\/firma_madrid_negro-300x82.png\" alt=\"\" width=\"227\" height=\"62\" \/><img loading=\"lazy\" decoding=\"async\" class=\"alignnone wp-image-110186\" src=\"https:\/\/cardamomo.com\/wp-content\/uploads\/2022\/03\/inaem-02-cajetin-rojo-300x53.png\" alt=\"\" width=\"294\" height=\"52\" \/><\/p>","protected":false},"featured_media":95501,"template":"","meta":{"_acf_changed":false,"inline_featured_image":false},"class_list":["post-86856","show","type-show","status-publish","has-post-thumbnail","hentry"],"acf":[],"yoast_head":"<!-- This site is optimized with the Yoast SEO plugin v27.4 - https:\/\/yoast.com\/product\/yoast-seo-wordpress\/ -->\n<title>Macarena Ram\u00edrez vuelve a Cardamomo - Cardamomo Flamenco Madrid<\/title>\n<meta name=\"robots\" content=\"index, follow, max-snippet:-1, max-image-preview:large, max-video-preview:-1\" \/>\n<link rel=\"canonical\" href=\"\/\" \/>\n<meta property=\"og:locale\" content=\"es_ES\" \/>\n<meta property=\"og:type\" content=\"article\" \/>\n<meta property=\"og:title\" content=\"Macarena Ram\u00edrez vuelve a Cardamomo - Cardamomo Flamenco Madrid\" \/>\n<meta property=\"og:description\" content=\"La bailaora gaditana estar\u00e1 en nuestro escenario del\u00a0 17 al 22 de Octubre. Macarena Ram\u00edrez se form\u00f3 en el conservatorio Maribel Gallardo de C\u00e1diz y ha seguido form\u00e1ndose en las artes esc\u00e9nicas. Ya desde ni\u00f1a despunt\u00f3 como artista y bailaora, llegando a ser una de las bailarinas de la compa\u00f1\u00eda de Antonio el Pipa en...\" \/>\n<meta property=\"og:url\" content=\"https:\/\/cardamomo.com\/es\/show\/macarena-ramirez\/\" \/>\n<meta property=\"og:site_name\" content=\"Cardamomo Flamenco Madrid\" \/>\n<meta name=\"twitter:card\" content=\"summary_large_image\" \/>\n<meta name=\"twitter:label1\" content=\"Tiempo de lectura\" \/>\n\t<meta name=\"twitter:data1\" content=\"1 minuto\" \/>\n<script type=\"application\/ld+json\" class=\"yoast-schema-graph\">{\"@context\":\"https:\\\/\\\/schema.org\",\"@graph\":[{\"@type\":\"WebPage\",\"@id\":\"https:\\\/\\\/cardamomo.com\\\/es\\\/show\\\/macarena-ramirez\\\/\",\"url\":\"https:\\\/\\\/cardamomo.com\\\/es\\\/show\\\/macarena-ramirez\\\/\",\"name\":\"Macarena Ram\u00edrez vuelve a Cardamomo - Cardamomo Flamenco Madrid\",\"isPartOf\":{\"@id\":\"https:\\\/\\\/cardamomo.com\\\/es\\\/#website\"},\"primaryImageOfPage\":{\"@id\":\"https:\\\/\\\/cardamomo.com\\\/es\\\/show\\\/macarena-ramirez\\\/#primaryimage\"},\"image\":{\"@id\":\"https:\\\/\\\/cardamomo.com\\\/es\\\/show\\\/macarena-ramirez\\\/#primaryimage\"},\"thumbnailUrl\":\"\",\"datePublished\":\"2021-09-30T11:05:46+00:00\",\"breadcrumb\":{\"@id\":\"https:\\\/\\\/cardamomo.com\\\/es\\\/show\\\/macarena-ramirez\\\/#breadcrumb\"},\"inLanguage\":\"es\",\"potentialAction\":[{\"@type\":\"ReadAction\",\"target\":[[\"https:\\\/\\\/cardamomo.com\\\/es\\\/show\\\/macarena-ramirez\\\/\"]]}]},{\"@type\":\"ImageObject\",\"inLanguage\":\"es\",\"@id\":\"https:\\\/\\\/cardamomo.com\\\/es\\\/show\\\/macarena-ramirez\\\/#primaryimage\",\"url\":\"\",\"contentUrl\":\"\"},{\"@type\":\"BreadcrumbList\",\"@id\":\"https:\\\/\\\/cardamomo.com\\\/es\\\/show\\\/macarena-ramirez\\\/#breadcrumb\",\"itemListElement\":[{\"@type\":\"ListItem\",\"position\":1,\"name\":\"Cardamomo\",\"item\":\"https:\\\/\\\/cardamomo.com\\\/es\\\/\"},{\"@type\":\"ListItem\",\"position\":2,\"name\":\"Shows\",\"item\":\"https:\\\/\\\/cardamomo.com\\\/es\\\/show\\\/\"},{\"@type\":\"ListItem\",\"position\":3,\"name\":\"Macarena Ram\u00edrez vuelve a Cardamomo\"}]},{\"@type\":\"WebSite\",\"@id\":\"https:\\\/\\\/cardamomo.com\\\/es\\\/#website\",\"url\":\"https:\\\/\\\/cardamomo.com\\\/es\\\/\",\"name\":\"Cardamomo Flamenco Madrid\",\"description\":\"\",\"potentialAction\":[{\"@type\":\"SearchAction\",\"target\":{\"@type\":\"EntryPoint\",\"urlTemplate\":\"https:\\\/\\\/cardamomo.com\\\/es\\\/?s={search_term_string}\"},\"query-input\":{\"@type\":\"PropertyValueSpecification\",\"valueRequired\":true,\"valueName\":\"search_term_string\"}}],\"inLanguage\":\"es\"}]}<\/script>\n<!-- \/ Yoast SEO plugin. -->","yoast_head_json":{"title":"Macarena Ram\u00edrez vuelve a Cardamomo - Cardamomo Flamenco Madrid","robots":{"index":"index","follow":"follow","max-snippet":"max-snippet:-1","max-image-preview":"max-image-preview:large","max-video-preview":"max-video-preview:-1"},"canonical":"\/","og_locale":"es_ES","og_type":"article","og_title":"Macarena Ram\u00edrez vuelve a Cardamomo - Cardamomo Flamenco Madrid","og_description":"La bailaora gaditana estar\u00e1 en nuestro escenario del\u00a0 17 al 22 de Octubre. Macarena Ram\u00edrez se form\u00f3 en el conservatorio Maribel Gallardo de C\u00e1diz y ha seguido form\u00e1ndose en las artes esc\u00e9nicas. Ya desde ni\u00f1a despunt\u00f3 como artista y bailaora, llegando a ser una de las bailarinas de la compa\u00f1\u00eda de Antonio el Pipa en...","og_url":"https:\/\/cardamomo.com\/es\/show\/macarena-ramirez\/","og_site_name":"Cardamomo Flamenco Madrid","twitter_card":"summary_large_image","twitter_misc":{"Tiempo de lectura":"1 minuto"},"schema":{"@context":"https:\/\/schema.org","@graph":[{"@type":"WebPage","@id":"https:\/\/cardamomo.com\/es\/show\/macarena-ramirez\/","url":"https:\/\/cardamomo.com\/es\/show\/macarena-ramirez\/","name":"Macarena Ram\u00edrez vuelve a Cardamomo - Cardamomo Flamenco Madrid","isPartOf":{"@id":"https:\/\/cardamomo.com\/es\/#website"},"primaryImageOfPage":{"@id":"https:\/\/cardamomo.com\/es\/show\/macarena-ramirez\/#primaryimage"},"image":{"@id":"https:\/\/cardamomo.com\/es\/show\/macarena-ramirez\/#primaryimage"},"thumbnailUrl":"","datePublished":"2021-09-30T11:05:46+00:00","breadcrumb":{"@id":"https:\/\/cardamomo.com\/es\/show\/macarena-ramirez\/#breadcrumb"},"inLanguage":"es","potentialAction":[{"@type":"ReadAction","target":[["https:\/\/cardamomo.com\/es\/show\/macarena-ramirez\/"]]}]},{"@type":"ImageObject","inLanguage":"es","@id":"https:\/\/cardamomo.com\/es\/show\/macarena-ramirez\/#primaryimage","url":"","contentUrl":""},{"@type":"BreadcrumbList","@id":"https:\/\/cardamomo.com\/es\/show\/macarena-ramirez\/#breadcrumb","itemListElement":[{"@type":"ListItem","position":1,"name":"Cardamomo","item":"https:\/\/cardamomo.com\/es\/"},{"@type":"ListItem","position":2,"name":"Shows","item":"https:\/\/cardamomo.com\/es\/show\/"},{"@type":"ListItem","position":3,"name":"Macarena Ram\u00edrez vuelve a Cardamomo"}]},{"@type":"WebSite","@id":"https:\/\/cardamomo.com\/es\/#website","url":"https:\/\/cardamomo.com\/es\/","name":"Cardamomo Flamenco Madrid","description":"","potentialAction":[{"@type":"SearchAction","target":{"@type":"EntryPoint","urlTemplate":"https:\/\/cardamomo.com\/es\/?s={search_term_string}"},"query-input":{"@type":"PropertyValueSpecification","valueRequired":true,"valueName":"search_term_string"}}],"inLanguage":"es"}]}},"_links":{"self":[{"href":"https:\/\/cardamomo.com\/es\/wp-json\/wp\/v2\/show\/86856","targetHints":{"allow":["GET"]}}],"collection":[{"href":"https:\/\/cardamomo.com\/es\/wp-json\/wp\/v2\/show"}],"about":[{"href":"https:\/\/cardamomo.com\/es\/wp-json\/wp\/v2\/types\/show"}],"wp:featuredmedia":[{"embeddable":true,"href":"https:\/\/cardamomo.com\/es\/wp-json\/"}],"wp:attachment":[{"href":"https:\/\/cardamomo.com\/es\/wp-json\/wp\/v2\/media?parent=86856"}],"curies":[{"name":"wp","href":"https:\/\/api.w.org\/{rel}","templated":true}]}}

Macarena Ramírez vuelve a Cardamomo

<p></p>
<h2>La bailaora gaditana estará en nuestro escenario del  17 al 22 de Octubre.</h2>
<p>Macarena Ramírez se formó en el conservatorio Maribel Gallardo de Cádiz y ha seguido formándose en las artes escénicas. Ya desde niña despuntó como artista y bailaora, llegando a ser una de las bailarinas de la compañía de Antonio el Pipa en 2002, en la que participa en “Puertas adentro”, “Danza Cali” y “De tablao”. También interpretó a <strong>Lola Flores</strong> de niña en la película “Lola, la película”.</p>
<p>Recientemente ha iniciado su carrera como coreógrafa, creando su propia compañía de flamenco y presentando sus dos primeros espectáculos: “8 letras, 8 palos” y “Recuerdos”. A través de esta última, la artista se mete en la piel de una antigua bailaora retirada, que rememora su juventud como bailaora y artista, vida a la que tuvo que renunciar para dedicarse a su familia. Por otro lado, su carrera artística traspasa las pantallas cuando en 2021 se declara ganadora en el programa de televisión de TVE  <strong>«The Dancer». </strong></p>
<p>Una artista de los pies a la cabeza. ¡No te pierdas su espectáculo!</p>
<p><strong>Reservas ⬇️</strong></p>
<p class="p1"><strong><span class="s1">???? </span>reservas@cardamomo.com</strong></p>
<p class="p2"><strong>☎️ (​ +34) 91 805 1038/ (+34) 691 02 21 17</strong></p>
<p class="p1"><strong><span class="s1">???? </span>cardamomo.com</strong></p>
<p>&nbsp;</p>
<p><img loading="lazy" decoding="async" class="alignnone wp-image-110199" src="https://cardamomo.com/wp-content/uploads/2022/03/log_comunidad_m.jpg" alt="" width="38" height="54" /><img loading="lazy" decoding="async" class="alignnone wp-image-110187" src="https://cardamomo.com/wp-content/uploads/2022/03/firma_madrid_negro-300x82.png" alt="" width="227" height="62" /><img loading="lazy" decoding="async" class="alignnone wp-image-110186" src="https://cardamomo.com/wp-content/uploads/2022/03/inaem-02-cajetin-rojo-300x53.png" alt="" width="294" height="52" /></p>

<!-- This site is optimized with the Yoast SEO plugin v27.4 - https://yoast.com/product/yoast-seo-wordpress/ -->
<title>Macarena Ramírez vuelve a Cardamomo - Cardamomo Flamenco Madrid</title>
<meta name="robots" content="index, follow, max-snippet:-1, max-image-preview:large, max-video-preview:-1" />
<link rel="canonical" href="/" />
<meta property="og:locale" content="es_ES" />
<meta property="og:type" content="article" />
<meta property="og:title" content="Macarena Ramírez vuelve a Cardamomo - Cardamomo Flamenco Madrid" />
<meta property="og:description" content="La bailaora gaditana estará en nuestro escenario del  17 al 22 de Octubre. Macarena Ramírez se formó en el conservatorio Maribel Gallardo de Cádiz y ha seguido formándose en las artes escénicas. Ya desde niña despuntó como artista y bailaora, llegando a ser una de las bailarinas de la compañía de Antonio el Pipa en..." />
<meta property="og:url" content="https://cardamomo.com/es/show/macarena-ramirez/" />
<meta property="og:site_name" content="Cardamomo Flamenco Madrid" />
<meta name="twitter:card" content="summary_large_image" />
<meta name="twitter:label1" content="Tiempo de lectura" />
	<meta name="twitter:data1" content="1 minuto" />
<script type="application/ld+json" class="yoast-schema-graph">{"@context":"https:\/\/schema.org","@graph":[{"@type":"WebPage","@id":"https:\/\/cardamomo.com\/es\/show\/macarena-ramirez\/","url":"https:\/\/cardamomo.com\/es\/show\/macarena-ramirez\/","name":"Macarena Ramírez vuelve a Cardamomo - Cardamomo Flamenco Madrid","isPartOf":{"@id":"https:\/\/cardamomo.com\/es\/#website"},"primaryImageOfPage":{"@id":"https:\/\/cardamomo.com\/es\/show\/macarena-ramirez\/#primaryimage"},"image":{"@id":"https:\/\/cardamomo.com\/es\/show\/macarena-ramirez\/#primaryimage"},"thumbnailUrl":"","datePublished":"2021-09-30T11:05:46+00:00","breadcrumb":{"@id":"https:\/\/cardamomo.com\/es\/show\/macarena-ramirez\/#breadcrumb"},"inLanguage":"es","potentialAction":[{"@type":"ReadAction","target":[["https:\/\/cardamomo.com\/es\/show\/macarena-ramirez\/"]]}]},{"@type":"ImageObject","inLanguage":"es","@id":"https:\/\/cardamomo.com\/es\/show\/macarena-ramirez\/#primaryimage","url":"","contentUrl":""},{"@type":"BreadcrumbList","@id":"https:\/\/cardamomo.com\/es\/show\/macarena-ramirez\/#breadcrumb","itemListElement":[{"@type":"ListItem","position":1,"name":"Cardamomo","item":"https:\/\/cardamomo.com\/es\/"},{"@type":"ListItem","position":2,"name":"Shows","item":"https:\/\/cardamomo.com\/es\/show\/"},{"@type":"ListItem","position":3,"name":"Macarena Ramírez vuelve a Cardamomo"}]},{"@type":"WebSite","@id":"https:\/\/cardamomo.com\/es\/#website","url":"https:\/\/cardamomo.com\/es\/","name":"Cardamomo Flamenco Madrid","description":"","potentialAction":[{"@type":"SearchAction","target":{"@type":"EntryPoint","urlTemplate":"https:\/\/cardamomo.com\/es\/?s={search_term_string}"},"query-input":{"@type":"PropertyValueSpecification","valueRequired":true,"valueName":"search_term_string"}}],"inLanguage":"es"}]}</script>
<!-- / Yoast SEO plugin. -->

Macarena Ramírez vuelve a Cardamomo - Cardamomo Flamenco Madrid

La bailaora gaditana estará en nuestro escenario del  17 al 22 de Octubre. Macarena Ramírez se formó en el conservatorio Maribel Gallardo de Cádiz y ha seguido formándose en las artes escénicas. Ya desde niña despuntó como artista y bailaora, llegando a ser una de las bailarinas de la compañía de Antonio el Pipa en...
