{"id":81800,"date":"2021-05-31T14:15:07","date_gmt":"2021-05-31T12:15:07","guid":{"rendered":"https:\/\/cardamomo.com\/es\/?post_type=show&amp;p=81800"},"modified":"2021-05-31T14:15:07","modified_gmt":"2021-05-31T12:15:07","slug":"del-17-al-20-de-junio-choro-molina","status":"publish","type":"show","link":"https:\/\/cardamomo.com\/es\/show\/el-talentoso-bailaor-choro-molina-vuelve-a-cardamomo\/","title":{"rendered":"El talentoso bailaor Choro Molina vuelve a Cardamomo"},"content":{"rendered":"<p>Artista galardonado en m\u00faltiples ocasiones y bailaor principal de compa\u00f1\u00edas como Israel Galv\u00e1n o Eva la Yerbabuena.<br \/>\nCon una trayectoria larga y acostumbrada a grandes audiencias de teatros, festivales, y m\u00e1s, viene a Cardamomo a buscar el calor del p\u00fablico desde la proximidad. Esa atm\u00f3sfera que s\u00f3lo se encuentra en audiencias tan \u00edntimas como la de nuestro tablao.<\/p>\n<p>No era posible llevar a cabo un ciclo de los bailaores y de las bailaoras m\u00e1s reconocidos del mundo, que se sintiera completo, sin su presencia. Pues este artista que present\u00f3 en 2015, el espect\u00e1culo <em>\u00abAviso: Bayles de Jitanos\u00bb<\/em> con su propia compa\u00f1\u00eda en el festival de jerez, es uno de los m\u00e1s apreciados dentro del mundo del flamenco.<\/p>\n<p>No te pierdas a este talentoso bailaor en directo en Cardamomo Tablao Flamenco.<\/p>\n<p><strong>Reservas \u2b07\ufe0f<\/strong><\/p>\n<p class=\"p1\"><strong><span class=\"s1\">???? <\/span>reservas@cardamomo.com<\/strong><\/p>\n<p class=\"p2\"><strong>\u260e\ufe0f (\u200b +34) 91 805 1038\/ (+34) 691 02 21 17<\/strong><\/p>\n<p class=\"p1\"><strong><span class=\"s1\">???? <\/span>cardamomo.com<\/strong><\/p>\n<p><img loading=\"lazy\" decoding=\"async\" class=\"alignnone wp-image-110199\" src=\"https:\/\/cardamomo.com\/wp-content\/uploads\/2022\/03\/log_comunidad_m.jpg\" alt=\"\" width=\"38\" height=\"54\" \/><img loading=\"lazy\" decoding=\"async\" class=\"alignnone wp-image-110187\" src=\"https:\/\/cardamomo.com\/wp-content\/uploads\/2022\/03\/firma_madrid_negro-300x82.png\" alt=\"\" width=\"227\" height=\"62\" \/><img loading=\"lazy\" decoding=\"async\" class=\"alignnone wp-image-110186\" src=\"https:\/\/cardamomo.com\/wp-content\/uploads\/2022\/03\/inaem-02-cajetin-rojo-300x53.png\" alt=\"\" width=\"294\" height=\"52\" \/><\/p>","protected":false},"featured_media":98607,"template":"","meta":{"_acf_changed":false,"inline_featured_image":false},"class_list":["post-81800","show","type-show","status-publish","has-post-thumbnail","hentry"],"acf":[],"yoast_head":"<!-- This site is optimized with the Yoast SEO plugin v27.4 - https:\/\/yoast.com\/product\/yoast-seo-wordpress\/ -->\n<title>El talentoso bailaor Choro Molina vuelve a Cardamomo - Cardamomo Flamenco Madrid<\/title>\n<meta name=\"robots\" content=\"index, follow, max-snippet:-1, max-image-preview:large, max-video-preview:-1\" \/>\n<link rel=\"canonical\" href=\"\/\" \/>\n<meta property=\"og:locale\" content=\"es_ES\" \/>\n<meta property=\"og:type\" content=\"article\" \/>\n<meta property=\"og:title\" content=\"El talentoso bailaor Choro Molina vuelve a Cardamomo - Cardamomo Flamenco Madrid\" \/>\n<meta property=\"og:description\" content=\"Artista galardonado en m\u00faltiples ocasiones y bailaor principal de compa\u00f1\u00edas como Israel Galv\u00e1n o Eva la Yerbabuena. Con una trayectoria larga y acostumbrada a grandes audiencias de teatros, festivales, y m\u00e1s, viene a Cardamomo a buscar el calor del p\u00fablico desde la proximidad. Esa atm\u00f3sfera que s\u00f3lo se encuentra en audiencias tan \u00edntimas como la...\" \/>\n<meta property=\"og:url\" content=\"https:\/\/cardamomo.com\/es\/show\/el-talentoso-bailaor-choro-molina-vuelve-a-cardamomo\/\" \/>\n<meta property=\"og:site_name\" content=\"Cardamomo Flamenco Madrid\" \/>\n<meta name=\"twitter:card\" content=\"summary_large_image\" \/>\n<meta name=\"twitter:label1\" content=\"Tiempo de lectura\" \/>\n\t<meta name=\"twitter:data1\" content=\"2 minutos\" \/>\n<script type=\"application\/ld+json\" class=\"yoast-schema-graph\">{\"@context\":\"https:\\\/\\\/schema.org\",\"@graph\":[{\"@type\":\"WebPage\",\"@id\":\"https:\\\/\\\/cardamomo.com\\\/es\\\/show\\\/el-talentoso-bailaor-choro-molina-vuelve-a-cardamomo\\\/\",\"url\":\"https:\\\/\\\/cardamomo.com\\\/es\\\/show\\\/el-talentoso-bailaor-choro-molina-vuelve-a-cardamomo\\\/\",\"name\":\"El talentoso bailaor Choro Molina vuelve a Cardamomo - Cardamomo Flamenco Madrid\",\"isPartOf\":{\"@id\":\"https:\\\/\\\/cardamomo.com\\\/es\\\/#website\"},\"primaryImageOfPage\":{\"@id\":\"https:\\\/\\\/cardamomo.com\\\/es\\\/show\\\/el-talentoso-bailaor-choro-molina-vuelve-a-cardamomo\\\/#primaryimage\"},\"image\":{\"@id\":\"https:\\\/\\\/cardamomo.com\\\/es\\\/show\\\/el-talentoso-bailaor-choro-molina-vuelve-a-cardamomo\\\/#primaryimage\"},\"thumbnailUrl\":\"\",\"datePublished\":\"2021-05-31T12:15:07+00:00\",\"breadcrumb\":{\"@id\":\"https:\\\/\\\/cardamomo.com\\\/es\\\/show\\\/el-talentoso-bailaor-choro-molina-vuelve-a-cardamomo\\\/#breadcrumb\"},\"inLanguage\":\"es\",\"potentialAction\":[{\"@type\":\"ReadAction\",\"target\":[[\"https:\\\/\\\/cardamomo.com\\\/es\\\/show\\\/el-talentoso-bailaor-choro-molina-vuelve-a-cardamomo\\\/\"]]}]},{\"@type\":\"ImageObject\",\"inLanguage\":\"es\",\"@id\":\"https:\\\/\\\/cardamomo.com\\\/es\\\/show\\\/el-talentoso-bailaor-choro-molina-vuelve-a-cardamomo\\\/#primaryimage\",\"url\":\"\",\"contentUrl\":\"\"},{\"@type\":\"BreadcrumbList\",\"@id\":\"https:\\\/\\\/cardamomo.com\\\/es\\\/show\\\/el-talentoso-bailaor-choro-molina-vuelve-a-cardamomo\\\/#breadcrumb\",\"itemListElement\":[{\"@type\":\"ListItem\",\"position\":1,\"name\":\"Cardamomo\",\"item\":\"https:\\\/\\\/cardamomo.com\\\/es\\\/\"},{\"@type\":\"ListItem\",\"position\":2,\"name\":\"Shows\",\"item\":\"https:\\\/\\\/cardamomo.com\\\/es\\\/show\\\/\"},{\"@type\":\"ListItem\",\"position\":3,\"name\":\"El talentoso bailaor Choro Molina vuelve a Cardamomo\"}]},{\"@type\":\"WebSite\",\"@id\":\"https:\\\/\\\/cardamomo.com\\\/es\\\/#website\",\"url\":\"https:\\\/\\\/cardamomo.com\\\/es\\\/\",\"name\":\"Cardamomo Flamenco Madrid\",\"description\":\"\",\"potentialAction\":[{\"@type\":\"SearchAction\",\"target\":{\"@type\":\"EntryPoint\",\"urlTemplate\":\"https:\\\/\\\/cardamomo.com\\\/es\\\/?s={search_term_string}\"},\"query-input\":{\"@type\":\"PropertyValueSpecification\",\"valueRequired\":true,\"valueName\":\"search_term_string\"}}],\"inLanguage\":\"es\"}]}<\/script>\n<!-- \/ Yoast SEO plugin. -->","yoast_head_json":{"title":"El talentoso bailaor Choro Molina vuelve a Cardamomo - Cardamomo Flamenco Madrid","robots":{"index":"index","follow":"follow","max-snippet":"max-snippet:-1","max-image-preview":"max-image-preview:large","max-video-preview":"max-video-preview:-1"},"canonical":"\/","og_locale":"es_ES","og_type":"article","og_title":"El talentoso bailaor Choro Molina vuelve a Cardamomo - Cardamomo Flamenco Madrid","og_description":"Artista galardonado en m\u00faltiples ocasiones y bailaor principal de compa\u00f1\u00edas como Israel Galv\u00e1n o Eva la Yerbabuena. Con una trayectoria larga y acostumbrada a grandes audiencias de teatros, festivales, y m\u00e1s, viene a Cardamomo a buscar el calor del p\u00fablico desde la proximidad. Esa atm\u00f3sfera que s\u00f3lo se encuentra en audiencias tan \u00edntimas como la...","og_url":"https:\/\/cardamomo.com\/es\/show\/el-talentoso-bailaor-choro-molina-vuelve-a-cardamomo\/","og_site_name":"Cardamomo Flamenco Madrid","twitter_card":"summary_large_image","twitter_misc":{"Tiempo de lectura":"2 minutos"},"schema":{"@context":"https:\/\/schema.org","@graph":[{"@type":"WebPage","@id":"https:\/\/cardamomo.com\/es\/show\/el-talentoso-bailaor-choro-molina-vuelve-a-cardamomo\/","url":"https:\/\/cardamomo.com\/es\/show\/el-talentoso-bailaor-choro-molina-vuelve-a-cardamomo\/","name":"El talentoso bailaor Choro Molina vuelve a Cardamomo - Cardamomo Flamenco Madrid","isPartOf":{"@id":"https:\/\/cardamomo.com\/es\/#website"},"primaryImageOfPage":{"@id":"https:\/\/cardamomo.com\/es\/show\/el-talentoso-bailaor-choro-molina-vuelve-a-cardamomo\/#primaryimage"},"image":{"@id":"https:\/\/cardamomo.com\/es\/show\/el-talentoso-bailaor-choro-molina-vuelve-a-cardamomo\/#primaryimage"},"thumbnailUrl":"","datePublished":"2021-05-31T12:15:07+00:00","breadcrumb":{"@id":"https:\/\/cardamomo.com\/es\/show\/el-talentoso-bailaor-choro-molina-vuelve-a-cardamomo\/#breadcrumb"},"inLanguage":"es","potentialAction":[{"@type":"ReadAction","target":[["https:\/\/cardamomo.com\/es\/show\/el-talentoso-bailaor-choro-molina-vuelve-a-cardamomo\/"]]}]},{"@type":"ImageObject","inLanguage":"es","@id":"https:\/\/cardamomo.com\/es\/show\/el-talentoso-bailaor-choro-molina-vuelve-a-cardamomo\/#primaryimage","url":"","contentUrl":""},{"@type":"BreadcrumbList","@id":"https:\/\/cardamomo.com\/es\/show\/el-talentoso-bailaor-choro-molina-vuelve-a-cardamomo\/#breadcrumb","itemListElement":[{"@type":"ListItem","position":1,"name":"Cardamomo","item":"https:\/\/cardamomo.com\/es\/"},{"@type":"ListItem","position":2,"name":"Shows","item":"https:\/\/cardamomo.com\/es\/show\/"},{"@type":"ListItem","position":3,"name":"El talentoso bailaor Choro Molina vuelve a Cardamomo"}]},{"@type":"WebSite","@id":"https:\/\/cardamomo.com\/es\/#website","url":"https:\/\/cardamomo.com\/es\/","name":"Cardamomo Flamenco Madrid","description":"","potentialAction":[{"@type":"SearchAction","target":{"@type":"EntryPoint","urlTemplate":"https:\/\/cardamomo.com\/es\/?s={search_term_string}"},"query-input":{"@type":"PropertyValueSpecification","valueRequired":true,"valueName":"search_term_string"}}],"inLanguage":"es"}]}},"_links":{"self":[{"href":"https:\/\/cardamomo.com\/es\/wp-json\/wp\/v2\/show\/81800","targetHints":{"allow":["GET"]}}],"collection":[{"href":"https:\/\/cardamomo.com\/es\/wp-json\/wp\/v2\/show"}],"about":[{"href":"https:\/\/cardamomo.com\/es\/wp-json\/wp\/v2\/types\/show"}],"wp:featuredmedia":[{"embeddable":true,"href":"https:\/\/cardamomo.com\/es\/wp-json\/"}],"wp:attachment":[{"href":"https:\/\/cardamomo.com\/es\/wp-json\/wp\/v2\/media?parent=81800"}],"curies":[{"name":"wp","href":"https:\/\/api.w.org\/{rel}","templated":true}]}}

<p>Artista galardonado en múltiples ocasiones y bailaor principal de compañías como Israel Galván o Eva la Yerbabuena.<br />
Con una trayectoria larga y acostumbrada a grandes audiencias de teatros, festivales, y más, viene a Cardamomo a buscar el calor del público desde la proximidad. Esa atmósfera que sólo se encuentra en audiencias tan íntimas como la de nuestro tablao.</p>
<p>No era posible llevar a cabo un ciclo de los bailaores y de las bailaoras más reconocidos del mundo, que se sintiera completo, sin su presencia. Pues este artista que presentó en 2015, el espectáculo <em>«Aviso: Bayles de Jitanos»</em> con su propia compañía en el festival de jerez, es uno de los más apreciados dentro del mundo del flamenco.</p>
<p>No te pierdas a este talentoso bailaor en directo en Cardamomo Tablao Flamenco.</p>
<p><strong>Reservas ⬇️</strong></p>
<p class="p1"><strong><span class="s1">???? </span>reservas@cardamomo.com</strong></p>
<p class="p2"><strong>☎️ (​ +34) 91 805 1038/ (+34) 691 02 21 17</strong></p>
<p class="p1"><strong><span class="s1">???? </span>cardamomo.com</strong></p>
<p><img loading="lazy" decoding="async" class="alignnone wp-image-110199" src="https://cardamomo.com/wp-content/uploads/2022/03/log_comunidad_m.jpg" alt="" width="38" height="54" /><img loading="lazy" decoding="async" class="alignnone wp-image-110187" src="https://cardamomo.com/wp-content/uploads/2022/03/firma_madrid_negro-300x82.png" alt="" width="227" height="62" /><img loading="lazy" decoding="async" class="alignnone wp-image-110186" src="https://cardamomo.com/wp-content/uploads/2022/03/inaem-02-cajetin-rojo-300x53.png" alt="" width="294" height="52" /></p>

<!-- This site is optimized with the Yoast SEO plugin v27.4 - https://yoast.com/product/yoast-seo-wordpress/ -->
<title>El talentoso bailaor Choro Molina vuelve a Cardamomo - Cardamomo Flamenco Madrid</title>
<meta name="robots" content="index, follow, max-snippet:-1, max-image-preview:large, max-video-preview:-1" />
<link rel="canonical" href="/" />
<meta property="og:locale" content="es_ES" />
<meta property="og:type" content="article" />
<meta property="og:title" content="El talentoso bailaor Choro Molina vuelve a Cardamomo - Cardamomo Flamenco Madrid" />
<meta property="og:description" content="Artista galardonado en múltiples ocasiones y bailaor principal de compañías como Israel Galván o Eva la Yerbabuena. Con una trayectoria larga y acostumbrada a grandes audiencias de teatros, festivales, y más, viene a Cardamomo a buscar el calor del público desde la proximidad. Esa atmósfera que sólo se encuentra en audiencias tan íntimas como la..." />
<meta property="og:url" content="https://cardamomo.com/es/show/el-talentoso-bailaor-choro-molina-vuelve-a-cardamomo/" />
<meta property="og:site_name" content="Cardamomo Flamenco Madrid" />
<meta name="twitter:card" content="summary_large_image" />
<meta name="twitter:label1" content="Tiempo de lectura" />
	<meta name="twitter:data1" content="2 minutos" />
<script type="application/ld+json" class="yoast-schema-graph">{"@context":"https:\/\/schema.org","@graph":[{"@type":"WebPage","@id":"https:\/\/cardamomo.com\/es\/show\/el-talentoso-bailaor-choro-molina-vuelve-a-cardamomo\/","url":"https:\/\/cardamomo.com\/es\/show\/el-talentoso-bailaor-choro-molina-vuelve-a-cardamomo\/","name":"El talentoso bailaor Choro Molina vuelve a Cardamomo - Cardamomo Flamenco Madrid","isPartOf":{"@id":"https:\/\/cardamomo.com\/es\/#website"},"primaryImageOfPage":{"@id":"https:\/\/cardamomo.com\/es\/show\/el-talentoso-bailaor-choro-molina-vuelve-a-cardamomo\/#primaryimage"},"image":{"@id":"https:\/\/cardamomo.com\/es\/show\/el-talentoso-bailaor-choro-molina-vuelve-a-cardamomo\/#primaryimage"},"thumbnailUrl":"","datePublished":"2021-05-31T12:15:07+00:00","breadcrumb":{"@id":"https:\/\/cardamomo.com\/es\/show\/el-talentoso-bailaor-choro-molina-vuelve-a-cardamomo\/#breadcrumb"},"inLanguage":"es","potentialAction":[{"@type":"ReadAction","target":[["https:\/\/cardamomo.com\/es\/show\/el-talentoso-bailaor-choro-molina-vuelve-a-cardamomo\/"]]}]},{"@type":"ImageObject","inLanguage":"es","@id":"https:\/\/cardamomo.com\/es\/show\/el-talentoso-bailaor-choro-molina-vuelve-a-cardamomo\/#primaryimage","url":"","contentUrl":""},{"@type":"BreadcrumbList","@id":"https:\/\/cardamomo.com\/es\/show\/el-talentoso-bailaor-choro-molina-vuelve-a-cardamomo\/#breadcrumb","itemListElement":[{"@type":"ListItem","position":1,"name":"Cardamomo","item":"https:\/\/cardamomo.com\/es\/"},{"@type":"ListItem","position":2,"name":"Shows","item":"https:\/\/cardamomo.com\/es\/show\/"},{"@type":"ListItem","position":3,"name":"El talentoso bailaor Choro Molina vuelve a Cardamomo"}]},{"@type":"WebSite","@id":"https:\/\/cardamomo.com\/es\/#website","url":"https:\/\/cardamomo.com\/es\/","name":"Cardamomo Flamenco Madrid","description":"","potentialAction":[{"@type":"SearchAction","target":{"@type":"EntryPoint","urlTemplate":"https:\/\/cardamomo.com\/es\/?s={search_term_string}"},"query-input":{"@type":"PropertyValueSpecification","valueRequired":true,"valueName":"search_term_string"}}],"inLanguage":"es"}]}</script>
<!-- / Yoast SEO plugin. -->

Artista galardonado en múltiples ocasiones y bailaor principal de compañías como Israel Galván o Eva la Yerbabuena. Con una trayectoria larga y acostumbrada a grandes audiencias de teatros, festivales, y más, viene a Cardamomo a buscar el calor del público desde la proximidad. Esa atmósfera que sólo se encuentra en audiencias tan íntimas como la...
