{"id":157979,"date":"2025-11-21T15:18:45","date_gmt":"2025-11-21T14:18:45","guid":{"rendered":"https:\/\/cardamomo.com\/es\/?post_type=show&#038;p=157979"},"modified":"2025-12-03T11:40:07","modified_gmt":"2025-12-03T10:40:07","slug":"noviembre-nos-deja-con-flamenco-en-cardamomo","status":"publish","type":"show","link":"https:\/\/cardamomo.com\/es\/show\/noviembre-flamenco-2\/","title":{"rendered":"Noviembre nos deja con Flamenco en Cardamomo"},"content":{"rendered":"<p><\/p>\n<p class=\"ng-star-inserted\"><span class=\"ng-star-inserted\">Esta \u00faltima semana de <strong>Noviembre<\/strong>, en <strong>Cardamomo<\/strong>, volvemos a la esencia, a la fuerza del grupo. Hemos reunido a un cuadro que es pura familia, artistas que se conocen, se respetan y se buscan en el escenario para crear esa magia que no se puede ensayar. A lo largo de estos d\u00edas, por nuestras tablas va a pasar un elenco de los que hacen historia.<\/span><\/p>\n<p class=\"ng-star-inserted\"><span class=\"ng-star-inserted\">Prep\u00e1rate, porque el\u00a0<\/span><strong class=\"ng-star-inserted\"><span class=\"ng-star-inserted\">baile<\/span><\/strong><span class=\"ng-star-inserted\"> va a ser un aut\u00e9ntico vendaval. Juntamos a un tr\u00edo de ases que quita el hipo, una combinaci\u00f3n perfecta de fuerza, elegancia y duende: la garra de <\/span><strong class=\"ng-star-inserted\"><span class=\"ng-star-inserted\">Vanesa Coloma<\/span><\/strong><span class=\"ng-star-inserted\">, el arte y el comp\u00e1s de nuestra directora art\u00edstica, <\/span><strong class=\"ng-star-inserted\"><span class=\"ng-star-inserted\">Paula Rodr\u00edguez L\u00e1zaro<\/span><\/strong><span class=\"ng-star-inserted\"> y la velocidad inconfundible de nuestro <strong>Jose <\/strong><\/span><strong class=\"ng-star-inserted\"><span class=\"ng-star-inserted\"><strong>Escar<\/strong>p\u00edn<\/span><\/strong><span class=\"ng-star-inserted\">. Tenerlos juntos es un lujo, y su complicidad va a incendiar el escenario.<\/span><\/p>\n<p class=\"ng-star-inserted\"><span class=\"ng-star-inserted\">El arquitecto del sonido, el que va a tejer la banda sonora de estas noches a la\u00a0<\/span><strong class=\"ng-star-inserted\"><span class=\"ng-star-inserted\">guitarra<\/span><\/strong><span class=\"ng-star-inserted\">, es el gran\u00a0<\/span><strong class=\"ng-star-inserted\"><span class=\"ng-star-inserted\">Ricardo V\u00e1zquez<\/span><\/strong><span class=\"ng-star-inserted\">. Su toque es el colch\u00f3n perfecto para que el cante y el baile puedan volar sin red. Y el que pone el coraz\u00f3n, el motor que marca el latido de esta fiesta, es una aut\u00e9ntica leyenda en la\u00a0<\/span><strong class=\"ng-star-inserted\"><span class=\"ng-star-inserted\">percusi\u00f3n<\/span><\/strong><span class=\"ng-star-inserted\">: el inconfundible\u00a0<\/span><strong class=\"ng-star-inserted\"><span class=\"ng-star-inserted\">Lucky Losada<\/span><\/strong><span class=\"ng-star-inserted\">.<\/span><\/p>\n<p class=\"ng-star-inserted\"><span class=\"ng-star-inserted\">Y para ponerle letra a esta historia\u2026 ag\u00e1rrate, que vienen curvas. El\u00a0<\/span><strong class=\"ng-star-inserted\"><span class=\"ng-star-inserted\">cante<\/span><\/strong><span class=\"ng-star-inserted\">\u00a0esta semana es un desfile de gigantes. A lo largo de la semana, por nuestro escenario pasar\u00e1n las voces de pura ley del gran\u00a0<\/span><strong class=\"ng-star-inserted\"><span class=\"ng-star-inserted\">Cancu<\/span><\/strong><span class=\"ng-star-inserted\">, el metal y la jondura del maestro\u00a0<\/span><strong class=\"ng-star-inserted\"><span class=\"ng-star-inserted\">Diego Amador<\/span><\/strong><span class=\"ng-star-inserted\">\u00a0y el eco profundo de\u00a0<\/span><strong class=\"ng-star-inserted\"><span class=\"ng-star-inserted\">Jos\u00e9 del Calli<\/span><\/strong><span class=\"ng-star-inserted\">. Un cartel de cante para romperse la camisa.<\/span><\/p>\n<p class=\"ng-star-inserted\"><span class=\"ng-star-inserted\">En resumen, una semana para sentir el flamenco de verdad, el que nace de la complicidad y el respeto entre artistas que se admiran. No es un show, es una reuni\u00f3n de familia. Y t\u00fa est\u00e1s invitado. <\/span><\/p>\n<p class=\"ng-star-inserted\"><a href=\"https:\/\/cardamomo.com\/es\/comprar-entradas\/\"><strong><span class=\"ng-star-inserted\">Te esperamos en casa, en Cardamomo.<\/span><\/strong><\/a><\/p>\n<p><\/p>","protected":false},"featured_media":157980,"template":"","meta":{"_acf_changed":false,"inline_featured_image":false},"class_list":["post-157979","show","type-show","status-publish","has-post-thumbnail","hentry"],"acf":[],"yoast_head":"<!-- This site is optimized with the Yoast SEO plugin v27.4 - https:\/\/yoast.com\/product\/yoast-seo-wordpress\/ -->\n<title>Noviembre nos deja con Flamenco en Cardamomo - Cardamomo Flamenco Madrid<\/title>\n<meta name=\"description\" content=\"Vive una semana irrepetible en Cardamomo: arte puro, emociones fuertes y un elenco que har\u00e1 historia. Reserva ahora.\" \/>\n<meta name=\"robots\" content=\"index, follow, max-snippet:-1, max-image-preview:large, max-video-preview:-1\" \/>\n<link rel=\"canonical\" href=\"\/\" \/>\n<meta property=\"og:locale\" content=\"es_ES\" \/>\n<meta property=\"og:type\" content=\"article\" \/>\n<meta property=\"og:title\" content=\"Noviembre nos deja con Flamenco en Cardamomo - Cardamomo Flamenco Madrid\" \/>\n<meta property=\"og:description\" content=\"Vive una semana irrepetible en Cardamomo: arte puro, emociones fuertes y un elenco que har\u00e1 historia. Reserva ahora.\" \/>\n<meta property=\"og:url\" content=\"https:\/\/cardamomo.com\/es\/show\/noviembre-flamenco-2\/\" \/>\n<meta property=\"og:site_name\" content=\"Cardamomo Flamenco Madrid\" \/>\n<meta property=\"article:modified_time\" content=\"2025-12-03T10:40:07+00:00\" \/>\n<meta property=\"og:image\" content=\"https:\/\/cardamomo.ams3.digitaloceanspaces.com\/wp-content\/uploads\/2025\/11\/21153541\/programacion-artistica-cardamomo-24-30-noviembre.jpg\" \/>\n\t<meta property=\"og:image:width\" content=\"1200\" \/>\n\t<meta property=\"og:image:height\" content=\"800\" \/>\n\t<meta property=\"og:image:type\" content=\"image\/jpeg\" \/>\n<meta name=\"twitter:card\" content=\"summary_large_image\" \/>\n<meta name=\"twitter:label1\" content=\"Tiempo de lectura\" \/>\n\t<meta name=\"twitter:data1\" content=\"2 minutos\" \/>\n<script type=\"application\/ld+json\" class=\"yoast-schema-graph\">{\"@context\":\"https:\\\/\\\/schema.org\",\"@graph\":[{\"@type\":\"WebPage\",\"@id\":\"https:\\\/\\\/cardamomo.com\\\/es\\\/show\\\/noviembre-flamenco-2\\\/\",\"url\":\"https:\\\/\\\/cardamomo.com\\\/es\\\/show\\\/noviembre-flamenco-2\\\/\",\"name\":\"Noviembre nos deja con Flamenco en Cardamomo - Cardamomo Flamenco Madrid\",\"isPartOf\":{\"@id\":\"https:\\\/\\\/cardamomo.com\\\/es\\\/#website\"},\"primaryImageOfPage\":{\"@id\":\"https:\\\/\\\/cardamomo.com\\\/es\\\/show\\\/noviembre-flamenco-2\\\/#primaryimage\"},\"image\":{\"@id\":\"https:\\\/\\\/cardamomo.com\\\/es\\\/show\\\/noviembre-flamenco-2\\\/#primaryimage\"},\"thumbnailUrl\":\"https:\\\/\\\/cardamomo.ams3.digitaloceanspaces.com\\\/wp-content\\\/uploads\\\/2025\\\/11\\\/21153541\\\/programacion-artistica-cardamomo-24-30-noviembre.jpg\",\"datePublished\":\"2025-11-21T14:18:45+00:00\",\"dateModified\":\"2025-12-03T10:40:07+00:00\",\"description\":\"Vive una semana irrepetible en Cardamomo: arte puro, emociones fuertes y un elenco que har\u00e1 historia. Reserva ahora.\",\"breadcrumb\":{\"@id\":\"https:\\\/\\\/cardamomo.com\\\/es\\\/show\\\/noviembre-flamenco-2\\\/#breadcrumb\"},\"inLanguage\":\"es\",\"potentialAction\":[{\"@type\":\"ReadAction\",\"target\":[[\"https:\\\/\\\/cardamomo.com\\\/es\\\/show\\\/noviembre-flamenco-2\\\/\"]]}]},{\"@type\":\"ImageObject\",\"inLanguage\":\"es\",\"@id\":\"https:\\\/\\\/cardamomo.com\\\/es\\\/show\\\/noviembre-flamenco-2\\\/#primaryimage\",\"url\":\"https:\\\/\\\/cardamomo.ams3.digitaloceanspaces.com\\\/wp-content\\\/uploads\\\/2025\\\/11\\\/21153541\\\/programacion-artistica-cardamomo-24-30-noviembre.jpg\",\"contentUrl\":\"https:\\\/\\\/cardamomo.ams3.digitaloceanspaces.com\\\/wp-content\\\/uploads\\\/2025\\\/11\\\/21153541\\\/programacion-artistica-cardamomo-24-30-noviembre.jpg\",\"width\":1200,\"height\":800,\"caption\":\"Programacio\u0301n Arti\u0301stica Cardamomo 24-30 Noviembre\"},{\"@type\":\"BreadcrumbList\",\"@id\":\"https:\\\/\\\/cardamomo.com\\\/es\\\/show\\\/noviembre-flamenco-2\\\/#breadcrumb\",\"itemListElement\":[{\"@type\":\"ListItem\",\"position\":1,\"name\":\"Cardamomo\",\"item\":\"https:\\\/\\\/cardamomo.com\\\/es\\\/\"},{\"@type\":\"ListItem\",\"position\":2,\"name\":\"Shows\",\"item\":\"https:\\\/\\\/cardamomo.com\\\/es\\\/show\\\/\"},{\"@type\":\"ListItem\",\"position\":3,\"name\":\"Noviembre nos deja con Flamenco en Cardamomo\"}]},{\"@type\":\"WebSite\",\"@id\":\"https:\\\/\\\/cardamomo.com\\\/es\\\/#website\",\"url\":\"https:\\\/\\\/cardamomo.com\\\/es\\\/\",\"name\":\"Cardamomo Flamenco Madrid\",\"description\":\"\",\"potentialAction\":[{\"@type\":\"SearchAction\",\"target\":{\"@type\":\"EntryPoint\",\"urlTemplate\":\"https:\\\/\\\/cardamomo.com\\\/es\\\/?s={search_term_string}\"},\"query-input\":{\"@type\":\"PropertyValueSpecification\",\"valueRequired\":true,\"valueName\":\"search_term_string\"}}],\"inLanguage\":\"es\"}]}<\/script>\n<!-- \/ Yoast SEO plugin. -->","yoast_head_json":{"title":"Noviembre nos deja con Flamenco en Cardamomo - Cardamomo Flamenco Madrid","description":"Vive una semana irrepetible en Cardamomo: arte puro, emociones fuertes y un elenco que har\u00e1 historia. Reserva ahora.","robots":{"index":"index","follow":"follow","max-snippet":"max-snippet:-1","max-image-preview":"max-image-preview:large","max-video-preview":"max-video-preview:-1"},"canonical":"\/","og_locale":"es_ES","og_type":"article","og_title":"Noviembre nos deja con Flamenco en Cardamomo - Cardamomo Flamenco Madrid","og_description":"Vive una semana irrepetible en Cardamomo: arte puro, emociones fuertes y un elenco que har\u00e1 historia. Reserva ahora.","og_url":"https:\/\/cardamomo.com\/es\/show\/noviembre-flamenco-2\/","og_site_name":"Cardamomo Flamenco Madrid","article_modified_time":"2025-12-03T10:40:07+00:00","og_image":[{"width":1200,"height":800,"url":"https:\/\/cardamomo.ams3.digitaloceanspaces.com\/wp-content\/uploads\/2025\/11\/21153541\/programacion-artistica-cardamomo-24-30-noviembre.jpg","type":"image\/jpeg"}],"twitter_card":"summary_large_image","twitter_misc":{"Tiempo de lectura":"2 minutos"},"schema":{"@context":"https:\/\/schema.org","@graph":[{"@type":"WebPage","@id":"https:\/\/cardamomo.com\/es\/show\/noviembre-flamenco-2\/","url":"https:\/\/cardamomo.com\/es\/show\/noviembre-flamenco-2\/","name":"Noviembre nos deja con Flamenco en Cardamomo - Cardamomo Flamenco Madrid","isPartOf":{"@id":"https:\/\/cardamomo.com\/es\/#website"},"primaryImageOfPage":{"@id":"https:\/\/cardamomo.com\/es\/show\/noviembre-flamenco-2\/#primaryimage"},"image":{"@id":"https:\/\/cardamomo.com\/es\/show\/noviembre-flamenco-2\/#primaryimage"},"thumbnailUrl":"https:\/\/cardamomo.ams3.digitaloceanspaces.com\/wp-content\/uploads\/2025\/11\/21153541\/programacion-artistica-cardamomo-24-30-noviembre.jpg","datePublished":"2025-11-21T14:18:45+00:00","dateModified":"2025-12-03T10:40:07+00:00","description":"Vive una semana irrepetible en Cardamomo: arte puro, emociones fuertes y un elenco que har\u00e1 historia. Reserva ahora.","breadcrumb":{"@id":"https:\/\/cardamomo.com\/es\/show\/noviembre-flamenco-2\/#breadcrumb"},"inLanguage":"es","potentialAction":[{"@type":"ReadAction","target":[["https:\/\/cardamomo.com\/es\/show\/noviembre-flamenco-2\/"]]}]},{"@type":"ImageObject","inLanguage":"es","@id":"https:\/\/cardamomo.com\/es\/show\/noviembre-flamenco-2\/#primaryimage","url":"https:\/\/cardamomo.ams3.digitaloceanspaces.com\/wp-content\/uploads\/2025\/11\/21153541\/programacion-artistica-cardamomo-24-30-noviembre.jpg","contentUrl":"https:\/\/cardamomo.ams3.digitaloceanspaces.com\/wp-content\/uploads\/2025\/11\/21153541\/programacion-artistica-cardamomo-24-30-noviembre.jpg","width":1200,"height":800,"caption":"Programacio\u0301n Arti\u0301stica Cardamomo 24-30 Noviembre"},{"@type":"BreadcrumbList","@id":"https:\/\/cardamomo.com\/es\/show\/noviembre-flamenco-2\/#breadcrumb","itemListElement":[{"@type":"ListItem","position":1,"name":"Cardamomo","item":"https:\/\/cardamomo.com\/es\/"},{"@type":"ListItem","position":2,"name":"Shows","item":"https:\/\/cardamomo.com\/es\/show\/"},{"@type":"ListItem","position":3,"name":"Noviembre nos deja con Flamenco en Cardamomo"}]},{"@type":"WebSite","@id":"https:\/\/cardamomo.com\/es\/#website","url":"https:\/\/cardamomo.com\/es\/","name":"Cardamomo Flamenco Madrid","description":"","potentialAction":[{"@type":"SearchAction","target":{"@type":"EntryPoint","urlTemplate":"https:\/\/cardamomo.com\/es\/?s={search_term_string}"},"query-input":{"@type":"PropertyValueSpecification","valueRequired":true,"valueName":"search_term_string"}}],"inLanguage":"es"}]}},"_links":{"self":[{"href":"https:\/\/cardamomo.com\/es\/wp-json\/wp\/v2\/show\/157979","targetHints":{"allow":["GET"]}}],"collection":[{"href":"https:\/\/cardamomo.com\/es\/wp-json\/wp\/v2\/show"}],"about":[{"href":"https:\/\/cardamomo.com\/es\/wp-json\/wp\/v2\/types\/show"}],"wp:featuredmedia":[{"embeddable":true,"href":"https:\/\/cardamomo.com\/es\/wp-json\/wp\/v2\/media\/157980"}],"wp:attachment":[{"href":"https:\/\/cardamomo.com\/es\/wp-json\/wp\/v2\/media?parent=157979"}],"curies":[{"name":"wp","href":"https:\/\/api.w.org\/{rel}","templated":true}]}}

<p></p>
<p class="ng-star-inserted"><span class="ng-star-inserted">Esta última semana de <strong>Noviembre</strong>, en <strong>Cardamomo</strong>, volvemos a la esencia, a la fuerza del grupo. Hemos reunido a un cuadro que es pura familia, artistas que se conocen, se respetan y se buscan en el escenario para crear esa magia que no se puede ensayar. A lo largo de estos días, por nuestras tablas va a pasar un elenco de los que hacen historia.</span></p>
<p class="ng-star-inserted"><span class="ng-star-inserted">Prepárate, porque el </span><strong class="ng-star-inserted"><span class="ng-star-inserted">baile</span></strong><span class="ng-star-inserted"> va a ser un auténtico vendaval. Juntamos a un trío de ases que quita el hipo, una combinación perfecta de fuerza, elegancia y duende: la garra de </span><strong class="ng-star-inserted"><span class="ng-star-inserted">Vanesa Coloma</span></strong><span class="ng-star-inserted">, el arte y el compás de nuestra directora artística, </span><strong class="ng-star-inserted"><span class="ng-star-inserted">Paula Rodríguez Lázaro</span></strong><span class="ng-star-inserted"> y la velocidad inconfundible de nuestro <strong>Jose </strong></span><strong class="ng-star-inserted"><span class="ng-star-inserted"><strong>Escar</strong>pín</span></strong><span class="ng-star-inserted">. Tenerlos juntos es un lujo, y su complicidad va a incendiar el escenario.</span></p>
<p class="ng-star-inserted"><span class="ng-star-inserted">El arquitecto del sonido, el que va a tejer la banda sonora de estas noches a la </span><strong class="ng-star-inserted"><span class="ng-star-inserted">guitarra</span></strong><span class="ng-star-inserted">, es el gran </span><strong class="ng-star-inserted"><span class="ng-star-inserted">Ricardo Vázquez</span></strong><span class="ng-star-inserted">. Su toque es el colchón perfecto para que el cante y el baile puedan volar sin red. Y el que pone el corazón, el motor que marca el latido de esta fiesta, es una auténtica leyenda en la </span><strong class="ng-star-inserted"><span class="ng-star-inserted">percusión</span></strong><span class="ng-star-inserted">: el inconfundible </span><strong class="ng-star-inserted"><span class="ng-star-inserted">Lucky Losada</span></strong><span class="ng-star-inserted">.</span></p>
<p class="ng-star-inserted"><span class="ng-star-inserted">Y para ponerle letra a esta historia… agárrate, que vienen curvas. El </span><strong class="ng-star-inserted"><span class="ng-star-inserted">cante</span></strong><span class="ng-star-inserted"> esta semana es un desfile de gigantes. A lo largo de la semana, por nuestro escenario pasarán las voces de pura ley del gran </span><strong class="ng-star-inserted"><span class="ng-star-inserted">Cancu</span></strong><span class="ng-star-inserted">, el metal y la jondura del maestro </span><strong class="ng-star-inserted"><span class="ng-star-inserted">Diego Amador</span></strong><span class="ng-star-inserted"> y el eco profundo de </span><strong class="ng-star-inserted"><span class="ng-star-inserted">José del Calli</span></strong><span class="ng-star-inserted">. Un cartel de cante para romperse la camisa.</span></p>
<p class="ng-star-inserted"><span class="ng-star-inserted">En resumen, una semana para sentir el flamenco de verdad, el que nace de la complicidad y el respeto entre artistas que se admiran. No es un show, es una reunión de familia. Y tú estás invitado. </span></p>
<p class="ng-star-inserted"><a href="https://cardamomo.com/es/comprar-entradas/"><strong><span class="ng-star-inserted">Te esperamos en casa, en Cardamomo.</span></strong></a></p>
<p></p>

<!-- This site is optimized with the Yoast SEO plugin v27.4 - https://yoast.com/product/yoast-seo-wordpress/ -->
<title>Noviembre nos deja con Flamenco en Cardamomo - Cardamomo Flamenco Madrid</title>
<meta name="description" content="Vive una semana irrepetible en Cardamomo: arte puro, emociones fuertes y un elenco que hará historia. Reserva ahora." />
<meta name="robots" content="index, follow, max-snippet:-1, max-image-preview:large, max-video-preview:-1" />
<link rel="canonical" href="/" />
<meta property="og:locale" content="es_ES" />
<meta property="og:type" content="article" />
<meta property="og:title" content="Noviembre nos deja con Flamenco en Cardamomo - Cardamomo Flamenco Madrid" />
<meta property="og:description" content="Vive una semana irrepetible en Cardamomo: arte puro, emociones fuertes y un elenco que hará historia. Reserva ahora." />
<meta property="og:url" content="https://cardamomo.com/es/show/noviembre-flamenco-2/" />
<meta property="og:site_name" content="Cardamomo Flamenco Madrid" />
<meta property="article:modified_time" content="2025-12-03T10:40:07+00:00" />
<meta property="og:image" content="https://cardamomo.ams3.digitaloceanspaces.com/wp-content/uploads/2025/11/21153541/programacion-artistica-cardamomo-24-30-noviembre.jpg" />
	<meta property="og:image:width" content="1200" />
	<meta property="og:image:height" content="800" />
	<meta property="og:image:type" content="image/jpeg" />
<meta name="twitter:card" content="summary_large_image" />
<meta name="twitter:label1" content="Tiempo de lectura" />
	<meta name="twitter:data1" content="2 minutos" />
<script type="application/ld+json" class="yoast-schema-graph">{"@context":"https:\/\/schema.org","@graph":[{"@type":"WebPage","@id":"https:\/\/cardamomo.com\/es\/show\/noviembre-flamenco-2\/","url":"https:\/\/cardamomo.com\/es\/show\/noviembre-flamenco-2\/","name":"Noviembre nos deja con Flamenco en Cardamomo - Cardamomo Flamenco Madrid","isPartOf":{"@id":"https:\/\/cardamomo.com\/es\/#website"},"primaryImageOfPage":{"@id":"https:\/\/cardamomo.com\/es\/show\/noviembre-flamenco-2\/#primaryimage"},"image":{"@id":"https:\/\/cardamomo.com\/es\/show\/noviembre-flamenco-2\/#primaryimage"},"thumbnailUrl":"https:\/\/cardamomo.ams3.digitaloceanspaces.com\/wp-content\/uploads\/2025\/11\/21153541\/programacion-artistica-cardamomo-24-30-noviembre.jpg","datePublished":"2025-11-21T14:18:45+00:00","dateModified":"2025-12-03T10:40:07+00:00","description":"Vive una semana irrepetible en Cardamomo: arte puro, emociones fuertes y un elenco que hará historia. Reserva ahora.","breadcrumb":{"@id":"https:\/\/cardamomo.com\/es\/show\/noviembre-flamenco-2\/#breadcrumb"},"inLanguage":"es","potentialAction":[{"@type":"ReadAction","target":[["https:\/\/cardamomo.com\/es\/show\/noviembre-flamenco-2\/"]]}]},{"@type":"ImageObject","inLanguage":"es","@id":"https:\/\/cardamomo.com\/es\/show\/noviembre-flamenco-2\/#primaryimage","url":"https:\/\/cardamomo.ams3.digitaloceanspaces.com\/wp-content\/uploads\/2025\/11\/21153541\/programacion-artistica-cardamomo-24-30-noviembre.jpg","contentUrl":"https:\/\/cardamomo.ams3.digitaloceanspaces.com\/wp-content\/uploads\/2025\/11\/21153541\/programacion-artistica-cardamomo-24-30-noviembre.jpg","width":1200,"height":800,"caption":"Programación Artística Cardamomo 24-30 Noviembre"},{"@type":"BreadcrumbList","@id":"https:\/\/cardamomo.com\/es\/show\/noviembre-flamenco-2\/#breadcrumb","itemListElement":[{"@type":"ListItem","position":1,"name":"Cardamomo","item":"https:\/\/cardamomo.com\/es\/"},{"@type":"ListItem","position":2,"name":"Shows","item":"https:\/\/cardamomo.com\/es\/show\/"},{"@type":"ListItem","position":3,"name":"Noviembre nos deja con Flamenco en Cardamomo"}]},{"@type":"WebSite","@id":"https:\/\/cardamomo.com\/es\/#website","url":"https:\/\/cardamomo.com\/es\/","name":"Cardamomo Flamenco Madrid","description":"","potentialAction":[{"@type":"SearchAction","target":{"@type":"EntryPoint","urlTemplate":"https:\/\/cardamomo.com\/es\/?s={search_term_string}"},"query-input":{"@type":"PropertyValueSpecification","valueRequired":true,"valueName":"search_term_string"}}],"inLanguage":"es"}]}</script>
<!-- / Yoast SEO plugin. -->

Vive una semana irrepetible en Cardamomo: arte puro, emociones fuertes y un elenco que hará historia. Reserva ahora.
