{"id":157652,"date":"2025-07-21T09:35:07","date_gmt":"2025-07-21T09:35:07","guid":{"rendered":"https:\/\/cardamomo.com\/es\/?post_type=show&#038;p=157652"},"modified":"2025-09-12T16:21:51","modified_gmt":"2025-09-12T16:21:51","slug":"flamenco-a-flor-de-piel","status":"publish","type":"show","link":"https:\/\/cardamomo.com\/es\/show\/flamenco-a-flor-de-piel\/","title":{"rendered":"Flamenco a Flor de Piel"},"content":{"rendered":"<p><\/p>\n<p class=\"ng-star-inserted\"><strong><span class=\"ng-star-inserted\">Lo que hemos preparado para esta semana es de los que se sienten en el pecho.<\/span><\/strong><\/p>\n<p class=\"ng-star-inserted\"><span class=\"ng-star-inserted\">Imagina la pura energ\u00eda, casi un fuego, que es\u00a0<\/span><strong class=\"ng-star-inserted\"><span class=\"ng-star-inserted\">El Yiyo<\/span><\/strong><span class=\"ng-star-inserted\">\u00a0sobre el escenario. Es de esos bailaores que te atrapan y no te sueltan. Y junto a \u00e9l, la elegancia y el temple de\u00a0<\/span><strong class=\"ng-star-inserted\"><span class=\"ng-star-inserted\">Sof\u00eda del R\u00edo<\/span><\/strong><span class=\"ng-star-inserted\">\u00a0y\u00a0<\/span><strong class=\"ng-star-inserted\"><span class=\"ng-star-inserted\">Nerea Fern\u00e1ndez<\/span><\/strong><span class=\"ng-star-inserted\">, que le dan el contrapunto perfecto, contando historias sin necesidad de una sola palabra.<\/span><\/p>\n<p class=\"ng-star-inserted\"><span class=\"ng-star-inserted\">La voz que nos pondr\u00e1 un nudo en la garganta ser\u00e1 la de\u00a0<\/span><strong class=\"ng-star-inserted\"><span class=\"ng-star-inserted\">Saul Quir\u00f3s<\/span><\/strong><span class=\"ng-star-inserted\">, un cantaor que se entrega de verdad. Pero la magia de esta semana es que tendremos tambi\u00e9n la garra visceral de\u00a0<\/span><strong class=\"ng-star-inserted\"><span class=\"ng-star-inserted\">Ingueta<\/span><\/strong><span class=\"ng-star-inserted\">\u00a0y la chispa de\u00a0<\/span><strong class=\"ng-star-inserted\"><span class=\"ng-star-inserted\">Ricky<\/span><\/strong><span class=\"ng-star-inserted\">\u00a0en noches especiales, cada uno con su verdad y su pellizco.<\/span><\/p>\n<p class=\"ng-star-inserted\"><span class=\"ng-star-inserted\">Y para que todo esto vuele, las guitarras de\u00a0<\/span><strong class=\"ng-star-inserted\"><span class=\"ng-star-inserted\">Mario Montoya<\/span><\/strong><span class=\"ng-star-inserted\">\u00a0y\u00a0<\/span><strong class=\"ng-star-inserted\"><span class=\"ng-star-inserted\">Antonio Jim\u00e9nez<\/span><\/strong><span class=\"ng-star-inserted\">\u00a0ser\u00e1n el refugio y el impulso de cada artista. Y en la base de todo, sentir\u00e1s el latido de la tierra en el caj\u00f3n de\u00a0<\/span><strong class=\"ng-star-inserted\"><span class=\"ng-star-inserted\">Antonio<\/span><\/strong><span class=\"ng-star-inserted\">\u00a0e\u00a0<\/span><strong class=\"ng-star-inserted\"><span class=\"ng-star-inserted\">Iv\u00e1n Losada<\/span><\/strong><span class=\"ng-star-inserted\">, el coraz\u00f3n que nos marca el ritmo a todos.<\/span><\/p>\n<p class=\"ng-star-inserted\"><span class=\"ng-star-inserted\">No son solo nombres en un cartel. Son personas que van a dejarse el alma aqu\u00ed arriba. Queremos que lo vivas con nosotros.<\/span><\/p>\n<p><a href=\"https:\/\/cardamomo.com\/es\/comprar-entradas\/\"><strong>Reserva ya tu entrada y ven a Cardamomo<\/strong><\/a><\/p>","protected":false},"featured_media":157653,"template":"","meta":{"_acf_changed":false,"inline_featured_image":false},"class_list":["post-157652","show","type-show","status-publish","has-post-thumbnail","hentry"],"acf":[],"yoast_head":"<!-- This site is optimized with the Yoast SEO plugin v27.4 - https:\/\/yoast.com\/product\/yoast-seo-wordpress\/ -->\n<title>Flamenco a Flor de Piel - Cardamomo Flamenco Madrid<\/title>\n<meta name=\"robots\" content=\"index, follow, max-snippet:-1, max-image-preview:large, max-video-preview:-1\" \/>\n<link rel=\"canonical\" href=\"\/\" \/>\n<meta property=\"og:locale\" content=\"es_ES\" \/>\n<meta property=\"og:type\" content=\"article\" \/>\n<meta property=\"og:title\" content=\"Flamenco a Flor de Piel - Cardamomo Flamenco Madrid\" \/>\n<meta property=\"og:description\" content=\"Lo que hemos preparado para esta semana es de los que se sienten en el pecho. Imagina la pura energ\u00eda, casi un fuego, que es\u00a0El Yiyo\u00a0sobre el escenario. Es de esos bailaores que te atrapan y no te sueltan. Y junto a \u00e9l, la elegancia y el temple de\u00a0Sof\u00eda del R\u00edo\u00a0y\u00a0Nerea Fern\u00e1ndez, que le dan...\" \/>\n<meta property=\"og:url\" content=\"https:\/\/cardamomo.com\/es\/show\/flamenco-a-flor-de-piel\/\" \/>\n<meta property=\"og:site_name\" content=\"Cardamomo Flamenco Madrid\" \/>\n<meta property=\"article:modified_time\" content=\"2025-09-12T16:21:51+00:00\" \/>\n<meta property=\"og:image\" content=\"https:\/\/cardamomo.ams3.digitaloceanspaces.com\/wp-content\/uploads\/2025\/07\/21093417\/programacion-cardamomo-21-27-julio.jpg\" \/>\n\t<meta property=\"og:image:width\" content=\"1200\" \/>\n\t<meta property=\"og:image:height\" content=\"800\" \/>\n\t<meta property=\"og:image:type\" content=\"image\/jpeg\" \/>\n<meta name=\"twitter:card\" content=\"summary_large_image\" \/>\n<meta name=\"twitter:label1\" content=\"Tiempo de lectura\" \/>\n\t<meta name=\"twitter:data1\" content=\"2 minutos\" \/>\n<script type=\"application\/ld+json\" class=\"yoast-schema-graph\">{\"@context\":\"https:\\\/\\\/schema.org\",\"@graph\":[{\"@type\":\"WebPage\",\"@id\":\"https:\\\/\\\/cardamomo.com\\\/es\\\/show\\\/flamenco-a-flor-de-piel\\\/\",\"url\":\"https:\\\/\\\/cardamomo.com\\\/es\\\/show\\\/flamenco-a-flor-de-piel\\\/\",\"name\":\"Flamenco a Flor de Piel - Cardamomo Flamenco Madrid\",\"isPartOf\":{\"@id\":\"https:\\\/\\\/cardamomo.com\\\/es\\\/#website\"},\"primaryImageOfPage\":{\"@id\":\"https:\\\/\\\/cardamomo.com\\\/es\\\/show\\\/flamenco-a-flor-de-piel\\\/#primaryimage\"},\"image\":{\"@id\":\"https:\\\/\\\/cardamomo.com\\\/es\\\/show\\\/flamenco-a-flor-de-piel\\\/#primaryimage\"},\"thumbnailUrl\":\"https:\\\/\\\/cardamomo.ams3.digitaloceanspaces.com\\\/wp-content\\\/uploads\\\/2025\\\/07\\\/21093417\\\/programacion-cardamomo-21-27-julio.jpg\",\"datePublished\":\"2025-07-21T09:35:07+00:00\",\"dateModified\":\"2025-09-12T16:21:51+00:00\",\"breadcrumb\":{\"@id\":\"https:\\\/\\\/cardamomo.com\\\/es\\\/show\\\/flamenco-a-flor-de-piel\\\/#breadcrumb\"},\"inLanguage\":\"es\",\"potentialAction\":[{\"@type\":\"ReadAction\",\"target\":[[\"https:\\\/\\\/cardamomo.com\\\/es\\\/show\\\/flamenco-a-flor-de-piel\\\/\"]]}]},{\"@type\":\"ImageObject\",\"inLanguage\":\"es\",\"@id\":\"https:\\\/\\\/cardamomo.com\\\/es\\\/show\\\/flamenco-a-flor-de-piel\\\/#primaryimage\",\"url\":\"https:\\\/\\\/cardamomo.ams3.digitaloceanspaces.com\\\/wp-content\\\/uploads\\\/2025\\\/07\\\/21093417\\\/programacion-cardamomo-21-27-julio.jpg\",\"contentUrl\":\"https:\\\/\\\/cardamomo.ams3.digitaloceanspaces.com\\\/wp-content\\\/uploads\\\/2025\\\/07\\\/21093417\\\/programacion-cardamomo-21-27-julio.jpg\",\"width\":1200,\"height\":800,\"caption\":\"Programaci\u00f3n art\u00edstica 21 al 27 de Julio de Cardamomo Flamenco Madrid\"},{\"@type\":\"BreadcrumbList\",\"@id\":\"https:\\\/\\\/cardamomo.com\\\/es\\\/show\\\/flamenco-a-flor-de-piel\\\/#breadcrumb\",\"itemListElement\":[{\"@type\":\"ListItem\",\"position\":1,\"name\":\"Cardamomo\",\"item\":\"https:\\\/\\\/cardamomo.com\\\/es\\\/\"},{\"@type\":\"ListItem\",\"position\":2,\"name\":\"Shows\",\"item\":\"https:\\\/\\\/cardamomo.com\\\/es\\\/show\\\/\"},{\"@type\":\"ListItem\",\"position\":3,\"name\":\"Flamenco a Flor de Piel\"}]},{\"@type\":\"WebSite\",\"@id\":\"https:\\\/\\\/cardamomo.com\\\/es\\\/#website\",\"url\":\"https:\\\/\\\/cardamomo.com\\\/es\\\/\",\"name\":\"Cardamomo Flamenco Madrid\",\"description\":\"\",\"potentialAction\":[{\"@type\":\"SearchAction\",\"target\":{\"@type\":\"EntryPoint\",\"urlTemplate\":\"https:\\\/\\\/cardamomo.com\\\/es\\\/?s={search_term_string}\"},\"query-input\":{\"@type\":\"PropertyValueSpecification\",\"valueRequired\":true,\"valueName\":\"search_term_string\"}}],\"inLanguage\":\"es\"}]}<\/script>\n<!-- \/ Yoast SEO plugin. -->","yoast_head_json":{"title":"Flamenco a Flor de Piel - Cardamomo Flamenco Madrid","robots":{"index":"index","follow":"follow","max-snippet":"max-snippet:-1","max-image-preview":"max-image-preview:large","max-video-preview":"max-video-preview:-1"},"canonical":"\/","og_locale":"es_ES","og_type":"article","og_title":"Flamenco a Flor de Piel - Cardamomo Flamenco Madrid","og_description":"Lo que hemos preparado para esta semana es de los que se sienten en el pecho. Imagina la pura energ\u00eda, casi un fuego, que es\u00a0El Yiyo\u00a0sobre el escenario. Es de esos bailaores que te atrapan y no te sueltan. Y junto a \u00e9l, la elegancia y el temple de\u00a0Sof\u00eda del R\u00edo\u00a0y\u00a0Nerea Fern\u00e1ndez, que le dan...","og_url":"https:\/\/cardamomo.com\/es\/show\/flamenco-a-flor-de-piel\/","og_site_name":"Cardamomo Flamenco Madrid","article_modified_time":"2025-09-12T16:21:51+00:00","og_image":[{"width":1200,"height":800,"url":"https:\/\/cardamomo.ams3.digitaloceanspaces.com\/wp-content\/uploads\/2025\/07\/21093417\/programacion-cardamomo-21-27-julio.jpg","type":"image\/jpeg"}],"twitter_card":"summary_large_image","twitter_misc":{"Tiempo de lectura":"2 minutos"},"schema":{"@context":"https:\/\/schema.org","@graph":[{"@type":"WebPage","@id":"https:\/\/cardamomo.com\/es\/show\/flamenco-a-flor-de-piel\/","url":"https:\/\/cardamomo.com\/es\/show\/flamenco-a-flor-de-piel\/","name":"Flamenco a Flor de Piel - Cardamomo Flamenco Madrid","isPartOf":{"@id":"https:\/\/cardamomo.com\/es\/#website"},"primaryImageOfPage":{"@id":"https:\/\/cardamomo.com\/es\/show\/flamenco-a-flor-de-piel\/#primaryimage"},"image":{"@id":"https:\/\/cardamomo.com\/es\/show\/flamenco-a-flor-de-piel\/#primaryimage"},"thumbnailUrl":"https:\/\/cardamomo.ams3.digitaloceanspaces.com\/wp-content\/uploads\/2025\/07\/21093417\/programacion-cardamomo-21-27-julio.jpg","datePublished":"2025-07-21T09:35:07+00:00","dateModified":"2025-09-12T16:21:51+00:00","breadcrumb":{"@id":"https:\/\/cardamomo.com\/es\/show\/flamenco-a-flor-de-piel\/#breadcrumb"},"inLanguage":"es","potentialAction":[{"@type":"ReadAction","target":[["https:\/\/cardamomo.com\/es\/show\/flamenco-a-flor-de-piel\/"]]}]},{"@type":"ImageObject","inLanguage":"es","@id":"https:\/\/cardamomo.com\/es\/show\/flamenco-a-flor-de-piel\/#primaryimage","url":"https:\/\/cardamomo.ams3.digitaloceanspaces.com\/wp-content\/uploads\/2025\/07\/21093417\/programacion-cardamomo-21-27-julio.jpg","contentUrl":"https:\/\/cardamomo.ams3.digitaloceanspaces.com\/wp-content\/uploads\/2025\/07\/21093417\/programacion-cardamomo-21-27-julio.jpg","width":1200,"height":800,"caption":"Programaci\u00f3n art\u00edstica 21 al 27 de Julio de Cardamomo Flamenco Madrid"},{"@type":"BreadcrumbList","@id":"https:\/\/cardamomo.com\/es\/show\/flamenco-a-flor-de-piel\/#breadcrumb","itemListElement":[{"@type":"ListItem","position":1,"name":"Cardamomo","item":"https:\/\/cardamomo.com\/es\/"},{"@type":"ListItem","position":2,"name":"Shows","item":"https:\/\/cardamomo.com\/es\/show\/"},{"@type":"ListItem","position":3,"name":"Flamenco a Flor de Piel"}]},{"@type":"WebSite","@id":"https:\/\/cardamomo.com\/es\/#website","url":"https:\/\/cardamomo.com\/es\/","name":"Cardamomo Flamenco Madrid","description":"","potentialAction":[{"@type":"SearchAction","target":{"@type":"EntryPoint","urlTemplate":"https:\/\/cardamomo.com\/es\/?s={search_term_string}"},"query-input":{"@type":"PropertyValueSpecification","valueRequired":true,"valueName":"search_term_string"}}],"inLanguage":"es"}]}},"_links":{"self":[{"href":"https:\/\/cardamomo.com\/es\/wp-json\/wp\/v2\/show\/157652","targetHints":{"allow":["GET"]}}],"collection":[{"href":"https:\/\/cardamomo.com\/es\/wp-json\/wp\/v2\/show"}],"about":[{"href":"https:\/\/cardamomo.com\/es\/wp-json\/wp\/v2\/types\/show"}],"wp:featuredmedia":[{"embeddable":true,"href":"https:\/\/cardamomo.com\/es\/wp-json\/wp\/v2\/media\/157653"}],"wp:attachment":[{"href":"https:\/\/cardamomo.com\/es\/wp-json\/wp\/v2\/media?parent=157652"}],"curies":[{"name":"wp","href":"https:\/\/api.w.org\/{rel}","templated":true}]}}

<p></p>
<p class="ng-star-inserted"><strong><span class="ng-star-inserted">Lo que hemos preparado para esta semana es de los que se sienten en el pecho.</span></strong></p>
<p class="ng-star-inserted"><span class="ng-star-inserted">Imagina la pura energía, casi un fuego, que es </span><strong class="ng-star-inserted"><span class="ng-star-inserted">El Yiyo</span></strong><span class="ng-star-inserted"> sobre el escenario. Es de esos bailaores que te atrapan y no te sueltan. Y junto a él, la elegancia y el temple de </span><strong class="ng-star-inserted"><span class="ng-star-inserted">Sofía del Río</span></strong><span class="ng-star-inserted"> y </span><strong class="ng-star-inserted"><span class="ng-star-inserted">Nerea Fernández</span></strong><span class="ng-star-inserted">, que le dan el contrapunto perfecto, contando historias sin necesidad de una sola palabra.</span></p>
<p class="ng-star-inserted"><span class="ng-star-inserted">La voz que nos pondrá un nudo en la garganta será la de </span><strong class="ng-star-inserted"><span class="ng-star-inserted">Saul Quirós</span></strong><span class="ng-star-inserted">, un cantaor que se entrega de verdad. Pero la magia de esta semana es que tendremos también la garra visceral de </span><strong class="ng-star-inserted"><span class="ng-star-inserted">Ingueta</span></strong><span class="ng-star-inserted"> y la chispa de </span><strong class="ng-star-inserted"><span class="ng-star-inserted">Ricky</span></strong><span class="ng-star-inserted"> en noches especiales, cada uno con su verdad y su pellizco.</span></p>
<p class="ng-star-inserted"><span class="ng-star-inserted">Y para que todo esto vuele, las guitarras de </span><strong class="ng-star-inserted"><span class="ng-star-inserted">Mario Montoya</span></strong><span class="ng-star-inserted"> y </span><strong class="ng-star-inserted"><span class="ng-star-inserted">Antonio Jiménez</span></strong><span class="ng-star-inserted"> serán el refugio y el impulso de cada artista. Y en la base de todo, sentirás el latido de la tierra en el cajón de </span><strong class="ng-star-inserted"><span class="ng-star-inserted">Antonio</span></strong><span class="ng-star-inserted"> e </span><strong class="ng-star-inserted"><span class="ng-star-inserted">Iván Losada</span></strong><span class="ng-star-inserted">, el corazón que nos marca el ritmo a todos.</span></p>
<p class="ng-star-inserted"><span class="ng-star-inserted">No son solo nombres en un cartel. Son personas que van a dejarse el alma aquí arriba. Queremos que lo vivas con nosotros.</span></p>
<p><a href="https://cardamomo.com/es/comprar-entradas/"><strong>Reserva ya tu entrada y ven a Cardamomo</strong></a></p>

<!-- This site is optimized with the Yoast SEO plugin v27.4 - https://yoast.com/product/yoast-seo-wordpress/ -->
<title>Flamenco a Flor de Piel - Cardamomo Flamenco Madrid</title>
<meta name="robots" content="index, follow, max-snippet:-1, max-image-preview:large, max-video-preview:-1" />
<link rel="canonical" href="/" />
<meta property="og:locale" content="es_ES" />
<meta property="og:type" content="article" />
<meta property="og:title" content="Flamenco a Flor de Piel - Cardamomo Flamenco Madrid" />
<meta property="og:description" content="Lo que hemos preparado para esta semana es de los que se sienten en el pecho. Imagina la pura energía, casi un fuego, que es El Yiyo sobre el escenario. Es de esos bailaores que te atrapan y no te sueltan. Y junto a él, la elegancia y el temple de Sofía del Río y Nerea Fernández, que le dan..." />
<meta property="og:url" content="https://cardamomo.com/es/show/flamenco-a-flor-de-piel/" />
<meta property="og:site_name" content="Cardamomo Flamenco Madrid" />
<meta property="article:modified_time" content="2025-09-12T16:21:51+00:00" />
<meta property="og:image" content="https://cardamomo.ams3.digitaloceanspaces.com/wp-content/uploads/2025/07/21093417/programacion-cardamomo-21-27-julio.jpg" />
	<meta property="og:image:width" content="1200" />
	<meta property="og:image:height" content="800" />
	<meta property="og:image:type" content="image/jpeg" />
<meta name="twitter:card" content="summary_large_image" />
<meta name="twitter:label1" content="Tiempo de lectura" />
	<meta name="twitter:data1" content="2 minutos" />
<script type="application/ld+json" class="yoast-schema-graph">{"@context":"https:\/\/schema.org","@graph":[{"@type":"WebPage","@id":"https:\/\/cardamomo.com\/es\/show\/flamenco-a-flor-de-piel\/","url":"https:\/\/cardamomo.com\/es\/show\/flamenco-a-flor-de-piel\/","name":"Flamenco a Flor de Piel - Cardamomo Flamenco Madrid","isPartOf":{"@id":"https:\/\/cardamomo.com\/es\/#website"},"primaryImageOfPage":{"@id":"https:\/\/cardamomo.com\/es\/show\/flamenco-a-flor-de-piel\/#primaryimage"},"image":{"@id":"https:\/\/cardamomo.com\/es\/show\/flamenco-a-flor-de-piel\/#primaryimage"},"thumbnailUrl":"https:\/\/cardamomo.ams3.digitaloceanspaces.com\/wp-content\/uploads\/2025\/07\/21093417\/programacion-cardamomo-21-27-julio.jpg","datePublished":"2025-07-21T09:35:07+00:00","dateModified":"2025-09-12T16:21:51+00:00","breadcrumb":{"@id":"https:\/\/cardamomo.com\/es\/show\/flamenco-a-flor-de-piel\/#breadcrumb"},"inLanguage":"es","potentialAction":[{"@type":"ReadAction","target":[["https:\/\/cardamomo.com\/es\/show\/flamenco-a-flor-de-piel\/"]]}]},{"@type":"ImageObject","inLanguage":"es","@id":"https:\/\/cardamomo.com\/es\/show\/flamenco-a-flor-de-piel\/#primaryimage","url":"https:\/\/cardamomo.ams3.digitaloceanspaces.com\/wp-content\/uploads\/2025\/07\/21093417\/programacion-cardamomo-21-27-julio.jpg","contentUrl":"https:\/\/cardamomo.ams3.digitaloceanspaces.com\/wp-content\/uploads\/2025\/07\/21093417\/programacion-cardamomo-21-27-julio.jpg","width":1200,"height":800,"caption":"Programación artística 21 al 27 de Julio de Cardamomo Flamenco Madrid"},{"@type":"BreadcrumbList","@id":"https:\/\/cardamomo.com\/es\/show\/flamenco-a-flor-de-piel\/#breadcrumb","itemListElement":[{"@type":"ListItem","position":1,"name":"Cardamomo","item":"https:\/\/cardamomo.com\/es\/"},{"@type":"ListItem","position":2,"name":"Shows","item":"https:\/\/cardamomo.com\/es\/show\/"},{"@type":"ListItem","position":3,"name":"Flamenco a Flor de Piel"}]},{"@type":"WebSite","@id":"https:\/\/cardamomo.com\/es\/#website","url":"https:\/\/cardamomo.com\/es\/","name":"Cardamomo Flamenco Madrid","description":"","potentialAction":[{"@type":"SearchAction","target":{"@type":"EntryPoint","urlTemplate":"https:\/\/cardamomo.com\/es\/?s={search_term_string}"},"query-input":{"@type":"PropertyValueSpecification","valueRequired":true,"valueName":"search_term_string"}}],"inLanguage":"es"}]}</script>
<!-- / Yoast SEO plugin. -->

Lo que hemos preparado para esta semana es de los que se sienten en el pecho. Imagina la pura energía, casi un fuego, que es El Yiyo sobre el escenario. Es de esos bailaores que te atrapan y no te sueltan. Y junto a él, la elegancia y el temple de Sofía del Río y Nerea Fernández, que le dan...

Programación artística 21 al 27 de Julio de Cardamomo Flamenco Madrid
