{"id":156826,"date":"2025-01-31T14:21:52","date_gmt":"2025-01-31T14:21:52","guid":{"rendered":"https:\/\/pro.cardamomo.com\/es\/?post_type=show&#038;p=156826"},"modified":"2025-04-21T09:11:55","modified_gmt":"2025-04-21T09:11:55","slug":"la-fuerza-del-flamenco-sobre-el-tablao","status":"publish","type":"show","link":"https:\/\/cardamomo.com\/es\/show\/la-fuerza-del-flamenco-sobre-el-tablao\/","title":{"rendered":"La Fuerza del Flamenco sobre el tablao"},"content":{"rendered":"<p>Cada noche, el tablao cobra vida con un espect\u00e1culo vibrante donde la m\u00fasica, el cante y el baile se funden en un mismo latido. Cuatro pases diarios te esperan para sumergirte en una experiencia \u00fanica, donde la tradici\u00f3n y la intensidad de este arte milenario se sienten en cada acorde y cada movimiento.<\/p>\n<p>Los sonidos de la guitarra marcan el ritmo, mientras las voces desgarradas transmiten historias profundas y llenas de sentimiento. Los artistas, con su entrega absoluta, crean un ambiente electrizante que envuelve a todos los presentes, transformando cada pase en una vivencia irrepetible.<\/p>\n<p>Si buscas un espect\u00e1culo flamenco en Madrid que te haga vibrar, este es tu momento. Vive la fuerza del arte en estado puro y deja que la magia del flamenco te atrape desde el primer comp\u00e1s.<\/p>","protected":false},"featured_media":157309,"template":"","meta":{"_acf_changed":false,"inline_featured_image":false},"class_list":["post-156826","show","type-show","status-publish","has-post-thumbnail","hentry"],"acf":[],"yoast_head":"<!-- This site is optimized with the Yoast SEO plugin v27.4 - https:\/\/yoast.com\/product\/yoast-seo-wordpress\/ -->\n<title>La Fuerza del Flamenco sobre el tablao - Cardamomo Flamenco Madrid<\/title>\n<meta name=\"description\" content=\"Vive la fuerza del flamenco m\u00e1s aut\u00e9ntico en Cardamomo. Cuatro pases diarios con artistas de primer nivel en el coraz\u00f3n de Madrid.\" \/>\n<meta name=\"robots\" content=\"index, follow, max-snippet:-1, max-image-preview:large, max-video-preview:-1\" \/>\n<link rel=\"canonical\" href=\"\/\" \/>\n<meta property=\"og:locale\" content=\"es_ES\" \/>\n<meta property=\"og:type\" content=\"article\" \/>\n<meta property=\"og:title\" content=\"La Fuerza del Flamenco sobre el tablao - Cardamomo Flamenco Madrid\" \/>\n<meta property=\"og:description\" content=\"Vive la fuerza del flamenco m\u00e1s aut\u00e9ntico en Cardamomo. Cuatro pases diarios con artistas de primer nivel en el coraz\u00f3n de Madrid.\" \/>\n<meta property=\"og:url\" content=\"https:\/\/cardamomo.com\/es\/show\/la-fuerza-del-flamenco-sobre-el-tablao\/\" \/>\n<meta property=\"og:site_name\" content=\"Cardamomo Flamenco Madrid\" \/>\n<meta property=\"article:modified_time\" content=\"2025-04-21T09:11:55+00:00\" \/>\n<meta property=\"og:image\" content=\"https:\/\/cardamomo.ams3.digitaloceanspaces.com\/wp-content\/uploads\/2025\/01\/08141249\/programacion-semanal-cardamomo-1.png\" \/>\n\t<meta property=\"og:image:width\" content=\"1800\" \/>\n\t<meta property=\"og:image:height\" content=\"1200\" \/>\n\t<meta property=\"og:image:type\" content=\"image\/png\" \/>\n<meta name=\"twitter:card\" content=\"summary_large_image\" \/>\n<meta name=\"twitter:label1\" content=\"Tiempo de lectura\" \/>\n\t<meta name=\"twitter:data1\" content=\"1 minuto\" \/>\n<script type=\"application\/ld+json\" class=\"yoast-schema-graph\">{\"@context\":\"https:\\\/\\\/schema.org\",\"@graph\":[{\"@type\":\"WebPage\",\"@id\":\"https:\\\/\\\/cardamomo.com\\\/es\\\/show\\\/la-fuerza-del-flamenco-sobre-el-tablao\\\/\",\"url\":\"https:\\\/\\\/cardamomo.com\\\/es\\\/show\\\/la-fuerza-del-flamenco-sobre-el-tablao\\\/\",\"name\":\"La Fuerza del Flamenco sobre el tablao - Cardamomo Flamenco Madrid\",\"isPartOf\":{\"@id\":\"https:\\\/\\\/cardamomo.com\\\/es\\\/#website\"},\"primaryImageOfPage\":{\"@id\":\"https:\\\/\\\/cardamomo.com\\\/es\\\/show\\\/la-fuerza-del-flamenco-sobre-el-tablao\\\/#primaryimage\"},\"image\":{\"@id\":\"https:\\\/\\\/cardamomo.com\\\/es\\\/show\\\/la-fuerza-del-flamenco-sobre-el-tablao\\\/#primaryimage\"},\"thumbnailUrl\":\"https:\\\/\\\/cardamomo.ams3.digitaloceanspaces.com\\\/wp-content\\\/uploads\\\/2025\\\/01\\\/08141249\\\/programacion-semanal-cardamomo-1.png\",\"datePublished\":\"2025-01-31T14:21:52+00:00\",\"dateModified\":\"2025-04-21T09:11:55+00:00\",\"description\":\"Vive la fuerza del flamenco m\u00e1s aut\u00e9ntico en Cardamomo. Cuatro pases diarios con artistas de primer nivel en el coraz\u00f3n de Madrid.\",\"breadcrumb\":{\"@id\":\"https:\\\/\\\/cardamomo.com\\\/es\\\/show\\\/la-fuerza-del-flamenco-sobre-el-tablao\\\/#breadcrumb\"},\"inLanguage\":\"es\",\"potentialAction\":[{\"@type\":\"ReadAction\",\"target\":[[\"https:\\\/\\\/cardamomo.com\\\/es\\\/show\\\/la-fuerza-del-flamenco-sobre-el-tablao\\\/\"]]}]},{\"@type\":\"ImageObject\",\"inLanguage\":\"es\",\"@id\":\"https:\\\/\\\/cardamomo.com\\\/es\\\/show\\\/la-fuerza-del-flamenco-sobre-el-tablao\\\/#primaryimage\",\"url\":\"https:\\\/\\\/cardamomo.ams3.digitaloceanspaces.com\\\/wp-content\\\/uploads\\\/2025\\\/01\\\/08141249\\\/programacion-semanal-cardamomo-1.png\",\"contentUrl\":\"https:\\\/\\\/cardamomo.ams3.digitaloceanspaces.com\\\/wp-content\\\/uploads\\\/2025\\\/01\\\/08141249\\\/programacion-semanal-cardamomo-1.png\",\"width\":1800,\"height\":1200},{\"@type\":\"BreadcrumbList\",\"@id\":\"https:\\\/\\\/cardamomo.com\\\/es\\\/show\\\/la-fuerza-del-flamenco-sobre-el-tablao\\\/#breadcrumb\",\"itemListElement\":[{\"@type\":\"ListItem\",\"position\":1,\"name\":\"Cardamomo\",\"item\":\"https:\\\/\\\/cardamomo.com\\\/es\\\/\"},{\"@type\":\"ListItem\",\"position\":2,\"name\":\"Shows\",\"item\":\"https:\\\/\\\/cardamomo.com\\\/es\\\/show\\\/\"},{\"@type\":\"ListItem\",\"position\":3,\"name\":\"La Fuerza del Flamenco sobre el tablao\"}]},{\"@type\":\"WebSite\",\"@id\":\"https:\\\/\\\/cardamomo.com\\\/es\\\/#website\",\"url\":\"https:\\\/\\\/cardamomo.com\\\/es\\\/\",\"name\":\"Cardamomo Flamenco Madrid\",\"description\":\"\",\"potentialAction\":[{\"@type\":\"SearchAction\",\"target\":{\"@type\":\"EntryPoint\",\"urlTemplate\":\"https:\\\/\\\/cardamomo.com\\\/es\\\/?s={search_term_string}\"},\"query-input\":{\"@type\":\"PropertyValueSpecification\",\"valueRequired\":true,\"valueName\":\"search_term_string\"}}],\"inLanguage\":\"es\"}]}<\/script>\n<!-- \/ Yoast SEO plugin. -->","yoast_head_json":{"title":"La Fuerza del Flamenco sobre el tablao - Cardamomo Flamenco Madrid","description":"Vive la fuerza del flamenco m\u00e1s aut\u00e9ntico en Cardamomo. Cuatro pases diarios con artistas de primer nivel en el coraz\u00f3n de Madrid.","robots":{"index":"index","follow":"follow","max-snippet":"max-snippet:-1","max-image-preview":"max-image-preview:large","max-video-preview":"max-video-preview:-1"},"canonical":"\/","og_locale":"es_ES","og_type":"article","og_title":"La Fuerza del Flamenco sobre el tablao - Cardamomo Flamenco Madrid","og_description":"Vive la fuerza del flamenco m\u00e1s aut\u00e9ntico en Cardamomo. Cuatro pases diarios con artistas de primer nivel en el coraz\u00f3n de Madrid.","og_url":"https:\/\/cardamomo.com\/es\/show\/la-fuerza-del-flamenco-sobre-el-tablao\/","og_site_name":"Cardamomo Flamenco Madrid","article_modified_time":"2025-04-21T09:11:55+00:00","og_image":[{"width":1800,"height":1200,"url":"https:\/\/cardamomo.ams3.digitaloceanspaces.com\/wp-content\/uploads\/2025\/01\/08141249\/programacion-semanal-cardamomo-1.png","type":"image\/png"}],"twitter_card":"summary_large_image","twitter_misc":{"Tiempo de lectura":"1 minuto"},"schema":{"@context":"https:\/\/schema.org","@graph":[{"@type":"WebPage","@id":"https:\/\/cardamomo.com\/es\/show\/la-fuerza-del-flamenco-sobre-el-tablao\/","url":"https:\/\/cardamomo.com\/es\/show\/la-fuerza-del-flamenco-sobre-el-tablao\/","name":"La Fuerza del Flamenco sobre el tablao - Cardamomo Flamenco Madrid","isPartOf":{"@id":"https:\/\/cardamomo.com\/es\/#website"},"primaryImageOfPage":{"@id":"https:\/\/cardamomo.com\/es\/show\/la-fuerza-del-flamenco-sobre-el-tablao\/#primaryimage"},"image":{"@id":"https:\/\/cardamomo.com\/es\/show\/la-fuerza-del-flamenco-sobre-el-tablao\/#primaryimage"},"thumbnailUrl":"https:\/\/cardamomo.ams3.digitaloceanspaces.com\/wp-content\/uploads\/2025\/01\/08141249\/programacion-semanal-cardamomo-1.png","datePublished":"2025-01-31T14:21:52+00:00","dateModified":"2025-04-21T09:11:55+00:00","description":"Vive la fuerza del flamenco m\u00e1s aut\u00e9ntico en Cardamomo. Cuatro pases diarios con artistas de primer nivel en el coraz\u00f3n de Madrid.","breadcrumb":{"@id":"https:\/\/cardamomo.com\/es\/show\/la-fuerza-del-flamenco-sobre-el-tablao\/#breadcrumb"},"inLanguage":"es","potentialAction":[{"@type":"ReadAction","target":[["https:\/\/cardamomo.com\/es\/show\/la-fuerza-del-flamenco-sobre-el-tablao\/"]]}]},{"@type":"ImageObject","inLanguage":"es","@id":"https:\/\/cardamomo.com\/es\/show\/la-fuerza-del-flamenco-sobre-el-tablao\/#primaryimage","url":"https:\/\/cardamomo.ams3.digitaloceanspaces.com\/wp-content\/uploads\/2025\/01\/08141249\/programacion-semanal-cardamomo-1.png","contentUrl":"https:\/\/cardamomo.ams3.digitaloceanspaces.com\/wp-content\/uploads\/2025\/01\/08141249\/programacion-semanal-cardamomo-1.png","width":1800,"height":1200},{"@type":"BreadcrumbList","@id":"https:\/\/cardamomo.com\/es\/show\/la-fuerza-del-flamenco-sobre-el-tablao\/#breadcrumb","itemListElement":[{"@type":"ListItem","position":1,"name":"Cardamomo","item":"https:\/\/cardamomo.com\/es\/"},{"@type":"ListItem","position":2,"name":"Shows","item":"https:\/\/cardamomo.com\/es\/show\/"},{"@type":"ListItem","position":3,"name":"La Fuerza del Flamenco sobre el tablao"}]},{"@type":"WebSite","@id":"https:\/\/cardamomo.com\/es\/#website","url":"https:\/\/cardamomo.com\/es\/","name":"Cardamomo Flamenco Madrid","description":"","potentialAction":[{"@type":"SearchAction","target":{"@type":"EntryPoint","urlTemplate":"https:\/\/cardamomo.com\/es\/?s={search_term_string}"},"query-input":{"@type":"PropertyValueSpecification","valueRequired":true,"valueName":"search_term_string"}}],"inLanguage":"es"}]}},"_links":{"self":[{"href":"https:\/\/cardamomo.com\/es\/wp-json\/wp\/v2\/show\/156826","targetHints":{"allow":["GET"]}}],"collection":[{"href":"https:\/\/cardamomo.com\/es\/wp-json\/wp\/v2\/show"}],"about":[{"href":"https:\/\/cardamomo.com\/es\/wp-json\/wp\/v2\/types\/show"}],"wp:featuredmedia":[{"embeddable":true,"href":"https:\/\/cardamomo.com\/es\/wp-json\/wp\/v2\/media\/157309"}],"wp:attachment":[{"href":"https:\/\/cardamomo.com\/es\/wp-json\/wp\/v2\/media?parent=156826"}],"curies":[{"name":"wp","href":"https:\/\/api.w.org\/{rel}","templated":true}]}}

<p>Cada noche, el tablao cobra vida con un espectáculo vibrante donde la música, el cante y el baile se funden en un mismo latido. Cuatro pases diarios te esperan para sumergirte en una experiencia única, donde la tradición y la intensidad de este arte milenario se sienten en cada acorde y cada movimiento.</p>
<p>Los sonidos de la guitarra marcan el ritmo, mientras las voces desgarradas transmiten historias profundas y llenas de sentimiento. Los artistas, con su entrega absoluta, crean un ambiente electrizante que envuelve a todos los presentes, transformando cada pase en una vivencia irrepetible.</p>
<p>Si buscas un espectáculo flamenco en Madrid que te haga vibrar, este es tu momento. Vive la fuerza del arte en estado puro y deja que la magia del flamenco te atrape desde el primer compás.</p>

<!-- This site is optimized with the Yoast SEO plugin v27.4 - https://yoast.com/product/yoast-seo-wordpress/ -->
<title>La Fuerza del Flamenco sobre el tablao - Cardamomo Flamenco Madrid</title>
<meta name="description" content="Vive la fuerza del flamenco más auténtico en Cardamomo. Cuatro pases diarios con artistas de primer nivel en el corazón de Madrid." />
<meta name="robots" content="index, follow, max-snippet:-1, max-image-preview:large, max-video-preview:-1" />
<link rel="canonical" href="/" />
<meta property="og:locale" content="es_ES" />
<meta property="og:type" content="article" />
<meta property="og:title" content="La Fuerza del Flamenco sobre el tablao - Cardamomo Flamenco Madrid" />
<meta property="og:description" content="Vive la fuerza del flamenco más auténtico en Cardamomo. Cuatro pases diarios con artistas de primer nivel en el corazón de Madrid." />
<meta property="og:url" content="https://cardamomo.com/es/show/la-fuerza-del-flamenco-sobre-el-tablao/" />
<meta property="og:site_name" content="Cardamomo Flamenco Madrid" />
<meta property="article:modified_time" content="2025-04-21T09:11:55+00:00" />
<meta property="og:image" content="https://cardamomo.ams3.digitaloceanspaces.com/wp-content/uploads/2025/01/08141249/programacion-semanal-cardamomo-1.png" />
	<meta property="og:image:width" content="1800" />
	<meta property="og:image:height" content="1200" />
	<meta property="og:image:type" content="image/png" />
<meta name="twitter:card" content="summary_large_image" />
<meta name="twitter:label1" content="Tiempo de lectura" />
	<meta name="twitter:data1" content="1 minuto" />
<script type="application/ld+json" class="yoast-schema-graph">{"@context":"https:\/\/schema.org","@graph":[{"@type":"WebPage","@id":"https:\/\/cardamomo.com\/es\/show\/la-fuerza-del-flamenco-sobre-el-tablao\/","url":"https:\/\/cardamomo.com\/es\/show\/la-fuerza-del-flamenco-sobre-el-tablao\/","name":"La Fuerza del Flamenco sobre el tablao - Cardamomo Flamenco Madrid","isPartOf":{"@id":"https:\/\/cardamomo.com\/es\/#website"},"primaryImageOfPage":{"@id":"https:\/\/cardamomo.com\/es\/show\/la-fuerza-del-flamenco-sobre-el-tablao\/#primaryimage"},"image":{"@id":"https:\/\/cardamomo.com\/es\/show\/la-fuerza-del-flamenco-sobre-el-tablao\/#primaryimage"},"thumbnailUrl":"https:\/\/cardamomo.ams3.digitaloceanspaces.com\/wp-content\/uploads\/2025\/01\/08141249\/programacion-semanal-cardamomo-1.png","datePublished":"2025-01-31T14:21:52+00:00","dateModified":"2025-04-21T09:11:55+00:00","description":"Vive la fuerza del flamenco más auténtico en Cardamomo. Cuatro pases diarios con artistas de primer nivel en el corazón de Madrid.","breadcrumb":{"@id":"https:\/\/cardamomo.com\/es\/show\/la-fuerza-del-flamenco-sobre-el-tablao\/#breadcrumb"},"inLanguage":"es","potentialAction":[{"@type":"ReadAction","target":[["https:\/\/cardamomo.com\/es\/show\/la-fuerza-del-flamenco-sobre-el-tablao\/"]]}]},{"@type":"ImageObject","inLanguage":"es","@id":"https:\/\/cardamomo.com\/es\/show\/la-fuerza-del-flamenco-sobre-el-tablao\/#primaryimage","url":"https:\/\/cardamomo.ams3.digitaloceanspaces.com\/wp-content\/uploads\/2025\/01\/08141249\/programacion-semanal-cardamomo-1.png","contentUrl":"https:\/\/cardamomo.ams3.digitaloceanspaces.com\/wp-content\/uploads\/2025\/01\/08141249\/programacion-semanal-cardamomo-1.png","width":1800,"height":1200},{"@type":"BreadcrumbList","@id":"https:\/\/cardamomo.com\/es\/show\/la-fuerza-del-flamenco-sobre-el-tablao\/#breadcrumb","itemListElement":[{"@type":"ListItem","position":1,"name":"Cardamomo","item":"https:\/\/cardamomo.com\/es\/"},{"@type":"ListItem","position":2,"name":"Shows","item":"https:\/\/cardamomo.com\/es\/show\/"},{"@type":"ListItem","position":3,"name":"La Fuerza del Flamenco sobre el tablao"}]},{"@type":"WebSite","@id":"https:\/\/cardamomo.com\/es\/#website","url":"https:\/\/cardamomo.com\/es\/","name":"Cardamomo Flamenco Madrid","description":"","potentialAction":[{"@type":"SearchAction","target":{"@type":"EntryPoint","urlTemplate":"https:\/\/cardamomo.com\/es\/?s={search_term_string}"},"query-input":{"@type":"PropertyValueSpecification","valueRequired":true,"valueName":"search_term_string"}}],"inLanguage":"es"}]}</script>
<!-- / Yoast SEO plugin. -->

Vive la fuerza del flamenco más auténtico en Cardamomo. Cuatro pases diarios con artistas de primer nivel en el corazón de Madrid.
