{"id":105576,"date":"2022-07-23T21:45:05","date_gmt":"2022-07-23T21:45:05","guid":{"rendered":"https:\/\/cardamomo.com\/es\/?post_type=show&#038;p=105576"},"modified":"2024-12-26T21:54:52","modified_gmt":"2024-12-26T21:54:52","slug":"remache-por-primera-vez-en-cardamomo","status":"publish","type":"show","link":"https:\/\/cardamomo.com\/es\/show\/el-remache-por-primera-vez-en-cardamomo\/","title":{"rendered":"\u00bbEl Remache\u00bb por primera vez en Cardamomo"},"content":{"rendered":"<p><\/p>\n<h3>Un Baile Hipn\u00f3tico<\/h3>\n<p>Le\u00f3nides Santiago Cortes, m\u00e1s conocido como Yoni, <span style=\"color: #ff0000;\"><strong>\u00abEl Remache\u00bb<\/strong><\/span>, nombre que le viene de su t\u00edo \u00abEl Remache de Bronce\u00bb, bailaor de bailaores, donde Yoni encuentra la inspiraci\u00f3n de su baile gitano tan elogiado por los flamencos.<\/p>\n<p>Yoni es uno de los j\u00f3venes privilegiados que nacen con el arte flamenco en la sangre, y forjan su identidad de forma autodidacta, lo que hace que destaque su baile desde muy corta edad, desarrolla un baile personal fusionando fuerza y elegancia, un baile gitano que despierta todos los sentidos del espectador.<\/p>\n<p>Su participaci\u00f3n en el programa \u00abGot Talent\u00bb,\u00a0 en Tele 5, 2021 no dej\u00f3 indiferente a nadie, fue elogiado por todo el jurado, especialmente por el m\u00e1s estricto, Risto Mejide.<\/p>\n<p>\u00a1No te pierdas a este gran bailaor en vivo!<\/p>\n<p>\u00a1Consigue ya tus entradas!<\/p>\n<p>???? reservas@cardamomo.com<\/p>\n<p>\u260e\ufe0f ( +34) 91 805 1038\/ (+34) 691 02 21 17<\/p>\n<p>???? cardamomo.com<\/p>\n<p>&nbsp;<\/p>","protected":false},"featured_media":0,"template":"","meta":{"_acf_changed":false,"inline_featured_image":false},"class_list":["post-105576","show","type-show","status-publish","hentry"],"acf":[],"yoast_head":"<!-- This site is optimized with the Yoast SEO plugin v27.4 - https:\/\/yoast.com\/product\/yoast-seo-wordpress\/ -->\n<title>&quot;El Remache&quot; por primera vez en Cardamomo - Cardamomo Flamenco Madrid<\/title>\n<meta name=\"robots\" content=\"index, follow, max-snippet:-1, max-image-preview:large, max-video-preview:-1\" \/>\n<link rel=\"canonical\" href=\"\/\" \/>\n<meta property=\"og:locale\" content=\"es_ES\" \/>\n<meta property=\"og:type\" content=\"article\" \/>\n<meta property=\"og:title\" content=\"&quot;El Remache&quot; por primera vez en Cardamomo - Cardamomo Flamenco Madrid\" \/>\n<meta property=\"og:description\" content=\"Un Baile Hipn\u00f3tico Le\u00f3nides Santiago Cortes, m\u00e1s conocido como Yoni, \u00abEl Remache\u00bb, nombre que le viene de su t\u00edo \u00abEl Remache de Bronce\u00bb, bailaor de bailaores, donde Yoni encuentra la inspiraci\u00f3n de su baile gitano tan elogiado por los flamencos. Yoni es uno de los j\u00f3venes privilegiados que nacen con el arte flamenco en la...\" \/>\n<meta property=\"og:url\" content=\"https:\/\/cardamomo.com\/es\/show\/el-remache-por-primera-vez-en-cardamomo\/\" \/>\n<meta property=\"og:site_name\" content=\"Cardamomo Flamenco Madrid\" \/>\n<meta property=\"article:modified_time\" content=\"2024-12-26T21:54:52+00:00\" \/>\n<meta name=\"twitter:card\" content=\"summary_large_image\" \/>\n<meta name=\"twitter:label1\" content=\"Tiempo de lectura\" \/>\n\t<meta name=\"twitter:data1\" content=\"1 minuto\" \/>\n<script type=\"application\/ld+json\" class=\"yoast-schema-graph\">{\"@context\":\"https:\\\/\\\/schema.org\",\"@graph\":[{\"@type\":\"WebPage\",\"@id\":\"https:\\\/\\\/cardamomo.com\\\/es\\\/show\\\/el-remache-por-primera-vez-en-cardamomo\\\/\",\"url\":\"https:\\\/\\\/cardamomo.com\\\/es\\\/show\\\/el-remache-por-primera-vez-en-cardamomo\\\/\",\"name\":\"\\\"El Remache\\\" por primera vez en Cardamomo - Cardamomo Flamenco Madrid\",\"isPartOf\":{\"@id\":\"https:\\\/\\\/cardamomo.com\\\/es\\\/#website\"},\"datePublished\":\"2022-07-23T21:45:05+00:00\",\"dateModified\":\"2024-12-26T21:54:52+00:00\",\"breadcrumb\":{\"@id\":\"https:\\\/\\\/cardamomo.com\\\/es\\\/show\\\/el-remache-por-primera-vez-en-cardamomo\\\/#breadcrumb\"},\"inLanguage\":\"es\",\"potentialAction\":[{\"@type\":\"ReadAction\",\"target\":[[\"https:\\\/\\\/cardamomo.com\\\/es\\\/show\\\/el-remache-por-primera-vez-en-cardamomo\\\/\"]]}]},{\"@type\":\"BreadcrumbList\",\"@id\":\"https:\\\/\\\/cardamomo.com\\\/es\\\/show\\\/el-remache-por-primera-vez-en-cardamomo\\\/#breadcrumb\",\"itemListElement\":[{\"@type\":\"ListItem\",\"position\":1,\"name\":\"Cardamomo\",\"item\":\"https:\\\/\\\/cardamomo.com\\\/es\\\/\"},{\"@type\":\"ListItem\",\"position\":2,\"name\":\"Shows\",\"item\":\"https:\\\/\\\/cardamomo.com\\\/es\\\/show\\\/\"},{\"@type\":\"ListItem\",\"position\":3,\"name\":\"\u00abEl Remache\u00bb por primera vez en Cardamomo\"}]},{\"@type\":\"WebSite\",\"@id\":\"https:\\\/\\\/cardamomo.com\\\/es\\\/#website\",\"url\":\"https:\\\/\\\/cardamomo.com\\\/es\\\/\",\"name\":\"Cardamomo Flamenco Madrid\",\"description\":\"\",\"potentialAction\":[{\"@type\":\"SearchAction\",\"target\":{\"@type\":\"EntryPoint\",\"urlTemplate\":\"https:\\\/\\\/cardamomo.com\\\/es\\\/?s={search_term_string}\"},\"query-input\":{\"@type\":\"PropertyValueSpecification\",\"valueRequired\":true,\"valueName\":\"search_term_string\"}}],\"inLanguage\":\"es\"}]}<\/script>\n<!-- \/ Yoast SEO plugin. -->","yoast_head_json":{"title":"\"El Remache\" por primera vez en Cardamomo - Cardamomo Flamenco Madrid","robots":{"index":"index","follow":"follow","max-snippet":"max-snippet:-1","max-image-preview":"max-image-preview:large","max-video-preview":"max-video-preview:-1"},"canonical":"\/","og_locale":"es_ES","og_type":"article","og_title":"\"El Remache\" por primera vez en Cardamomo - Cardamomo Flamenco Madrid","og_description":"Un Baile Hipn\u00f3tico Le\u00f3nides Santiago Cortes, m\u00e1s conocido como Yoni, \u00abEl Remache\u00bb, nombre que le viene de su t\u00edo \u00abEl Remache de Bronce\u00bb, bailaor de bailaores, donde Yoni encuentra la inspiraci\u00f3n de su baile gitano tan elogiado por los flamencos. Yoni es uno de los j\u00f3venes privilegiados que nacen con el arte flamenco en la...","og_url":"https:\/\/cardamomo.com\/es\/show\/el-remache-por-primera-vez-en-cardamomo\/","og_site_name":"Cardamomo Flamenco Madrid","article_modified_time":"2024-12-26T21:54:52+00:00","twitter_card":"summary_large_image","twitter_misc":{"Tiempo de lectura":"1 minuto"},"schema":{"@context":"https:\/\/schema.org","@graph":[{"@type":"WebPage","@id":"https:\/\/cardamomo.com\/es\/show\/el-remache-por-primera-vez-en-cardamomo\/","url":"https:\/\/cardamomo.com\/es\/show\/el-remache-por-primera-vez-en-cardamomo\/","name":"\"El Remache\" por primera vez en Cardamomo - Cardamomo Flamenco Madrid","isPartOf":{"@id":"https:\/\/cardamomo.com\/es\/#website"},"datePublished":"2022-07-23T21:45:05+00:00","dateModified":"2024-12-26T21:54:52+00:00","breadcrumb":{"@id":"https:\/\/cardamomo.com\/es\/show\/el-remache-por-primera-vez-en-cardamomo\/#breadcrumb"},"inLanguage":"es","potentialAction":[{"@type":"ReadAction","target":[["https:\/\/cardamomo.com\/es\/show\/el-remache-por-primera-vez-en-cardamomo\/"]]}]},{"@type":"BreadcrumbList","@id":"https:\/\/cardamomo.com\/es\/show\/el-remache-por-primera-vez-en-cardamomo\/#breadcrumb","itemListElement":[{"@type":"ListItem","position":1,"name":"Cardamomo","item":"https:\/\/cardamomo.com\/es\/"},{"@type":"ListItem","position":2,"name":"Shows","item":"https:\/\/cardamomo.com\/es\/show\/"},{"@type":"ListItem","position":3,"name":"\u00abEl Remache\u00bb por primera vez en Cardamomo"}]},{"@type":"WebSite","@id":"https:\/\/cardamomo.com\/es\/#website","url":"https:\/\/cardamomo.com\/es\/","name":"Cardamomo Flamenco Madrid","description":"","potentialAction":[{"@type":"SearchAction","target":{"@type":"EntryPoint","urlTemplate":"https:\/\/cardamomo.com\/es\/?s={search_term_string}"},"query-input":{"@type":"PropertyValueSpecification","valueRequired":true,"valueName":"search_term_string"}}],"inLanguage":"es"}]}},"_links":{"self":[{"href":"https:\/\/cardamomo.com\/es\/wp-json\/wp\/v2\/show\/105576","targetHints":{"allow":["GET"]}}],"collection":[{"href":"https:\/\/cardamomo.com\/es\/wp-json\/wp\/v2\/show"}],"about":[{"href":"https:\/\/cardamomo.com\/es\/wp-json\/wp\/v2\/types\/show"}],"wp:attachment":[{"href":"https:\/\/cardamomo.com\/es\/wp-json\/wp\/v2\/media?parent=105576"}],"curies":[{"name":"wp","href":"https:\/\/api.w.org\/{rel}","templated":true}]}}

<p></p>
<h3>Un Baile Hipnótico</h3>
<p>Leónides Santiago Cortes, más conocido como Yoni, <span style="color: #ff0000;"><strong>«El Remache»</strong></span>, nombre que le viene de su tío «El Remache de Bronce», bailaor de bailaores, donde Yoni encuentra la inspiración de su baile gitano tan elogiado por los flamencos.</p>
<p>Yoni es uno de los jóvenes privilegiados que nacen con el arte flamenco en la sangre, y forjan su identidad de forma autodidacta, lo que hace que destaque su baile desde muy corta edad, desarrolla un baile personal fusionando fuerza y elegancia, un baile gitano que despierta todos los sentidos del espectador.</p>
<p>Su participación en el programa «Got Talent»,  en Tele 5, 2021 no dejó indiferente a nadie, fue elogiado por todo el jurado, especialmente por el más estricto, Risto Mejide.</p>
<p>¡No te pierdas a este gran bailaor en vivo!</p>
<p>¡Consigue ya tus entradas!</p>
<p>???? reservas@cardamomo.com</p>
<p>☎️ ( +34) 91 805 1038/ (+34) 691 02 21 17</p>
<p>???? cardamomo.com</p>
<p>&nbsp;</p>

<!-- This site is optimized with the Yoast SEO plugin v27.4 - https://yoast.com/product/yoast-seo-wordpress/ -->
<title>&quot;El Remache&quot; por primera vez en Cardamomo - Cardamomo Flamenco Madrid</title>
<meta name="robots" content="index, follow, max-snippet:-1, max-image-preview:large, max-video-preview:-1" />
<link rel="canonical" href="/" />
<meta property="og:locale" content="es_ES" />
<meta property="og:type" content="article" />
<meta property="og:title" content="&quot;El Remache&quot; por primera vez en Cardamomo - Cardamomo Flamenco Madrid" />
<meta property="og:description" content="Un Baile Hipnótico Leónides Santiago Cortes, más conocido como Yoni, «El Remache», nombre que le viene de su tío «El Remache de Bronce», bailaor de bailaores, donde Yoni encuentra la inspiración de su baile gitano tan elogiado por los flamencos. Yoni es uno de los jóvenes privilegiados que nacen con el arte flamenco en la..." />
<meta property="og:url" content="https://cardamomo.com/es/show/el-remache-por-primera-vez-en-cardamomo/" />
<meta property="og:site_name" content="Cardamomo Flamenco Madrid" />
<meta property="article:modified_time" content="2024-12-26T21:54:52+00:00" />
<meta name="twitter:card" content="summary_large_image" />
<meta name="twitter:label1" content="Tiempo de lectura" />
	<meta name="twitter:data1" content="1 minuto" />
<script type="application/ld+json" class="yoast-schema-graph">{"@context":"https:\/\/schema.org","@graph":[{"@type":"WebPage","@id":"https:\/\/cardamomo.com\/es\/show\/el-remache-por-primera-vez-en-cardamomo\/","url":"https:\/\/cardamomo.com\/es\/show\/el-remache-por-primera-vez-en-cardamomo\/","name":"\"El Remache\" por primera vez en Cardamomo - Cardamomo Flamenco Madrid","isPartOf":{"@id":"https:\/\/cardamomo.com\/es\/#website"},"datePublished":"2022-07-23T21:45:05+00:00","dateModified":"2024-12-26T21:54:52+00:00","breadcrumb":{"@id":"https:\/\/cardamomo.com\/es\/show\/el-remache-por-primera-vez-en-cardamomo\/#breadcrumb"},"inLanguage":"es","potentialAction":[{"@type":"ReadAction","target":[["https:\/\/cardamomo.com\/es\/show\/el-remache-por-primera-vez-en-cardamomo\/"]]}]},{"@type":"BreadcrumbList","@id":"https:\/\/cardamomo.com\/es\/show\/el-remache-por-primera-vez-en-cardamomo\/#breadcrumb","itemListElement":[{"@type":"ListItem","position":1,"name":"Cardamomo","item":"https:\/\/cardamomo.com\/es\/"},{"@type":"ListItem","position":2,"name":"Shows","item":"https:\/\/cardamomo.com\/es\/show\/"},{"@type":"ListItem","position":3,"name":"«El Remache» por primera vez en Cardamomo"}]},{"@type":"WebSite","@id":"https:\/\/cardamomo.com\/es\/#website","url":"https:\/\/cardamomo.com\/es\/","name":"Cardamomo Flamenco Madrid","description":"","potentialAction":[{"@type":"SearchAction","target":{"@type":"EntryPoint","urlTemplate":"https:\/\/cardamomo.com\/es\/?s={search_term_string}"},"query-input":{"@type":"PropertyValueSpecification","valueRequired":true,"valueName":"search_term_string"}}],"inLanguage":"es"}]}</script>
<!-- / Yoast SEO plugin. -->

Un Baile Hipnótico Leónides Santiago Cortes, más conocido como Yoni, «El Remache», nombre que le viene de su tío «El Remache de Bronce», bailaor de bailaores, donde Yoni encuentra la inspiración de su baile gitano tan elogiado por los flamencos. Yoni es uno de los jóvenes privilegiados que nacen con el arte flamenco en la...
