{"id":102050,"date":"2022-06-09T21:45:05","date_gmt":"2022-06-09T21:45:05","guid":{"rendered":"https:\/\/cardamomo.com\/es\/?post_type=show&#038;p=102050"},"modified":"2024-12-26T21:57:55","modified_gmt":"2024-12-26T21:57:55","slug":"barullo-en-cardamomo-a-partir-del-13-de-junio","status":"publish","type":"show","link":"https:\/\/cardamomo.com\/es\/show\/juan-fernandez-montoya-barullo-en-cardamomo-a-partir-del-13-de-junio\/","title":{"rendered":"Juan Fern\u00e1ndez Montoya, \u00abBarullo\u00bb, en Cardamomo a partir del 13 de junio"},"content":{"rendered":"<p>Bailaor sevillano, debut\u00f3 a los 5 a\u00f1os con su abuelo \u00abFarruco\u00bb en la Alameda de H\u00e9rcules, siendo adem\u00e1s hijo de \u00abLa Faraona\u00bb y primo hermano del maestro \u00abFarruquito\u00bb.\u00a0 De pura sangre gitana, ganador del premio <em>\u00abEl Desplante\u00bb<\/em>, al mejor bailaor, <em>Festival de Cante de Las Minas, en 2014,<\/em> <em>Bienal Flamenca de Sevilla 2014,<\/em> <em>Premio Nacional de Arte Flamenco de C\u00f3rdoba 2016<\/em>, acompa\u00f1ando a los mejores artistas flamencos de toda Espa\u00f1a.<\/p>\n<p>Su apodo se lo puso su abuelo \u00abFarruco\u00bb, en alusi\u00f3n a que cada vez que bailaba provocaba un \u00abalboroto\u00bb entre el p\u00fablico. Apasionado del arte del flamenco desde la cuna, gran defensor de lo cl\u00e1sico, honrando las ra\u00edces de las que procede y siguiendo el camino de sus mayores, nos visita en Cardamomo a partir del 13 de junio.<\/p>\n<p>No te pierdas la intensidad y elegancia de este bailaor en directo, del 13 al 19 de junio.<\/p>\n<p>&nbsp;<\/p>","protected":false},"featured_media":0,"template":"","meta":{"_acf_changed":false,"inline_featured_image":false},"class_list":["post-102050","show","type-show","status-publish","hentry"],"acf":[],"yoast_head":"<!-- This site is optimized with the Yoast SEO plugin v27.4 - https:\/\/yoast.com\/product\/yoast-seo-wordpress\/ -->\n<title>Juan Fern\u00e1ndez Montoya, &quot;Barullo&quot;, en Cardamomo a partir del 13 de junio - Cardamomo Flamenco Madrid<\/title>\n<meta name=\"robots\" content=\"index, follow, max-snippet:-1, max-image-preview:large, max-video-preview:-1\" \/>\n<link rel=\"canonical\" href=\"\/\" \/>\n<meta property=\"og:locale\" content=\"es_ES\" \/>\n<meta property=\"og:type\" content=\"article\" \/>\n<meta property=\"og:title\" content=\"Juan Fern\u00e1ndez Montoya, &quot;Barullo&quot;, en Cardamomo a partir del 13 de junio - Cardamomo Flamenco Madrid\" \/>\n<meta property=\"og:description\" content=\"Bailaor sevillano, debut\u00f3 a los 5 a\u00f1os con su abuelo \u00abFarruco\u00bb en la Alameda de H\u00e9rcules, siendo adem\u00e1s hijo de \u00abLa Faraona\u00bb y primo hermano del maestro \u00abFarruquito\u00bb.\u00a0 De pura sangre gitana, ganador del premio \u00abEl Desplante\u00bb, al mejor bailaor, Festival de Cante de Las Minas, en 2014, Bienal Flamenca de Sevilla 2014, Premio Nacional...\" \/>\n<meta property=\"og:url\" content=\"https:\/\/cardamomo.com\/es\/show\/juan-fernandez-montoya-barullo-en-cardamomo-a-partir-del-13-de-junio\/\" \/>\n<meta property=\"og:site_name\" content=\"Cardamomo Flamenco Madrid\" \/>\n<meta property=\"article:modified_time\" content=\"2024-12-26T21:57:55+00:00\" \/>\n<meta name=\"twitter:card\" content=\"summary_large_image\" \/>\n<meta name=\"twitter:label1\" content=\"Tiempo de lectura\" \/>\n\t<meta name=\"twitter:data1\" content=\"1 minuto\" \/>\n<script type=\"application\/ld+json\" class=\"yoast-schema-graph\">{\"@context\":\"https:\\\/\\\/schema.org\",\"@graph\":[{\"@type\":\"WebPage\",\"@id\":\"https:\\\/\\\/cardamomo.com\\\/es\\\/show\\\/juan-fernandez-montoya-barullo-en-cardamomo-a-partir-del-13-de-junio\\\/\",\"url\":\"https:\\\/\\\/cardamomo.com\\\/es\\\/show\\\/juan-fernandez-montoya-barullo-en-cardamomo-a-partir-del-13-de-junio\\\/\",\"name\":\"Juan Fern\u00e1ndez Montoya, \\\"Barullo\\\", en Cardamomo a partir del 13 de junio - Cardamomo Flamenco Madrid\",\"isPartOf\":{\"@id\":\"https:\\\/\\\/cardamomo.com\\\/es\\\/#website\"},\"datePublished\":\"2022-06-09T21:45:05+00:00\",\"dateModified\":\"2024-12-26T21:57:55+00:00\",\"breadcrumb\":{\"@id\":\"https:\\\/\\\/cardamomo.com\\\/es\\\/show\\\/juan-fernandez-montoya-barullo-en-cardamomo-a-partir-del-13-de-junio\\\/#breadcrumb\"},\"inLanguage\":\"es\",\"potentialAction\":[{\"@type\":\"ReadAction\",\"target\":[[\"https:\\\/\\\/cardamomo.com\\\/es\\\/show\\\/juan-fernandez-montoya-barullo-en-cardamomo-a-partir-del-13-de-junio\\\/\"]]}]},{\"@type\":\"BreadcrumbList\",\"@id\":\"https:\\\/\\\/cardamomo.com\\\/es\\\/show\\\/juan-fernandez-montoya-barullo-en-cardamomo-a-partir-del-13-de-junio\\\/#breadcrumb\",\"itemListElement\":[{\"@type\":\"ListItem\",\"position\":1,\"name\":\"Cardamomo\",\"item\":\"https:\\\/\\\/cardamomo.com\\\/es\\\/\"},{\"@type\":\"ListItem\",\"position\":2,\"name\":\"Shows\",\"item\":\"https:\\\/\\\/cardamomo.com\\\/es\\\/show\\\/\"},{\"@type\":\"ListItem\",\"position\":3,\"name\":\"Juan Fern\u00e1ndez Montoya, \u00abBarullo\u00bb, en Cardamomo a partir del 13 de junio\"}]},{\"@type\":\"WebSite\",\"@id\":\"https:\\\/\\\/cardamomo.com\\\/es\\\/#website\",\"url\":\"https:\\\/\\\/cardamomo.com\\\/es\\\/\",\"name\":\"Cardamomo Flamenco Madrid\",\"description\":\"\",\"potentialAction\":[{\"@type\":\"SearchAction\",\"target\":{\"@type\":\"EntryPoint\",\"urlTemplate\":\"https:\\\/\\\/cardamomo.com\\\/es\\\/?s={search_term_string}\"},\"query-input\":{\"@type\":\"PropertyValueSpecification\",\"valueRequired\":true,\"valueName\":\"search_term_string\"}}],\"inLanguage\":\"es\"}]}<\/script>\n<!-- \/ Yoast SEO plugin. -->","yoast_head_json":{"title":"Juan Fern\u00e1ndez Montoya, \"Barullo\", en Cardamomo a partir del 13 de junio - Cardamomo Flamenco Madrid","robots":{"index":"index","follow":"follow","max-snippet":"max-snippet:-1","max-image-preview":"max-image-preview:large","max-video-preview":"max-video-preview:-1"},"canonical":"\/","og_locale":"es_ES","og_type":"article","og_title":"Juan Fern\u00e1ndez Montoya, \"Barullo\", en Cardamomo a partir del 13 de junio - Cardamomo Flamenco Madrid","og_description":"Bailaor sevillano, debut\u00f3 a los 5 a\u00f1os con su abuelo \u00abFarruco\u00bb en la Alameda de H\u00e9rcules, siendo adem\u00e1s hijo de \u00abLa Faraona\u00bb y primo hermano del maestro \u00abFarruquito\u00bb.\u00a0 De pura sangre gitana, ganador del premio \u00abEl Desplante\u00bb, al mejor bailaor, Festival de Cante de Las Minas, en 2014, Bienal Flamenca de Sevilla 2014, Premio Nacional...","og_url":"https:\/\/cardamomo.com\/es\/show\/juan-fernandez-montoya-barullo-en-cardamomo-a-partir-del-13-de-junio\/","og_site_name":"Cardamomo Flamenco Madrid","article_modified_time":"2024-12-26T21:57:55+00:00","twitter_card":"summary_large_image","twitter_misc":{"Tiempo de lectura":"1 minuto"},"schema":{"@context":"https:\/\/schema.org","@graph":[{"@type":"WebPage","@id":"https:\/\/cardamomo.com\/es\/show\/juan-fernandez-montoya-barullo-en-cardamomo-a-partir-del-13-de-junio\/","url":"https:\/\/cardamomo.com\/es\/show\/juan-fernandez-montoya-barullo-en-cardamomo-a-partir-del-13-de-junio\/","name":"Juan Fern\u00e1ndez Montoya, \"Barullo\", en Cardamomo a partir del 13 de junio - Cardamomo Flamenco Madrid","isPartOf":{"@id":"https:\/\/cardamomo.com\/es\/#website"},"datePublished":"2022-06-09T21:45:05+00:00","dateModified":"2024-12-26T21:57:55+00:00","breadcrumb":{"@id":"https:\/\/cardamomo.com\/es\/show\/juan-fernandez-montoya-barullo-en-cardamomo-a-partir-del-13-de-junio\/#breadcrumb"},"inLanguage":"es","potentialAction":[{"@type":"ReadAction","target":[["https:\/\/cardamomo.com\/es\/show\/juan-fernandez-montoya-barullo-en-cardamomo-a-partir-del-13-de-junio\/"]]}]},{"@type":"BreadcrumbList","@id":"https:\/\/cardamomo.com\/es\/show\/juan-fernandez-montoya-barullo-en-cardamomo-a-partir-del-13-de-junio\/#breadcrumb","itemListElement":[{"@type":"ListItem","position":1,"name":"Cardamomo","item":"https:\/\/cardamomo.com\/es\/"},{"@type":"ListItem","position":2,"name":"Shows","item":"https:\/\/cardamomo.com\/es\/show\/"},{"@type":"ListItem","position":3,"name":"Juan Fern\u00e1ndez Montoya, \u00abBarullo\u00bb, en Cardamomo a partir del 13 de junio"}]},{"@type":"WebSite","@id":"https:\/\/cardamomo.com\/es\/#website","url":"https:\/\/cardamomo.com\/es\/","name":"Cardamomo Flamenco Madrid","description":"","potentialAction":[{"@type":"SearchAction","target":{"@type":"EntryPoint","urlTemplate":"https:\/\/cardamomo.com\/es\/?s={search_term_string}"},"query-input":{"@type":"PropertyValueSpecification","valueRequired":true,"valueName":"search_term_string"}}],"inLanguage":"es"}]}},"_links":{"self":[{"href":"https:\/\/cardamomo.com\/es\/wp-json\/wp\/v2\/show\/102050","targetHints":{"allow":["GET"]}}],"collection":[{"href":"https:\/\/cardamomo.com\/es\/wp-json\/wp\/v2\/show"}],"about":[{"href":"https:\/\/cardamomo.com\/es\/wp-json\/wp\/v2\/types\/show"}],"wp:attachment":[{"href":"https:\/\/cardamomo.com\/es\/wp-json\/wp\/v2\/media?parent=102050"}],"curies":[{"name":"wp","href":"https:\/\/api.w.org\/{rel}","templated":true}]}}

Juan Fernández Montoya, «Barullo», en Cardamomo a partir del 13 de junio

<p>Bailaor sevillano, debutó a los 5 años con su abuelo «Farruco» en la Alameda de Hércules, siendo además hijo de «La Faraona» y primo hermano del maestro «Farruquito».  De pura sangre gitana, ganador del premio <em>«El Desplante»</em>, al mejor bailaor, <em>Festival de Cante de Las Minas, en 2014,</em> <em>Bienal Flamenca de Sevilla 2014,</em> <em>Premio Nacional de Arte Flamenco de Córdoba 2016</em>, acompañando a los mejores artistas flamencos de toda España.</p>
<p>Su apodo se lo puso su abuelo «Farruco», en alusión a que cada vez que bailaba provocaba un «alboroto» entre el público. Apasionado del arte del flamenco desde la cuna, gran defensor de lo clásico, honrando las raíces de las que procede y siguiendo el camino de sus mayores, nos visita en Cardamomo a partir del 13 de junio.</p>
<p>No te pierdas la intensidad y elegancia de este bailaor en directo, del 13 al 19 de junio.</p>
<p>&nbsp;</p>

<!-- This site is optimized with the Yoast SEO plugin v27.4 - https://yoast.com/product/yoast-seo-wordpress/ -->
<title>Juan Fernández Montoya, &quot;Barullo&quot;, en Cardamomo a partir del 13 de junio - Cardamomo Flamenco Madrid</title>
<meta name="robots" content="index, follow, max-snippet:-1, max-image-preview:large, max-video-preview:-1" />
<link rel="canonical" href="/" />
<meta property="og:locale" content="es_ES" />
<meta property="og:type" content="article" />
<meta property="og:title" content="Juan Fernández Montoya, &quot;Barullo&quot;, en Cardamomo a partir del 13 de junio - Cardamomo Flamenco Madrid" />
<meta property="og:description" content="Bailaor sevillano, debutó a los 5 años con su abuelo «Farruco» en la Alameda de Hércules, siendo además hijo de «La Faraona» y primo hermano del maestro «Farruquito».  De pura sangre gitana, ganador del premio «El Desplante», al mejor bailaor, Festival de Cante de Las Minas, en 2014, Bienal Flamenca de Sevilla 2014, Premio Nacional..." />
<meta property="og:url" content="https://cardamomo.com/es/show/juan-fernandez-montoya-barullo-en-cardamomo-a-partir-del-13-de-junio/" />
<meta property="og:site_name" content="Cardamomo Flamenco Madrid" />
<meta property="article:modified_time" content="2024-12-26T21:57:55+00:00" />
<meta name="twitter:card" content="summary_large_image" />
<meta name="twitter:label1" content="Tiempo de lectura" />
	<meta name="twitter:data1" content="1 minuto" />
<script type="application/ld+json" class="yoast-schema-graph">{"@context":"https:\/\/schema.org","@graph":[{"@type":"WebPage","@id":"https:\/\/cardamomo.com\/es\/show\/juan-fernandez-montoya-barullo-en-cardamomo-a-partir-del-13-de-junio\/","url":"https:\/\/cardamomo.com\/es\/show\/juan-fernandez-montoya-barullo-en-cardamomo-a-partir-del-13-de-junio\/","name":"Juan Fernández Montoya, \"Barullo\", en Cardamomo a partir del 13 de junio - Cardamomo Flamenco Madrid","isPartOf":{"@id":"https:\/\/cardamomo.com\/es\/#website"},"datePublished":"2022-06-09T21:45:05+00:00","dateModified":"2024-12-26T21:57:55+00:00","breadcrumb":{"@id":"https:\/\/cardamomo.com\/es\/show\/juan-fernandez-montoya-barullo-en-cardamomo-a-partir-del-13-de-junio\/#breadcrumb"},"inLanguage":"es","potentialAction":[{"@type":"ReadAction","target":[["https:\/\/cardamomo.com\/es\/show\/juan-fernandez-montoya-barullo-en-cardamomo-a-partir-del-13-de-junio\/"]]}]},{"@type":"BreadcrumbList","@id":"https:\/\/cardamomo.com\/es\/show\/juan-fernandez-montoya-barullo-en-cardamomo-a-partir-del-13-de-junio\/#breadcrumb","itemListElement":[{"@type":"ListItem","position":1,"name":"Cardamomo","item":"https:\/\/cardamomo.com\/es\/"},{"@type":"ListItem","position":2,"name":"Shows","item":"https:\/\/cardamomo.com\/es\/show\/"},{"@type":"ListItem","position":3,"name":"Juan Fernández Montoya, «Barullo», en Cardamomo a partir del 13 de junio"}]},{"@type":"WebSite","@id":"https:\/\/cardamomo.com\/es\/#website","url":"https:\/\/cardamomo.com\/es\/","name":"Cardamomo Flamenco Madrid","description":"","potentialAction":[{"@type":"SearchAction","target":{"@type":"EntryPoint","urlTemplate":"https:\/\/cardamomo.com\/es\/?s={search_term_string}"},"query-input":{"@type":"PropertyValueSpecification","valueRequired":true,"valueName":"search_term_string"}}],"inLanguage":"es"}]}</script>
<!-- / Yoast SEO plugin. -->

Juan Fernández Montoya, "Barullo", en Cardamomo a partir del 13 de junio - Cardamomo Flamenco Madrid

Bailaor sevillano, debutó a los 5 años con su abuelo «Farruco» en la Alameda de Hércules, siendo además hijo de «La Faraona» y primo hermano del maestro «Farruquito».  De pura sangre gitana, ganador del premio «El Desplante», al mejor bailaor, Festival de Cante de Las Minas, en 2014, Bienal Flamenca de Sevilla 2014, Premio Nacional...
