{"id":98942,"date":"2022-05-03T21:07:53","date_gmt":"2022-05-03T19:07:53","guid":{"rendered":"https:\/\/cardamomo.com\/es\/?post_type=artist&#038;p=98942"},"modified":"2025-03-18T15:53:48","modified_gmt":"2025-03-18T15:53:48","slug":"alfonso-losa","status":"publish","type":"artist","link":"https:\/\/cardamomo.com\/es\/artist\/alfonso-losa\/","title":{"rendered":"Alfonso Losa (Madrid)"},"content":{"rendered":"<p><\/p>\n<h4>Biograf\u00eda<\/h4>\n<p>Con tan solo seis a\u00f1os y una gran motricidad, el bailaor Alfonso Losa, hac\u00eda todo tipo de disciplina en el baile. Empez\u00f3 en una escuela de danza que impart\u00eda desde danza contempor\u00e1nea, ballet, flamenco y tap dance.\u00a0 A los 17 a\u00f1os comienza en la compa\u00f1\u00eda de Manuela Carrasco donde descubre el flamenco de una manera natural. Aprende de una manera especial, sin ensayos, saliendo directamente al teatro a bailar.<\/p>\n<h4>Premios<\/h4>\n<p>Dentro de su carrera se destacan los siguientes premios: Premio \u201cEl desplante\u201d, concurso Internacional de las Minas 2008, Premio \u201cSole\u00e1, concurso Nacional de C\u00f3rdoba 2007, Premio al Mejor Bailar\u00edn, Certamen de Coreograf\u00eda de Danza Espa\u00f1ola y Flamenco (1996 y 2000). Actualmente, premio \u00abPremio de la Cr\u00edtica\u00bb del Festival de Jerez 2022. Pero seg\u00fan Alfonso, el premio mas bonito que hay es el premio de la profesi\u00f3n, junto con el cari\u00f1o y admiraci\u00f3n de tus compa\u00f1eros.<\/p>\n<h4>An\u00e9cdota<\/h4>\n<p>Para Alfonso fue impresionante que \u201cFarruquito\u201d, un genio del flamenco, lo haya invitado a bailar en su espect\u00e1culo. Sus grandes maestros y compa\u00f1eros de carrera son los bailaores Jose Maya y Nino de los Reyes, quienes le dejaron desde los doce a\u00f1os, una gran ense\u00f1anza de vida.<\/p>\n<p>Puedes ver m\u00e1s informaci\u00f3n en su sitio web: <a href=\"https:\/\/www.alfonsolosaflamenco.com\/\">https:\/\/www.alfonsolosaflamenco.com\/<\/a><\/p>","protected":false},"featured_media":157207,"template":"","meta":{"_acf_changed":false,"inline_featured_image":false},"class_list":["post-98942","artist","type-artist","status-publish","has-post-thumbnail","hentry"],"acf":[],"yoast_head":"<!-- This site is optimized with the Yoast SEO plugin v27.4 - https:\/\/yoast.com\/product\/yoast-seo-wordpress\/ -->\n<title>Alfonso Losa (Madrid) - Cardamomo Flamenco Madrid<\/title>\n<meta name=\"robots\" content=\"index, follow, max-snippet:-1, max-image-preview:large, max-video-preview:-1\" \/>\n<link rel=\"canonical\" href=\"\/\" \/>\n<meta property=\"og:locale\" content=\"es_ES\" \/>\n<meta property=\"og:type\" content=\"article\" \/>\n<meta property=\"og:title\" content=\"Alfonso Losa (Madrid) - Cardamomo Flamenco Madrid\" \/>\n<meta property=\"og:description\" content=\"Biograf\u00eda Con tan solo seis a\u00f1os y una gran motricidad, el bailaor Alfonso Losa, hac\u00eda todo tipo de disciplina en el baile. Empez\u00f3 en una escuela de danza que impart\u00eda desde danza contempor\u00e1nea, ballet, flamenco y tap dance.\u00a0 A los 17 a\u00f1os comienza en la compa\u00f1\u00eda de Manuela Carrasco donde descubre el flamenco de una...\" \/>\n<meta property=\"og:url\" content=\"https:\/\/cardamomo.com\/es\/artist\/alfonso-losa\/\" \/>\n<meta property=\"og:site_name\" content=\"Cardamomo Flamenco Madrid\" \/>\n<meta property=\"article:modified_time\" content=\"2025-03-18T15:53:48+00:00\" \/>\n<meta property=\"og:image\" content=\"https:\/\/cardamomo.ams3.digitaloceanspaces.com\/wp-content\/uploads\/2022\/05\/18155308\/alfonso-losa.jpg\" \/>\n\t<meta property=\"og:image:width\" content=\"600\" \/>\n\t<meta property=\"og:image:height\" content=\"750\" \/>\n\t<meta property=\"og:image:type\" content=\"image\/jpeg\" \/>\n<meta name=\"twitter:card\" content=\"summary_large_image\" \/>\n<meta name=\"twitter:label1\" content=\"Tiempo de lectura\" \/>\n\t<meta name=\"twitter:data1\" content=\"2 minutos\" \/>\n<script type=\"application\/ld+json\" class=\"yoast-schema-graph\">{\"@context\":\"https:\\\/\\\/schema.org\",\"@graph\":[{\"@type\":\"WebPage\",\"@id\":\"https:\\\/\\\/cardamomo.com\\\/es\\\/artist\\\/alfonso-losa\\\/\",\"url\":\"https:\\\/\\\/cardamomo.com\\\/es\\\/artist\\\/alfonso-losa\\\/\",\"name\":\"Alfonso Losa (Madrid) - Cardamomo Flamenco Madrid\",\"isPartOf\":{\"@id\":\"https:\\\/\\\/cardamomo.com\\\/es\\\/#website\"},\"primaryImageOfPage\":{\"@id\":\"https:\\\/\\\/cardamomo.com\\\/es\\\/artist\\\/alfonso-losa\\\/#primaryimage\"},\"image\":{\"@id\":\"https:\\\/\\\/cardamomo.com\\\/es\\\/artist\\\/alfonso-losa\\\/#primaryimage\"},\"thumbnailUrl\":\"https:\\\/\\\/cardamomo.ams3.digitaloceanspaces.com\\\/wp-content\\\/uploads\\\/2022\\\/05\\\/18155308\\\/alfonso-losa.jpg\",\"datePublished\":\"2022-05-03T19:07:53+00:00\",\"dateModified\":\"2025-03-18T15:53:48+00:00\",\"breadcrumb\":{\"@id\":\"https:\\\/\\\/cardamomo.com\\\/es\\\/artist\\\/alfonso-losa\\\/#breadcrumb\"},\"inLanguage\":\"es\",\"potentialAction\":[{\"@type\":\"ReadAction\",\"target\":[[\"https:\\\/\\\/cardamomo.com\\\/es\\\/artist\\\/alfonso-losa\\\/\"]]}]},{\"@type\":\"ImageObject\",\"inLanguage\":\"es\",\"@id\":\"https:\\\/\\\/cardamomo.com\\\/es\\\/artist\\\/alfonso-losa\\\/#primaryimage\",\"url\":\"https:\\\/\\\/cardamomo.ams3.digitaloceanspaces.com\\\/wp-content\\\/uploads\\\/2022\\\/05\\\/18155308\\\/alfonso-losa.jpg\",\"contentUrl\":\"https:\\\/\\\/cardamomo.ams3.digitaloceanspaces.com\\\/wp-content\\\/uploads\\\/2022\\\/05\\\/18155308\\\/alfonso-losa.jpg\",\"width\":600,\"height\":750,\"caption\":\"Bailaor Alfonso Losa\"},{\"@type\":\"BreadcrumbList\",\"@id\":\"https:\\\/\\\/cardamomo.com\\\/es\\\/artist\\\/alfonso-losa\\\/#breadcrumb\",\"itemListElement\":[{\"@type\":\"ListItem\",\"position\":1,\"name\":\"Cardamomo\",\"item\":\"https:\\\/\\\/cardamomo.com\\\/es\\\/\"},{\"@type\":\"ListItem\",\"position\":2,\"name\":\"Artists\",\"item\":\"https:\\\/\\\/cardamomo.com\\\/es\\\/artist\\\/\"},{\"@type\":\"ListItem\",\"position\":3,\"name\":\"Alfonso Losa (Madrid)\"}]},{\"@type\":\"WebSite\",\"@id\":\"https:\\\/\\\/cardamomo.com\\\/es\\\/#website\",\"url\":\"https:\\\/\\\/cardamomo.com\\\/es\\\/\",\"name\":\"Cardamomo Flamenco Madrid\",\"description\":\"\",\"potentialAction\":[{\"@type\":\"SearchAction\",\"target\":{\"@type\":\"EntryPoint\",\"urlTemplate\":\"https:\\\/\\\/cardamomo.com\\\/es\\\/?s={search_term_string}\"},\"query-input\":{\"@type\":\"PropertyValueSpecification\",\"valueRequired\":true,\"valueName\":\"search_term_string\"}}],\"inLanguage\":\"es\"}]}<\/script>\n<!-- \/ Yoast SEO plugin. -->","yoast_head_json":{"title":"Alfonso Losa (Madrid) - Cardamomo Flamenco Madrid","robots":{"index":"index","follow":"follow","max-snippet":"max-snippet:-1","max-image-preview":"max-image-preview:large","max-video-preview":"max-video-preview:-1"},"canonical":"\/","og_locale":"es_ES","og_type":"article","og_title":"Alfonso Losa (Madrid) - Cardamomo Flamenco Madrid","og_description":"Biograf\u00eda Con tan solo seis a\u00f1os y una gran motricidad, el bailaor Alfonso Losa, hac\u00eda todo tipo de disciplina en el baile. Empez\u00f3 en una escuela de danza que impart\u00eda desde danza contempor\u00e1nea, ballet, flamenco y tap dance.\u00a0 A los 17 a\u00f1os comienza en la compa\u00f1\u00eda de Manuela Carrasco donde descubre el flamenco de una...","og_url":"https:\/\/cardamomo.com\/es\/artist\/alfonso-losa\/","og_site_name":"Cardamomo Flamenco Madrid","article_modified_time":"2025-03-18T15:53:48+00:00","og_image":[{"width":600,"height":750,"url":"https:\/\/cardamomo.ams3.digitaloceanspaces.com\/wp-content\/uploads\/2022\/05\/18155308\/alfonso-losa.jpg","type":"image\/jpeg"}],"twitter_card":"summary_large_image","twitter_misc":{"Tiempo de lectura":"2 minutos"},"schema":{"@context":"https:\/\/schema.org","@graph":[{"@type":"WebPage","@id":"https:\/\/cardamomo.com\/es\/artist\/alfonso-losa\/","url":"https:\/\/cardamomo.com\/es\/artist\/alfonso-losa\/","name":"Alfonso Losa (Madrid) - Cardamomo Flamenco Madrid","isPartOf":{"@id":"https:\/\/cardamomo.com\/es\/#website"},"primaryImageOfPage":{"@id":"https:\/\/cardamomo.com\/es\/artist\/alfonso-losa\/#primaryimage"},"image":{"@id":"https:\/\/cardamomo.com\/es\/artist\/alfonso-losa\/#primaryimage"},"thumbnailUrl":"https:\/\/cardamomo.ams3.digitaloceanspaces.com\/wp-content\/uploads\/2022\/05\/18155308\/alfonso-losa.jpg","datePublished":"2022-05-03T19:07:53+00:00","dateModified":"2025-03-18T15:53:48+00:00","breadcrumb":{"@id":"https:\/\/cardamomo.com\/es\/artist\/alfonso-losa\/#breadcrumb"},"inLanguage":"es","potentialAction":[{"@type":"ReadAction","target":[["https:\/\/cardamomo.com\/es\/artist\/alfonso-losa\/"]]}]},{"@type":"ImageObject","inLanguage":"es","@id":"https:\/\/cardamomo.com\/es\/artist\/alfonso-losa\/#primaryimage","url":"https:\/\/cardamomo.ams3.digitaloceanspaces.com\/wp-content\/uploads\/2022\/05\/18155308\/alfonso-losa.jpg","contentUrl":"https:\/\/cardamomo.ams3.digitaloceanspaces.com\/wp-content\/uploads\/2022\/05\/18155308\/alfonso-losa.jpg","width":600,"height":750,"caption":"Bailaor Alfonso Losa"},{"@type":"BreadcrumbList","@id":"https:\/\/cardamomo.com\/es\/artist\/alfonso-losa\/#breadcrumb","itemListElement":[{"@type":"ListItem","position":1,"name":"Cardamomo","item":"https:\/\/cardamomo.com\/es\/"},{"@type":"ListItem","position":2,"name":"Artists","item":"https:\/\/cardamomo.com\/es\/artist\/"},{"@type":"ListItem","position":3,"name":"Alfonso Losa (Madrid)"}]},{"@type":"WebSite","@id":"https:\/\/cardamomo.com\/es\/#website","url":"https:\/\/cardamomo.com\/es\/","name":"Cardamomo Flamenco Madrid","description":"","potentialAction":[{"@type":"SearchAction","target":{"@type":"EntryPoint","urlTemplate":"https:\/\/cardamomo.com\/es\/?s={search_term_string}"},"query-input":{"@type":"PropertyValueSpecification","valueRequired":true,"valueName":"search_term_string"}}],"inLanguage":"es"}]}},"_links":{"self":[{"href":"https:\/\/cardamomo.com\/es\/wp-json\/wp\/v2\/artist\/98942","targetHints":{"allow":["GET"]}}],"collection":[{"href":"https:\/\/cardamomo.com\/es\/wp-json\/wp\/v2\/artist"}],"about":[{"href":"https:\/\/cardamomo.com\/es\/wp-json\/wp\/v2\/types\/artist"}],"wp:featuredmedia":[{"embeddable":true,"href":"https:\/\/cardamomo.com\/es\/wp-json\/wp\/v2\/media\/157207"}],"wp:attachment":[{"href":"https:\/\/cardamomo.com\/es\/wp-json\/wp\/v2\/media?parent=98942"}],"curies":[{"name":"wp","href":"https:\/\/api.w.org\/{rel}","templated":true}]}}

<p></p>
<h4>Biografía</h4>
<p>Con tan solo seis años y una gran motricidad, el bailaor Alfonso Losa, hacía todo tipo de disciplina en el baile. Empezó en una escuela de danza que impartía desde danza contemporánea, ballet, flamenco y tap dance.  A los 17 años comienza en la compañía de Manuela Carrasco donde descubre el flamenco de una manera natural. Aprende de una manera especial, sin ensayos, saliendo directamente al teatro a bailar.</p>
<h4>Premios</h4>
<p>Dentro de su carrera se destacan los siguientes premios: Premio “El desplante”, concurso Internacional de las Minas 2008, Premio “Soleá, concurso Nacional de Córdoba 2007, Premio al Mejor Bailarín, Certamen de Coreografía de Danza Española y Flamenco (1996 y 2000). Actualmente, premio «Premio de la Crítica» del Festival de Jerez 2022. Pero según Alfonso, el premio mas bonito que hay es el premio de la profesión, junto con el cariño y admiración de tus compañeros.</p>
<h4>Anécdota</h4>
<p>Para Alfonso fue impresionante que “Farruquito”, un genio del flamenco, lo haya invitado a bailar en su espectáculo. Sus grandes maestros y compañeros de carrera son los bailaores Jose Maya y Nino de los Reyes, quienes le dejaron desde los doce años, una gran enseñanza de vida.</p>
<p>Puedes ver más información en su sitio web: <a href="https://www.alfonsolosaflamenco.com/">https://www.alfonsolosaflamenco.com/</a></p>

<!-- This site is optimized with the Yoast SEO plugin v27.4 - https://yoast.com/product/yoast-seo-wordpress/ -->
<title>Alfonso Losa (Madrid) - Cardamomo Flamenco Madrid</title>
<meta name="robots" content="index, follow, max-snippet:-1, max-image-preview:large, max-video-preview:-1" />
<link rel="canonical" href="/" />
<meta property="og:locale" content="es_ES" />
<meta property="og:type" content="article" />
<meta property="og:title" content="Alfonso Losa (Madrid) - Cardamomo Flamenco Madrid" />
<meta property="og:description" content="Biografía Con tan solo seis años y una gran motricidad, el bailaor Alfonso Losa, hacía todo tipo de disciplina en el baile. Empezó en una escuela de danza que impartía desde danza contemporánea, ballet, flamenco y tap dance.  A los 17 años comienza en la compañía de Manuela Carrasco donde descubre el flamenco de una..." />
<meta property="og:url" content="https://cardamomo.com/es/artist/alfonso-losa/" />
<meta property="og:site_name" content="Cardamomo Flamenco Madrid" />
<meta property="article:modified_time" content="2025-03-18T15:53:48+00:00" />
<meta property="og:image" content="https://cardamomo.ams3.digitaloceanspaces.com/wp-content/uploads/2022/05/18155308/alfonso-losa.jpg" />
	<meta property="og:image:width" content="600" />
	<meta property="og:image:height" content="750" />
	<meta property="og:image:type" content="image/jpeg" />
<meta name="twitter:card" content="summary_large_image" />
<meta name="twitter:label1" content="Tiempo de lectura" />
	<meta name="twitter:data1" content="2 minutos" />
<script type="application/ld+json" class="yoast-schema-graph">{"@context":"https:\/\/schema.org","@graph":[{"@type":"WebPage","@id":"https:\/\/cardamomo.com\/es\/artist\/alfonso-losa\/","url":"https:\/\/cardamomo.com\/es\/artist\/alfonso-losa\/","name":"Alfonso Losa (Madrid) - Cardamomo Flamenco Madrid","isPartOf":{"@id":"https:\/\/cardamomo.com\/es\/#website"},"primaryImageOfPage":{"@id":"https:\/\/cardamomo.com\/es\/artist\/alfonso-losa\/#primaryimage"},"image":{"@id":"https:\/\/cardamomo.com\/es\/artist\/alfonso-losa\/#primaryimage"},"thumbnailUrl":"https:\/\/cardamomo.ams3.digitaloceanspaces.com\/wp-content\/uploads\/2022\/05\/18155308\/alfonso-losa.jpg","datePublished":"2022-05-03T19:07:53+00:00","dateModified":"2025-03-18T15:53:48+00:00","breadcrumb":{"@id":"https:\/\/cardamomo.com\/es\/artist\/alfonso-losa\/#breadcrumb"},"inLanguage":"es","potentialAction":[{"@type":"ReadAction","target":[["https:\/\/cardamomo.com\/es\/artist\/alfonso-losa\/"]]}]},{"@type":"ImageObject","inLanguage":"es","@id":"https:\/\/cardamomo.com\/es\/artist\/alfonso-losa\/#primaryimage","url":"https:\/\/cardamomo.ams3.digitaloceanspaces.com\/wp-content\/uploads\/2022\/05\/18155308\/alfonso-losa.jpg","contentUrl":"https:\/\/cardamomo.ams3.digitaloceanspaces.com\/wp-content\/uploads\/2022\/05\/18155308\/alfonso-losa.jpg","width":600,"height":750,"caption":"Bailaor Alfonso Losa"},{"@type":"BreadcrumbList","@id":"https:\/\/cardamomo.com\/es\/artist\/alfonso-losa\/#breadcrumb","itemListElement":[{"@type":"ListItem","position":1,"name":"Cardamomo","item":"https:\/\/cardamomo.com\/es\/"},{"@type":"ListItem","position":2,"name":"Artists","item":"https:\/\/cardamomo.com\/es\/artist\/"},{"@type":"ListItem","position":3,"name":"Alfonso Losa (Madrid)"}]},{"@type":"WebSite","@id":"https:\/\/cardamomo.com\/es\/#website","url":"https:\/\/cardamomo.com\/es\/","name":"Cardamomo Flamenco Madrid","description":"","potentialAction":[{"@type":"SearchAction","target":{"@type":"EntryPoint","urlTemplate":"https:\/\/cardamomo.com\/es\/?s={search_term_string}"},"query-input":{"@type":"PropertyValueSpecification","valueRequired":true,"valueName":"search_term_string"}}],"inLanguage":"es"}]}</script>
<!-- / Yoast SEO plugin. -->

Biografía Con tan solo seis años y una gran motricidad, el bailaor Alfonso Losa, hacía todo tipo de disciplina en el baile. Empezó en una escuela de danza que impartía desde danza contemporánea, ballet, flamenco y tap dance.  A los 17 años comienza en la compañía de Manuela Carrasco donde descubre el flamenco de una...
