{"id":687,"date":"2016-07-29T12:55:26","date_gmt":"2016-07-29T10:55:26","guid":{"rendered":"http:\/\/cardamomo.fullcircle.es\/?post_type=artist&#038;p=687"},"modified":"2025-04-03T08:45:56","modified_gmt":"2025-04-03T08:45:56","slug":"kelian-jimenez","status":"publish","type":"artist","link":"https:\/\/cardamomo.com\/es\/artist\/kelian-jimenez-madrid\/","title":{"rendered":"Keli\u00e1n Jim\u00e9nez (Madrid)"},"content":{"rendered":"<p>Su conocimiento de la guitarra flamenca y la composici\u00f3n marcan la acentuada personalidad de sus movimientos como bailaor\u2026<\/p>\n<p>Debuta con tan solo 12 a\u00f1os en el Teatro de la Zarzuela en la obra de teatro Carmen, de la compa\u00f1\u00eda de Rafael Aguilar, junto a Teresa Berganza. M\u00e1s tarde, trabaja durante cuatro a\u00f1os en la compa\u00f1\u00eda de Antonio Canales, actuando en los escenarios espa\u00f1oles y europeos con las obras Torero, Narciso, La Cenicienta y La Casa de Bernarda Alba, Ra\u00edz y Gitano. Desde 1994 se implica en la fundaci\u00f3n de la compa\u00f1\u00eda Arrieritos con la creaci\u00f3n y edici\u00f3n de las distintas obras: Arrieritos Somos, En la noche todos los gatos son pardos, Entablao, Diario de un Abrigo, El Rapto de Europa, obras representadas en distintos teatros de Espa\u00f1a y el extranjero. En 1995 forma parte del cuerpo de baile de la cantante de pop italiana Gala. Al mismo tiempo, trabaja en tablaos de Madrid y Barcelona, formando parte de espect\u00e1culos que \u00e9l ha creado. En el 2001 viaja a Jap\u00f3n con la compa\u00f1\u00eda de El Guito y, al a\u00f1o siguiente, repite gira con la compa\u00f1\u00eda de Lola Greco. Ese mismo a\u00f1o debuta en el Teatro de La Latina de Madrid con Las mil y una noches de la Compa\u00f1\u00eda de los Hermanos Losada, espect\u00e1culo con el que inicia gira por M\u00e9xico, Santo Domingo, Colombia \u2026 Contin\u00faa por los escenarios de Estados Unidos con la obra Dreams de la compa\u00f1\u00eda de Esther Ponce. En 2004 estrena Romancero Gitano en el Teatro Espa\u00f1ol de Madrid bajo la direcci\u00f3n de Paco Su\u00e1rez, con quien marcha y su posterior gira. En el mismo a\u00f1o presenta su Fiesta Flamenca junto a Bel\u00e9n Fern\u00e1ndez en el Festival Flamenco de Alburquerque. Nominado a los premios MAX en 2006 y 2007, consigue reconocimientos y varios premios por la obra Las 13 rosas. Durante el a\u00f1o 2007 su trabajo se desarrolla en el cuerpo de baile del d\u00fao art\u00edstico Az\u00facar Moreno con quien estar\u00e1 de gira por Espa\u00f1a y Latinoam\u00e9rica. Un a\u00f1o m\u00e1s tarde participa en el festival de Edimburgo con la Compa\u00f1\u00eda Arreritos y comienza ha trabajar en Madrid con la compa\u00f1\u00eda Adelante Art\u00edstica con la obra Hermanos de Baile. Este espect\u00e1culo propici\u00f3 su colaboraci\u00f3n en en varios programas de televisi\u00f3n, como Fama de Cuatro TV, impartiendo coreograf\u00eda. En 2010 comienza gira por Espa\u00f1a con la compa\u00f1\u00eda Arrieritos, finalizando en el festival Caf\u00e9 de la Dance de Par\u00eds. Durante los 3 a\u00f1os siguientes organiza cursos de baile flamenco en Londres, Roma, Paris y Atenas, alternando su agenda art\u00edstica con actuaciones en Barcelona y Madrid. Son habituales sus clases magistrales de baile flamenco y contempor\u00e1neo en distintas centros espa\u00f1oles y en el extranjero -Roma, Jap\u00f3n y Reino Unido-. Desde 2015 dirige, adem\u00e1s, su propio centro de formaci\u00f3n de baile, la Escuela de Baile Keli\u00e1n Jim\u00e9nez.<\/p>","protected":false},"featured_media":157277,"template":"","meta":{"_acf_changed":false,"inline_featured_image":false},"class_list":["post-687","artist","type-artist","status-publish","has-post-thumbnail","hentry"],"acf":[],"yoast_head":"<!-- This site is optimized with the Yoast SEO plugin v27.4 - https:\/\/yoast.com\/product\/yoast-seo-wordpress\/ -->\n<title>Keli\u00e1n Jim\u00e9nez (Madrid) - Cardamomo Flamenco Madrid<\/title>\n<meta name=\"robots\" content=\"index, follow, max-snippet:-1, max-image-preview:large, max-video-preview:-1\" \/>\n<link rel=\"canonical\" href=\"\/\" \/>\n<meta property=\"og:locale\" content=\"es_ES\" \/>\n<meta property=\"og:type\" content=\"article\" \/>\n<meta property=\"og:title\" content=\"Keli\u00e1n Jim\u00e9nez (Madrid) - Cardamomo Flamenco Madrid\" \/>\n<meta property=\"og:description\" content=\"Su conocimiento de la guitarra flamenca y la composici\u00f3n marcan la acentuada personalidad de sus movimientos como bailaor\u2026 Debuta con tan solo 12 a\u00f1os en el Teatro de la Zarzuela en la obra de teatro Carmen, de la compa\u00f1\u00eda de Rafael Aguilar, junto a Teresa Berganza. M\u00e1s tarde, trabaja durante cuatro a\u00f1os en la compa\u00f1\u00eda...\" \/>\n<meta property=\"og:url\" content=\"https:\/\/cardamomo.com\/es\/artist\/kelian-jimenez-madrid\/\" \/>\n<meta property=\"og:site_name\" content=\"Cardamomo Flamenco Madrid\" \/>\n<meta property=\"article:modified_time\" content=\"2025-04-03T08:45:56+00:00\" \/>\n<meta property=\"og:image\" content=\"https:\/\/cardamomo.ams3.digitaloceanspaces.com\/wp-content\/uploads\/2016\/07\/03084528\/kelian-jimenez.jpg\" \/>\n\t<meta property=\"og:image:width\" content=\"600\" \/>\n\t<meta property=\"og:image:height\" content=\"750\" \/>\n\t<meta property=\"og:image:type\" content=\"image\/jpeg\" \/>\n<meta name=\"twitter:card\" content=\"summary_large_image\" \/>\n<meta name=\"twitter:label1\" content=\"Tiempo de lectura\" \/>\n\t<meta name=\"twitter:data1\" content=\"3 minutos\" \/>\n<script type=\"application\/ld+json\" class=\"yoast-schema-graph\">{\"@context\":\"https:\\\/\\\/schema.org\",\"@graph\":[{\"@type\":\"WebPage\",\"@id\":\"https:\\\/\\\/cardamomo.com\\\/es\\\/artist\\\/kelian-jimenez-madrid\\\/\",\"url\":\"https:\\\/\\\/cardamomo.com\\\/es\\\/artist\\\/kelian-jimenez-madrid\\\/\",\"name\":\"Keli\u00e1n Jim\u00e9nez (Madrid) - Cardamomo Flamenco Madrid\",\"isPartOf\":{\"@id\":\"https:\\\/\\\/cardamomo.com\\\/es\\\/#website\"},\"primaryImageOfPage\":{\"@id\":\"https:\\\/\\\/cardamomo.com\\\/es\\\/artist\\\/kelian-jimenez-madrid\\\/#primaryimage\"},\"image\":{\"@id\":\"https:\\\/\\\/cardamomo.com\\\/es\\\/artist\\\/kelian-jimenez-madrid\\\/#primaryimage\"},\"thumbnailUrl\":\"https:\\\/\\\/cardamomo.ams3.digitaloceanspaces.com\\\/wp-content\\\/uploads\\\/2016\\\/07\\\/03084528\\\/kelian-jimenez.jpg\",\"datePublished\":\"2016-07-29T10:55:26+00:00\",\"dateModified\":\"2025-04-03T08:45:56+00:00\",\"breadcrumb\":{\"@id\":\"https:\\\/\\\/cardamomo.com\\\/es\\\/artist\\\/kelian-jimenez-madrid\\\/#breadcrumb\"},\"inLanguage\":\"es\",\"potentialAction\":[{\"@type\":\"ReadAction\",\"target\":[[\"https:\\\/\\\/cardamomo.com\\\/es\\\/artist\\\/kelian-jimenez-madrid\\\/\"]]}]},{\"@type\":\"ImageObject\",\"inLanguage\":\"es\",\"@id\":\"https:\\\/\\\/cardamomo.com\\\/es\\\/artist\\\/kelian-jimenez-madrid\\\/#primaryimage\",\"url\":\"https:\\\/\\\/cardamomo.ams3.digitaloceanspaces.com\\\/wp-content\\\/uploads\\\/2016\\\/07\\\/03084528\\\/kelian-jimenez.jpg\",\"contentUrl\":\"https:\\\/\\\/cardamomo.ams3.digitaloceanspaces.com\\\/wp-content\\\/uploads\\\/2016\\\/07\\\/03084528\\\/kelian-jimenez.jpg\",\"width\":600,\"height\":750,\"caption\":\"Bailaor Keli\u00e1n Jim\u00e9nez (Madrid)\"},{\"@type\":\"BreadcrumbList\",\"@id\":\"https:\\\/\\\/cardamomo.com\\\/es\\\/artist\\\/kelian-jimenez-madrid\\\/#breadcrumb\",\"itemListElement\":[{\"@type\":\"ListItem\",\"position\":1,\"name\":\"Cardamomo\",\"item\":\"https:\\\/\\\/cardamomo.com\\\/es\\\/\"},{\"@type\":\"ListItem\",\"position\":2,\"name\":\"Artists\",\"item\":\"https:\\\/\\\/cardamomo.com\\\/es\\\/artist\\\/\"},{\"@type\":\"ListItem\",\"position\":3,\"name\":\"Keli\u00e1n Jim\u00e9nez (Madrid)\"}]},{\"@type\":\"WebSite\",\"@id\":\"https:\\\/\\\/cardamomo.com\\\/es\\\/#website\",\"url\":\"https:\\\/\\\/cardamomo.com\\\/es\\\/\",\"name\":\"Cardamomo Flamenco Madrid\",\"description\":\"\",\"potentialAction\":[{\"@type\":\"SearchAction\",\"target\":{\"@type\":\"EntryPoint\",\"urlTemplate\":\"https:\\\/\\\/cardamomo.com\\\/es\\\/?s={search_term_string}\"},\"query-input\":{\"@type\":\"PropertyValueSpecification\",\"valueRequired\":true,\"valueName\":\"search_term_string\"}}],\"inLanguage\":\"es\"}]}<\/script>\n<!-- \/ Yoast SEO plugin. -->","yoast_head_json":{"title":"Keli\u00e1n Jim\u00e9nez (Madrid) - Cardamomo Flamenco Madrid","robots":{"index":"index","follow":"follow","max-snippet":"max-snippet:-1","max-image-preview":"max-image-preview:large","max-video-preview":"max-video-preview:-1"},"canonical":"\/","og_locale":"es_ES","og_type":"article","og_title":"Keli\u00e1n Jim\u00e9nez (Madrid) - Cardamomo Flamenco Madrid","og_description":"Su conocimiento de la guitarra flamenca y la composici\u00f3n marcan la acentuada personalidad de sus movimientos como bailaor\u2026 Debuta con tan solo 12 a\u00f1os en el Teatro de la Zarzuela en la obra de teatro Carmen, de la compa\u00f1\u00eda de Rafael Aguilar, junto a Teresa Berganza. M\u00e1s tarde, trabaja durante cuatro a\u00f1os en la compa\u00f1\u00eda...","og_url":"https:\/\/cardamomo.com\/es\/artist\/kelian-jimenez-madrid\/","og_site_name":"Cardamomo Flamenco Madrid","article_modified_time":"2025-04-03T08:45:56+00:00","og_image":[{"width":600,"height":750,"url":"https:\/\/cardamomo.ams3.digitaloceanspaces.com\/wp-content\/uploads\/2016\/07\/03084528\/kelian-jimenez.jpg","type":"image\/jpeg"}],"twitter_card":"summary_large_image","twitter_misc":{"Tiempo de lectura":"3 minutos"},"schema":{"@context":"https:\/\/schema.org","@graph":[{"@type":"WebPage","@id":"https:\/\/cardamomo.com\/es\/artist\/kelian-jimenez-madrid\/","url":"https:\/\/cardamomo.com\/es\/artist\/kelian-jimenez-madrid\/","name":"Keli\u00e1n Jim\u00e9nez (Madrid) - Cardamomo Flamenco Madrid","isPartOf":{"@id":"https:\/\/cardamomo.com\/es\/#website"},"primaryImageOfPage":{"@id":"https:\/\/cardamomo.com\/es\/artist\/kelian-jimenez-madrid\/#primaryimage"},"image":{"@id":"https:\/\/cardamomo.com\/es\/artist\/kelian-jimenez-madrid\/#primaryimage"},"thumbnailUrl":"https:\/\/cardamomo.ams3.digitaloceanspaces.com\/wp-content\/uploads\/2016\/07\/03084528\/kelian-jimenez.jpg","datePublished":"2016-07-29T10:55:26+00:00","dateModified":"2025-04-03T08:45:56+00:00","breadcrumb":{"@id":"https:\/\/cardamomo.com\/es\/artist\/kelian-jimenez-madrid\/#breadcrumb"},"inLanguage":"es","potentialAction":[{"@type":"ReadAction","target":[["https:\/\/cardamomo.com\/es\/artist\/kelian-jimenez-madrid\/"]]}]},{"@type":"ImageObject","inLanguage":"es","@id":"https:\/\/cardamomo.com\/es\/artist\/kelian-jimenez-madrid\/#primaryimage","url":"https:\/\/cardamomo.ams3.digitaloceanspaces.com\/wp-content\/uploads\/2016\/07\/03084528\/kelian-jimenez.jpg","contentUrl":"https:\/\/cardamomo.ams3.digitaloceanspaces.com\/wp-content\/uploads\/2016\/07\/03084528\/kelian-jimenez.jpg","width":600,"height":750,"caption":"Bailaor Keli\u00e1n Jim\u00e9nez (Madrid)"},{"@type":"BreadcrumbList","@id":"https:\/\/cardamomo.com\/es\/artist\/kelian-jimenez-madrid\/#breadcrumb","itemListElement":[{"@type":"ListItem","position":1,"name":"Cardamomo","item":"https:\/\/cardamomo.com\/es\/"},{"@type":"ListItem","position":2,"name":"Artists","item":"https:\/\/cardamomo.com\/es\/artist\/"},{"@type":"ListItem","position":3,"name":"Keli\u00e1n Jim\u00e9nez (Madrid)"}]},{"@type":"WebSite","@id":"https:\/\/cardamomo.com\/es\/#website","url":"https:\/\/cardamomo.com\/es\/","name":"Cardamomo Flamenco Madrid","description":"","potentialAction":[{"@type":"SearchAction","target":{"@type":"EntryPoint","urlTemplate":"https:\/\/cardamomo.com\/es\/?s={search_term_string}"},"query-input":{"@type":"PropertyValueSpecification","valueRequired":true,"valueName":"search_term_string"}}],"inLanguage":"es"}]}},"_links":{"self":[{"href":"https:\/\/cardamomo.com\/es\/wp-json\/wp\/v2\/artist\/687","targetHints":{"allow":["GET"]}}],"collection":[{"href":"https:\/\/cardamomo.com\/es\/wp-json\/wp\/v2\/artist"}],"about":[{"href":"https:\/\/cardamomo.com\/es\/wp-json\/wp\/v2\/types\/artist"}],"wp:featuredmedia":[{"embeddable":true,"href":"https:\/\/cardamomo.com\/es\/wp-json\/wp\/v2\/media\/157277"}],"wp:attachment":[{"href":"https:\/\/cardamomo.com\/es\/wp-json\/wp\/v2\/media?parent=687"}],"curies":[{"name":"wp","href":"https:\/\/api.w.org\/{rel}","templated":true}]}}

Kelián Jiménez (Madrid)

<p>Su conocimiento de la guitarra flamenca y la composición marcan la acentuada personalidad de sus movimientos como bailaor…</p>
<p>Debuta con tan solo 12 años en el Teatro de la Zarzuela en la obra de teatro Carmen, de la compañía de Rafael Aguilar, junto a Teresa Berganza. Más tarde, trabaja durante cuatro años en la compañía de Antonio Canales, actuando en los escenarios españoles y europeos con las obras Torero, Narciso, La Cenicienta y La Casa de Bernarda Alba, Raíz y Gitano. Desde 1994 se implica en la fundación de la compañía Arrieritos con la creación y edición de las distintas obras: Arrieritos Somos, En la noche todos los gatos son pardos, Entablao, Diario de un Abrigo, El Rapto de Europa, obras representadas en distintos teatros de España y el extranjero. En 1995 forma parte del cuerpo de baile de la cantante de pop italiana Gala. Al mismo tiempo, trabaja en tablaos de Madrid y Barcelona, formando parte de espectáculos que él ha creado. En el 2001 viaja a Japón con la compañía de El Guito y, al año siguiente, repite gira con la compañía de Lola Greco. Ese mismo año debuta en el Teatro de La Latina de Madrid con Las mil y una noches de la Compañía de los Hermanos Losada, espectáculo con el que inicia gira por México, Santo Domingo, Colombia … Continúa por los escenarios de Estados Unidos con la obra Dreams de la compañía de Esther Ponce. En 2004 estrena Romancero Gitano en el Teatro Español de Madrid bajo la dirección de Paco Suárez, con quien marcha y su posterior gira. En el mismo año presenta su Fiesta Flamenca junto a Belén Fernández en el Festival Flamenco de Alburquerque. Nominado a los premios MAX en 2006 y 2007, consigue reconocimientos y varios premios por la obra Las 13 rosas. Durante el año 2007 su trabajo se desarrolla en el cuerpo de baile del dúo artístico Azúcar Moreno con quien estará de gira por España y Latinoamérica. Un año más tarde participa en el festival de Edimburgo con la Compañía Arreritos y comienza ha trabajar en Madrid con la compañía Adelante Artística con la obra Hermanos de Baile. Este espectáculo propició su colaboración en en varios programas de televisión, como Fama de Cuatro TV, impartiendo coreografía. En 2010 comienza gira por España con la compañía Arrieritos, finalizando en el festival Café de la Dance de París. Durante los 3 años siguientes organiza cursos de baile flamenco en Londres, Roma, Paris y Atenas, alternando su agenda artística con actuaciones en Barcelona y Madrid. Son habituales sus clases magistrales de baile flamenco y contemporáneo en distintas centros españoles y en el extranjero -Roma, Japón y Reino Unido-. Desde 2015 dirige, además, su propio centro de formación de baile, la Escuela de Baile Kelián Jiménez.</p>

<!-- This site is optimized with the Yoast SEO plugin v27.4 - https://yoast.com/product/yoast-seo-wordpress/ -->
<title>Kelián Jiménez (Madrid) - Cardamomo Flamenco Madrid</title>
<meta name="robots" content="index, follow, max-snippet:-1, max-image-preview:large, max-video-preview:-1" />
<link rel="canonical" href="/" />
<meta property="og:locale" content="es_ES" />
<meta property="og:type" content="article" />
<meta property="og:title" content="Kelián Jiménez (Madrid) - Cardamomo Flamenco Madrid" />
<meta property="og:description" content="Su conocimiento de la guitarra flamenca y la composición marcan la acentuada personalidad de sus movimientos como bailaor… Debuta con tan solo 12 años en el Teatro de la Zarzuela en la obra de teatro Carmen, de la compañía de Rafael Aguilar, junto a Teresa Berganza. Más tarde, trabaja durante cuatro años en la compañía..." />
<meta property="og:url" content="https://cardamomo.com/es/artist/kelian-jimenez-madrid/" />
<meta property="og:site_name" content="Cardamomo Flamenco Madrid" />
<meta property="article:modified_time" content="2025-04-03T08:45:56+00:00" />
<meta property="og:image" content="https://cardamomo.ams3.digitaloceanspaces.com/wp-content/uploads/2016/07/03084528/kelian-jimenez.jpg" />
	<meta property="og:image:width" content="600" />
	<meta property="og:image:height" content="750" />
	<meta property="og:image:type" content="image/jpeg" />
<meta name="twitter:card" content="summary_large_image" />
<meta name="twitter:label1" content="Tiempo de lectura" />
	<meta name="twitter:data1" content="3 minutos" />
<script type="application/ld+json" class="yoast-schema-graph">{"@context":"https:\/\/schema.org","@graph":[{"@type":"WebPage","@id":"https:\/\/cardamomo.com\/es\/artist\/kelian-jimenez-madrid\/","url":"https:\/\/cardamomo.com\/es\/artist\/kelian-jimenez-madrid\/","name":"Kelián Jiménez (Madrid) - Cardamomo Flamenco Madrid","isPartOf":{"@id":"https:\/\/cardamomo.com\/es\/#website"},"primaryImageOfPage":{"@id":"https:\/\/cardamomo.com\/es\/artist\/kelian-jimenez-madrid\/#primaryimage"},"image":{"@id":"https:\/\/cardamomo.com\/es\/artist\/kelian-jimenez-madrid\/#primaryimage"},"thumbnailUrl":"https:\/\/cardamomo.ams3.digitaloceanspaces.com\/wp-content\/uploads\/2016\/07\/03084528\/kelian-jimenez.jpg","datePublished":"2016-07-29T10:55:26+00:00","dateModified":"2025-04-03T08:45:56+00:00","breadcrumb":{"@id":"https:\/\/cardamomo.com\/es\/artist\/kelian-jimenez-madrid\/#breadcrumb"},"inLanguage":"es","potentialAction":[{"@type":"ReadAction","target":[["https:\/\/cardamomo.com\/es\/artist\/kelian-jimenez-madrid\/"]]}]},{"@type":"ImageObject","inLanguage":"es","@id":"https:\/\/cardamomo.com\/es\/artist\/kelian-jimenez-madrid\/#primaryimage","url":"https:\/\/cardamomo.ams3.digitaloceanspaces.com\/wp-content\/uploads\/2016\/07\/03084528\/kelian-jimenez.jpg","contentUrl":"https:\/\/cardamomo.ams3.digitaloceanspaces.com\/wp-content\/uploads\/2016\/07\/03084528\/kelian-jimenez.jpg","width":600,"height":750,"caption":"Bailaor Kelián Jiménez (Madrid)"},{"@type":"BreadcrumbList","@id":"https:\/\/cardamomo.com\/es\/artist\/kelian-jimenez-madrid\/#breadcrumb","itemListElement":[{"@type":"ListItem","position":1,"name":"Cardamomo","item":"https:\/\/cardamomo.com\/es\/"},{"@type":"ListItem","position":2,"name":"Artists","item":"https:\/\/cardamomo.com\/es\/artist\/"},{"@type":"ListItem","position":3,"name":"Kelián Jiménez (Madrid)"}]},{"@type":"WebSite","@id":"https:\/\/cardamomo.com\/es\/#website","url":"https:\/\/cardamomo.com\/es\/","name":"Cardamomo Flamenco Madrid","description":"","potentialAction":[{"@type":"SearchAction","target":{"@type":"EntryPoint","urlTemplate":"https:\/\/cardamomo.com\/es\/?s={search_term_string}"},"query-input":{"@type":"PropertyValueSpecification","valueRequired":true,"valueName":"search_term_string"}}],"inLanguage":"es"}]}</script>
<!-- / Yoast SEO plugin. -->

Kelián Jiménez (Madrid) - Cardamomo Flamenco Madrid

Su conocimiento de la guitarra flamenca y la composición marcan la acentuada personalidad de sus movimientos como bailaor… Debuta con tan solo 12 años en el Teatro de la Zarzuela en la obra de teatro Carmen, de la compañía de Rafael Aguilar, junto a Teresa Berganza. Más tarde, trabaja durante cuatro años en la compañía...

Bailaor Kelián Jiménez (Madrid)
