{"id":63058,"date":"2019-05-28T13:01:36","date_gmt":"2019-05-28T11:01:36","guid":{"rendered":"https:\/\/cardamomo.com\/es\/?post_type=artist&#038;p=63058"},"modified":"2025-03-19T12:42:12","modified_gmt":"2025-03-19T12:42:12","slug":"salome-ramirez","status":"publish","type":"artist","link":"https:\/\/cardamomo.com\/es\/artist\/salome-ramirez\/","title":{"rendered":"Salom\u00e9 Ram\u00edrez"},"content":{"rendered":"<p><\/p>\n<h4>Biograf\u00eda<\/h4>\n<p>Salom\u00e9 Ram\u00edrez, nace en Jerez de la Frontera en 1990. Comienza a bailar de la mano de<strong> Rafael Mu\u00f1oz<\/strong> con 4 a\u00f1os formando parte del cuadro de j\u00f3venes promesas del flamenco <em><strong>Huella Jerezana<\/strong><\/em> (1994-1998).<\/p>\n<p>Con la edad de 8 a\u00f1os, continua su formaci\u00f3n en la academia de<strong> Manuela Carpio y Chiqui de Jerez. <\/strong>Complementa dicha formaci\u00f3n con clases regulares de la mano de grandes maestros del arte flamenco como F<strong>arruquito, Antonio Canales, Alfonso Losa, Marco Flores y Manuel Li\u00f1\u00e1n.<\/strong><\/p>\n<p>En el a\u00f1o 2002, a\u00fan siendo una ni\u00f1a comienza a trabajar en el tablao El Lagar de T\u00edo Parrilla<strong>.<\/strong> A partir de este momento, Salom\u00e9 empieza a <strong>bailar en distintos rincones flamencos jerezanos<\/strong> como La Taberna Flamenca, Tablao del Bereber o el tablao Puro Arte.<\/p>\n<p>En\u00a0 2007 particip\u00f3 en los <em><strong>Viernes Flamencos de Jerez de la Frontera<\/strong><\/em>. Volvi\u00f3 a estar en el 2014.<\/p>\n<p>En 2010 form\u00f3 parte de la compa\u00f1\u00eda de <strong>Farruquito <\/strong>con el espect\u00e1culo \u201c<em><strong>Soner\u00edas\u201d.<\/strong><\/em><\/p>\n<p>Desde 2012 empieza a formar parte del cuadro flamenco habitual del Tablao del Carmen en Barcelona.\u00a0 Realizando tambi\u00e9n actuaciones en tablaos flamencos de Sevilla como El Museo del Flamenco de Cristina Hoyos, El Arenal o Los Gallos.<\/p>\n<p>En 2014 hace su primera gira por <strong>Jap\u00f3n,<\/strong> repiti\u00e9ndose anualmente hasta la actualidad, realizando<strong> actuaciones e impartiendo clases<\/strong> \u00a0en diferentes ciudades como <strong>Tokio, Osaka, Sendai o Nagoya.<\/strong><\/p>\n<p>En 2015 participa en el <strong>Festival Flamenco de Lyon<\/strong> con el espect\u00e1culo <em><strong>\u201cDe Lebrija a Jerez\u201d<\/strong><\/em> junto a la cantaora Anabel Valencia.<\/p>\n<p>En 2016 obtiene el <strong>segundo premio del Concurso de Baile flamenco<\/strong> del Tablao Las Carboneras en Madrid.<\/p>\n<p>En 2017 acude al <strong>Festival de M\u00fasicas del mundo de Copenague<\/strong>, Dinamarca.<\/p>\n<p>En 2018 forma parte de la Compa\u00f1\u00eda C\u00eda, de la mano de Eduardo Guerrero. Recorren gran parte de Estados Unidos en una gira en la que representan el espect\u00e1culo\u00a0<em><strong>\u00abGaditana\u00bb.<\/strong><\/em><\/p>\n<p>Actualmente reside en Madrid formando parte de prestigiosos tablaos como en este caso, <a href=\"https:\/\/cardamomo.com\/es\/\">Cardamomo.<\/a><\/p>\n<p>&nbsp;<\/p>","protected":false},"featured_media":157217,"template":"","meta":{"_acf_changed":false,"inline_featured_image":false},"class_list":["post-63058","artist","type-artist","status-publish","has-post-thumbnail","hentry"],"acf":[],"yoast_head":"<!-- This site is optimized with the Yoast SEO plugin v27.4 - https:\/\/yoast.com\/product\/yoast-seo-wordpress\/ -->\n<title>Salom\u00e9 Ram\u00edrez bailaora cardamomo tablao flamenco<\/title>\n<meta name=\"robots\" content=\"index, follow, max-snippet:-1, max-image-preview:large, max-video-preview:-1\" \/>\n<link rel=\"canonical\" href=\"\/\" \/>\n<meta property=\"og:locale\" content=\"es_ES\" \/>\n<meta property=\"og:type\" content=\"article\" \/>\n<meta property=\"og:title\" content=\"Salom\u00e9 Ram\u00edrez bailaora cardamomo tablao flamenco\" \/>\n<meta property=\"og:description\" content=\"Biograf\u00eda Salom\u00e9 Ram\u00edrez, nace en Jerez de la Frontera en 1990. Comienza a bailar de la mano de Rafael Mu\u00f1oz con 4 a\u00f1os formando parte del cuadro de j\u00f3venes promesas del flamenco Huella Jerezana (1994-1998). Con la edad de 8 a\u00f1os, continua su formaci\u00f3n en la academia de Manuela Carpio y Chiqui de Jerez. Complementa...\" \/>\n<meta property=\"og:url\" content=\"https:\/\/cardamomo.com\/es\/artist\/salome-ramirez\/\" \/>\n<meta property=\"og:site_name\" content=\"Cardamomo Flamenco Madrid\" \/>\n<meta property=\"article:modified_time\" content=\"2025-03-19T12:42:12+00:00\" \/>\n<meta property=\"og:image\" content=\"https:\/\/cardamomo.ams3.digitaloceanspaces.com\/wp-content\/uploads\/2019\/05\/19124156\/salome-ramirez.jpg\" \/>\n\t<meta property=\"og:image:width\" content=\"600\" \/>\n\t<meta property=\"og:image:height\" content=\"750\" \/>\n\t<meta property=\"og:image:type\" content=\"image\/jpeg\" \/>\n<meta name=\"twitter:card\" content=\"summary_large_image\" \/>\n<meta name=\"twitter:label1\" content=\"Tiempo de lectura\" \/>\n\t<meta name=\"twitter:data1\" content=\"2 minutos\" \/>\n<script type=\"application\/ld+json\" class=\"yoast-schema-graph\">{\"@context\":\"https:\\\/\\\/schema.org\",\"@graph\":[{\"@type\":\"WebPage\",\"@id\":\"https:\\\/\\\/cardamomo.com\\\/es\\\/artist\\\/salome-ramirez\\\/\",\"url\":\"https:\\\/\\\/cardamomo.com\\\/es\\\/artist\\\/salome-ramirez\\\/\",\"name\":\"Salom\u00e9 Ram\u00edrez bailaora cardamomo tablao flamenco\",\"isPartOf\":{\"@id\":\"https:\\\/\\\/cardamomo.com\\\/es\\\/#website\"},\"primaryImageOfPage\":{\"@id\":\"https:\\\/\\\/cardamomo.com\\\/es\\\/artist\\\/salome-ramirez\\\/#primaryimage\"},\"image\":{\"@id\":\"https:\\\/\\\/cardamomo.com\\\/es\\\/artist\\\/salome-ramirez\\\/#primaryimage\"},\"thumbnailUrl\":\"https:\\\/\\\/cardamomo.ams3.digitaloceanspaces.com\\\/wp-content\\\/uploads\\\/2019\\\/05\\\/19124156\\\/salome-ramirez.jpg\",\"datePublished\":\"2019-05-28T11:01:36+00:00\",\"dateModified\":\"2025-03-19T12:42:12+00:00\",\"breadcrumb\":{\"@id\":\"https:\\\/\\\/cardamomo.com\\\/es\\\/artist\\\/salome-ramirez\\\/#breadcrumb\"},\"inLanguage\":\"es\",\"potentialAction\":[{\"@type\":\"ReadAction\",\"target\":[[\"https:\\\/\\\/cardamomo.com\\\/es\\\/artist\\\/salome-ramirez\\\/\"]]}]},{\"@type\":\"ImageObject\",\"inLanguage\":\"es\",\"@id\":\"https:\\\/\\\/cardamomo.com\\\/es\\\/artist\\\/salome-ramirez\\\/#primaryimage\",\"url\":\"https:\\\/\\\/cardamomo.ams3.digitaloceanspaces.com\\\/wp-content\\\/uploads\\\/2019\\\/05\\\/19124156\\\/salome-ramirez.jpg\",\"contentUrl\":\"https:\\\/\\\/cardamomo.ams3.digitaloceanspaces.com\\\/wp-content\\\/uploads\\\/2019\\\/05\\\/19124156\\\/salome-ramirez.jpg\",\"width\":600,\"height\":750,\"caption\":\"Bailaora Salom\u00e9 Ram\u00edrez\"},{\"@type\":\"BreadcrumbList\",\"@id\":\"https:\\\/\\\/cardamomo.com\\\/es\\\/artist\\\/salome-ramirez\\\/#breadcrumb\",\"itemListElement\":[{\"@type\":\"ListItem\",\"position\":1,\"name\":\"Cardamomo\",\"item\":\"https:\\\/\\\/cardamomo.com\\\/es\\\/\"},{\"@type\":\"ListItem\",\"position\":2,\"name\":\"Artists\",\"item\":\"https:\\\/\\\/cardamomo.com\\\/es\\\/artist\\\/\"},{\"@type\":\"ListItem\",\"position\":3,\"name\":\"Salom\u00e9 Ram\u00edrez\"}]},{\"@type\":\"WebSite\",\"@id\":\"https:\\\/\\\/cardamomo.com\\\/es\\\/#website\",\"url\":\"https:\\\/\\\/cardamomo.com\\\/es\\\/\",\"name\":\"Cardamomo Flamenco Madrid\",\"description\":\"\",\"potentialAction\":[{\"@type\":\"SearchAction\",\"target\":{\"@type\":\"EntryPoint\",\"urlTemplate\":\"https:\\\/\\\/cardamomo.com\\\/es\\\/?s={search_term_string}\"},\"query-input\":{\"@type\":\"PropertyValueSpecification\",\"valueRequired\":true,\"valueName\":\"search_term_string\"}}],\"inLanguage\":\"es\"}]}<\/script>\n<!-- \/ Yoast SEO plugin. -->","yoast_head_json":{"title":"Salom\u00e9 Ram\u00edrez bailaora cardamomo tablao flamenco","robots":{"index":"index","follow":"follow","max-snippet":"max-snippet:-1","max-image-preview":"max-image-preview:large","max-video-preview":"max-video-preview:-1"},"canonical":"\/","og_locale":"es_ES","og_type":"article","og_title":"Salom\u00e9 Ram\u00edrez bailaora cardamomo tablao flamenco","og_description":"Biograf\u00eda Salom\u00e9 Ram\u00edrez, nace en Jerez de la Frontera en 1990. Comienza a bailar de la mano de Rafael Mu\u00f1oz con 4 a\u00f1os formando parte del cuadro de j\u00f3venes promesas del flamenco Huella Jerezana (1994-1998). Con la edad de 8 a\u00f1os, continua su formaci\u00f3n en la academia de Manuela Carpio y Chiqui de Jerez. Complementa...","og_url":"https:\/\/cardamomo.com\/es\/artist\/salome-ramirez\/","og_site_name":"Cardamomo Flamenco Madrid","article_modified_time":"2025-03-19T12:42:12+00:00","og_image":[{"width":600,"height":750,"url":"https:\/\/cardamomo.ams3.digitaloceanspaces.com\/wp-content\/uploads\/2019\/05\/19124156\/salome-ramirez.jpg","type":"image\/jpeg"}],"twitter_card":"summary_large_image","twitter_misc":{"Tiempo de lectura":"2 minutos"},"schema":{"@context":"https:\/\/schema.org","@graph":[{"@type":"WebPage","@id":"https:\/\/cardamomo.com\/es\/artist\/salome-ramirez\/","url":"https:\/\/cardamomo.com\/es\/artist\/salome-ramirez\/","name":"Salom\u00e9 Ram\u00edrez bailaora cardamomo tablao flamenco","isPartOf":{"@id":"https:\/\/cardamomo.com\/es\/#website"},"primaryImageOfPage":{"@id":"https:\/\/cardamomo.com\/es\/artist\/salome-ramirez\/#primaryimage"},"image":{"@id":"https:\/\/cardamomo.com\/es\/artist\/salome-ramirez\/#primaryimage"},"thumbnailUrl":"https:\/\/cardamomo.ams3.digitaloceanspaces.com\/wp-content\/uploads\/2019\/05\/19124156\/salome-ramirez.jpg","datePublished":"2019-05-28T11:01:36+00:00","dateModified":"2025-03-19T12:42:12+00:00","breadcrumb":{"@id":"https:\/\/cardamomo.com\/es\/artist\/salome-ramirez\/#breadcrumb"},"inLanguage":"es","potentialAction":[{"@type":"ReadAction","target":[["https:\/\/cardamomo.com\/es\/artist\/salome-ramirez\/"]]}]},{"@type":"ImageObject","inLanguage":"es","@id":"https:\/\/cardamomo.com\/es\/artist\/salome-ramirez\/#primaryimage","url":"https:\/\/cardamomo.ams3.digitaloceanspaces.com\/wp-content\/uploads\/2019\/05\/19124156\/salome-ramirez.jpg","contentUrl":"https:\/\/cardamomo.ams3.digitaloceanspaces.com\/wp-content\/uploads\/2019\/05\/19124156\/salome-ramirez.jpg","width":600,"height":750,"caption":"Bailaora Salom\u00e9 Ram\u00edrez"},{"@type":"BreadcrumbList","@id":"https:\/\/cardamomo.com\/es\/artist\/salome-ramirez\/#breadcrumb","itemListElement":[{"@type":"ListItem","position":1,"name":"Cardamomo","item":"https:\/\/cardamomo.com\/es\/"},{"@type":"ListItem","position":2,"name":"Artists","item":"https:\/\/cardamomo.com\/es\/artist\/"},{"@type":"ListItem","position":3,"name":"Salom\u00e9 Ram\u00edrez"}]},{"@type":"WebSite","@id":"https:\/\/cardamomo.com\/es\/#website","url":"https:\/\/cardamomo.com\/es\/","name":"Cardamomo Flamenco Madrid","description":"","potentialAction":[{"@type":"SearchAction","target":{"@type":"EntryPoint","urlTemplate":"https:\/\/cardamomo.com\/es\/?s={search_term_string}"},"query-input":{"@type":"PropertyValueSpecification","valueRequired":true,"valueName":"search_term_string"}}],"inLanguage":"es"}]}},"_links":{"self":[{"href":"https:\/\/cardamomo.com\/es\/wp-json\/wp\/v2\/artist\/63058","targetHints":{"allow":["GET"]}}],"collection":[{"href":"https:\/\/cardamomo.com\/es\/wp-json\/wp\/v2\/artist"}],"about":[{"href":"https:\/\/cardamomo.com\/es\/wp-json\/wp\/v2\/types\/artist"}],"wp:featuredmedia":[{"embeddable":true,"href":"https:\/\/cardamomo.com\/es\/wp-json\/wp\/v2\/media\/157217"}],"wp:attachment":[{"href":"https:\/\/cardamomo.com\/es\/wp-json\/wp\/v2\/media?parent=63058"}],"curies":[{"name":"wp","href":"https:\/\/api.w.org\/{rel}","templated":true}]}}

Salomé Ramírez

<p></p>
<h4>Biografía</h4>
<p>Salomé Ramírez, nace en Jerez de la Frontera en 1990. Comienza a bailar de la mano de<strong> Rafael Muñoz</strong> con 4 años formando parte del cuadro de jóvenes promesas del flamenco <em><strong>Huella Jerezana</strong></em> (1994-1998).</p>
<p>Con la edad de 8 años, continua su formación en la academia de<strong> Manuela Carpio y Chiqui de Jerez. </strong>Complementa dicha formación con clases regulares de la mano de grandes maestros del arte flamenco como F<strong>arruquito, Antonio Canales, Alfonso Losa, Marco Flores y Manuel Liñán.</strong></p>
<p>En el año 2002, aún siendo una niña comienza a trabajar en el tablao El Lagar de Tío Parrilla<strong>.</strong> A partir de este momento, Salomé empieza a <strong>bailar en distintos rincones flamencos jerezanos</strong> como La Taberna Flamenca, Tablao del Bereber o el tablao Puro Arte.</p>
<p>En  2007 participó en los <em><strong>Viernes Flamencos de Jerez de la Frontera</strong></em>. Volvió a estar en el 2014.</p>
<p>En 2010 formó parte de la compañía de <strong>Farruquito </strong>con el espectáculo “<em><strong>Sonerías”.</strong></em></p>
<p>Desde 2012 empieza a formar parte del cuadro flamenco habitual del Tablao del Carmen en Barcelona.  Realizando también actuaciones en tablaos flamencos de Sevilla como El Museo del Flamenco de Cristina Hoyos, El Arenal o Los Gallos.</p>
<p>En 2014 hace su primera gira por <strong>Japón,</strong> repitiéndose anualmente hasta la actualidad, realizando<strong> actuaciones e impartiendo clases</strong>  en diferentes ciudades como <strong>Tokio, Osaka, Sendai o Nagoya.</strong></p>
<p>En 2015 participa en el <strong>Festival Flamenco de Lyon</strong> con el espectáculo <em><strong>“De Lebrija a Jerez”</strong></em> junto a la cantaora Anabel Valencia.</p>
<p>En 2016 obtiene el <strong>segundo premio del Concurso de Baile flamenco</strong> del Tablao Las Carboneras en Madrid.</p>
<p>En 2017 acude al <strong>Festival de Músicas del mundo de Copenague</strong>, Dinamarca.</p>
<p>En 2018 forma parte de la Compañía Cía, de la mano de Eduardo Guerrero. Recorren gran parte de Estados Unidos en una gira en la que representan el espectáculo <em><strong>«Gaditana».</strong></em></p>
<p>Actualmente reside en Madrid formando parte de prestigiosos tablaos como en este caso, <a href="https://cardamomo.com/es/">Cardamomo.</a></p>
<p>&nbsp;</p>

<!-- This site is optimized with the Yoast SEO plugin v27.4 - https://yoast.com/product/yoast-seo-wordpress/ -->
<title>Salomé Ramírez bailaora cardamomo tablao flamenco</title>
<meta name="robots" content="index, follow, max-snippet:-1, max-image-preview:large, max-video-preview:-1" />
<link rel="canonical" href="/" />
<meta property="og:locale" content="es_ES" />
<meta property="og:type" content="article" />
<meta property="og:title" content="Salomé Ramírez bailaora cardamomo tablao flamenco" />
<meta property="og:description" content="Biografía Salomé Ramírez, nace en Jerez de la Frontera en 1990. Comienza a bailar de la mano de Rafael Muñoz con 4 años formando parte del cuadro de jóvenes promesas del flamenco Huella Jerezana (1994-1998). Con la edad de 8 años, continua su formación en la academia de Manuela Carpio y Chiqui de Jerez. Complementa..." />
<meta property="og:url" content="https://cardamomo.com/es/artist/salome-ramirez/" />
<meta property="og:site_name" content="Cardamomo Flamenco Madrid" />
<meta property="article:modified_time" content="2025-03-19T12:42:12+00:00" />
<meta property="og:image" content="https://cardamomo.ams3.digitaloceanspaces.com/wp-content/uploads/2019/05/19124156/salome-ramirez.jpg" />
	<meta property="og:image:width" content="600" />
	<meta property="og:image:height" content="750" />
	<meta property="og:image:type" content="image/jpeg" />
<meta name="twitter:card" content="summary_large_image" />
<meta name="twitter:label1" content="Tiempo de lectura" />
	<meta name="twitter:data1" content="2 minutos" />
<script type="application/ld+json" class="yoast-schema-graph">{"@context":"https:\/\/schema.org","@graph":[{"@type":"WebPage","@id":"https:\/\/cardamomo.com\/es\/artist\/salome-ramirez\/","url":"https:\/\/cardamomo.com\/es\/artist\/salome-ramirez\/","name":"Salomé Ramírez bailaora cardamomo tablao flamenco","isPartOf":{"@id":"https:\/\/cardamomo.com\/es\/#website"},"primaryImageOfPage":{"@id":"https:\/\/cardamomo.com\/es\/artist\/salome-ramirez\/#primaryimage"},"image":{"@id":"https:\/\/cardamomo.com\/es\/artist\/salome-ramirez\/#primaryimage"},"thumbnailUrl":"https:\/\/cardamomo.ams3.digitaloceanspaces.com\/wp-content\/uploads\/2019\/05\/19124156\/salome-ramirez.jpg","datePublished":"2019-05-28T11:01:36+00:00","dateModified":"2025-03-19T12:42:12+00:00","breadcrumb":{"@id":"https:\/\/cardamomo.com\/es\/artist\/salome-ramirez\/#breadcrumb"},"inLanguage":"es","potentialAction":[{"@type":"ReadAction","target":[["https:\/\/cardamomo.com\/es\/artist\/salome-ramirez\/"]]}]},{"@type":"ImageObject","inLanguage":"es","@id":"https:\/\/cardamomo.com\/es\/artist\/salome-ramirez\/#primaryimage","url":"https:\/\/cardamomo.ams3.digitaloceanspaces.com\/wp-content\/uploads\/2019\/05\/19124156\/salome-ramirez.jpg","contentUrl":"https:\/\/cardamomo.ams3.digitaloceanspaces.com\/wp-content\/uploads\/2019\/05\/19124156\/salome-ramirez.jpg","width":600,"height":750,"caption":"Bailaora Salomé Ramírez"},{"@type":"BreadcrumbList","@id":"https:\/\/cardamomo.com\/es\/artist\/salome-ramirez\/#breadcrumb","itemListElement":[{"@type":"ListItem","position":1,"name":"Cardamomo","item":"https:\/\/cardamomo.com\/es\/"},{"@type":"ListItem","position":2,"name":"Artists","item":"https:\/\/cardamomo.com\/es\/artist\/"},{"@type":"ListItem","position":3,"name":"Salomé Ramírez"}]},{"@type":"WebSite","@id":"https:\/\/cardamomo.com\/es\/#website","url":"https:\/\/cardamomo.com\/es\/","name":"Cardamomo Flamenco Madrid","description":"","potentialAction":[{"@type":"SearchAction","target":{"@type":"EntryPoint","urlTemplate":"https:\/\/cardamomo.com\/es\/?s={search_term_string}"},"query-input":{"@type":"PropertyValueSpecification","valueRequired":true,"valueName":"search_term_string"}}],"inLanguage":"es"}]}</script>
<!-- / Yoast SEO plugin. -->

Salomé Ramírez bailaora cardamomo tablao flamenco

Biografía Salomé Ramírez, nace en Jerez de la Frontera en 1990. Comienza a bailar de la mano de Rafael Muñoz con 4 años formando parte del cuadro de jóvenes promesas del flamenco Huella Jerezana (1994-1998). Con la edad de 8 años, continua su formación en la academia de Manuela Carpio y Chiqui de Jerez. Complementa...

Bailaora Salomé Ramírez
