{"id":55838,"date":"2018-12-27T20:07:58","date_gmt":"2018-12-27T19:07:58","guid":{"rendered":"https:\/\/cardamomo.com\/es\/?post_type=artist&#038;p=55838"},"modified":"2025-03-19T12:51:28","modified_gmt":"2025-03-19T12:51:28","slug":"pedro-jimenez-perrete","status":"publish","type":"artist","link":"https:\/\/cardamomo.com\/es\/artist\/pedro-jimenez-perrete\/","title":{"rendered":"Pedro Jim\u00e9nez \u00abPerrete\u00bb"},"content":{"rendered":"<p>Artista emblem\u00e1tico de la historia del flamenco, una cara conocida en todos los tablaos y escenarios del mundo. Perrete es flamenco en esencia, el que le ha visto actuar sabe perfectamente de lo que hablamos.<\/p>\n<p>Desde muy peque\u00f1o sinti\u00f3 gran atracci\u00f3n por la percusi\u00f3n y fue desde esta vertiente por la que se adentr\u00f3 en el flamenco. Con 16 a\u00f1os se sube a la caravana de la c\u00e9lebre Lola Flores, con quien comienza una larga relaci\u00f3n tanto de amistad como profesional.<\/p>\n<p>Con tan s\u00f3lo 19 a\u00f1os, act\u00faa junto a Lola Flores en el Madison Square Garden de Nueva York, cerrando los dos primeros pases con una asistencia de 10.000 personas en cada uno, y donde entre los asistentes se encontraban grandes figuras de la m\u00fasica mundial como Dean Martin, Frank Sinatra, Celia Cruz, Raphael y Julio Iglesias entre otros.<\/p>\n<p>Sus dotes a las percusiones son tales que en 1979 comienza a usar el caj\u00f3n flamenco que, previo a su popularizaci\u00f3n y normalizaci\u00f3n como instrumento flamenco, era un instrumento inusual en la \u00e9poca al que algunos incluso toman como mero maquillaje del mal cante, siendo uno de los primeros en apostar por este sonido junto con Rubem Dantas, el percusionista que acompa\u00f1aba a Paco de Luc\u00eda.<\/p>\n<p>Como acompa\u00f1ante de La Faraona en la canci\u00f3n espa\u00f1ola y la rumba, comienza a dar el paso al cante, girando por todo el mundo mostrando sus dotes a las percusiones y al cante.<\/p>\n<p>Perrete no es un m\u00fasico de concursos, m\u00e1s bien su grandeza se puede medir en la calidad de los artistas con los que ha trabajado, donde encontramos grandes maestros como el Pescadilla, Peret, Juan Andr\u00e9s maya, Canales, La Polaca, Bambino, Enrique Caracol, Fa\u00edco y Juan Ram\u00edrez.<\/p>\n<p>Adem\u00e1s, entre sus colaboraciones encontramos su acompa\u00f1amiento al guitarrista Rayito en los premios Bravo Bravissimo de Italia 1991, gira por todo Alemania con el ballet de Rafael Aguilar interpretando t\u00edtulos cl\u00e1sicos, la primera vez que Paloma Fantova act\u00faa en Madrid es de su mano, con Bel\u00e9n L\u00f3pez en el premio L\u00e1mpara Minera y muchos m\u00e1s, a parte de acompa\u00f1ar a Lola Flores en casi toda su carrera sobre los escenarios.<\/p>\n<p>Ha viajado por todo el mundo actuando en los principales escenarios para el p\u00fablico m\u00e1s exigente. Tambi\u00e9n podemos encontrarle en cameos de pel\u00edculas de Pedro Almod\u00f3var o con M\u00f3nica Cruz en la serie Velvet Colecci\u00f3n.<\/p>\n<p>Un artista lleno de energ\u00eda positiva que reparte arte por ambos costados independientemente del escenario, ya sea el Madison Square Garden o el tablao Cardamomo.<\/p>","protected":false},"featured_media":157221,"template":"","meta":{"_acf_changed":false,"inline_featured_image":false},"class_list":["post-55838","artist","type-artist","status-publish","has-post-thumbnail","hentry"],"acf":[],"yoast_head":"<!-- This site is optimized with the Yoast SEO plugin v27.4 - https:\/\/yoast.com\/product\/yoast-seo-wordpress\/ -->\n<title>Pedro Jim\u00e9nez &quot;Perrete&quot; - Cardamomo Flamenco Madrid<\/title>\n<meta name=\"robots\" content=\"index, follow, max-snippet:-1, max-image-preview:large, max-video-preview:-1\" \/>\n<link rel=\"canonical\" href=\"\/\" \/>\n<meta property=\"og:locale\" content=\"es_ES\" \/>\n<meta property=\"og:type\" content=\"article\" \/>\n<meta property=\"og:title\" content=\"Pedro Jim\u00e9nez &quot;Perrete&quot; - Cardamomo Flamenco Madrid\" \/>\n<meta property=\"og:description\" content=\"Artista emblem\u00e1tico de la historia del flamenco, una cara conocida en todos los tablaos y escenarios del mundo. Perrete es flamenco en esencia, el que le ha visto actuar sabe perfectamente de lo que hablamos. Desde muy peque\u00f1o sinti\u00f3 gran atracci\u00f3n por la percusi\u00f3n y fue desde esta vertiente por la que se adentr\u00f3 en...\" \/>\n<meta property=\"og:url\" content=\"https:\/\/cardamomo.com\/es\/artist\/pedro-jimenez-perrete\/\" \/>\n<meta property=\"og:site_name\" content=\"Cardamomo Flamenco Madrid\" \/>\n<meta property=\"article:modified_time\" content=\"2025-03-19T12:51:28+00:00\" \/>\n<meta property=\"og:image\" content=\"https:\/\/cardamomo.ams3.digitaloceanspaces.com\/wp-content\/uploads\/2018\/12\/19125106\/pedro-jimenez-el-perrete.jpg\" \/>\n\t<meta property=\"og:image:width\" content=\"600\" \/>\n\t<meta property=\"og:image:height\" content=\"750\" \/>\n\t<meta property=\"og:image:type\" content=\"image\/jpeg\" \/>\n<meta name=\"twitter:card\" content=\"summary_large_image\" \/>\n<meta name=\"twitter:label1\" content=\"Tiempo de lectura\" \/>\n\t<meta name=\"twitter:data1\" content=\"3 minutos\" \/>\n<script type=\"application\/ld+json\" class=\"yoast-schema-graph\">{\"@context\":\"https:\\\/\\\/schema.org\",\"@graph\":[{\"@type\":\"WebPage\",\"@id\":\"https:\\\/\\\/cardamomo.com\\\/es\\\/artist\\\/pedro-jimenez-perrete\\\/\",\"url\":\"https:\\\/\\\/cardamomo.com\\\/es\\\/artist\\\/pedro-jimenez-perrete\\\/\",\"name\":\"Pedro Jim\u00e9nez \\\"Perrete\\\" - Cardamomo Flamenco Madrid\",\"isPartOf\":{\"@id\":\"https:\\\/\\\/cardamomo.com\\\/es\\\/#website\"},\"primaryImageOfPage\":{\"@id\":\"https:\\\/\\\/cardamomo.com\\\/es\\\/artist\\\/pedro-jimenez-perrete\\\/#primaryimage\"},\"image\":{\"@id\":\"https:\\\/\\\/cardamomo.com\\\/es\\\/artist\\\/pedro-jimenez-perrete\\\/#primaryimage\"},\"thumbnailUrl\":\"https:\\\/\\\/cardamomo.ams3.digitaloceanspaces.com\\\/wp-content\\\/uploads\\\/2018\\\/12\\\/19125106\\\/pedro-jimenez-el-perrete.jpg\",\"datePublished\":\"2018-12-27T19:07:58+00:00\",\"dateModified\":\"2025-03-19T12:51:28+00:00\",\"breadcrumb\":{\"@id\":\"https:\\\/\\\/cardamomo.com\\\/es\\\/artist\\\/pedro-jimenez-perrete\\\/#breadcrumb\"},\"inLanguage\":\"es\",\"potentialAction\":[{\"@type\":\"ReadAction\",\"target\":[[\"https:\\\/\\\/cardamomo.com\\\/es\\\/artist\\\/pedro-jimenez-perrete\\\/\"]]}]},{\"@type\":\"ImageObject\",\"inLanguage\":\"es\",\"@id\":\"https:\\\/\\\/cardamomo.com\\\/es\\\/artist\\\/pedro-jimenez-perrete\\\/#primaryimage\",\"url\":\"https:\\\/\\\/cardamomo.ams3.digitaloceanspaces.com\\\/wp-content\\\/uploads\\\/2018\\\/12\\\/19125106\\\/pedro-jimenez-el-perrete.jpg\",\"contentUrl\":\"https:\\\/\\\/cardamomo.ams3.digitaloceanspaces.com\\\/wp-content\\\/uploads\\\/2018\\\/12\\\/19125106\\\/pedro-jimenez-el-perrete.jpg\",\"width\":600,\"height\":750,\"caption\":\"Cantaor Pedro Jim\u00e9nez \\\"El Perrete\\\"\"},{\"@type\":\"BreadcrumbList\",\"@id\":\"https:\\\/\\\/cardamomo.com\\\/es\\\/artist\\\/pedro-jimenez-perrete\\\/#breadcrumb\",\"itemListElement\":[{\"@type\":\"ListItem\",\"position\":1,\"name\":\"Cardamomo\",\"item\":\"https:\\\/\\\/cardamomo.com\\\/es\\\/\"},{\"@type\":\"ListItem\",\"position\":2,\"name\":\"Artists\",\"item\":\"https:\\\/\\\/cardamomo.com\\\/es\\\/artist\\\/\"},{\"@type\":\"ListItem\",\"position\":3,\"name\":\"Pedro Jim\u00e9nez \u00abPerrete\u00bb\"}]},{\"@type\":\"WebSite\",\"@id\":\"https:\\\/\\\/cardamomo.com\\\/es\\\/#website\",\"url\":\"https:\\\/\\\/cardamomo.com\\\/es\\\/\",\"name\":\"Cardamomo Flamenco Madrid\",\"description\":\"\",\"potentialAction\":[{\"@type\":\"SearchAction\",\"target\":{\"@type\":\"EntryPoint\",\"urlTemplate\":\"https:\\\/\\\/cardamomo.com\\\/es\\\/?s={search_term_string}\"},\"query-input\":{\"@type\":\"PropertyValueSpecification\",\"valueRequired\":true,\"valueName\":\"search_term_string\"}}],\"inLanguage\":\"es\"}]}<\/script>\n<!-- \/ Yoast SEO plugin. -->","yoast_head_json":{"title":"Pedro Jim\u00e9nez \"Perrete\" - Cardamomo Flamenco Madrid","robots":{"index":"index","follow":"follow","max-snippet":"max-snippet:-1","max-image-preview":"max-image-preview:large","max-video-preview":"max-video-preview:-1"},"canonical":"\/","og_locale":"es_ES","og_type":"article","og_title":"Pedro Jim\u00e9nez \"Perrete\" - Cardamomo Flamenco Madrid","og_description":"Artista emblem\u00e1tico de la historia del flamenco, una cara conocida en todos los tablaos y escenarios del mundo. Perrete es flamenco en esencia, el que le ha visto actuar sabe perfectamente de lo que hablamos. Desde muy peque\u00f1o sinti\u00f3 gran atracci\u00f3n por la percusi\u00f3n y fue desde esta vertiente por la que se adentr\u00f3 en...","og_url":"https:\/\/cardamomo.com\/es\/artist\/pedro-jimenez-perrete\/","og_site_name":"Cardamomo Flamenco Madrid","article_modified_time":"2025-03-19T12:51:28+00:00","og_image":[{"width":600,"height":750,"url":"https:\/\/cardamomo.ams3.digitaloceanspaces.com\/wp-content\/uploads\/2018\/12\/19125106\/pedro-jimenez-el-perrete.jpg","type":"image\/jpeg"}],"twitter_card":"summary_large_image","twitter_misc":{"Tiempo de lectura":"3 minutos"},"schema":{"@context":"https:\/\/schema.org","@graph":[{"@type":"WebPage","@id":"https:\/\/cardamomo.com\/es\/artist\/pedro-jimenez-perrete\/","url":"https:\/\/cardamomo.com\/es\/artist\/pedro-jimenez-perrete\/","name":"Pedro Jim\u00e9nez \"Perrete\" - Cardamomo Flamenco Madrid","isPartOf":{"@id":"https:\/\/cardamomo.com\/es\/#website"},"primaryImageOfPage":{"@id":"https:\/\/cardamomo.com\/es\/artist\/pedro-jimenez-perrete\/#primaryimage"},"image":{"@id":"https:\/\/cardamomo.com\/es\/artist\/pedro-jimenez-perrete\/#primaryimage"},"thumbnailUrl":"https:\/\/cardamomo.ams3.digitaloceanspaces.com\/wp-content\/uploads\/2018\/12\/19125106\/pedro-jimenez-el-perrete.jpg","datePublished":"2018-12-27T19:07:58+00:00","dateModified":"2025-03-19T12:51:28+00:00","breadcrumb":{"@id":"https:\/\/cardamomo.com\/es\/artist\/pedro-jimenez-perrete\/#breadcrumb"},"inLanguage":"es","potentialAction":[{"@type":"ReadAction","target":[["https:\/\/cardamomo.com\/es\/artist\/pedro-jimenez-perrete\/"]]}]},{"@type":"ImageObject","inLanguage":"es","@id":"https:\/\/cardamomo.com\/es\/artist\/pedro-jimenez-perrete\/#primaryimage","url":"https:\/\/cardamomo.ams3.digitaloceanspaces.com\/wp-content\/uploads\/2018\/12\/19125106\/pedro-jimenez-el-perrete.jpg","contentUrl":"https:\/\/cardamomo.ams3.digitaloceanspaces.com\/wp-content\/uploads\/2018\/12\/19125106\/pedro-jimenez-el-perrete.jpg","width":600,"height":750,"caption":"Cantaor Pedro Jim\u00e9nez \"El Perrete\""},{"@type":"BreadcrumbList","@id":"https:\/\/cardamomo.com\/es\/artist\/pedro-jimenez-perrete\/#breadcrumb","itemListElement":[{"@type":"ListItem","position":1,"name":"Cardamomo","item":"https:\/\/cardamomo.com\/es\/"},{"@type":"ListItem","position":2,"name":"Artists","item":"https:\/\/cardamomo.com\/es\/artist\/"},{"@type":"ListItem","position":3,"name":"Pedro Jim\u00e9nez \u00abPerrete\u00bb"}]},{"@type":"WebSite","@id":"https:\/\/cardamomo.com\/es\/#website","url":"https:\/\/cardamomo.com\/es\/","name":"Cardamomo Flamenco Madrid","description":"","potentialAction":[{"@type":"SearchAction","target":{"@type":"EntryPoint","urlTemplate":"https:\/\/cardamomo.com\/es\/?s={search_term_string}"},"query-input":{"@type":"PropertyValueSpecification","valueRequired":true,"valueName":"search_term_string"}}],"inLanguage":"es"}]}},"_links":{"self":[{"href":"https:\/\/cardamomo.com\/es\/wp-json\/wp\/v2\/artist\/55838","targetHints":{"allow":["GET"]}}],"collection":[{"href":"https:\/\/cardamomo.com\/es\/wp-json\/wp\/v2\/artist"}],"about":[{"href":"https:\/\/cardamomo.com\/es\/wp-json\/wp\/v2\/types\/artist"}],"wp:featuredmedia":[{"embeddable":true,"href":"https:\/\/cardamomo.com\/es\/wp-json\/wp\/v2\/media\/157221"}],"wp:attachment":[{"href":"https:\/\/cardamomo.com\/es\/wp-json\/wp\/v2\/media?parent=55838"}],"curies":[{"name":"wp","href":"https:\/\/api.w.org\/{rel}","templated":true}]}}

Pedro Jiménez «Perrete»

<p>Artista emblemático de la historia del flamenco, una cara conocida en todos los tablaos y escenarios del mundo. Perrete es flamenco en esencia, el que le ha visto actuar sabe perfectamente de lo que hablamos.</p>
<p>Desde muy pequeño sintió gran atracción por la percusión y fue desde esta vertiente por la que se adentró en el flamenco. Con 16 años se sube a la caravana de la célebre Lola Flores, con quien comienza una larga relación tanto de amistad como profesional.</p>
<p>Con tan sólo 19 años, actúa junto a Lola Flores en el Madison Square Garden de Nueva York, cerrando los dos primeros pases con una asistencia de 10.000 personas en cada uno, y donde entre los asistentes se encontraban grandes figuras de la música mundial como Dean Martin, Frank Sinatra, Celia Cruz, Raphael y Julio Iglesias entre otros.</p>
<p>Sus dotes a las percusiones son tales que en 1979 comienza a usar el cajón flamenco que, previo a su popularización y normalización como instrumento flamenco, era un instrumento inusual en la época al que algunos incluso toman como mero maquillaje del mal cante, siendo uno de los primeros en apostar por este sonido junto con Rubem Dantas, el percusionista que acompañaba a Paco de Lucía.</p>
<p>Como acompañante de La Faraona en la canción española y la rumba, comienza a dar el paso al cante, girando por todo el mundo mostrando sus dotes a las percusiones y al cante.</p>
<p>Perrete no es un músico de concursos, más bien su grandeza se puede medir en la calidad de los artistas con los que ha trabajado, donde encontramos grandes maestros como el Pescadilla, Peret, Juan Andrés maya, Canales, La Polaca, Bambino, Enrique Caracol, Faíco y Juan Ramírez.</p>
<p>Además, entre sus colaboraciones encontramos su acompañamiento al guitarrista Rayito en los premios Bravo Bravissimo de Italia 1991, gira por todo Alemania con el ballet de Rafael Aguilar interpretando títulos clásicos, la primera vez que Paloma Fantova actúa en Madrid es de su mano, con Belén López en el premio Lámpara Minera y muchos más, a parte de acompañar a Lola Flores en casi toda su carrera sobre los escenarios.</p>
<p>Ha viajado por todo el mundo actuando en los principales escenarios para el público más exigente. También podemos encontrarle en cameos de películas de Pedro Almodóvar o con Mónica Cruz en la serie Velvet Colección.</p>
<p>Un artista lleno de energía positiva que reparte arte por ambos costados independientemente del escenario, ya sea el Madison Square Garden o el tablao Cardamomo.</p>

<!-- This site is optimized with the Yoast SEO plugin v27.4 - https://yoast.com/product/yoast-seo-wordpress/ -->
<title>Pedro Jiménez &quot;Perrete&quot; - Cardamomo Flamenco Madrid</title>
<meta name="robots" content="index, follow, max-snippet:-1, max-image-preview:large, max-video-preview:-1" />
<link rel="canonical" href="/" />
<meta property="og:locale" content="es_ES" />
<meta property="og:type" content="article" />
<meta property="og:title" content="Pedro Jiménez &quot;Perrete&quot; - Cardamomo Flamenco Madrid" />
<meta property="og:description" content="Artista emblemático de la historia del flamenco, una cara conocida en todos los tablaos y escenarios del mundo. Perrete es flamenco en esencia, el que le ha visto actuar sabe perfectamente de lo que hablamos. Desde muy pequeño sintió gran atracción por la percusión y fue desde esta vertiente por la que se adentró en..." />
<meta property="og:url" content="https://cardamomo.com/es/artist/pedro-jimenez-perrete/" />
<meta property="og:site_name" content="Cardamomo Flamenco Madrid" />
<meta property="article:modified_time" content="2025-03-19T12:51:28+00:00" />
<meta property="og:image" content="https://cardamomo.ams3.digitaloceanspaces.com/wp-content/uploads/2018/12/19125106/pedro-jimenez-el-perrete.jpg" />
	<meta property="og:image:width" content="600" />
	<meta property="og:image:height" content="750" />
	<meta property="og:image:type" content="image/jpeg" />
<meta name="twitter:card" content="summary_large_image" />
<meta name="twitter:label1" content="Tiempo de lectura" />
	<meta name="twitter:data1" content="3 minutos" />
<script type="application/ld+json" class="yoast-schema-graph">{"@context":"https:\/\/schema.org","@graph":[{"@type":"WebPage","@id":"https:\/\/cardamomo.com\/es\/artist\/pedro-jimenez-perrete\/","url":"https:\/\/cardamomo.com\/es\/artist\/pedro-jimenez-perrete\/","name":"Pedro Jiménez \"Perrete\" - Cardamomo Flamenco Madrid","isPartOf":{"@id":"https:\/\/cardamomo.com\/es\/#website"},"primaryImageOfPage":{"@id":"https:\/\/cardamomo.com\/es\/artist\/pedro-jimenez-perrete\/#primaryimage"},"image":{"@id":"https:\/\/cardamomo.com\/es\/artist\/pedro-jimenez-perrete\/#primaryimage"},"thumbnailUrl":"https:\/\/cardamomo.ams3.digitaloceanspaces.com\/wp-content\/uploads\/2018\/12\/19125106\/pedro-jimenez-el-perrete.jpg","datePublished":"2018-12-27T19:07:58+00:00","dateModified":"2025-03-19T12:51:28+00:00","breadcrumb":{"@id":"https:\/\/cardamomo.com\/es\/artist\/pedro-jimenez-perrete\/#breadcrumb"},"inLanguage":"es","potentialAction":[{"@type":"ReadAction","target":[["https:\/\/cardamomo.com\/es\/artist\/pedro-jimenez-perrete\/"]]}]},{"@type":"ImageObject","inLanguage":"es","@id":"https:\/\/cardamomo.com\/es\/artist\/pedro-jimenez-perrete\/#primaryimage","url":"https:\/\/cardamomo.ams3.digitaloceanspaces.com\/wp-content\/uploads\/2018\/12\/19125106\/pedro-jimenez-el-perrete.jpg","contentUrl":"https:\/\/cardamomo.ams3.digitaloceanspaces.com\/wp-content\/uploads\/2018\/12\/19125106\/pedro-jimenez-el-perrete.jpg","width":600,"height":750,"caption":"Cantaor Pedro Jiménez \"El Perrete\""},{"@type":"BreadcrumbList","@id":"https:\/\/cardamomo.com\/es\/artist\/pedro-jimenez-perrete\/#breadcrumb","itemListElement":[{"@type":"ListItem","position":1,"name":"Cardamomo","item":"https:\/\/cardamomo.com\/es\/"},{"@type":"ListItem","position":2,"name":"Artists","item":"https:\/\/cardamomo.com\/es\/artist\/"},{"@type":"ListItem","position":3,"name":"Pedro Jiménez «Perrete»"}]},{"@type":"WebSite","@id":"https:\/\/cardamomo.com\/es\/#website","url":"https:\/\/cardamomo.com\/es\/","name":"Cardamomo Flamenco Madrid","description":"","potentialAction":[{"@type":"SearchAction","target":{"@type":"EntryPoint","urlTemplate":"https:\/\/cardamomo.com\/es\/?s={search_term_string}"},"query-input":{"@type":"PropertyValueSpecification","valueRequired":true,"valueName":"search_term_string"}}],"inLanguage":"es"}]}</script>
<!-- / Yoast SEO plugin. -->

Pedro Jiménez "Perrete" - Cardamomo Flamenco Madrid

Artista emblemático de la historia del flamenco, una cara conocida en todos los tablaos y escenarios del mundo. Perrete es flamenco en esencia, el que le ha visto actuar sabe perfectamente de lo que hablamos. Desde muy pequeño sintió gran atracción por la percusión y fue desde esta vertiente por la que se adentró en...

Cantaor Pedro Jiménez "El Perrete"
