{"id":52692,"date":"2018-10-18T20:26:13","date_gmt":"2018-10-18T18:26:13","guid":{"rendered":"https:\/\/cardamomo.com\/es\/?post_type=artist&#038;p=52692"},"modified":"2025-03-19T13:01:24","modified_gmt":"2025-03-19T13:01:24","slug":"saul-quiros-madrid","status":"publish","type":"artist","link":"https:\/\/cardamomo.com\/es\/artist\/saul-quiros\/","title":{"rendered":"Sa\u00fal Quir\u00f3s"},"content":{"rendered":"<p><\/p>\n<h4 class=\"p1\"><span class=\"s1\"><strong>Biograf\u00eda<\/strong><\/span><\/h4>\n<p class=\"p1\"><span class=\"s1\">Hijo de Adolfo \u201cEl Segoviano\u201d con el que comienza a acompa\u00f1ar en sus actuaciones con tan s\u00f3lo 5 a\u00f1os, Sa\u00fal Quir\u00f3s tiene un talento innato para el cante desde que naci\u00f3. Debuta como corista para Joan Manuel Serrat con 9 a\u00f1os y desde entonces ha trabajado con grandes nombres del flamenco.<\/span><\/p>\n<p class=\"p1\"><span class=\"s1\">Se incluyen en su repertorio de trabajos las contribuciones en las compa\u00f1\u00edas de flamenco de Merche Esmeralda, Crist\u00f3bal Reyes, Manolete y G\u00fcito. Tras participar en la Cumbre Flamenca de 1999 se incorpora a la formaci\u00f3n de la compa\u00f1\u00eda de Sara Baras con la que compone letras para obras como \u201cSue\u00f1os\u201d, \u201cSabores\u201d, \u201cJuana la Loca\u201d y \u201cCarmen\u201d.<\/span><\/p>\n<p class=\"p1\"><span class=\"s1\">Tambi\u00e9n ha participado activamente como cantaor en las compa\u00f1\u00edas de los bailaores Joaqu\u00edn Cort\u00e9s y Antonio Canales, contando con actuaciones tanto por el territorio nacional como internacionalmente. Adem\u00e1s, alcanz\u00f3 gran notoriedad tras el estreno de la pel\u00edcula \u201cIsmael\u201d, protagonizada por Bel\u00e9n Rueda y Mario Casas, poniendo voz a la canci\u00f3n principal de la banda sonora, \u201cTe Extra\u00f1o\u201d.<\/span><\/p>\n<p class=\"p1\"><span class=\"s1\">Entre sus colaboraciones, se encuentran trabajos con maestros del flamenco como Camar\u00f3n de la Isla, Jos\u00e9 Merc\u00e9, Tomatito, Duquende, Diego el Cigala, Ni\u00f1a Pastori y muchos m\u00e1s. Entre sus actuaciones internacionales se encuentran teatros de reconocida fama mundial como:<\/span><\/p>\n<ul class=\"ul1\">\n<li class=\"li1\"><span class=\"s1\">Royal Albert Hall (Londres)<\/span><\/li>\n<li class=\"li1\"><span class=\"s1\">Champs Elysees (Par\u00eds)<\/span><\/li>\n<li class=\"li1\"><span class=\"s1\">Bunka Kaikan (Tokyo)<\/span><\/li>\n<li class=\"li1\"><span class=\"s1\">Teatro de la \u00d3pera de Sydney (Australia)<\/span><\/li>\n<li class=\"li1\"><span class=\"s1\">Teatro Real (Madrid)<\/span><\/li>\n<li class=\"li1\"><span class=\"s1\">Maestranza (Sevilla)<\/span><\/li>\n<li class=\"li1\"><span class=\"s1\">Liceo (Barcelona)<\/span><\/li>\n<\/ul>\n<p class=\"p1\"><span class=\"s1\">Ha colaborado con el productor Javier Lim\u00f3n y en el disco de Tomatito \u201cSoy Flamenco\u201d, producido por el mism\u00edsimo Paco de Luc\u00eda. Actualmente se encuentra inmerso en su nuevo proyecto, su primer \u00e1lbum que lanzar\u00e1 el pr\u00f3ximo 28 de septiembre con la colaboraci\u00f3n de Miguel Poveda y bajo el paraguas de Universal Music. Una oportunidad para verle rodeado del ambiente m\u00e1gico que envuelve a Cardamomo que no se puede dejar pasar.<\/span><\/p>\n<p><\/p>","protected":false},"featured_media":157225,"template":"","meta":{"_acf_changed":false,"inline_featured_image":false},"class_list":["post-52692","artist","type-artist","status-publish","has-post-thumbnail","hentry"],"acf":[],"yoast_head":"<!-- This site is optimized with the Yoast SEO plugin v27.4 - https:\/\/yoast.com\/product\/yoast-seo-wordpress\/ -->\n<title>Sa\u00fal Quir\u00f3s - Cardamomo Flamenco Madrid<\/title>\n<meta name=\"robots\" content=\"index, follow, max-snippet:-1, max-image-preview:large, max-video-preview:-1\" \/>\n<link rel=\"canonical\" href=\"\/\" \/>\n<meta property=\"og:locale\" content=\"es_ES\" \/>\n<meta property=\"og:type\" content=\"article\" \/>\n<meta property=\"og:title\" content=\"Sa\u00fal Quir\u00f3s - Cardamomo Flamenco Madrid\" \/>\n<meta property=\"og:description\" content=\"Biograf\u00eda Hijo de Adolfo \u201cEl Segoviano\u201d con el que comienza a acompa\u00f1ar en sus actuaciones con tan s\u00f3lo 5 a\u00f1os, Sa\u00fal Quir\u00f3s tiene un talento innato para el cante desde que naci\u00f3. Debuta como corista para Joan Manuel Serrat con 9 a\u00f1os y desde entonces ha trabajado con grandes nombres del flamenco. Se incluyen en...\" \/>\n<meta property=\"og:url\" content=\"https:\/\/cardamomo.com\/es\/artist\/saul-quiros\/\" \/>\n<meta property=\"og:site_name\" content=\"Cardamomo Flamenco Madrid\" \/>\n<meta property=\"article:modified_time\" content=\"2025-03-19T13:01:24+00:00\" \/>\n<meta property=\"og:image\" content=\"https:\/\/cardamomo.ams3.digitaloceanspaces.com\/wp-content\/uploads\/2018\/10\/19130104\/saul-quiros.jpg\" \/>\n\t<meta property=\"og:image:width\" content=\"600\" \/>\n\t<meta property=\"og:image:height\" content=\"750\" \/>\n\t<meta property=\"og:image:type\" content=\"image\/jpeg\" \/>\n<meta name=\"twitter:card\" content=\"summary_large_image\" \/>\n<meta name=\"twitter:label1\" content=\"Tiempo de lectura\" \/>\n\t<meta name=\"twitter:data1\" content=\"2 minutos\" \/>\n<script type=\"application\/ld+json\" class=\"yoast-schema-graph\">{\"@context\":\"https:\\\/\\\/schema.org\",\"@graph\":[{\"@type\":\"WebPage\",\"@id\":\"https:\\\/\\\/cardamomo.com\\\/es\\\/artist\\\/saul-quiros\\\/\",\"url\":\"https:\\\/\\\/cardamomo.com\\\/es\\\/artist\\\/saul-quiros\\\/\",\"name\":\"Sa\u00fal Quir\u00f3s - Cardamomo Flamenco Madrid\",\"isPartOf\":{\"@id\":\"https:\\\/\\\/cardamomo.com\\\/es\\\/#website\"},\"primaryImageOfPage\":{\"@id\":\"https:\\\/\\\/cardamomo.com\\\/es\\\/artist\\\/saul-quiros\\\/#primaryimage\"},\"image\":{\"@id\":\"https:\\\/\\\/cardamomo.com\\\/es\\\/artist\\\/saul-quiros\\\/#primaryimage\"},\"thumbnailUrl\":\"https:\\\/\\\/cardamomo.ams3.digitaloceanspaces.com\\\/wp-content\\\/uploads\\\/2018\\\/10\\\/19130104\\\/saul-quiros.jpg\",\"datePublished\":\"2018-10-18T18:26:13+00:00\",\"dateModified\":\"2025-03-19T13:01:24+00:00\",\"breadcrumb\":{\"@id\":\"https:\\\/\\\/cardamomo.com\\\/es\\\/artist\\\/saul-quiros\\\/#breadcrumb\"},\"inLanguage\":\"es\",\"potentialAction\":[{\"@type\":\"ReadAction\",\"target\":[[\"https:\\\/\\\/cardamomo.com\\\/es\\\/artist\\\/saul-quiros\\\/\"]]}]},{\"@type\":\"ImageObject\",\"inLanguage\":\"es\",\"@id\":\"https:\\\/\\\/cardamomo.com\\\/es\\\/artist\\\/saul-quiros\\\/#primaryimage\",\"url\":\"https:\\\/\\\/cardamomo.ams3.digitaloceanspaces.com\\\/wp-content\\\/uploads\\\/2018\\\/10\\\/19130104\\\/saul-quiros.jpg\",\"contentUrl\":\"https:\\\/\\\/cardamomo.ams3.digitaloceanspaces.com\\\/wp-content\\\/uploads\\\/2018\\\/10\\\/19130104\\\/saul-quiros.jpg\",\"width\":600,\"height\":750,\"caption\":\"Cantaor Sa\u00fal Quir\u00f3s\"},{\"@type\":\"BreadcrumbList\",\"@id\":\"https:\\\/\\\/cardamomo.com\\\/es\\\/artist\\\/saul-quiros\\\/#breadcrumb\",\"itemListElement\":[{\"@type\":\"ListItem\",\"position\":1,\"name\":\"Cardamomo\",\"item\":\"https:\\\/\\\/cardamomo.com\\\/es\\\/\"},{\"@type\":\"ListItem\",\"position\":2,\"name\":\"Artists\",\"item\":\"https:\\\/\\\/cardamomo.com\\\/es\\\/artist\\\/\"},{\"@type\":\"ListItem\",\"position\":3,\"name\":\"Sa\u00fal Quir\u00f3s\"}]},{\"@type\":\"WebSite\",\"@id\":\"https:\\\/\\\/cardamomo.com\\\/es\\\/#website\",\"url\":\"https:\\\/\\\/cardamomo.com\\\/es\\\/\",\"name\":\"Cardamomo Flamenco Madrid\",\"description\":\"\",\"potentialAction\":[{\"@type\":\"SearchAction\",\"target\":{\"@type\":\"EntryPoint\",\"urlTemplate\":\"https:\\\/\\\/cardamomo.com\\\/es\\\/?s={search_term_string}\"},\"query-input\":{\"@type\":\"PropertyValueSpecification\",\"valueRequired\":true,\"valueName\":\"search_term_string\"}}],\"inLanguage\":\"es\"}]}<\/script>\n<!-- \/ Yoast SEO plugin. -->","yoast_head_json":{"title":"Sa\u00fal Quir\u00f3s - Cardamomo Flamenco Madrid","robots":{"index":"index","follow":"follow","max-snippet":"max-snippet:-1","max-image-preview":"max-image-preview:large","max-video-preview":"max-video-preview:-1"},"canonical":"\/","og_locale":"es_ES","og_type":"article","og_title":"Sa\u00fal Quir\u00f3s - Cardamomo Flamenco Madrid","og_description":"Biograf\u00eda Hijo de Adolfo \u201cEl Segoviano\u201d con el que comienza a acompa\u00f1ar en sus actuaciones con tan s\u00f3lo 5 a\u00f1os, Sa\u00fal Quir\u00f3s tiene un talento innato para el cante desde que naci\u00f3. Debuta como corista para Joan Manuel Serrat con 9 a\u00f1os y desde entonces ha trabajado con grandes nombres del flamenco. Se incluyen en...","og_url":"https:\/\/cardamomo.com\/es\/artist\/saul-quiros\/","og_site_name":"Cardamomo Flamenco Madrid","article_modified_time":"2025-03-19T13:01:24+00:00","og_image":[{"width":600,"height":750,"url":"https:\/\/cardamomo.ams3.digitaloceanspaces.com\/wp-content\/uploads\/2018\/10\/19130104\/saul-quiros.jpg","type":"image\/jpeg"}],"twitter_card":"summary_large_image","twitter_misc":{"Tiempo de lectura":"2 minutos"},"schema":{"@context":"https:\/\/schema.org","@graph":[{"@type":"WebPage","@id":"https:\/\/cardamomo.com\/es\/artist\/saul-quiros\/","url":"https:\/\/cardamomo.com\/es\/artist\/saul-quiros\/","name":"Sa\u00fal Quir\u00f3s - Cardamomo Flamenco Madrid","isPartOf":{"@id":"https:\/\/cardamomo.com\/es\/#website"},"primaryImageOfPage":{"@id":"https:\/\/cardamomo.com\/es\/artist\/saul-quiros\/#primaryimage"},"image":{"@id":"https:\/\/cardamomo.com\/es\/artist\/saul-quiros\/#primaryimage"},"thumbnailUrl":"https:\/\/cardamomo.ams3.digitaloceanspaces.com\/wp-content\/uploads\/2018\/10\/19130104\/saul-quiros.jpg","datePublished":"2018-10-18T18:26:13+00:00","dateModified":"2025-03-19T13:01:24+00:00","breadcrumb":{"@id":"https:\/\/cardamomo.com\/es\/artist\/saul-quiros\/#breadcrumb"},"inLanguage":"es","potentialAction":[{"@type":"ReadAction","target":[["https:\/\/cardamomo.com\/es\/artist\/saul-quiros\/"]]}]},{"@type":"ImageObject","inLanguage":"es","@id":"https:\/\/cardamomo.com\/es\/artist\/saul-quiros\/#primaryimage","url":"https:\/\/cardamomo.ams3.digitaloceanspaces.com\/wp-content\/uploads\/2018\/10\/19130104\/saul-quiros.jpg","contentUrl":"https:\/\/cardamomo.ams3.digitaloceanspaces.com\/wp-content\/uploads\/2018\/10\/19130104\/saul-quiros.jpg","width":600,"height":750,"caption":"Cantaor Sa\u00fal Quir\u00f3s"},{"@type":"BreadcrumbList","@id":"https:\/\/cardamomo.com\/es\/artist\/saul-quiros\/#breadcrumb","itemListElement":[{"@type":"ListItem","position":1,"name":"Cardamomo","item":"https:\/\/cardamomo.com\/es\/"},{"@type":"ListItem","position":2,"name":"Artists","item":"https:\/\/cardamomo.com\/es\/artist\/"},{"@type":"ListItem","position":3,"name":"Sa\u00fal Quir\u00f3s"}]},{"@type":"WebSite","@id":"https:\/\/cardamomo.com\/es\/#website","url":"https:\/\/cardamomo.com\/es\/","name":"Cardamomo Flamenco Madrid","description":"","potentialAction":[{"@type":"SearchAction","target":{"@type":"EntryPoint","urlTemplate":"https:\/\/cardamomo.com\/es\/?s={search_term_string}"},"query-input":{"@type":"PropertyValueSpecification","valueRequired":true,"valueName":"search_term_string"}}],"inLanguage":"es"}]}},"_links":{"self":[{"href":"https:\/\/cardamomo.com\/es\/wp-json\/wp\/v2\/artist\/52692","targetHints":{"allow":["GET"]}}],"collection":[{"href":"https:\/\/cardamomo.com\/es\/wp-json\/wp\/v2\/artist"}],"about":[{"href":"https:\/\/cardamomo.com\/es\/wp-json\/wp\/v2\/types\/artist"}],"wp:featuredmedia":[{"embeddable":true,"href":"https:\/\/cardamomo.com\/es\/wp-json\/wp\/v2\/media\/157225"}],"wp:attachment":[{"href":"https:\/\/cardamomo.com\/es\/wp-json\/wp\/v2\/media?parent=52692"}],"curies":[{"name":"wp","href":"https:\/\/api.w.org\/{rel}","templated":true}]}}

Saúl Quirós

<p></p>
<h4 class="p1"><span class="s1"><strong>Biografía</strong></span></h4>
<p class="p1"><span class="s1">Hijo de Adolfo “El Segoviano” con el que comienza a acompañar en sus actuaciones con tan sólo 5 años, Saúl Quirós tiene un talento innato para el cante desde que nació. Debuta como corista para Joan Manuel Serrat con 9 años y desde entonces ha trabajado con grandes nombres del flamenco.</span></p>
<p class="p1"><span class="s1">Se incluyen en su repertorio de trabajos las contribuciones en las compañías de flamenco de Merche Esmeralda, Cristóbal Reyes, Manolete y Güito. Tras participar en la Cumbre Flamenca de 1999 se incorpora a la formación de la compañía de Sara Baras con la que compone letras para obras como “Sueños”, “Sabores”, “Juana la Loca” y “Carmen”.</span></p>
<p class="p1"><span class="s1">También ha participado activamente como cantaor en las compañías de los bailaores Joaquín Cortés y Antonio Canales, contando con actuaciones tanto por el territorio nacional como internacionalmente. Además, alcanzó gran notoriedad tras el estreno de la película “Ismael”, protagonizada por Belén Rueda y Mario Casas, poniendo voz a la canción principal de la banda sonora, “Te Extraño”.</span></p>
<p class="p1"><span class="s1">Entre sus colaboraciones, se encuentran trabajos con maestros del flamenco como Camarón de la Isla, José Mercé, Tomatito, Duquende, Diego el Cigala, Niña Pastori y muchos más. Entre sus actuaciones internacionales se encuentran teatros de reconocida fama mundial como:</span></p>
<ul class="ul1">
<li class="li1"><span class="s1">Royal Albert Hall (Londres)</span></li>
<li class="li1"><span class="s1">Champs Elysees (París)</span></li>
<li class="li1"><span class="s1">Bunka Kaikan (Tokyo)</span></li>
<li class="li1"><span class="s1">Teatro de la Ópera de Sydney (Australia)</span></li>
<li class="li1"><span class="s1">Teatro Real (Madrid)</span></li>
<li class="li1"><span class="s1">Maestranza (Sevilla)</span></li>
<li class="li1"><span class="s1">Liceo (Barcelona)</span></li>
</ul>
<p class="p1"><span class="s1">Ha colaborado con el productor Javier Limón y en el disco de Tomatito “Soy Flamenco”, producido por el mismísimo Paco de Lucía. Actualmente se encuentra inmerso en su nuevo proyecto, su primer álbum que lanzará el próximo 28 de septiembre con la colaboración de Miguel Poveda y bajo el paraguas de Universal Music. Una oportunidad para verle rodeado del ambiente mágico que envuelve a Cardamomo que no se puede dejar pasar.</span></p>
<p></p>

<!-- This site is optimized with the Yoast SEO plugin v27.4 - https://yoast.com/product/yoast-seo-wordpress/ -->
<title>Saúl Quirós - Cardamomo Flamenco Madrid</title>
<meta name="robots" content="index, follow, max-snippet:-1, max-image-preview:large, max-video-preview:-1" />
<link rel="canonical" href="/" />
<meta property="og:locale" content="es_ES" />
<meta property="og:type" content="article" />
<meta property="og:title" content="Saúl Quirós - Cardamomo Flamenco Madrid" />
<meta property="og:description" content="Biografía Hijo de Adolfo “El Segoviano” con el que comienza a acompañar en sus actuaciones con tan sólo 5 años, Saúl Quirós tiene un talento innato para el cante desde que nació. Debuta como corista para Joan Manuel Serrat con 9 años y desde entonces ha trabajado con grandes nombres del flamenco. Se incluyen en..." />
<meta property="og:url" content="https://cardamomo.com/es/artist/saul-quiros/" />
<meta property="og:site_name" content="Cardamomo Flamenco Madrid" />
<meta property="article:modified_time" content="2025-03-19T13:01:24+00:00" />
<meta property="og:image" content="https://cardamomo.ams3.digitaloceanspaces.com/wp-content/uploads/2018/10/19130104/saul-quiros.jpg" />
	<meta property="og:image:width" content="600" />
	<meta property="og:image:height" content="750" />
	<meta property="og:image:type" content="image/jpeg" />
<meta name="twitter:card" content="summary_large_image" />
<meta name="twitter:label1" content="Tiempo de lectura" />
	<meta name="twitter:data1" content="2 minutos" />
<script type="application/ld+json" class="yoast-schema-graph">{"@context":"https:\/\/schema.org","@graph":[{"@type":"WebPage","@id":"https:\/\/cardamomo.com\/es\/artist\/saul-quiros\/","url":"https:\/\/cardamomo.com\/es\/artist\/saul-quiros\/","name":"Saúl Quirós - Cardamomo Flamenco Madrid","isPartOf":{"@id":"https:\/\/cardamomo.com\/es\/#website"},"primaryImageOfPage":{"@id":"https:\/\/cardamomo.com\/es\/artist\/saul-quiros\/#primaryimage"},"image":{"@id":"https:\/\/cardamomo.com\/es\/artist\/saul-quiros\/#primaryimage"},"thumbnailUrl":"https:\/\/cardamomo.ams3.digitaloceanspaces.com\/wp-content\/uploads\/2018\/10\/19130104\/saul-quiros.jpg","datePublished":"2018-10-18T18:26:13+00:00","dateModified":"2025-03-19T13:01:24+00:00","breadcrumb":{"@id":"https:\/\/cardamomo.com\/es\/artist\/saul-quiros\/#breadcrumb"},"inLanguage":"es","potentialAction":[{"@type":"ReadAction","target":[["https:\/\/cardamomo.com\/es\/artist\/saul-quiros\/"]]}]},{"@type":"ImageObject","inLanguage":"es","@id":"https:\/\/cardamomo.com\/es\/artist\/saul-quiros\/#primaryimage","url":"https:\/\/cardamomo.ams3.digitaloceanspaces.com\/wp-content\/uploads\/2018\/10\/19130104\/saul-quiros.jpg","contentUrl":"https:\/\/cardamomo.ams3.digitaloceanspaces.com\/wp-content\/uploads\/2018\/10\/19130104\/saul-quiros.jpg","width":600,"height":750,"caption":"Cantaor Saúl Quirós"},{"@type":"BreadcrumbList","@id":"https:\/\/cardamomo.com\/es\/artist\/saul-quiros\/#breadcrumb","itemListElement":[{"@type":"ListItem","position":1,"name":"Cardamomo","item":"https:\/\/cardamomo.com\/es\/"},{"@type":"ListItem","position":2,"name":"Artists","item":"https:\/\/cardamomo.com\/es\/artist\/"},{"@type":"ListItem","position":3,"name":"Saúl Quirós"}]},{"@type":"WebSite","@id":"https:\/\/cardamomo.com\/es\/#website","url":"https:\/\/cardamomo.com\/es\/","name":"Cardamomo Flamenco Madrid","description":"","potentialAction":[{"@type":"SearchAction","target":{"@type":"EntryPoint","urlTemplate":"https:\/\/cardamomo.com\/es\/?s={search_term_string}"},"query-input":{"@type":"PropertyValueSpecification","valueRequired":true,"valueName":"search_term_string"}}],"inLanguage":"es"}]}</script>
<!-- / Yoast SEO plugin. -->

Saúl Quirós - Cardamomo Flamenco Madrid

Biografía Hijo de Adolfo “El Segoviano” con el que comienza a acompañar en sus actuaciones con tan sólo 5 años, Saúl Quirós tiene un talento innato para el cante desde que nació. Debuta como corista para Joan Manuel Serrat con 9 años y desde entonces ha trabajado con grandes nombres del flamenco. Se incluyen en...

Cantaor Saúl Quirós
