{"id":136120,"date":"2024-01-03T14:32:04","date_gmt":"2024-01-03T13:32:04","guid":{"rendered":"https:\/\/cardamomo.com\/es\/?post_type=artist&#038;p=136120"},"modified":"2025-03-10T15:45:15","modified_gmt":"2025-03-10T15:45:15","slug":"carla-horta-la-chali-madrid","status":"publish","type":"artist","link":"https:\/\/cardamomo.com\/es\/artist\/carla-horta-la-chali\/","title":{"rendered":"Carla Horta"},"content":{"rendered":"<p><\/p>\n<p class=\"p1\"><span class=\"s1\">Carla Horta \u201c La Chali\u201d nacida en 2002 Madrid. Su historia comienza desde los 3 a\u00f1os hacia adelante donde nace su deseo por el flamenco,<span class=\"Apple-converted-space\">\u00a0 <\/span>gracias a su madre Silvia rea\u00f1o , una gran bailaora que ense\u00f1\u00f3 y apoy\u00f3 a su hija<span class=\"Apple-converted-space\">\u00a0 <\/span>para<span class=\"Apple-converted-space\">\u00a0 <\/span>seguir adelante. <\/span><\/p>\n<p class=\"p1\"><span class=\"s1\">A partir de los 12 a\u00f1os comienza a estudiar las disciplinas del baile espa\u00f1ol; Danza Espa\u00f1ola, Escuela Bolera, Flamenco y\u00a0<\/span><span class=\"s1\">Ballet cl\u00e1sico, incorpor\u00e1ndose<span class=\"Apple-converted-space\">\u00a0 <\/span>as\u00ed en el conservatorio Fortea de Madrid, donde finalmente termin\u00f3 sus<span class=\"Apple-converted-space\">\u00a0 <\/span>estudios de Flamenco en Apde.<\/span><\/p>\n<p class=\"p1\"><span class=\"s1\">Actualmente sigue form\u00e1ndose en la Academia Amor De Dios con grandes maestros como Jos\u00e9 maya, Gema moneo , Farruquito, David Paniagua, Paloma fantova y muchos artistas m\u00e1s \u2026 y a la vez sigue con sus estudios universitarios.\u00a0<\/span><span class=\"s1\">Aunque su pasi\u00f3n es el baile, siente una gran afici\u00f3n a la vez por el cante. <\/span><\/p>\n<p class=\"p1\"><span class=\"s1\">Cada d\u00eda sigue estudiando y aportando un poquito de ella en diferentes escenarios como <\/span><span class=\"s1\">Cardamomo y Tablao 1911 y siguiendo por diferentes provincias de Espa\u00f1a, Francia y Portugal. <\/span><\/p>\n<p><\/p>","protected":false},"featured_media":157150,"template":"","meta":{"_acf_changed":false,"inline_featured_image":false},"class_list":["post-136120","artist","type-artist","status-publish","has-post-thumbnail","hentry"],"acf":[],"yoast_head":"<!-- This site is optimized with the Yoast SEO plugin v27.4 - https:\/\/yoast.com\/product\/yoast-seo-wordpress\/ -->\n<title>Carla Horta - Cardamomo Flamenco Madrid<\/title>\n<meta name=\"robots\" content=\"index, follow, max-snippet:-1, max-image-preview:large, max-video-preview:-1\" \/>\n<link rel=\"canonical\" href=\"\/\" \/>\n<meta property=\"og:locale\" content=\"es_ES\" \/>\n<meta property=\"og:type\" content=\"article\" \/>\n<meta property=\"og:title\" content=\"Carla Horta - Cardamomo Flamenco Madrid\" \/>\n<meta property=\"og:description\" content=\"Carla Horta \u201c La Chali\u201d nacida en 2002 Madrid. Su historia comienza desde los 3 a\u00f1os hacia adelante donde nace su deseo por el flamenco,\u00a0 gracias a su madre Silvia rea\u00f1o , una gran bailaora que ense\u00f1\u00f3 y apoy\u00f3 a su hija\u00a0 para\u00a0 seguir adelante. A partir de los 12 a\u00f1os comienza a estudiar las...\" \/>\n<meta property=\"og:url\" content=\"https:\/\/cardamomo.com\/es\/artist\/carla-horta-la-chali\/\" \/>\n<meta property=\"og:site_name\" content=\"Cardamomo Flamenco Madrid\" \/>\n<meta property=\"article:modified_time\" content=\"2025-03-10T15:45:15+00:00\" \/>\n<meta property=\"og:image\" content=\"https:\/\/cardamomo.ams3.digitaloceanspaces.com\/wp-content\/uploads\/2024\/01\/10150617\/carla-horta.jpg\" \/>\n\t<meta property=\"og:image:width\" content=\"600\" \/>\n\t<meta property=\"og:image:height\" content=\"750\" \/>\n\t<meta property=\"og:image:type\" content=\"image\/jpeg\" \/>\n<meta name=\"twitter:card\" content=\"summary_large_image\" \/>\n<meta name=\"twitter:label1\" content=\"Tiempo de lectura\" \/>\n\t<meta name=\"twitter:data1\" content=\"1 minuto\" \/>\n<script type=\"application\/ld+json\" class=\"yoast-schema-graph\">{\"@context\":\"https:\\\/\\\/schema.org\",\"@graph\":[{\"@type\":\"WebPage\",\"@id\":\"https:\\\/\\\/cardamomo.com\\\/es\\\/artist\\\/carla-horta-la-chali\\\/\",\"url\":\"https:\\\/\\\/cardamomo.com\\\/es\\\/artist\\\/carla-horta-la-chali\\\/\",\"name\":\"Carla Horta - Cardamomo Flamenco Madrid\",\"isPartOf\":{\"@id\":\"https:\\\/\\\/cardamomo.com\\\/es\\\/#website\"},\"primaryImageOfPage\":{\"@id\":\"https:\\\/\\\/cardamomo.com\\\/es\\\/artist\\\/carla-horta-la-chali\\\/#primaryimage\"},\"image\":{\"@id\":\"https:\\\/\\\/cardamomo.com\\\/es\\\/artist\\\/carla-horta-la-chali\\\/#primaryimage\"},\"thumbnailUrl\":\"https:\\\/\\\/cardamomo.ams3.digitaloceanspaces.com\\\/wp-content\\\/uploads\\\/2024\\\/01\\\/10150617\\\/carla-horta.jpg\",\"datePublished\":\"2024-01-03T13:32:04+00:00\",\"dateModified\":\"2025-03-10T15:45:15+00:00\",\"breadcrumb\":{\"@id\":\"https:\\\/\\\/cardamomo.com\\\/es\\\/artist\\\/carla-horta-la-chali\\\/#breadcrumb\"},\"inLanguage\":\"es\",\"potentialAction\":[{\"@type\":\"ReadAction\",\"target\":[[\"https:\\\/\\\/cardamomo.com\\\/es\\\/artist\\\/carla-horta-la-chali\\\/\"]]}]},{\"@type\":\"ImageObject\",\"inLanguage\":\"es\",\"@id\":\"https:\\\/\\\/cardamomo.com\\\/es\\\/artist\\\/carla-horta-la-chali\\\/#primaryimage\",\"url\":\"https:\\\/\\\/cardamomo.ams3.digitaloceanspaces.com\\\/wp-content\\\/uploads\\\/2024\\\/01\\\/10150617\\\/carla-horta.jpg\",\"contentUrl\":\"https:\\\/\\\/cardamomo.ams3.digitaloceanspaces.com\\\/wp-content\\\/uploads\\\/2024\\\/01\\\/10150617\\\/carla-horta.jpg\",\"width\":600,\"height\":750,\"caption\":\"bailaora Carla Horta\"},{\"@type\":\"BreadcrumbList\",\"@id\":\"https:\\\/\\\/cardamomo.com\\\/es\\\/artist\\\/carla-horta-la-chali\\\/#breadcrumb\",\"itemListElement\":[{\"@type\":\"ListItem\",\"position\":1,\"name\":\"Cardamomo\",\"item\":\"https:\\\/\\\/cardamomo.com\\\/es\\\/\"},{\"@type\":\"ListItem\",\"position\":2,\"name\":\"Artists\",\"item\":\"https:\\\/\\\/cardamomo.com\\\/es\\\/artist\\\/\"},{\"@type\":\"ListItem\",\"position\":3,\"name\":\"Carla Horta\"}]},{\"@type\":\"WebSite\",\"@id\":\"https:\\\/\\\/cardamomo.com\\\/es\\\/#website\",\"url\":\"https:\\\/\\\/cardamomo.com\\\/es\\\/\",\"name\":\"Cardamomo Flamenco Madrid\",\"description\":\"\",\"potentialAction\":[{\"@type\":\"SearchAction\",\"target\":{\"@type\":\"EntryPoint\",\"urlTemplate\":\"https:\\\/\\\/cardamomo.com\\\/es\\\/?s={search_term_string}\"},\"query-input\":{\"@type\":\"PropertyValueSpecification\",\"valueRequired\":true,\"valueName\":\"search_term_string\"}}],\"inLanguage\":\"es\"}]}<\/script>\n<!-- \/ Yoast SEO plugin. -->","yoast_head_json":{"title":"Carla Horta - Cardamomo Flamenco Madrid","robots":{"index":"index","follow":"follow","max-snippet":"max-snippet:-1","max-image-preview":"max-image-preview:large","max-video-preview":"max-video-preview:-1"},"canonical":"\/","og_locale":"es_ES","og_type":"article","og_title":"Carla Horta - Cardamomo Flamenco Madrid","og_description":"Carla Horta \u201c La Chali\u201d nacida en 2002 Madrid. Su historia comienza desde los 3 a\u00f1os hacia adelante donde nace su deseo por el flamenco,\u00a0 gracias a su madre Silvia rea\u00f1o , una gran bailaora que ense\u00f1\u00f3 y apoy\u00f3 a su hija\u00a0 para\u00a0 seguir adelante. A partir de los 12 a\u00f1os comienza a estudiar las...","og_url":"https:\/\/cardamomo.com\/es\/artist\/carla-horta-la-chali\/","og_site_name":"Cardamomo Flamenco Madrid","article_modified_time":"2025-03-10T15:45:15+00:00","og_image":[{"width":600,"height":750,"url":"https:\/\/cardamomo.ams3.digitaloceanspaces.com\/wp-content\/uploads\/2024\/01\/10150617\/carla-horta.jpg","type":"image\/jpeg"}],"twitter_card":"summary_large_image","twitter_misc":{"Tiempo de lectura":"1 minuto"},"schema":{"@context":"https:\/\/schema.org","@graph":[{"@type":"WebPage","@id":"https:\/\/cardamomo.com\/es\/artist\/carla-horta-la-chali\/","url":"https:\/\/cardamomo.com\/es\/artist\/carla-horta-la-chali\/","name":"Carla Horta - Cardamomo Flamenco Madrid","isPartOf":{"@id":"https:\/\/cardamomo.com\/es\/#website"},"primaryImageOfPage":{"@id":"https:\/\/cardamomo.com\/es\/artist\/carla-horta-la-chali\/#primaryimage"},"image":{"@id":"https:\/\/cardamomo.com\/es\/artist\/carla-horta-la-chali\/#primaryimage"},"thumbnailUrl":"https:\/\/cardamomo.ams3.digitaloceanspaces.com\/wp-content\/uploads\/2024\/01\/10150617\/carla-horta.jpg","datePublished":"2024-01-03T13:32:04+00:00","dateModified":"2025-03-10T15:45:15+00:00","breadcrumb":{"@id":"https:\/\/cardamomo.com\/es\/artist\/carla-horta-la-chali\/#breadcrumb"},"inLanguage":"es","potentialAction":[{"@type":"ReadAction","target":[["https:\/\/cardamomo.com\/es\/artist\/carla-horta-la-chali\/"]]}]},{"@type":"ImageObject","inLanguage":"es","@id":"https:\/\/cardamomo.com\/es\/artist\/carla-horta-la-chali\/#primaryimage","url":"https:\/\/cardamomo.ams3.digitaloceanspaces.com\/wp-content\/uploads\/2024\/01\/10150617\/carla-horta.jpg","contentUrl":"https:\/\/cardamomo.ams3.digitaloceanspaces.com\/wp-content\/uploads\/2024\/01\/10150617\/carla-horta.jpg","width":600,"height":750,"caption":"bailaora Carla Horta"},{"@type":"BreadcrumbList","@id":"https:\/\/cardamomo.com\/es\/artist\/carla-horta-la-chali\/#breadcrumb","itemListElement":[{"@type":"ListItem","position":1,"name":"Cardamomo","item":"https:\/\/cardamomo.com\/es\/"},{"@type":"ListItem","position":2,"name":"Artists","item":"https:\/\/cardamomo.com\/es\/artist\/"},{"@type":"ListItem","position":3,"name":"Carla Horta"}]},{"@type":"WebSite","@id":"https:\/\/cardamomo.com\/es\/#website","url":"https:\/\/cardamomo.com\/es\/","name":"Cardamomo Flamenco Madrid","description":"","potentialAction":[{"@type":"SearchAction","target":{"@type":"EntryPoint","urlTemplate":"https:\/\/cardamomo.com\/es\/?s={search_term_string}"},"query-input":{"@type":"PropertyValueSpecification","valueRequired":true,"valueName":"search_term_string"}}],"inLanguage":"es"}]}},"_links":{"self":[{"href":"https:\/\/cardamomo.com\/es\/wp-json\/wp\/v2\/artist\/136120","targetHints":{"allow":["GET"]}}],"collection":[{"href":"https:\/\/cardamomo.com\/es\/wp-json\/wp\/v2\/artist"}],"about":[{"href":"https:\/\/cardamomo.com\/es\/wp-json\/wp\/v2\/types\/artist"}],"wp:featuredmedia":[{"embeddable":true,"href":"https:\/\/cardamomo.com\/es\/wp-json\/wp\/v2\/media\/157150"}],"wp:attachment":[{"href":"https:\/\/cardamomo.com\/es\/wp-json\/wp\/v2\/media?parent=136120"}],"curies":[{"name":"wp","href":"https:\/\/api.w.org\/{rel}","templated":true}]}}

<p></p>
<p class="p1"><span class="s1">Carla Horta “ La Chali” nacida en 2002 Madrid. Su historia comienza desde los 3 años hacia adelante donde nace su deseo por el flamenco,<span class="Apple-converted-space">  </span>gracias a su madre Silvia reaño , una gran bailaora que enseñó y apoyó a su hija<span class="Apple-converted-space">  </span>para<span class="Apple-converted-space">  </span>seguir adelante. </span></p>
<p class="p1"><span class="s1">A partir de los 12 años comienza a estudiar las disciplinas del baile español; Danza Española, Escuela Bolera, Flamenco y </span><span class="s1">Ballet clásico, incorporándose<span class="Apple-converted-space">  </span>así en el conservatorio Fortea de Madrid, donde finalmente terminó sus<span class="Apple-converted-space">  </span>estudios de Flamenco en Apde.</span></p>
<p class="p1"><span class="s1">Actualmente sigue formándose en la Academia Amor De Dios con grandes maestros como José maya, Gema moneo , Farruquito, David Paniagua, Paloma fantova y muchos artistas más … y a la vez sigue con sus estudios universitarios. </span><span class="s1">Aunque su pasión es el baile, siente una gran afición a la vez por el cante. </span></p>
<p class="p1"><span class="s1">Cada día sigue estudiando y aportando un poquito de ella en diferentes escenarios como </span><span class="s1">Cardamomo y Tablao 1911 y siguiendo por diferentes provincias de España, Francia y Portugal. </span></p>
<p></p>

<!-- This site is optimized with the Yoast SEO plugin v27.4 - https://yoast.com/product/yoast-seo-wordpress/ -->
<title>Carla Horta - Cardamomo Flamenco Madrid</title>
<meta name="robots" content="index, follow, max-snippet:-1, max-image-preview:large, max-video-preview:-1" />
<link rel="canonical" href="/" />
<meta property="og:locale" content="es_ES" />
<meta property="og:type" content="article" />
<meta property="og:title" content="Carla Horta - Cardamomo Flamenco Madrid" />
<meta property="og:description" content="Carla Horta “ La Chali” nacida en 2002 Madrid. Su historia comienza desde los 3 años hacia adelante donde nace su deseo por el flamenco,  gracias a su madre Silvia reaño , una gran bailaora que enseñó y apoyó a su hija  para  seguir adelante. A partir de los 12 años comienza a estudiar las..." />
<meta property="og:url" content="https://cardamomo.com/es/artist/carla-horta-la-chali/" />
<meta property="og:site_name" content="Cardamomo Flamenco Madrid" />
<meta property="article:modified_time" content="2025-03-10T15:45:15+00:00" />
<meta property="og:image" content="https://cardamomo.ams3.digitaloceanspaces.com/wp-content/uploads/2024/01/10150617/carla-horta.jpg" />
	<meta property="og:image:width" content="600" />
	<meta property="og:image:height" content="750" />
	<meta property="og:image:type" content="image/jpeg" />
<meta name="twitter:card" content="summary_large_image" />
<meta name="twitter:label1" content="Tiempo de lectura" />
	<meta name="twitter:data1" content="1 minuto" />
<script type="application/ld+json" class="yoast-schema-graph">{"@context":"https:\/\/schema.org","@graph":[{"@type":"WebPage","@id":"https:\/\/cardamomo.com\/es\/artist\/carla-horta-la-chali\/","url":"https:\/\/cardamomo.com\/es\/artist\/carla-horta-la-chali\/","name":"Carla Horta - Cardamomo Flamenco Madrid","isPartOf":{"@id":"https:\/\/cardamomo.com\/es\/#website"},"primaryImageOfPage":{"@id":"https:\/\/cardamomo.com\/es\/artist\/carla-horta-la-chali\/#primaryimage"},"image":{"@id":"https:\/\/cardamomo.com\/es\/artist\/carla-horta-la-chali\/#primaryimage"},"thumbnailUrl":"https:\/\/cardamomo.ams3.digitaloceanspaces.com\/wp-content\/uploads\/2024\/01\/10150617\/carla-horta.jpg","datePublished":"2024-01-03T13:32:04+00:00","dateModified":"2025-03-10T15:45:15+00:00","breadcrumb":{"@id":"https:\/\/cardamomo.com\/es\/artist\/carla-horta-la-chali\/#breadcrumb"},"inLanguage":"es","potentialAction":[{"@type":"ReadAction","target":[["https:\/\/cardamomo.com\/es\/artist\/carla-horta-la-chali\/"]]}]},{"@type":"ImageObject","inLanguage":"es","@id":"https:\/\/cardamomo.com\/es\/artist\/carla-horta-la-chali\/#primaryimage","url":"https:\/\/cardamomo.ams3.digitaloceanspaces.com\/wp-content\/uploads\/2024\/01\/10150617\/carla-horta.jpg","contentUrl":"https:\/\/cardamomo.ams3.digitaloceanspaces.com\/wp-content\/uploads\/2024\/01\/10150617\/carla-horta.jpg","width":600,"height":750,"caption":"bailaora Carla Horta"},{"@type":"BreadcrumbList","@id":"https:\/\/cardamomo.com\/es\/artist\/carla-horta-la-chali\/#breadcrumb","itemListElement":[{"@type":"ListItem","position":1,"name":"Cardamomo","item":"https:\/\/cardamomo.com\/es\/"},{"@type":"ListItem","position":2,"name":"Artists","item":"https:\/\/cardamomo.com\/es\/artist\/"},{"@type":"ListItem","position":3,"name":"Carla Horta"}]},{"@type":"WebSite","@id":"https:\/\/cardamomo.com\/es\/#website","url":"https:\/\/cardamomo.com\/es\/","name":"Cardamomo Flamenco Madrid","description":"","potentialAction":[{"@type":"SearchAction","target":{"@type":"EntryPoint","urlTemplate":"https:\/\/cardamomo.com\/es\/?s={search_term_string}"},"query-input":{"@type":"PropertyValueSpecification","valueRequired":true,"valueName":"search_term_string"}}],"inLanguage":"es"}]}</script>
<!-- / Yoast SEO plugin. -->

Carla Horta “ La Chali” nacida en 2002 Madrid. Su historia comienza desde los 3 años hacia adelante donde nace su deseo por el flamenco,  gracias a su madre Silvia reaño , una gran bailaora que enseñó y apoyó a su hija  para  seguir adelante. A partir de los 12 años comienza a estudiar las...
