{"id":131490,"date":"2023-09-29T16:56:30","date_gmt":"2023-09-29T14:56:30","guid":{"rendered":"https:\/\/cardamomo.com\/es\/?post_type=artist&#038;p=131490"},"modified":"2025-03-12T09:13:07","modified_gmt":"2025-03-12T09:13:07","slug":"gloria-wasmer","status":"publish","type":"artist","link":"https:\/\/cardamomo.com\/es\/artist\/gloria-wasmer\/","title":{"rendered":"Gloria Wasmer"},"content":{"rendered":"<p>Se inicia en el viol\u00edn a la edad de 5 a\u00f1os form\u00e1ndose con la prestigiosa violinista Ucraniana<strong> Tatiana Alesinsky. <\/strong>Tras a\u00f1os de base rusa cl\u00e1sica comienza a participar en agrupaciones musicales de folklore Argentino y Tango.<\/p>\n<p>Especializada en flamenco ha colaborado como int\u00e9rprete y arreglista en grabaciones con artistas de la talla de <strong>Joan Albert Amargos, Carles Benavent o Parrita.<\/strong> \u00a0M\u00e1s adelante, emprende un camino en el universo del flamenco, explorando <strong>diversas facetas y agrupaciones musicales<\/strong>. En un corto per\u00edodo, se adentra por completo en el arte flamenco, simult\u00e1neamente manteniendo su formaci\u00f3n cl\u00e1sica.<\/p>\n<p>En el a\u00f1o 2009, conoce al bailaor <strong>Amador Rojas,<\/strong> con quien comparte escenario en diferentes teatros de Espa\u00f1a, presentando una nueva perspectiva del flamenco. <strong>Combinan la potencia y pasi\u00f3n del baile flamenco con la delicadeza y sensibilidad del viol\u00edn<\/strong> <strong>cl\u00e1sico<\/strong>, lo que queda patente en el estreno del espect\u00e1culo <em>\u00abMandala\u00bb<\/em> en el <em>Teatro Arteria Coliseum de la Gran V\u00eda de Madrid.<\/em><\/p>\n<p>En ese mismo momento, el core\u00f3grafo y bailar\u00edn <strong>Antonio Canales<\/strong> la selecciona para formar parte de su espect\u00e1culo \u00ab<em>Mano a Mano\u00bb.<\/em><\/p>\n<p>Desde 2010 hasta 2011, forma parte del elenco del \u00ab<em>Palacio del Flamenco\u00bb<\/em> en <em>Barcelona,<\/em> simult\u00e1neamente trabajando en distintos proyectos musicales.<\/p>\n<p>En septiembre de 2011, se embarca en una gira por varias ciudades de Rusia y Siberia con la Compa\u00f1\u00eda de Flamenco y Cl\u00e1sico Espa\u00f1ol <em>\u00abLos Mulero\u00bb.<\/em><\/p>\n<p>Tambi\u00e9n es parte del proyecto <em>\u00abEsencias\u00bb<\/em> del guitarrista <strong>Jes\u00fas de Joaqu\u00edn \u00abPuchero\u00bb<\/strong> y de la compa\u00f1\u00eda del bailaor\u00a0<strong>David Romero.<\/strong><\/p>\n<p>Desde 2009, se ha convertido en una integrante habitual del tablao \u00ab<em>Los Tarantos\u00bb en Barcelona.<\/em><\/p>\n<p>Ha participado durante dos a\u00f1os en el festival flamenco de <em>Beziers en Francia y un a\u00f1o en el de Marsella.<\/em><\/p>\n<p>Entre 2014 y 2016, ha trabajado en tablaos de Madrid como <em>Casa Patas, Las Carboneras, <a href=\"https:\/\/cardamomo.com\/es\/\">Cardamomo Flamenco <\/a>o El Candela,<\/em> compartiendo escenario con notables artistas como <em>Montse Cortes, Aurora Losada, Chelo Pantoja, Juan Antonio Salazar y Sorderita.<\/em><\/p>\n<p>En 2016, su colaboraci\u00f3n con el guitarrista Luis Robisco en el \u00ab<em>Palau de la M\u00fasica\u00bb<\/em> da como resultado su nuevo \u00e1lbum \u00ab<em>Camino\u00bb,<\/em> as\u00ed como un homenaje a Paco de Luc\u00eda, en el cual tambi\u00e9n participa el Maestro Carles Benavent.<\/p>\n<p>A partir de 2017, se suma al elenco del tablao <em>\u00abCasa Camar\u00f3n\u00bb.<\/em><\/p>\n<p>Adem\u00e1s de su labor en los escenarios, ha contribuido en numerosas grabaciones, incluyendo el CD ben\u00e9fico<em> \u00bb Tres guitarras para el autismo\u00bb, e<\/em>n el que aporta su viol\u00edn en varios temas, uno de ellos en colaboraci\u00f3n con el cantante <strong>Parrita<\/strong>. Tambi\u00e9n ha grabado partes de viol\u00edn en los tres \u00e1lbumes del cantante <strong>Manuel Fern\u00e1ndez<\/strong>, siendo el \u00faltimo titulado \u00ab<em>Siete destinos<\/em>\u00ab. Asimismo, figura en el disco del guitarrista Eugeni Muriel con el grupo <em>\u00abBarcelona nova fusi\u00f3\u00bb.<\/em><\/p>\n<p>Ha compartido su conocimiento musical como profesora de piano, viol\u00edn e iniciaci\u00f3n musical en diversos centros de Madrid y actualmente es parte del equipo educativo del <em>\u00abInstituto flamenco\u00bb<\/em> del <em>Taller de M\u00fasics.<\/em><\/p>\n<p><strong>Su manera de entender el flamenco con el viol\u00edn como parte del cante y baile hace que su expresi\u00f3n sea \u00fanica y caracter\u00edstica d\u00e1ndole una textura nueva pero siempre tradicional y respetuosa con el arte del flamenco.<\/strong><br \/>\n<strong>Actualmente forma parte del elenco de artistas en los dos prestigiosos tablaos de Madrid como <a href=\"https:\/\/cardamomo.com\/es\/\">Cardamomo Flamenco<\/a>\u00a0y\u00a0<a href=\"https:\/\/tablaoflamenco1911.com\/es\/\">Tablao Flamenco 1911.\u00a0<\/a><\/strong><\/p>","protected":false},"featured_media":157161,"template":"","meta":{"_acf_changed":false,"inline_featured_image":false},"class_list":["post-131490","artist","type-artist","status-publish","has-post-thumbnail","hentry"],"acf":[],"yoast_head":"<!-- This site is optimized with the Yoast SEO plugin v27.4 - https:\/\/yoast.com\/product\/yoast-seo-wordpress\/ -->\n<title>Gloria Wasmer - Cardamomo Flamenco Madrid<\/title>\n<meta name=\"robots\" content=\"index, follow, max-snippet:-1, max-image-preview:large, max-video-preview:-1\" \/>\n<link rel=\"canonical\" href=\"\/\" \/>\n<meta property=\"og:locale\" content=\"es_ES\" \/>\n<meta property=\"og:type\" content=\"article\" \/>\n<meta property=\"og:title\" content=\"Gloria Wasmer - Cardamomo Flamenco Madrid\" \/>\n<meta property=\"og:description\" content=\"Se inicia en el viol\u00edn a la edad de 5 a\u00f1os form\u00e1ndose con la prestigiosa violinista Ucraniana Tatiana Alesinsky. Tras a\u00f1os de base rusa cl\u00e1sica comienza a participar en agrupaciones musicales de folklore Argentino y Tango. Especializada en flamenco ha colaborado como int\u00e9rprete y arreglista en grabaciones con artistas de la talla de Joan Albert...\" \/>\n<meta property=\"og:url\" content=\"https:\/\/cardamomo.com\/es\/artist\/gloria-wasmer\/\" \/>\n<meta property=\"og:site_name\" content=\"Cardamomo Flamenco Madrid\" \/>\n<meta property=\"article:modified_time\" content=\"2025-03-12T09:13:07+00:00\" \/>\n<meta property=\"og:image\" content=\"https:\/\/cardamomo.ams3.digitaloceanspaces.com\/wp-content\/uploads\/2023\/09\/12091234\/gloria-wasmer.jpg\" \/>\n\t<meta property=\"og:image:width\" content=\"600\" \/>\n\t<meta property=\"og:image:height\" content=\"750\" \/>\n\t<meta property=\"og:image:type\" content=\"image\/jpeg\" \/>\n<meta name=\"twitter:card\" content=\"summary_large_image\" \/>\n<meta name=\"twitter:label1\" content=\"Tiempo de lectura\" \/>\n\t<meta name=\"twitter:data1\" content=\"3 minutos\" \/>\n<script type=\"application\/ld+json\" class=\"yoast-schema-graph\">{\"@context\":\"https:\\\/\\\/schema.org\",\"@graph\":[{\"@type\":\"WebPage\",\"@id\":\"https:\\\/\\\/cardamomo.com\\\/es\\\/artist\\\/gloria-wasmer\\\/\",\"url\":\"https:\\\/\\\/cardamomo.com\\\/es\\\/artist\\\/gloria-wasmer\\\/\",\"name\":\"Gloria Wasmer - Cardamomo Flamenco Madrid\",\"isPartOf\":{\"@id\":\"https:\\\/\\\/cardamomo.com\\\/es\\\/#website\"},\"primaryImageOfPage\":{\"@id\":\"https:\\\/\\\/cardamomo.com\\\/es\\\/artist\\\/gloria-wasmer\\\/#primaryimage\"},\"image\":{\"@id\":\"https:\\\/\\\/cardamomo.com\\\/es\\\/artist\\\/gloria-wasmer\\\/#primaryimage\"},\"thumbnailUrl\":\"https:\\\/\\\/cardamomo.ams3.digitaloceanspaces.com\\\/wp-content\\\/uploads\\\/2023\\\/09\\\/12091234\\\/gloria-wasmer.jpg\",\"datePublished\":\"2023-09-29T14:56:30+00:00\",\"dateModified\":\"2025-03-12T09:13:07+00:00\",\"breadcrumb\":{\"@id\":\"https:\\\/\\\/cardamomo.com\\\/es\\\/artist\\\/gloria-wasmer\\\/#breadcrumb\"},\"inLanguage\":\"es\",\"potentialAction\":[{\"@type\":\"ReadAction\",\"target\":[[\"https:\\\/\\\/cardamomo.com\\\/es\\\/artist\\\/gloria-wasmer\\\/\"]]}]},{\"@type\":\"ImageObject\",\"inLanguage\":\"es\",\"@id\":\"https:\\\/\\\/cardamomo.com\\\/es\\\/artist\\\/gloria-wasmer\\\/#primaryimage\",\"url\":\"https:\\\/\\\/cardamomo.ams3.digitaloceanspaces.com\\\/wp-content\\\/uploads\\\/2023\\\/09\\\/12091234\\\/gloria-wasmer.jpg\",\"contentUrl\":\"https:\\\/\\\/cardamomo.ams3.digitaloceanspaces.com\\\/wp-content\\\/uploads\\\/2023\\\/09\\\/12091234\\\/gloria-wasmer.jpg\",\"width\":600,\"height\":750,\"caption\":\"Violinista Gloria Wasmer\"},{\"@type\":\"BreadcrumbList\",\"@id\":\"https:\\\/\\\/cardamomo.com\\\/es\\\/artist\\\/gloria-wasmer\\\/#breadcrumb\",\"itemListElement\":[{\"@type\":\"ListItem\",\"position\":1,\"name\":\"Cardamomo\",\"item\":\"https:\\\/\\\/cardamomo.com\\\/es\\\/\"},{\"@type\":\"ListItem\",\"position\":2,\"name\":\"Artists\",\"item\":\"https:\\\/\\\/cardamomo.com\\\/es\\\/artist\\\/\"},{\"@type\":\"ListItem\",\"position\":3,\"name\":\"Gloria Wasmer\"}]},{\"@type\":\"WebSite\",\"@id\":\"https:\\\/\\\/cardamomo.com\\\/es\\\/#website\",\"url\":\"https:\\\/\\\/cardamomo.com\\\/es\\\/\",\"name\":\"Cardamomo Flamenco Madrid\",\"description\":\"\",\"potentialAction\":[{\"@type\":\"SearchAction\",\"target\":{\"@type\":\"EntryPoint\",\"urlTemplate\":\"https:\\\/\\\/cardamomo.com\\\/es\\\/?s={search_term_string}\"},\"query-input\":{\"@type\":\"PropertyValueSpecification\",\"valueRequired\":true,\"valueName\":\"search_term_string\"}}],\"inLanguage\":\"es\"}]}<\/script>\n<!-- \/ Yoast SEO plugin. -->","yoast_head_json":{"title":"Gloria Wasmer - Cardamomo Flamenco Madrid","robots":{"index":"index","follow":"follow","max-snippet":"max-snippet:-1","max-image-preview":"max-image-preview:large","max-video-preview":"max-video-preview:-1"},"canonical":"\/","og_locale":"es_ES","og_type":"article","og_title":"Gloria Wasmer - Cardamomo Flamenco Madrid","og_description":"Se inicia en el viol\u00edn a la edad de 5 a\u00f1os form\u00e1ndose con la prestigiosa violinista Ucraniana Tatiana Alesinsky. Tras a\u00f1os de base rusa cl\u00e1sica comienza a participar en agrupaciones musicales de folklore Argentino y Tango. Especializada en flamenco ha colaborado como int\u00e9rprete y arreglista en grabaciones con artistas de la talla de Joan Albert...","og_url":"https:\/\/cardamomo.com\/es\/artist\/gloria-wasmer\/","og_site_name":"Cardamomo Flamenco Madrid","article_modified_time":"2025-03-12T09:13:07+00:00","og_image":[{"width":600,"height":750,"url":"https:\/\/cardamomo.ams3.digitaloceanspaces.com\/wp-content\/uploads\/2023\/09\/12091234\/gloria-wasmer.jpg","type":"image\/jpeg"}],"twitter_card":"summary_large_image","twitter_misc":{"Tiempo de lectura":"3 minutos"},"schema":{"@context":"https:\/\/schema.org","@graph":[{"@type":"WebPage","@id":"https:\/\/cardamomo.com\/es\/artist\/gloria-wasmer\/","url":"https:\/\/cardamomo.com\/es\/artist\/gloria-wasmer\/","name":"Gloria Wasmer - Cardamomo Flamenco Madrid","isPartOf":{"@id":"https:\/\/cardamomo.com\/es\/#website"},"primaryImageOfPage":{"@id":"https:\/\/cardamomo.com\/es\/artist\/gloria-wasmer\/#primaryimage"},"image":{"@id":"https:\/\/cardamomo.com\/es\/artist\/gloria-wasmer\/#primaryimage"},"thumbnailUrl":"https:\/\/cardamomo.ams3.digitaloceanspaces.com\/wp-content\/uploads\/2023\/09\/12091234\/gloria-wasmer.jpg","datePublished":"2023-09-29T14:56:30+00:00","dateModified":"2025-03-12T09:13:07+00:00","breadcrumb":{"@id":"https:\/\/cardamomo.com\/es\/artist\/gloria-wasmer\/#breadcrumb"},"inLanguage":"es","potentialAction":[{"@type":"ReadAction","target":[["https:\/\/cardamomo.com\/es\/artist\/gloria-wasmer\/"]]}]},{"@type":"ImageObject","inLanguage":"es","@id":"https:\/\/cardamomo.com\/es\/artist\/gloria-wasmer\/#primaryimage","url":"https:\/\/cardamomo.ams3.digitaloceanspaces.com\/wp-content\/uploads\/2023\/09\/12091234\/gloria-wasmer.jpg","contentUrl":"https:\/\/cardamomo.ams3.digitaloceanspaces.com\/wp-content\/uploads\/2023\/09\/12091234\/gloria-wasmer.jpg","width":600,"height":750,"caption":"Violinista Gloria Wasmer"},{"@type":"BreadcrumbList","@id":"https:\/\/cardamomo.com\/es\/artist\/gloria-wasmer\/#breadcrumb","itemListElement":[{"@type":"ListItem","position":1,"name":"Cardamomo","item":"https:\/\/cardamomo.com\/es\/"},{"@type":"ListItem","position":2,"name":"Artists","item":"https:\/\/cardamomo.com\/es\/artist\/"},{"@type":"ListItem","position":3,"name":"Gloria Wasmer"}]},{"@type":"WebSite","@id":"https:\/\/cardamomo.com\/es\/#website","url":"https:\/\/cardamomo.com\/es\/","name":"Cardamomo Flamenco Madrid","description":"","potentialAction":[{"@type":"SearchAction","target":{"@type":"EntryPoint","urlTemplate":"https:\/\/cardamomo.com\/es\/?s={search_term_string}"},"query-input":{"@type":"PropertyValueSpecification","valueRequired":true,"valueName":"search_term_string"}}],"inLanguage":"es"}]}},"_links":{"self":[{"href":"https:\/\/cardamomo.com\/es\/wp-json\/wp\/v2\/artist\/131490","targetHints":{"allow":["GET"]}}],"collection":[{"href":"https:\/\/cardamomo.com\/es\/wp-json\/wp\/v2\/artist"}],"about":[{"href":"https:\/\/cardamomo.com\/es\/wp-json\/wp\/v2\/types\/artist"}],"wp:featuredmedia":[{"embeddable":true,"href":"https:\/\/cardamomo.com\/es\/wp-json\/wp\/v2\/media\/157161"}],"wp:attachment":[{"href":"https:\/\/cardamomo.com\/es\/wp-json\/wp\/v2\/media?parent=131490"}],"curies":[{"name":"wp","href":"https:\/\/api.w.org\/{rel}","templated":true}]}}

<p>Se inicia en el violín a la edad de 5 años formándose con la prestigiosa violinista Ucraniana<strong> Tatiana Alesinsky. </strong>Tras años de base rusa clásica comienza a participar en agrupaciones musicales de folklore Argentino y Tango.</p>
<p>Especializada en flamenco ha colaborado como intérprete y arreglista en grabaciones con artistas de la talla de <strong>Joan Albert Amargos, Carles Benavent o Parrita.</strong>  Más adelante, emprende un camino en el universo del flamenco, explorando <strong>diversas facetas y agrupaciones musicales</strong>. En un corto período, se adentra por completo en el arte flamenco, simultáneamente manteniendo su formación clásica.</p>
<p>En el año 2009, conoce al bailaor <strong>Amador Rojas,</strong> con quien comparte escenario en diferentes teatros de España, presentando una nueva perspectiva del flamenco. <strong>Combinan la potencia y pasión del baile flamenco con la delicadeza y sensibilidad del violín</strong> <strong>clásico</strong>, lo que queda patente en el estreno del espectáculo <em>«Mandala»</em> en el <em>Teatro Arteria Coliseum de la Gran Vía de Madrid.</em></p>
<p>En ese mismo momento, el coreógrafo y bailarín <strong>Antonio Canales</strong> la selecciona para formar parte de su espectáculo «<em>Mano a Mano».</em></p>
<p>Desde 2010 hasta 2011, forma parte del elenco del «<em>Palacio del Flamenco»</em> en <em>Barcelona,</em> simultáneamente trabajando en distintos proyectos musicales.</p>
<p>En septiembre de 2011, se embarca en una gira por varias ciudades de Rusia y Siberia con la Compañía de Flamenco y Clásico Español <em>«Los Mulero».</em></p>
<p>También es parte del proyecto <em>«Esencias»</em> del guitarrista <strong>Jesús de Joaquín «Puchero»</strong> y de la compañía del bailaor <strong>David Romero.</strong></p>
<p>Desde 2009, se ha convertido en una integrante habitual del tablao «<em>Los Tarantos» en Barcelona.</em></p>
<p>Ha participado durante dos años en el festival flamenco de <em>Beziers en Francia y un año en el de Marsella.</em></p>
<p>Entre 2014 y 2016, ha trabajado en tablaos de Madrid como <em>Casa Patas, Las Carboneras, <a href="https://cardamomo.com/es/">Cardamomo Flamenco </a>o El Candela,</em> compartiendo escenario con notables artistas como <em>Montse Cortes, Aurora Losada, Chelo Pantoja, Juan Antonio Salazar y Sorderita.</em></p>
<p>En 2016, su colaboración con el guitarrista Luis Robisco en el «<em>Palau de la Música»</em> da como resultado su nuevo álbum «<em>Camino»,</em> así como un homenaje a Paco de Lucía, en el cual también participa el Maestro Carles Benavent.</p>
<p>A partir de 2017, se suma al elenco del tablao <em>«Casa Camarón».</em></p>
<p>Además de su labor en los escenarios, ha contribuido en numerosas grabaciones, incluyendo el CD benéfico<em> » Tres guitarras para el autismo», e</em>n el que aporta su violín en varios temas, uno de ellos en colaboración con el cantante <strong>Parrita</strong>. También ha grabado partes de violín en los tres álbumes del cantante <strong>Manuel Fernández</strong>, siendo el último titulado «<em>Siete destinos</em>«. Asimismo, figura en el disco del guitarrista Eugeni Muriel con el grupo <em>«Barcelona nova fusió».</em></p>
<p>Ha compartido su conocimiento musical como profesora de piano, violín e iniciación musical en diversos centros de Madrid y actualmente es parte del equipo educativo del <em>«Instituto flamenco»</em> del <em>Taller de Músics.</em></p>
<p><strong>Su manera de entender el flamenco con el violín como parte del cante y baile hace que su expresión sea única y característica dándole una textura nueva pero siempre tradicional y respetuosa con el arte del flamenco.</strong><br />
<strong>Actualmente forma parte del elenco de artistas en los dos prestigiosos tablaos de Madrid como <a href="https://cardamomo.com/es/">Cardamomo Flamenco</a> y <a href="https://tablaoflamenco1911.com/es/">Tablao Flamenco 1911. </a></strong></p>

<!-- This site is optimized with the Yoast SEO plugin v27.4 - https://yoast.com/product/yoast-seo-wordpress/ -->
<title>Gloria Wasmer - Cardamomo Flamenco Madrid</title>
<meta name="robots" content="index, follow, max-snippet:-1, max-image-preview:large, max-video-preview:-1" />
<link rel="canonical" href="/" />
<meta property="og:locale" content="es_ES" />
<meta property="og:type" content="article" />
<meta property="og:title" content="Gloria Wasmer - Cardamomo Flamenco Madrid" />
<meta property="og:description" content="Se inicia en el violín a la edad de 5 años formándose con la prestigiosa violinista Ucraniana Tatiana Alesinsky. Tras años de base rusa clásica comienza a participar en agrupaciones musicales de folklore Argentino y Tango. Especializada en flamenco ha colaborado como intérprete y arreglista en grabaciones con artistas de la talla de Joan Albert..." />
<meta property="og:url" content="https://cardamomo.com/es/artist/gloria-wasmer/" />
<meta property="og:site_name" content="Cardamomo Flamenco Madrid" />
<meta property="article:modified_time" content="2025-03-12T09:13:07+00:00" />
<meta property="og:image" content="https://cardamomo.ams3.digitaloceanspaces.com/wp-content/uploads/2023/09/12091234/gloria-wasmer.jpg" />
	<meta property="og:image:width" content="600" />
	<meta property="og:image:height" content="750" />
	<meta property="og:image:type" content="image/jpeg" />
<meta name="twitter:card" content="summary_large_image" />
<meta name="twitter:label1" content="Tiempo de lectura" />
	<meta name="twitter:data1" content="3 minutos" />
<script type="application/ld+json" class="yoast-schema-graph">{"@context":"https:\/\/schema.org","@graph":[{"@type":"WebPage","@id":"https:\/\/cardamomo.com\/es\/artist\/gloria-wasmer\/","url":"https:\/\/cardamomo.com\/es\/artist\/gloria-wasmer\/","name":"Gloria Wasmer - Cardamomo Flamenco Madrid","isPartOf":{"@id":"https:\/\/cardamomo.com\/es\/#website"},"primaryImageOfPage":{"@id":"https:\/\/cardamomo.com\/es\/artist\/gloria-wasmer\/#primaryimage"},"image":{"@id":"https:\/\/cardamomo.com\/es\/artist\/gloria-wasmer\/#primaryimage"},"thumbnailUrl":"https:\/\/cardamomo.ams3.digitaloceanspaces.com\/wp-content\/uploads\/2023\/09\/12091234\/gloria-wasmer.jpg","datePublished":"2023-09-29T14:56:30+00:00","dateModified":"2025-03-12T09:13:07+00:00","breadcrumb":{"@id":"https:\/\/cardamomo.com\/es\/artist\/gloria-wasmer\/#breadcrumb"},"inLanguage":"es","potentialAction":[{"@type":"ReadAction","target":[["https:\/\/cardamomo.com\/es\/artist\/gloria-wasmer\/"]]}]},{"@type":"ImageObject","inLanguage":"es","@id":"https:\/\/cardamomo.com\/es\/artist\/gloria-wasmer\/#primaryimage","url":"https:\/\/cardamomo.ams3.digitaloceanspaces.com\/wp-content\/uploads\/2023\/09\/12091234\/gloria-wasmer.jpg","contentUrl":"https:\/\/cardamomo.ams3.digitaloceanspaces.com\/wp-content\/uploads\/2023\/09\/12091234\/gloria-wasmer.jpg","width":600,"height":750,"caption":"Violinista Gloria Wasmer"},{"@type":"BreadcrumbList","@id":"https:\/\/cardamomo.com\/es\/artist\/gloria-wasmer\/#breadcrumb","itemListElement":[{"@type":"ListItem","position":1,"name":"Cardamomo","item":"https:\/\/cardamomo.com\/es\/"},{"@type":"ListItem","position":2,"name":"Artists","item":"https:\/\/cardamomo.com\/es\/artist\/"},{"@type":"ListItem","position":3,"name":"Gloria Wasmer"}]},{"@type":"WebSite","@id":"https:\/\/cardamomo.com\/es\/#website","url":"https:\/\/cardamomo.com\/es\/","name":"Cardamomo Flamenco Madrid","description":"","potentialAction":[{"@type":"SearchAction","target":{"@type":"EntryPoint","urlTemplate":"https:\/\/cardamomo.com\/es\/?s={search_term_string}"},"query-input":{"@type":"PropertyValueSpecification","valueRequired":true,"valueName":"search_term_string"}}],"inLanguage":"es"}]}</script>
<!-- / Yoast SEO plugin. -->

Se inicia en el violín a la edad de 5 años formándose con la prestigiosa violinista Ucraniana Tatiana Alesinsky. Tras años de base rusa clásica comienza a participar en agrupaciones musicales de folklore Argentino y Tango. Especializada en flamenco ha colaborado como intérprete y arreglista en grabaciones con artistas de la talla de Joan Albert...
