{"id":115523,"date":"2022-12-29T15:58:43","date_gmt":"2022-12-29T14:58:43","guid":{"rendered":"https:\/\/cardamomo.com\/?post_type=artist&#038;p=115523"},"modified":"2025-03-12T09:25:16","modified_gmt":"2025-03-12T09:25:16","slug":"jesus-montoya","status":"publish","type":"artist","link":"https:\/\/cardamomo.com\/es\/artist\/jesus-montoya\/","title":{"rendered":"Jes\u00fas Montoya"},"content":{"rendered":"<p><\/p>\n<h2>Biograf\u00eda<\/h2>\n<p>Madrile\u00f1o y de O\u00b4Donnell, a escasos minutos de los mayores y mas reconocidos templos flamencos de la capital que, a d\u00eda de hoy y desde hace muchos a\u00f1os, se llenan para disfrutar de un artista que por donde pasa, no pasa desapercibido.<\/p>\n<p>No fue la voz, ni tampoco lo pies,\u00a0 los que marcaron su destino en la m\u00fasica, si no en sus manos, como no pod\u00eda ser de otra forma. De casta le viene al galgo y por sus venas corre sangre del grand\u00edsimo Agust\u00edn Castell\u00f3n \u00abSabicas\u00bb.<\/p>\n<p>El saxo y la Flauta de Jes\u00fas Montoya han sondo en todos y cada uno de los tablaos madrile\u00f1os, destaca \u00abEl corral de la Pacheca\u00bb, donde su m\u00fasica son\u00f3 durante 5 a\u00f1os.<\/p>\n<p>En el c\u00edrculo flamenco, Jes\u00fas Montoya tiene un lugar de admiraci\u00f3n y reconocimiento por sus propios compa\u00f1eros. Algo nada f\u00e1cil de conseguir.<\/p>\n<p>Algunos artistas que reclamaron su sonido tan flamenco y personal son: Antonio Vargas \u00abPotito\u00bb, Elena Vargas, Sebasti\u00e1n Heredia \u00abCancanilla de M\u00e1laga\u00bb, entre otros.<\/p>\n<p>Est\u00e1 muy presente en grabaciones y colaboraciones de Jazz y Latin Jazz y es componente principal del grupo \u00bb Los Yakis\u00bb.<\/p>\n<p>Actualmente trabaja con Joaqu\u00edn Cort\u00e9s en su \u00faltimo espect\u00e1culo llamado \u00abZapatitos Blancos\u00bb.<\/p>","protected":false},"featured_media":157166,"template":"","meta":{"_acf_changed":false,"inline_featured_image":false},"class_list":["post-115523","artist","type-artist","status-publish","has-post-thumbnail","hentry"],"acf":[],"yoast_head":"<!-- This site is optimized with the Yoast SEO plugin v27.4 - https:\/\/yoast.com\/product\/yoast-seo-wordpress\/ -->\n<title>Jes\u00fas Montoya - Cardamomo Flamenco Madrid<\/title>\n<meta name=\"robots\" content=\"index, follow, max-snippet:-1, max-image-preview:large, max-video-preview:-1\" \/>\n<link rel=\"canonical\" href=\"\/\" \/>\n<meta property=\"og:locale\" content=\"es_ES\" \/>\n<meta property=\"og:type\" content=\"article\" \/>\n<meta property=\"og:title\" content=\"Jes\u00fas Montoya - Cardamomo Flamenco Madrid\" \/>\n<meta property=\"og:description\" content=\"Biograf\u00eda Madrile\u00f1o y de O\u00b4Donnell, a escasos minutos de los mayores y mas reconocidos templos flamencos de la capital que, a d\u00eda de hoy y desde hace muchos a\u00f1os, se llenan para disfrutar de un artista que por donde pasa, no pasa desapercibido. No fue la voz, ni tampoco lo pies,\u00a0 los que marcaron su...\" \/>\n<meta property=\"og:url\" content=\"https:\/\/cardamomo.com\/es\/artist\/jesus-montoya\/\" \/>\n<meta property=\"og:site_name\" content=\"Cardamomo Flamenco Madrid\" \/>\n<meta property=\"article:modified_time\" content=\"2025-03-12T09:25:16+00:00\" \/>\n<meta property=\"og:image\" content=\"https:\/\/cardamomo.ams3.digitaloceanspaces.com\/wp-content\/uploads\/2022\/12\/12092454\/jesus-montoya.jpg\" \/>\n\t<meta property=\"og:image:width\" content=\"600\" \/>\n\t<meta property=\"og:image:height\" content=\"750\" \/>\n\t<meta property=\"og:image:type\" content=\"image\/jpeg\" \/>\n<meta name=\"twitter:card\" content=\"summary_large_image\" \/>\n<meta name=\"twitter:label1\" content=\"Tiempo de lectura\" \/>\n\t<meta name=\"twitter:data1\" content=\"2 minutos\" \/>\n<script type=\"application\/ld+json\" class=\"yoast-schema-graph\">{\"@context\":\"https:\\\/\\\/schema.org\",\"@graph\":[{\"@type\":\"WebPage\",\"@id\":\"https:\\\/\\\/cardamomo.com\\\/es\\\/artist\\\/jesus-montoya\\\/\",\"url\":\"https:\\\/\\\/cardamomo.com\\\/es\\\/artist\\\/jesus-montoya\\\/\",\"name\":\"Jes\u00fas Montoya - Cardamomo Flamenco Madrid\",\"isPartOf\":{\"@id\":\"https:\\\/\\\/cardamomo.com\\\/es\\\/#website\"},\"primaryImageOfPage\":{\"@id\":\"https:\\\/\\\/cardamomo.com\\\/es\\\/artist\\\/jesus-montoya\\\/#primaryimage\"},\"image\":{\"@id\":\"https:\\\/\\\/cardamomo.com\\\/es\\\/artist\\\/jesus-montoya\\\/#primaryimage\"},\"thumbnailUrl\":\"https:\\\/\\\/cardamomo.ams3.digitaloceanspaces.com\\\/wp-content\\\/uploads\\\/2022\\\/12\\\/12092454\\\/jesus-montoya.jpg\",\"datePublished\":\"2022-12-29T14:58:43+00:00\",\"dateModified\":\"2025-03-12T09:25:16+00:00\",\"breadcrumb\":{\"@id\":\"https:\\\/\\\/cardamomo.com\\\/es\\\/artist\\\/jesus-montoya\\\/#breadcrumb\"},\"inLanguage\":\"es\",\"potentialAction\":[{\"@type\":\"ReadAction\",\"target\":[[\"https:\\\/\\\/cardamomo.com\\\/es\\\/artist\\\/jesus-montoya\\\/\"]]}]},{\"@type\":\"ImageObject\",\"inLanguage\":\"es\",\"@id\":\"https:\\\/\\\/cardamomo.com\\\/es\\\/artist\\\/jesus-montoya\\\/#primaryimage\",\"url\":\"https:\\\/\\\/cardamomo.ams3.digitaloceanspaces.com\\\/wp-content\\\/uploads\\\/2022\\\/12\\\/12092454\\\/jesus-montoya.jpg\",\"contentUrl\":\"https:\\\/\\\/cardamomo.ams3.digitaloceanspaces.com\\\/wp-content\\\/uploads\\\/2022\\\/12\\\/12092454\\\/jesus-montoya.jpg\",\"width\":600,\"height\":750,\"caption\":\"Saxofonista Jes\u00fas Montoya\"},{\"@type\":\"BreadcrumbList\",\"@id\":\"https:\\\/\\\/cardamomo.com\\\/es\\\/artist\\\/jesus-montoya\\\/#breadcrumb\",\"itemListElement\":[{\"@type\":\"ListItem\",\"position\":1,\"name\":\"Cardamomo\",\"item\":\"https:\\\/\\\/cardamomo.com\\\/es\\\/\"},{\"@type\":\"ListItem\",\"position\":2,\"name\":\"Artists\",\"item\":\"https:\\\/\\\/cardamomo.com\\\/es\\\/artist\\\/\"},{\"@type\":\"ListItem\",\"position\":3,\"name\":\"Jes\u00fas Montoya\"}]},{\"@type\":\"WebSite\",\"@id\":\"https:\\\/\\\/cardamomo.com\\\/es\\\/#website\",\"url\":\"https:\\\/\\\/cardamomo.com\\\/es\\\/\",\"name\":\"Cardamomo Flamenco Madrid\",\"description\":\"\",\"potentialAction\":[{\"@type\":\"SearchAction\",\"target\":{\"@type\":\"EntryPoint\",\"urlTemplate\":\"https:\\\/\\\/cardamomo.com\\\/es\\\/?s={search_term_string}\"},\"query-input\":{\"@type\":\"PropertyValueSpecification\",\"valueRequired\":true,\"valueName\":\"search_term_string\"}}],\"inLanguage\":\"es\"}]}<\/script>\n<!-- \/ Yoast SEO plugin. -->","yoast_head_json":{"title":"Jes\u00fas Montoya - Cardamomo Flamenco Madrid","robots":{"index":"index","follow":"follow","max-snippet":"max-snippet:-1","max-image-preview":"max-image-preview:large","max-video-preview":"max-video-preview:-1"},"canonical":"\/","og_locale":"es_ES","og_type":"article","og_title":"Jes\u00fas Montoya - Cardamomo Flamenco Madrid","og_description":"Biograf\u00eda Madrile\u00f1o y de O\u00b4Donnell, a escasos minutos de los mayores y mas reconocidos templos flamencos de la capital que, a d\u00eda de hoy y desde hace muchos a\u00f1os, se llenan para disfrutar de un artista que por donde pasa, no pasa desapercibido. No fue la voz, ni tampoco lo pies,\u00a0 los que marcaron su...","og_url":"https:\/\/cardamomo.com\/es\/artist\/jesus-montoya\/","og_site_name":"Cardamomo Flamenco Madrid","article_modified_time":"2025-03-12T09:25:16+00:00","og_image":[{"width":600,"height":750,"url":"https:\/\/cardamomo.ams3.digitaloceanspaces.com\/wp-content\/uploads\/2022\/12\/12092454\/jesus-montoya.jpg","type":"image\/jpeg"}],"twitter_card":"summary_large_image","twitter_misc":{"Tiempo de lectura":"2 minutos"},"schema":{"@context":"https:\/\/schema.org","@graph":[{"@type":"WebPage","@id":"https:\/\/cardamomo.com\/es\/artist\/jesus-montoya\/","url":"https:\/\/cardamomo.com\/es\/artist\/jesus-montoya\/","name":"Jes\u00fas Montoya - Cardamomo Flamenco Madrid","isPartOf":{"@id":"https:\/\/cardamomo.com\/es\/#website"},"primaryImageOfPage":{"@id":"https:\/\/cardamomo.com\/es\/artist\/jesus-montoya\/#primaryimage"},"image":{"@id":"https:\/\/cardamomo.com\/es\/artist\/jesus-montoya\/#primaryimage"},"thumbnailUrl":"https:\/\/cardamomo.ams3.digitaloceanspaces.com\/wp-content\/uploads\/2022\/12\/12092454\/jesus-montoya.jpg","datePublished":"2022-12-29T14:58:43+00:00","dateModified":"2025-03-12T09:25:16+00:00","breadcrumb":{"@id":"https:\/\/cardamomo.com\/es\/artist\/jesus-montoya\/#breadcrumb"},"inLanguage":"es","potentialAction":[{"@type":"ReadAction","target":[["https:\/\/cardamomo.com\/es\/artist\/jesus-montoya\/"]]}]},{"@type":"ImageObject","inLanguage":"es","@id":"https:\/\/cardamomo.com\/es\/artist\/jesus-montoya\/#primaryimage","url":"https:\/\/cardamomo.ams3.digitaloceanspaces.com\/wp-content\/uploads\/2022\/12\/12092454\/jesus-montoya.jpg","contentUrl":"https:\/\/cardamomo.ams3.digitaloceanspaces.com\/wp-content\/uploads\/2022\/12\/12092454\/jesus-montoya.jpg","width":600,"height":750,"caption":"Saxofonista Jes\u00fas Montoya"},{"@type":"BreadcrumbList","@id":"https:\/\/cardamomo.com\/es\/artist\/jesus-montoya\/#breadcrumb","itemListElement":[{"@type":"ListItem","position":1,"name":"Cardamomo","item":"https:\/\/cardamomo.com\/es\/"},{"@type":"ListItem","position":2,"name":"Artists","item":"https:\/\/cardamomo.com\/es\/artist\/"},{"@type":"ListItem","position":3,"name":"Jes\u00fas Montoya"}]},{"@type":"WebSite","@id":"https:\/\/cardamomo.com\/es\/#website","url":"https:\/\/cardamomo.com\/es\/","name":"Cardamomo Flamenco Madrid","description":"","potentialAction":[{"@type":"SearchAction","target":{"@type":"EntryPoint","urlTemplate":"https:\/\/cardamomo.com\/es\/?s={search_term_string}"},"query-input":{"@type":"PropertyValueSpecification","valueRequired":true,"valueName":"search_term_string"}}],"inLanguage":"es"}]}},"_links":{"self":[{"href":"https:\/\/cardamomo.com\/es\/wp-json\/wp\/v2\/artist\/115523","targetHints":{"allow":["GET"]}}],"collection":[{"href":"https:\/\/cardamomo.com\/es\/wp-json\/wp\/v2\/artist"}],"about":[{"href":"https:\/\/cardamomo.com\/es\/wp-json\/wp\/v2\/types\/artist"}],"wp:featuredmedia":[{"embeddable":true,"href":"https:\/\/cardamomo.com\/es\/wp-json\/wp\/v2\/media\/157166"}],"wp:attachment":[{"href":"https:\/\/cardamomo.com\/es\/wp-json\/wp\/v2\/media?parent=115523"}],"curies":[{"name":"wp","href":"https:\/\/api.w.org\/{rel}","templated":true}]}}

Jesús Montoya

<p></p>
<h2>Biografía</h2>
<p>Madrileño y de O´Donnell, a escasos minutos de los mayores y mas reconocidos templos flamencos de la capital que, a día de hoy y desde hace muchos años, se llenan para disfrutar de un artista que por donde pasa, no pasa desapercibido.</p>
<p>No fue la voz, ni tampoco lo pies,  los que marcaron su destino en la música, si no en sus manos, como no podía ser de otra forma. De casta le viene al galgo y por sus venas corre sangre del grandísimo Agustín Castellón «Sabicas».</p>
<p>El saxo y la Flauta de Jesús Montoya han sondo en todos y cada uno de los tablaos madrileños, destaca «El corral de la Pacheca», donde su música sonó durante 5 años.</p>
<p>En el círculo flamenco, Jesús Montoya tiene un lugar de admiración y reconocimiento por sus propios compañeros. Algo nada fácil de conseguir.</p>
<p>Algunos artistas que reclamaron su sonido tan flamenco y personal son: Antonio Vargas «Potito», Elena Vargas, Sebastián Heredia «Cancanilla de Málaga», entre otros.</p>
<p>Está muy presente en grabaciones y colaboraciones de Jazz y Latin Jazz y es componente principal del grupo » Los Yakis».</p>
<p>Actualmente trabaja con Joaquín Cortés en su último espectáculo llamado «Zapatitos Blancos».</p>

<!-- This site is optimized with the Yoast SEO plugin v27.4 - https://yoast.com/product/yoast-seo-wordpress/ -->
<title>Jesús Montoya - Cardamomo Flamenco Madrid</title>
<meta name="robots" content="index, follow, max-snippet:-1, max-image-preview:large, max-video-preview:-1" />
<link rel="canonical" href="/" />
<meta property="og:locale" content="es_ES" />
<meta property="og:type" content="article" />
<meta property="og:title" content="Jesús Montoya - Cardamomo Flamenco Madrid" />
<meta property="og:description" content="Biografía Madrileño y de O´Donnell, a escasos minutos de los mayores y mas reconocidos templos flamencos de la capital que, a día de hoy y desde hace muchos años, se llenan para disfrutar de un artista que por donde pasa, no pasa desapercibido. No fue la voz, ni tampoco lo pies,  los que marcaron su..." />
<meta property="og:url" content="https://cardamomo.com/es/artist/jesus-montoya/" />
<meta property="og:site_name" content="Cardamomo Flamenco Madrid" />
<meta property="article:modified_time" content="2025-03-12T09:25:16+00:00" />
<meta property="og:image" content="https://cardamomo.ams3.digitaloceanspaces.com/wp-content/uploads/2022/12/12092454/jesus-montoya.jpg" />
	<meta property="og:image:width" content="600" />
	<meta property="og:image:height" content="750" />
	<meta property="og:image:type" content="image/jpeg" />
<meta name="twitter:card" content="summary_large_image" />
<meta name="twitter:label1" content="Tiempo de lectura" />
	<meta name="twitter:data1" content="2 minutos" />
<script type="application/ld+json" class="yoast-schema-graph">{"@context":"https:\/\/schema.org","@graph":[{"@type":"WebPage","@id":"https:\/\/cardamomo.com\/es\/artist\/jesus-montoya\/","url":"https:\/\/cardamomo.com\/es\/artist\/jesus-montoya\/","name":"Jesús Montoya - Cardamomo Flamenco Madrid","isPartOf":{"@id":"https:\/\/cardamomo.com\/es\/#website"},"primaryImageOfPage":{"@id":"https:\/\/cardamomo.com\/es\/artist\/jesus-montoya\/#primaryimage"},"image":{"@id":"https:\/\/cardamomo.com\/es\/artist\/jesus-montoya\/#primaryimage"},"thumbnailUrl":"https:\/\/cardamomo.ams3.digitaloceanspaces.com\/wp-content\/uploads\/2022\/12\/12092454\/jesus-montoya.jpg","datePublished":"2022-12-29T14:58:43+00:00","dateModified":"2025-03-12T09:25:16+00:00","breadcrumb":{"@id":"https:\/\/cardamomo.com\/es\/artist\/jesus-montoya\/#breadcrumb"},"inLanguage":"es","potentialAction":[{"@type":"ReadAction","target":[["https:\/\/cardamomo.com\/es\/artist\/jesus-montoya\/"]]}]},{"@type":"ImageObject","inLanguage":"es","@id":"https:\/\/cardamomo.com\/es\/artist\/jesus-montoya\/#primaryimage","url":"https:\/\/cardamomo.ams3.digitaloceanspaces.com\/wp-content\/uploads\/2022\/12\/12092454\/jesus-montoya.jpg","contentUrl":"https:\/\/cardamomo.ams3.digitaloceanspaces.com\/wp-content\/uploads\/2022\/12\/12092454\/jesus-montoya.jpg","width":600,"height":750,"caption":"Saxofonista Jesús Montoya"},{"@type":"BreadcrumbList","@id":"https:\/\/cardamomo.com\/es\/artist\/jesus-montoya\/#breadcrumb","itemListElement":[{"@type":"ListItem","position":1,"name":"Cardamomo","item":"https:\/\/cardamomo.com\/es\/"},{"@type":"ListItem","position":2,"name":"Artists","item":"https:\/\/cardamomo.com\/es\/artist\/"},{"@type":"ListItem","position":3,"name":"Jesús Montoya"}]},{"@type":"WebSite","@id":"https:\/\/cardamomo.com\/es\/#website","url":"https:\/\/cardamomo.com\/es\/","name":"Cardamomo Flamenco Madrid","description":"","potentialAction":[{"@type":"SearchAction","target":{"@type":"EntryPoint","urlTemplate":"https:\/\/cardamomo.com\/es\/?s={search_term_string}"},"query-input":{"@type":"PropertyValueSpecification","valueRequired":true,"valueName":"search_term_string"}}],"inLanguage":"es"}]}</script>
<!-- / Yoast SEO plugin. -->

Jesús Montoya - Cardamomo Flamenco Madrid

Biografía Madrileño y de O´Donnell, a escasos minutos de los mayores y mas reconocidos templos flamencos de la capital que, a día de hoy y desde hace muchos años, se llenan para disfrutar de un artista que por donde pasa, no pasa desapercibido. No fue la voz, ni tampoco lo pies,  los que marcaron su...

Saxofonista Jesús Montoya
