{"id":103486,"date":"2022-06-25T18:08:27","date_gmt":"2022-06-25T16:08:27","guid":{"rendered":"https:\/\/cardamomo.com\/es\/?post_type=artist&#038;p=103486"},"modified":"2025-03-12T10:22:33","modified_gmt":"2025-03-12T10:22:33","slug":"vanesa-coloma","status":"publish","type":"artist","link":"https:\/\/cardamomo.com\/es\/artist\/vanesa-coloma-madrid\/","title":{"rendered":"Vanesa Coloma (Madrid)"},"content":{"rendered":"<p><\/p>\n<h4>Biograf\u00eda<\/h4>\n<p>Vanesa, bailaora nacida en Madrid, formada en en el Real Conservatorio de Danza de Madrid, act\u00faa en los mejores tablaos de Espa\u00f1a , colaborando con artistas de primera l\u00ednea como Alfonso Losa, Roc\u00edo Molina, Bel\u00e9n Maya, Jes\u00fas Carmona, Manuel Li\u00f1\u00e1n, entre otros.<\/p>\n<p>En 2012 estren\u00f3 el espect\u00e1culo \u201cFlamenKl\u00f3rica\u201d, una propuesta esc\u00e9nica que se convirti\u00f3 en finalista del Certamen de Coreograf\u00eda de Madrid. Luego de su estreno, tras la gran aclamada cr\u00edtica, ha participado de varios festivales como \u201cFestival Flamenco Madrid 2016\u201d, \u201cFestival T\u00edo de la Juliana\u201d 2016, \u201cCorral del Carb\u00f3n\u201d 2016, \u201cOto\u00f1os Flamencos\u201d 2016, \u201cFestival internacional de Alburquerque 2018\u201d, y el m\u00e1s reciente \u201cFestival de Jerez 2019\u201d.<\/p>\n<p>Su dedicaci\u00f3n y constancia, le han permitido llegar a diferentes menciones como ser semifinalista en el Concurso Internacional del Cante de Las Minas 2017 y ganadora del Premio Nacional de la \u201cPerla de C\u00e1diz\u201d por Alegr\u00edas en 2018. Vanesa muestra una gran pureza y sensibilidad arriba del escenario y nos hace saber, sin lugar a dudas, que es una de las artistas m\u00e1s importantes de su generaci\u00f3n.<\/p>\n<h4>Obras y Festivales<\/h4>\n<div class=\"\" data-mesh-id=\"comp-kiaul0b8inlineContent\" data-testid=\"inline-content\">\n<div data-mesh-id=\"comp-kiaul0b8inlineContent-gridContainer\" data-testid=\"mesh-container-content\">\n<div id=\"comp-kiaujuku\" class=\"XUUsC\">\n<div class=\"xQ_iF\" data-testid=\"linkElement\"><em>\u00abFlamenKlorica\u201d<\/em> de Vanesa Coloma.<\/div>\n<\/div>\n<div id=\"comp-ki7o2bsm\" class=\"_1Q9if\" data-testid=\"richTextElement\">\n<p class=\"font_8\"><em>\u201c7 Balcones\u201d, \u201c4 Adjetivos\u201d y \u00abEquilibrio Flamenco\u201d<\/em> de Jesus Carmona.<\/p>\n<p class=\"font_8\"><em>\u201cTauro\u201d y \u201d2 En Compa\u00f1\u00eda\u201d<\/em> de Manuel Li\u00f1\u00e1n.<\/p>\n<p class=\"font_8\"><em>\u201cOro Viejo\u201d, \u201cCuando Las Piedras Vuelen\u201d, \u201cAlmario\u201d, \u201cTurquesa Como El Lim\u00f3n\u201d<\/em> de Rocio Molina.<\/p>\n<p class=\"font_8\"><em>\u00abSouvenir\u201d y \u201cDibujos\u201d<\/em> de Bel\u00e9n Maya.<\/p>\n<p class=\"font_8\"><em>\u201cCamino Flamenco\u201d y \u201dEn Candela\u201d<\/em> de Alfonso Losa.<\/p>\n<p class=\"font_8\"><em>\u00a0\u201cMujeres al borde de una bata de Cola\u201d<\/em> de Yolanda Heredia.<\/p>\n<p class=\"font_8\">Bienal de Sevilla, Festival de Jerez, Festival de las Minas, Suma Flamenca, Madrid en Danza, Festival Flamenco Usa, Festival de Alburquerque, Festival de Mont de Marsan, Festival de Nimes.<\/p>\n<p class=\"font_8\">\n<\/div>\n<\/div>\n<\/div>\n<p><\/p>","protected":false},"featured_media":157178,"template":"","meta":{"_acf_changed":false,"inline_featured_image":false},"class_list":["post-103486","artist","type-artist","status-publish","has-post-thumbnail","hentry"],"acf":[],"yoast_head":"<!-- This site is optimized with the Yoast SEO plugin v27.4 - https:\/\/yoast.com\/product\/yoast-seo-wordpress\/ -->\n<title>Vanesa Coloma (Madrid) - Cardamomo Flamenco Madrid<\/title>\n<meta name=\"robots\" content=\"index, follow, max-snippet:-1, max-image-preview:large, max-video-preview:-1\" \/>\n<link rel=\"canonical\" href=\"\/\" \/>\n<meta property=\"og:locale\" content=\"es_ES\" \/>\n<meta property=\"og:type\" content=\"article\" \/>\n<meta property=\"og:title\" content=\"Vanesa Coloma (Madrid) - Cardamomo Flamenco Madrid\" \/>\n<meta property=\"og:description\" content=\"Biograf\u00eda Vanesa, bailaora nacida en Madrid, formada en en el Real Conservatorio de Danza de Madrid, act\u00faa en los mejores tablaos de Espa\u00f1a , colaborando con artistas de primera l\u00ednea como Alfonso Losa, Roc\u00edo Molina, Bel\u00e9n Maya, Jes\u00fas Carmona, Manuel Li\u00f1\u00e1n, entre otros. En 2012 estren\u00f3 el espect\u00e1culo \u201cFlamenKl\u00f3rica\u201d, una propuesta esc\u00e9nica que se convirti\u00f3...\" \/>\n<meta property=\"og:url\" content=\"https:\/\/cardamomo.com\/es\/artist\/vanesa-coloma-madrid\/\" \/>\n<meta property=\"og:site_name\" content=\"Cardamomo Flamenco Madrid\" \/>\n<meta property=\"article:modified_time\" content=\"2025-03-12T10:22:33+00:00\" \/>\n<meta property=\"og:image\" content=\"https:\/\/cardamomo.ams3.digitaloceanspaces.com\/wp-content\/uploads\/2022\/06\/12102223\/vanesa-coloma.jpg\" \/>\n\t<meta property=\"og:image:width\" content=\"600\" \/>\n\t<meta property=\"og:image:height\" content=\"750\" \/>\n\t<meta property=\"og:image:type\" content=\"image\/jpeg\" \/>\n<meta name=\"twitter:card\" content=\"summary_large_image\" \/>\n<meta name=\"twitter:label1\" content=\"Tiempo de lectura\" \/>\n\t<meta name=\"twitter:data1\" content=\"2 minutos\" \/>\n<script type=\"application\/ld+json\" class=\"yoast-schema-graph\">{\"@context\":\"https:\\\/\\\/schema.org\",\"@graph\":[{\"@type\":\"WebPage\",\"@id\":\"https:\\\/\\\/cardamomo.com\\\/es\\\/artist\\\/vanesa-coloma-madrid\\\/\",\"url\":\"https:\\\/\\\/cardamomo.com\\\/es\\\/artist\\\/vanesa-coloma-madrid\\\/\",\"name\":\"Vanesa Coloma (Madrid) - Cardamomo Flamenco Madrid\",\"isPartOf\":{\"@id\":\"https:\\\/\\\/cardamomo.com\\\/es\\\/#website\"},\"primaryImageOfPage\":{\"@id\":\"https:\\\/\\\/cardamomo.com\\\/es\\\/artist\\\/vanesa-coloma-madrid\\\/#primaryimage\"},\"image\":{\"@id\":\"https:\\\/\\\/cardamomo.com\\\/es\\\/artist\\\/vanesa-coloma-madrid\\\/#primaryimage\"},\"thumbnailUrl\":\"https:\\\/\\\/cardamomo.ams3.digitaloceanspaces.com\\\/wp-content\\\/uploads\\\/2022\\\/06\\\/12102223\\\/vanesa-coloma.jpg\",\"datePublished\":\"2022-06-25T16:08:27+00:00\",\"dateModified\":\"2025-03-12T10:22:33+00:00\",\"breadcrumb\":{\"@id\":\"https:\\\/\\\/cardamomo.com\\\/es\\\/artist\\\/vanesa-coloma-madrid\\\/#breadcrumb\"},\"inLanguage\":\"es\",\"potentialAction\":[{\"@type\":\"ReadAction\",\"target\":[[\"https:\\\/\\\/cardamomo.com\\\/es\\\/artist\\\/vanesa-coloma-madrid\\\/\"]]}]},{\"@type\":\"ImageObject\",\"inLanguage\":\"es\",\"@id\":\"https:\\\/\\\/cardamomo.com\\\/es\\\/artist\\\/vanesa-coloma-madrid\\\/#primaryimage\",\"url\":\"https:\\\/\\\/cardamomo.ams3.digitaloceanspaces.com\\\/wp-content\\\/uploads\\\/2022\\\/06\\\/12102223\\\/vanesa-coloma.jpg\",\"contentUrl\":\"https:\\\/\\\/cardamomo.ams3.digitaloceanspaces.com\\\/wp-content\\\/uploads\\\/2022\\\/06\\\/12102223\\\/vanesa-coloma.jpg\",\"width\":600,\"height\":750,\"caption\":\"Bailaora Vanesa Coloma (Madrid)\"},{\"@type\":\"BreadcrumbList\",\"@id\":\"https:\\\/\\\/cardamomo.com\\\/es\\\/artist\\\/vanesa-coloma-madrid\\\/#breadcrumb\",\"itemListElement\":[{\"@type\":\"ListItem\",\"position\":1,\"name\":\"Cardamomo\",\"item\":\"https:\\\/\\\/cardamomo.com\\\/es\\\/\"},{\"@type\":\"ListItem\",\"position\":2,\"name\":\"Artists\",\"item\":\"https:\\\/\\\/cardamomo.com\\\/es\\\/artist\\\/\"},{\"@type\":\"ListItem\",\"position\":3,\"name\":\"Vanesa Coloma (Madrid)\"}]},{\"@type\":\"WebSite\",\"@id\":\"https:\\\/\\\/cardamomo.com\\\/es\\\/#website\",\"url\":\"https:\\\/\\\/cardamomo.com\\\/es\\\/\",\"name\":\"Cardamomo Flamenco Madrid\",\"description\":\"\",\"potentialAction\":[{\"@type\":\"SearchAction\",\"target\":{\"@type\":\"EntryPoint\",\"urlTemplate\":\"https:\\\/\\\/cardamomo.com\\\/es\\\/?s={search_term_string}\"},\"query-input\":{\"@type\":\"PropertyValueSpecification\",\"valueRequired\":true,\"valueName\":\"search_term_string\"}}],\"inLanguage\":\"es\"}]}<\/script>\n<!-- \/ Yoast SEO plugin. -->","yoast_head_json":{"title":"Vanesa Coloma (Madrid) - Cardamomo Flamenco Madrid","robots":{"index":"index","follow":"follow","max-snippet":"max-snippet:-1","max-image-preview":"max-image-preview:large","max-video-preview":"max-video-preview:-1"},"canonical":"\/","og_locale":"es_ES","og_type":"article","og_title":"Vanesa Coloma (Madrid) - Cardamomo Flamenco Madrid","og_description":"Biograf\u00eda Vanesa, bailaora nacida en Madrid, formada en en el Real Conservatorio de Danza de Madrid, act\u00faa en los mejores tablaos de Espa\u00f1a , colaborando con artistas de primera l\u00ednea como Alfonso Losa, Roc\u00edo Molina, Bel\u00e9n Maya, Jes\u00fas Carmona, Manuel Li\u00f1\u00e1n, entre otros. En 2012 estren\u00f3 el espect\u00e1culo \u201cFlamenKl\u00f3rica\u201d, una propuesta esc\u00e9nica que se convirti\u00f3...","og_url":"https:\/\/cardamomo.com\/es\/artist\/vanesa-coloma-madrid\/","og_site_name":"Cardamomo Flamenco Madrid","article_modified_time":"2025-03-12T10:22:33+00:00","og_image":[{"width":600,"height":750,"url":"https:\/\/cardamomo.ams3.digitaloceanspaces.com\/wp-content\/uploads\/2022\/06\/12102223\/vanesa-coloma.jpg","type":"image\/jpeg"}],"twitter_card":"summary_large_image","twitter_misc":{"Tiempo de lectura":"2 minutos"},"schema":{"@context":"https:\/\/schema.org","@graph":[{"@type":"WebPage","@id":"https:\/\/cardamomo.com\/es\/artist\/vanesa-coloma-madrid\/","url":"https:\/\/cardamomo.com\/es\/artist\/vanesa-coloma-madrid\/","name":"Vanesa Coloma (Madrid) - Cardamomo Flamenco Madrid","isPartOf":{"@id":"https:\/\/cardamomo.com\/es\/#website"},"primaryImageOfPage":{"@id":"https:\/\/cardamomo.com\/es\/artist\/vanesa-coloma-madrid\/#primaryimage"},"image":{"@id":"https:\/\/cardamomo.com\/es\/artist\/vanesa-coloma-madrid\/#primaryimage"},"thumbnailUrl":"https:\/\/cardamomo.ams3.digitaloceanspaces.com\/wp-content\/uploads\/2022\/06\/12102223\/vanesa-coloma.jpg","datePublished":"2022-06-25T16:08:27+00:00","dateModified":"2025-03-12T10:22:33+00:00","breadcrumb":{"@id":"https:\/\/cardamomo.com\/es\/artist\/vanesa-coloma-madrid\/#breadcrumb"},"inLanguage":"es","potentialAction":[{"@type":"ReadAction","target":[["https:\/\/cardamomo.com\/es\/artist\/vanesa-coloma-madrid\/"]]}]},{"@type":"ImageObject","inLanguage":"es","@id":"https:\/\/cardamomo.com\/es\/artist\/vanesa-coloma-madrid\/#primaryimage","url":"https:\/\/cardamomo.ams3.digitaloceanspaces.com\/wp-content\/uploads\/2022\/06\/12102223\/vanesa-coloma.jpg","contentUrl":"https:\/\/cardamomo.ams3.digitaloceanspaces.com\/wp-content\/uploads\/2022\/06\/12102223\/vanesa-coloma.jpg","width":600,"height":750,"caption":"Bailaora Vanesa Coloma (Madrid)"},{"@type":"BreadcrumbList","@id":"https:\/\/cardamomo.com\/es\/artist\/vanesa-coloma-madrid\/#breadcrumb","itemListElement":[{"@type":"ListItem","position":1,"name":"Cardamomo","item":"https:\/\/cardamomo.com\/es\/"},{"@type":"ListItem","position":2,"name":"Artists","item":"https:\/\/cardamomo.com\/es\/artist\/"},{"@type":"ListItem","position":3,"name":"Vanesa Coloma (Madrid)"}]},{"@type":"WebSite","@id":"https:\/\/cardamomo.com\/es\/#website","url":"https:\/\/cardamomo.com\/es\/","name":"Cardamomo Flamenco Madrid","description":"","potentialAction":[{"@type":"SearchAction","target":{"@type":"EntryPoint","urlTemplate":"https:\/\/cardamomo.com\/es\/?s={search_term_string}"},"query-input":{"@type":"PropertyValueSpecification","valueRequired":true,"valueName":"search_term_string"}}],"inLanguage":"es"}]}},"_links":{"self":[{"href":"https:\/\/cardamomo.com\/es\/wp-json\/wp\/v2\/artist\/103486","targetHints":{"allow":["GET"]}}],"collection":[{"href":"https:\/\/cardamomo.com\/es\/wp-json\/wp\/v2\/artist"}],"about":[{"href":"https:\/\/cardamomo.com\/es\/wp-json\/wp\/v2\/types\/artist"}],"wp:featuredmedia":[{"embeddable":true,"href":"https:\/\/cardamomo.com\/es\/wp-json\/wp\/v2\/media\/157178"}],"wp:attachment":[{"href":"https:\/\/cardamomo.com\/es\/wp-json\/wp\/v2\/media?parent=103486"}],"curies":[{"name":"wp","href":"https:\/\/api.w.org\/{rel}","templated":true}]}}

<p></p>
<h4>Biografía</h4>
<p>Vanesa, bailaora nacida en Madrid, formada en en el Real Conservatorio de Danza de Madrid, actúa en los mejores tablaos de España , colaborando con artistas de primera línea como Alfonso Losa, Rocío Molina, Belén Maya, Jesús Carmona, Manuel Liñán, entre otros.</p>
<p>En 2012 estrenó el espectáculo “FlamenKlórica”, una propuesta escénica que se convirtió en finalista del Certamen de Coreografía de Madrid. Luego de su estreno, tras la gran aclamada crítica, ha participado de varios festivales como “Festival Flamenco Madrid 2016”, “Festival Tío de la Juliana” 2016, “Corral del Carbón” 2016, “Otoños Flamencos” 2016, “Festival internacional de Alburquerque 2018”, y el más reciente “Festival de Jerez 2019”.</p>
<p>Su dedicación y constancia, le han permitido llegar a diferentes menciones como ser semifinalista en el Concurso Internacional del Cante de Las Minas 2017 y ganadora del Premio Nacional de la “Perla de Cádiz” por Alegrías en 2018. Vanesa muestra una gran pureza y sensibilidad arriba del escenario y nos hace saber, sin lugar a dudas, que es una de las artistas más importantes de su generación.</p>
<h4>Obras y Festivales</h4>
<div class="" data-mesh-id="comp-kiaul0b8inlineContent" data-testid="inline-content">
<div data-mesh-id="comp-kiaul0b8inlineContent-gridContainer" data-testid="mesh-container-content">
<div id="comp-kiaujuku" class="XUUsC">
<div class="xQ_iF" data-testid="linkElement"><em>«FlamenKlorica”</em> de Vanesa Coloma.</div>
</div>
<div id="comp-ki7o2bsm" class="_1Q9if" data-testid="richTextElement">
<p class="font_8"><em>“7 Balcones”, “4 Adjetivos” y «Equilibrio Flamenco”</em> de Jesus Carmona.</p>
<p class="font_8"><em>“Tauro” y ”2 En Compañía”</em> de Manuel Liñán.</p>
<p class="font_8"><em>“Oro Viejo”, “Cuando Las Piedras Vuelen”, “Almario”, “Turquesa Como El Limón”</em> de Rocio Molina.</p>
<p class="font_8"><em>«Souvenir” y “Dibujos”</em> de Belén Maya.</p>
<p class="font_8"><em>“Camino Flamenco” y ”En Candela”</em> de Alfonso Losa.</p>
<p class="font_8"><em> “Mujeres al borde de una bata de Cola”</em> de Yolanda Heredia.</p>
<p class="font_8">Bienal de Sevilla, Festival de Jerez, Festival de las Minas, Suma Flamenca, Madrid en Danza, Festival Flamenco Usa, Festival de Alburquerque, Festival de Mont de Marsan, Festival de Nimes.</p>
<p class="font_8">
</div>
</div>
</div>
<p></p>

<!-- This site is optimized with the Yoast SEO plugin v27.4 - https://yoast.com/product/yoast-seo-wordpress/ -->
<title>Vanesa Coloma (Madrid) - Cardamomo Flamenco Madrid</title>
<meta name="robots" content="index, follow, max-snippet:-1, max-image-preview:large, max-video-preview:-1" />
<link rel="canonical" href="/" />
<meta property="og:locale" content="es_ES" />
<meta property="og:type" content="article" />
<meta property="og:title" content="Vanesa Coloma (Madrid) - Cardamomo Flamenco Madrid" />
<meta property="og:description" content="Biografía Vanesa, bailaora nacida en Madrid, formada en en el Real Conservatorio de Danza de Madrid, actúa en los mejores tablaos de España , colaborando con artistas de primera línea como Alfonso Losa, Rocío Molina, Belén Maya, Jesús Carmona, Manuel Liñán, entre otros. En 2012 estrenó el espectáculo “FlamenKlórica”, una propuesta escénica que se convirtió..." />
<meta property="og:url" content="https://cardamomo.com/es/artist/vanesa-coloma-madrid/" />
<meta property="og:site_name" content="Cardamomo Flamenco Madrid" />
<meta property="article:modified_time" content="2025-03-12T10:22:33+00:00" />
<meta property="og:image" content="https://cardamomo.ams3.digitaloceanspaces.com/wp-content/uploads/2022/06/12102223/vanesa-coloma.jpg" />
	<meta property="og:image:width" content="600" />
	<meta property="og:image:height" content="750" />
	<meta property="og:image:type" content="image/jpeg" />
<meta name="twitter:card" content="summary_large_image" />
<meta name="twitter:label1" content="Tiempo de lectura" />
	<meta name="twitter:data1" content="2 minutos" />
<script type="application/ld+json" class="yoast-schema-graph">{"@context":"https:\/\/schema.org","@graph":[{"@type":"WebPage","@id":"https:\/\/cardamomo.com\/es\/artist\/vanesa-coloma-madrid\/","url":"https:\/\/cardamomo.com\/es\/artist\/vanesa-coloma-madrid\/","name":"Vanesa Coloma (Madrid) - Cardamomo Flamenco Madrid","isPartOf":{"@id":"https:\/\/cardamomo.com\/es\/#website"},"primaryImageOfPage":{"@id":"https:\/\/cardamomo.com\/es\/artist\/vanesa-coloma-madrid\/#primaryimage"},"image":{"@id":"https:\/\/cardamomo.com\/es\/artist\/vanesa-coloma-madrid\/#primaryimage"},"thumbnailUrl":"https:\/\/cardamomo.ams3.digitaloceanspaces.com\/wp-content\/uploads\/2022\/06\/12102223\/vanesa-coloma.jpg","datePublished":"2022-06-25T16:08:27+00:00","dateModified":"2025-03-12T10:22:33+00:00","breadcrumb":{"@id":"https:\/\/cardamomo.com\/es\/artist\/vanesa-coloma-madrid\/#breadcrumb"},"inLanguage":"es","potentialAction":[{"@type":"ReadAction","target":[["https:\/\/cardamomo.com\/es\/artist\/vanesa-coloma-madrid\/"]]}]},{"@type":"ImageObject","inLanguage":"es","@id":"https:\/\/cardamomo.com\/es\/artist\/vanesa-coloma-madrid\/#primaryimage","url":"https:\/\/cardamomo.ams3.digitaloceanspaces.com\/wp-content\/uploads\/2022\/06\/12102223\/vanesa-coloma.jpg","contentUrl":"https:\/\/cardamomo.ams3.digitaloceanspaces.com\/wp-content\/uploads\/2022\/06\/12102223\/vanesa-coloma.jpg","width":600,"height":750,"caption":"Bailaora Vanesa Coloma (Madrid)"},{"@type":"BreadcrumbList","@id":"https:\/\/cardamomo.com\/es\/artist\/vanesa-coloma-madrid\/#breadcrumb","itemListElement":[{"@type":"ListItem","position":1,"name":"Cardamomo","item":"https:\/\/cardamomo.com\/es\/"},{"@type":"ListItem","position":2,"name":"Artists","item":"https:\/\/cardamomo.com\/es\/artist\/"},{"@type":"ListItem","position":3,"name":"Vanesa Coloma (Madrid)"}]},{"@type":"WebSite","@id":"https:\/\/cardamomo.com\/es\/#website","url":"https:\/\/cardamomo.com\/es\/","name":"Cardamomo Flamenco Madrid","description":"","potentialAction":[{"@type":"SearchAction","target":{"@type":"EntryPoint","urlTemplate":"https:\/\/cardamomo.com\/es\/?s={search_term_string}"},"query-input":{"@type":"PropertyValueSpecification","valueRequired":true,"valueName":"search_term_string"}}],"inLanguage":"es"}]}</script>
<!-- / Yoast SEO plugin. -->

Biografía Vanesa, bailaora nacida en Madrid, formada en en el Real Conservatorio de Danza de Madrid, actúa en los mejores tablaos de España , colaborando con artistas de primera línea como Alfonso Losa, Rocío Molina, Belén Maya, Jesús Carmona, Manuel Liñán, entre otros. En 2012 estrenó el espectáculo “FlamenKlórica”, una propuesta escénica que se convirtió...
