{"version":"1.0","provider_name":"Cardamomo Flamenco Madrid","provider_url":"https:\/\/cardamomo.com\/es","author_name":"admin_cardamomo","author_url":"https:\/\/cardamomo.com\/es\/author\/admin_cardamomo\/","title":"Flamenco Madrid julio 2018 - Cardamomo Flamenco Madrid","type":"rich","width":600,"height":338,"html":"<blockquote class=\"wp-embedded-content\" data-secret=\"Josd9SV1Sw\"><a href=\"https:\/\/cardamomo.com\/es\/show\/flamenco-madrid-julio-2018\/\">Flamenco Madrid julio 2018<\/a><\/blockquote><iframe sandbox=\"allow-scripts\" security=\"restricted\" src=\"https:\/\/cardamomo.com\/es\/show\/flamenco-madrid-julio-2018\/embed\/#?secret=Josd9SV1Sw\" width=\"600\" height=\"338\" title=\"\u00abFlamenco Madrid julio 2018\u00bb \u2014 Cardamomo Flamenco Madrid\" data-secret=\"Josd9SV1Sw\" frameborder=\"0\" marginwidth=\"0\" marginheight=\"0\" scrolling=\"no\" class=\"wp-embedded-content\"><\/iframe><script type=\"text\/javascript\">\n\/* <![CDATA[ *\/\n\/*! This file is auto-generated *\/\n!function(d,l){\"use strict\";l.querySelector&&d.addEventListener&&\"undefined\"!=typeof URL&&(d.wp=d.wp||{},d.wp.receiveEmbedMessage||(d.wp.receiveEmbedMessage=function(e){var t=e.data;if((t||t.secret||t.message||t.value)&&!\/[^a-zA-Z0-9]\/.test(t.secret)){for(var s,r,n,a=l.querySelectorAll('iframe[data-secret=\"'+t.secret+'\"]'),o=l.querySelectorAll('blockquote[data-secret=\"'+t.secret+'\"]'),c=new RegExp(\"^https?:$\",\"i\"),i=0;i<o.length;i++)o[i].style.display=\"none\";for(i=0;i<a.length;i++)s=a[i],e.source===s.contentWindow&&(s.removeAttribute(\"style\"),\"height\"===t.message?(1e3<(r=parseInt(t.value,10))?r=1e3:~~r<200&&(r=200),s.height=r):\"link\"===t.message&&(r=new URL(s.getAttribute(\"src\")),n=new URL(t.value),c.test(n.protocol))&&n.host===r.host&&l.activeElement===s&&(d.top.location.href=t.value))}},d.addEventListener(\"message\",d.wp.receiveEmbedMessage,!1),l.addEventListener(\"DOMContentLoaded\",function(){for(var e,t,s=l.querySelectorAll(\"iframe.wp-embedded-content\"),r=0;r<s.length;r++)(t=(e=s[r]).getAttribute(\"data-secret\"))||(t=Math.random().toString(36).substring(2,12),e.src+=\"#?secret=\"+t,e.setAttribute(\"data-secret\",t)),e.contentWindow.postMessage({message:\"ready\",secret:t},\"*\")},!1)))}(window,document);\n\/\/# sourceURL=https:\/\/cardamomo.com\/wp-includes\/js\/wp-embed.min.js\n\/* ]]> *\/\n<\/script>\n","thumbnail_url":null,"thumbnail_width":null,"thumbnail_height":null,"description":"Flamenco Madrid. Oportunidad\u00a0\u00fanica este mes para disfrutar con la presencia especial de artistas venidos expresamente desde Andaluc\u00eda. Disfrutaremos de artistas venidos de fuera de Madrid que Cardamomo trae expresamente para enriquecer su espect\u00e1culo. En el tablao flamenco Cardamomo maestros de la guitarra espa\u00f1ola, prestigiosos cantaores y cantaoras, bailaores y bailaoras del flamenco de toda Espa\u00f1a..."}

Flamenco Madrid. Oportunidad única este mes para disfrutar con la presencia especial de artistas venidos expresamente desde Andalucía. Disfrutaremos de artistas venidos de fuera de Madrid que Cardamomo trae expresamente para enriquecer su espectáculo. En el tablao flamenco Cardamomo maestros de la guitarra española, prestigiosos cantaores y cantaoras, bailaores y bailaoras del flamenco de toda España...
