{"id":86856,"date":"2021-09-30T13:05:46","date_gmt":"2021-09-30T11:05:46","guid":{"rendered":"https:\/\/cardamomo.com\/es\/?post_type=show&amp;p=86856"},"modified":"2021-09-30T13:05:46","modified_gmt":"2021-09-30T11:05:46","slug":"macarena-ramirez","status":"publish","type":"show","link":"https:\/\/cardamomo.com\/en\/show\/macarena-ramirez\/","title":{"rendered":"Macarena Ram\u00edrez returns to Cardamomo"},"content":{"rendered":"<p><\/p>\n<h2>The dancer from C\u00e1diz will be on our stage from October 17 to 22.<\/h2>\n<p>Macarena Ram\u00edrez trained at the Maribel Gallardo conservatory in C\u00e1diz and has continued her training in the performing arts. Since she was a child she has stood out as an artist and dancer, becoming one of the dancers in Antonio el Pipa&#8217;s company in 2002, in which she took part in &#8220;Puertas adentro&#8221;, &#8220;Danza Cali&#8221; and &#8220;De tablao&#8221;. She also played Lola Flores as a child in the film &#8220;Lola, la pel\u00edcula&#8221;.<\/p>\n<p>She has recently started her career as a choreographer, creating her own flamenco company and presenting her first two shows: &#8220;8 letras, 8 palos&#8221; and &#8220;Recuerdos&#8221;. In the latter, the artist puts herself in the shoes of a former retired bailaora, who remembers her youth as a bailaora and artist, a life she had to give up to devote herself to her family. On the other hand, her artistic career goes beyond the screen when in 2021 she is declared the winner of the TVE television programme &#8220;The Dancer&#8221;.<\/p>\n<p>An artist from head to toe, don&#8217;t miss her show!<\/p>\n<p><strong>Reservations \u2b07\ufe0f<\/strong><\/p>\n<p class=\"p1\"><strong><span class=\"s1\">????\u00a0<\/span>reservas@cardamomo.com<\/strong><\/p>\n<p class=\"p2\"><strong>\u260e\ufe0f (\u200b +34) 91 805 1038\/ (+34) 691 02 21 17<\/strong><\/p>\n<p class=\"p1\"><strong><span class=\"s1\">????\u00a0<\/span>cardamomo.com<\/strong><\/p>\n<p><img loading=\"lazy\" decoding=\"async\" class=\"alignnone wp-image-110199\" src=\"https:\/\/cardamomo.com\/wp-content\/uploads\/2022\/03\/log_comunidad_m.jpg\" alt=\"\" width=\"38\" height=\"54\" \/><img loading=\"lazy\" decoding=\"async\" class=\"alignnone wp-image-110187\" src=\"https:\/\/cardamomo.com\/wp-content\/uploads\/2022\/03\/firma_madrid_negro-300x82.png\" alt=\"\" width=\"227\" height=\"62\" \/><img loading=\"lazy\" decoding=\"async\" class=\"alignnone wp-image-110186\" src=\"https:\/\/cardamomo.com\/wp-content\/uploads\/2022\/03\/inaem-02-cajetin-rojo-300x53.png\" alt=\"\" width=\"294\" height=\"52\" \/><\/p>","protected":false},"featured_media":95501,"template":"","meta":{"_acf_changed":false,"inline_featured_image":false},"class_list":["post-86856","show","type-show","status-publish","has-post-thumbnail","hentry"],"acf":[],"yoast_head":"<!-- This site is optimized with the Yoast SEO plugin v27.4 - https:\/\/yoast.com\/product\/yoast-seo-wordpress\/ -->\n<title>Macarena Ram\u00edrez returns to Cardamomo - Cardamomo Flamenco Madrid<\/title>\n<meta name=\"robots\" content=\"index, follow, max-snippet:-1, max-image-preview:large, max-video-preview:-1\" \/>\n<link rel=\"canonical\" href=\"\/\" \/>\n<meta property=\"og:locale\" content=\"en_US\" \/>\n<meta property=\"og:type\" content=\"article\" \/>\n<meta property=\"og:title\" content=\"Macarena Ram\u00edrez returns to Cardamomo - Cardamomo Flamenco Madrid\" \/>\n<meta property=\"og:description\" content=\"The dancer from C\u00e1diz will be on our stage from October 17 to 22. Macarena Ram\u00edrez trained at the Maribel Gallardo conservatory in C\u00e1diz and has continued her training in the performing arts. Since she was a child she has stood out as an artist and dancer, becoming one of the dancers in Antonio el...\" \/>\n<meta property=\"og:url\" content=\"https:\/\/cardamomo.com\/en\/show\/macarena-ramirez\/\" \/>\n<meta property=\"og:site_name\" content=\"Cardamomo Flamenco Madrid\" \/>\n<meta name=\"twitter:card\" content=\"summary_large_image\" \/>\n<meta name=\"twitter:label1\" content=\"Est. reading time\" \/>\n\t<meta name=\"twitter:data1\" content=\"1 minute\" \/>\n<script type=\"application\/ld+json\" class=\"yoast-schema-graph\">{\"@context\":\"https:\\\/\\\/schema.org\",\"@graph\":[{\"@type\":\"WebPage\",\"@id\":\"https:\\\/\\\/cardamomo.com\\\/en\\\/show\\\/macarena-ramirez\\\/\",\"url\":\"https:\\\/\\\/cardamomo.com\\\/en\\\/show\\\/macarena-ramirez\\\/\",\"name\":\"Macarena Ram\u00edrez returns to Cardamomo - Cardamomo Flamenco Madrid\",\"isPartOf\":{\"@id\":\"https:\\\/\\\/cardamomo.com\\\/en\\\/#website\"},\"primaryImageOfPage\":{\"@id\":\"https:\\\/\\\/cardamomo.com\\\/en\\\/show\\\/macarena-ramirez\\\/#primaryimage\"},\"image\":{\"@id\":\"https:\\\/\\\/cardamomo.com\\\/es\\\/show\\\/macarena-ramirez\\\/#primaryimage\"},\"thumbnailUrl\":\"\",\"datePublished\":\"2021-09-30T11:05:46+00:00\",\"breadcrumb\":{\"@id\":\"https:\\\/\\\/cardamomo.com\\\/en\\\/show\\\/macarena-ramirez\\\/#breadcrumb\"},\"inLanguage\":\"en-US\",\"potentialAction\":[{\"@type\":\"ReadAction\",\"target\":[[\"https:\\\/\\\/cardamomo.com\\\/en\\\/show\\\/macarena-ramirez\\\/\"]]}]},{\"@type\":\"ImageObject\",\"inLanguage\":\"en-US\",\"@id\":\"https:\\\/\\\/cardamomo.com\\\/en\\\/show\\\/macarena-ramirez\\\/#primaryimage\",\"url\":\"\",\"contentUrl\":\"\"},{\"@type\":\"BreadcrumbList\",\"@id\":\"https:\\\/\\\/cardamomo.com\\\/en\\\/show\\\/macarena-ramirez\\\/#breadcrumb\",\"itemListElement\":[{\"@type\":\"ListItem\",\"position\":1,\"name\":\"Cardamomo\",\"item\":\"https:\\\/\\\/cardamomo.com\\\/en\\\/\"},{\"@type\":\"ListItem\",\"position\":2,\"name\":\"Shows\",\"item\":\"https:\\\/\\\/cardamomo.com\\\/en\\\/show\\\/\"},{\"@type\":\"ListItem\",\"position\":3,\"name\":\"Macarena Ram\u00edrez vuelve a Cardamomo\"}]},{\"@type\":\"WebSite\",\"@id\":\"https:\\\/\\\/cardamomo.com\\\/en\\\/#website\",\"url\":\"https:\\\/\\\/cardamomo.com\\\/en\\\/\",\"name\":\"Cardamomo Flamenco Madrid\",\"description\":\"\",\"potentialAction\":[{\"@type\":\"SearchAction\",\"target\":{\"@type\":\"EntryPoint\",\"urlTemplate\":\"https:\\\/\\\/cardamomo.com\\\/en\\\/?s={search_term_string}\"},\"query-input\":{\"@type\":\"PropertyValueSpecification\",\"valueRequired\":true,\"valueName\":\"search_term_string\"}}],\"inLanguage\":\"en-US\"}]}<\/script>\n<!-- \/ Yoast SEO plugin. -->","yoast_head_json":{"title":"Macarena Ram\u00edrez returns to Cardamomo - Cardamomo Flamenco Madrid","robots":{"index":"index","follow":"follow","max-snippet":"max-snippet:-1","max-image-preview":"max-image-preview:large","max-video-preview":"max-video-preview:-1"},"canonical":"\/","og_locale":"en_US","og_type":"article","og_title":"Macarena Ram\u00edrez returns to Cardamomo - Cardamomo Flamenco Madrid","og_description":"The dancer from C\u00e1diz will be on our stage from October 17 to 22. Macarena Ram\u00edrez trained at the Maribel Gallardo conservatory in C\u00e1diz and has continued her training in the performing arts. Since she was a child she has stood out as an artist and dancer, becoming one of the dancers in Antonio el...","og_url":"https:\/\/cardamomo.com\/en\/show\/macarena-ramirez\/","og_site_name":"Cardamomo Flamenco Madrid","twitter_card":"summary_large_image","twitter_misc":{"Est. reading time":"1 minute"},"schema":{"@context":"https:\/\/schema.org","@graph":[{"@type":"WebPage","@id":"https:\/\/cardamomo.com\/en\/show\/macarena-ramirez\/","url":"https:\/\/cardamomo.com\/en\/show\/macarena-ramirez\/","name":"Macarena Ram\u00edrez returns to Cardamomo - Cardamomo Flamenco Madrid","isPartOf":{"@id":"https:\/\/cardamomo.com\/en\/#website"},"primaryImageOfPage":{"@id":"https:\/\/cardamomo.com\/en\/show\/macarena-ramirez\/#primaryimage"},"image":{"@id":"https:\/\/cardamomo.com\/es\/show\/macarena-ramirez\/#primaryimage"},"thumbnailUrl":"","datePublished":"2021-09-30T11:05:46+00:00","breadcrumb":{"@id":"https:\/\/cardamomo.com\/en\/show\/macarena-ramirez\/#breadcrumb"},"inLanguage":"en-US","potentialAction":[{"@type":"ReadAction","target":[["https:\/\/cardamomo.com\/en\/show\/macarena-ramirez\/"]]}]},{"@type":"ImageObject","inLanguage":"en-US","@id":"https:\/\/cardamomo.com\/en\/show\/macarena-ramirez\/#primaryimage","url":"","contentUrl":""},{"@type":"BreadcrumbList","@id":"https:\/\/cardamomo.com\/en\/show\/macarena-ramirez\/#breadcrumb","itemListElement":[{"@type":"ListItem","position":1,"name":"Cardamomo","item":"https:\/\/cardamomo.com\/en\/"},{"@type":"ListItem","position":2,"name":"Shows","item":"https:\/\/cardamomo.com\/en\/show\/"},{"@type":"ListItem","position":3,"name":"Macarena Ram\u00edrez vuelve a Cardamomo"}]},{"@type":"WebSite","@id":"https:\/\/cardamomo.com\/en\/#website","url":"https:\/\/cardamomo.com\/en\/","name":"Cardamomo Flamenco Madrid","description":"","potentialAction":[{"@type":"SearchAction","target":{"@type":"EntryPoint","urlTemplate":"https:\/\/cardamomo.com\/en\/?s={search_term_string}"},"query-input":{"@type":"PropertyValueSpecification","valueRequired":true,"valueName":"search_term_string"}}],"inLanguage":"en-US"}]}},"_links":{"self":[{"href":"https:\/\/cardamomo.com\/en\/wp-json\/wp\/v2\/show\/86856","targetHints":{"allow":["GET"]}}],"collection":[{"href":"https:\/\/cardamomo.com\/en\/wp-json\/wp\/v2\/show"}],"about":[{"href":"https:\/\/cardamomo.com\/en\/wp-json\/wp\/v2\/types\/show"}],"wp:featuredmedia":[{"embeddable":true,"href":"https:\/\/cardamomo.com\/en\/wp-json\/"}],"wp:attachment":[{"href":"https:\/\/cardamomo.com\/en\/wp-json\/wp\/v2\/media?parent=86856"}],"curies":[{"name":"wp","href":"https:\/\/api.w.org\/{rel}","templated":true}]}}

Macarena Ramírez returns to Cardamomo

<p></p>
<h2>The dancer from Cádiz will be on our stage from October 17 to 22.</h2>
<p>Macarena Ramírez trained at the Maribel Gallardo conservatory in Cádiz and has continued her training in the performing arts. Since she was a child she has stood out as an artist and dancer, becoming one of the dancers in Antonio el Pipa&#8217;s company in 2002, in which she took part in &#8220;Puertas adentro&#8221;, &#8220;Danza Cali&#8221; and &#8220;De tablao&#8221;. She also played Lola Flores as a child in the film &#8220;Lola, la película&#8221;.</p>
<p>She has recently started her career as a choreographer, creating her own flamenco company and presenting her first two shows: &#8220;8 letras, 8 palos&#8221; and &#8220;Recuerdos&#8221;. In the latter, the artist puts herself in the shoes of a former retired bailaora, who remembers her youth as a bailaora and artist, a life she had to give up to devote herself to her family. On the other hand, her artistic career goes beyond the screen when in 2021 she is declared the winner of the TVE television programme &#8220;The Dancer&#8221;.</p>
<p>An artist from head to toe, don&#8217;t miss her show!</p>
<p><strong>Reservations ⬇️</strong></p>
<p class="p1"><strong><span class="s1">???? </span>reservas@cardamomo.com</strong></p>
<p class="p2"><strong>☎️ (​ +34) 91 805 1038/ (+34) 691 02 21 17</strong></p>
<p class="p1"><strong><span class="s1">???? </span>cardamomo.com</strong></p>
<p><img loading="lazy" decoding="async" class="alignnone wp-image-110199" src="https://cardamomo.com/wp-content/uploads/2022/03/log_comunidad_m.jpg" alt="" width="38" height="54" /><img loading="lazy" decoding="async" class="alignnone wp-image-110187" src="https://cardamomo.com/wp-content/uploads/2022/03/firma_madrid_negro-300x82.png" alt="" width="227" height="62" /><img loading="lazy" decoding="async" class="alignnone wp-image-110186" src="https://cardamomo.com/wp-content/uploads/2022/03/inaem-02-cajetin-rojo-300x53.png" alt="" width="294" height="52" /></p>

<!-- This site is optimized with the Yoast SEO plugin v27.4 - https://yoast.com/product/yoast-seo-wordpress/ -->
<title>Macarena Ramírez returns to Cardamomo - Cardamomo Flamenco Madrid</title>
<meta name="robots" content="index, follow, max-snippet:-1, max-image-preview:large, max-video-preview:-1" />
<link rel="canonical" href="/" />
<meta property="og:locale" content="en_US" />
<meta property="og:type" content="article" />
<meta property="og:title" content="Macarena Ramírez returns to Cardamomo - Cardamomo Flamenco Madrid" />
<meta property="og:description" content="The dancer from Cádiz will be on our stage from October 17 to 22. Macarena Ramírez trained at the Maribel Gallardo conservatory in Cádiz and has continued her training in the performing arts. Since she was a child she has stood out as an artist and dancer, becoming one of the dancers in Antonio el..." />
<meta property="og:url" content="https://cardamomo.com/en/show/macarena-ramirez/" />
<meta property="og:site_name" content="Cardamomo Flamenco Madrid" />
<meta name="twitter:card" content="summary_large_image" />
<meta name="twitter:label1" content="Est. reading time" />
	<meta name="twitter:data1" content="1 minute" />
<script type="application/ld+json" class="yoast-schema-graph">{"@context":"https:\/\/schema.org","@graph":[{"@type":"WebPage","@id":"https:\/\/cardamomo.com\/en\/show\/macarena-ramirez\/","url":"https:\/\/cardamomo.com\/en\/show\/macarena-ramirez\/","name":"Macarena Ramírez returns to Cardamomo - Cardamomo Flamenco Madrid","isPartOf":{"@id":"https:\/\/cardamomo.com\/en\/#website"},"primaryImageOfPage":{"@id":"https:\/\/cardamomo.com\/en\/show\/macarena-ramirez\/#primaryimage"},"image":{"@id":"https:\/\/cardamomo.com\/es\/show\/macarena-ramirez\/#primaryimage"},"thumbnailUrl":"","datePublished":"2021-09-30T11:05:46+00:00","breadcrumb":{"@id":"https:\/\/cardamomo.com\/en\/show\/macarena-ramirez\/#breadcrumb"},"inLanguage":"en-US","potentialAction":[{"@type":"ReadAction","target":[["https:\/\/cardamomo.com\/en\/show\/macarena-ramirez\/"]]}]},{"@type":"ImageObject","inLanguage":"en-US","@id":"https:\/\/cardamomo.com\/en\/show\/macarena-ramirez\/#primaryimage","url":"","contentUrl":""},{"@type":"BreadcrumbList","@id":"https:\/\/cardamomo.com\/en\/show\/macarena-ramirez\/#breadcrumb","itemListElement":[{"@type":"ListItem","position":1,"name":"Cardamomo","item":"https:\/\/cardamomo.com\/en\/"},{"@type":"ListItem","position":2,"name":"Shows","item":"https:\/\/cardamomo.com\/en\/show\/"},{"@type":"ListItem","position":3,"name":"Macarena Ramírez vuelve a Cardamomo"}]},{"@type":"WebSite","@id":"https:\/\/cardamomo.com\/en\/#website","url":"https:\/\/cardamomo.com\/en\/","name":"Cardamomo Flamenco Madrid","description":"","potentialAction":[{"@type":"SearchAction","target":{"@type":"EntryPoint","urlTemplate":"https:\/\/cardamomo.com\/en\/?s={search_term_string}"},"query-input":{"@type":"PropertyValueSpecification","valueRequired":true,"valueName":"search_term_string"}}],"inLanguage":"en-US"}]}</script>
<!-- / Yoast SEO plugin. -->

Macarena Ramírez returns to Cardamomo - Cardamomo Flamenco Madrid

The dancer from Cádiz will be on our stage from October 17 to 22. Macarena Ramírez trained at the Maribel Gallardo conservatory in Cádiz and has continued her training in the performing arts. Since she was a child she has stood out as an artist and dancer, becoming one of the dancers in Antonio el...

Macarena Ramírez vuelve a Cardamomo
