{"id":157652,"date":"2025-07-21T09:35:07","date_gmt":"2025-07-21T09:35:07","guid":{"rendered":"https:\/\/cardamomo.com\/es\/?post_type=show&#038;p=157652"},"modified":"2025-09-12T16:21:51","modified_gmt":"2025-09-12T16:21:51","slug":"flamenco-a-flor-de-piel","status":"publish","type":"show","link":"https:\/\/cardamomo.com\/en\/show\/raw-flamenco-emotion\/","title":{"rendered":"Raw flamenco emotion"},"content":{"rendered":"<p><\/p>\n<p data-start=\"124\" data-end=\"213\"><strong data-start=\"124\" data-end=\"213\">What we\u2019ve prepared for this week is one of those things you feel deep in your chest.<\/strong><\/p>\n<p data-start=\"215\" data-end=\"508\">Imagine the pure energy\u2014almost like fire\u2014that is <strong data-start=\"264\" data-end=\"275\">El Yiyo<\/strong> on stage. He\u2019s one of those dancers who grabs you and won\u2019t let go. And alongside him, the elegance and strength of <strong data-start=\"392\" data-end=\"409\">Sof\u00eda del R\u00edo<\/strong> and <strong data-start=\"414\" data-end=\"433\">Nerea Fern\u00e1ndez<\/strong>, offering the perfect counterpoint, telling stories without a single word.<\/p>\n<p data-start=\"510\" data-end=\"792\">The voice that will tighten your throat is that of <strong data-start=\"561\" data-end=\"576\">Sa\u00fal Quir\u00f3s<\/strong>, a singer who gives it all from the heart. But the magic of this week is that we\u2019ll also have the visceral power of <strong data-start=\"693\" data-end=\"704\">Ingueta<\/strong> and the spark of <strong data-start=\"722\" data-end=\"731\">Ricky<\/strong> on special nights\u2014each bringing their own truth and emotion.<\/p>\n<p data-start=\"794\" data-end=\"1074\">And to lift it all, the guitars of <strong data-start=\"829\" data-end=\"846\">Mario Montoya<\/strong> and <strong data-start=\"851\" data-end=\"870\">Antonio Jim\u00e9nez<\/strong> will be the refuge and the drive behind each artist. And grounding it all, you\u2019ll feel the heartbeat of the earth in the <strong data-start=\"992\" data-end=\"1001\">caj\u00f3n<\/strong> played by <strong data-start=\"1012\" data-end=\"1023\">Antonio<\/strong> and <strong data-start=\"1028\" data-end=\"1043\">Iv\u00e1n Losada<\/strong>\u2014the pulse that carries us all.<\/p>\n<p data-start=\"1076\" data-end=\"1201\">These aren\u2019t just names on a poster. They\u2019re people who leave their soul on this stage. We want you to experience it with us.<\/p>\n<p data-start=\"1203\" data-end=\"1257\"><a href=\"https:\/\/cardamomo.com\/en\/buy-flamenco-tickets\/\"><strong data-start=\"1207\" data-end=\"1253\">Book your ticket now and come to Cardamomo<\/strong><\/a><\/p>\n<p><\/p>","protected":false},"featured_media":157653,"template":"","meta":{"_acf_changed":false,"inline_featured_image":false},"class_list":["post-157652","show","type-show","status-publish","has-post-thumbnail","hentry"],"acf":[],"yoast_head":"<!-- This site is optimized with the Yoast SEO plugin v27.4 - https:\/\/yoast.com\/product\/yoast-seo-wordpress\/ -->\n<title>Raw flamenco emotion - Cardamomo Flamenco Madrid<\/title>\n<meta name=\"robots\" content=\"index, follow, max-snippet:-1, max-image-preview:large, max-video-preview:-1\" \/>\n<link rel=\"canonical\" href=\"\/\" \/>\n<meta property=\"og:locale\" content=\"en_US\" \/>\n<meta property=\"og:type\" content=\"article\" \/>\n<meta property=\"og:title\" content=\"Raw flamenco emotion - Cardamomo Flamenco Madrid\" \/>\n<meta property=\"og:description\" content=\"What we\u2019ve prepared for this week is one of those things you feel deep in your chest. Imagine the pure energy\u2014almost like fire\u2014that is El Yiyo on stage. He\u2019s one of those dancers who grabs you and won\u2019t let go. And alongside him, the elegance and strength of Sof\u00eda del R\u00edo and Nerea Fern\u00e1ndez, offering...\" \/>\n<meta property=\"og:url\" content=\"https:\/\/cardamomo.com\/en\/show\/flamenco-a-flor-de-piel\/\" \/>\n<meta property=\"og:site_name\" content=\"Cardamomo Flamenco Madrid\" \/>\n<meta property=\"article:modified_time\" content=\"2025-09-12T16:21:51+00:00\" \/>\n<meta property=\"og:image\" content=\"https:\/\/cardamomo.ams3.digitaloceanspaces.com\/wp-content\/uploads\/2025\/07\/21093417\/programacion-cardamomo-21-27-julio.jpg\" \/>\n\t<meta property=\"og:image:width\" content=\"1200\" \/>\n\t<meta property=\"og:image:height\" content=\"800\" \/>\n\t<meta property=\"og:image:type\" content=\"image\/jpeg\" \/>\n<meta name=\"twitter:card\" content=\"summary_large_image\" \/>\n<meta name=\"twitter:label1\" content=\"Est. reading time\" \/>\n\t<meta name=\"twitter:data1\" content=\"2 minutes\" \/>\n<script type=\"application\/ld+json\" class=\"yoast-schema-graph\">{\"@context\":\"https:\\\/\\\/schema.org\",\"@graph\":[{\"@type\":\"WebPage\",\"@id\":\"https:\\\/\\\/cardamomo.com\\\/en\\\/show\\\/flamenco-a-flor-de-piel\\\/\",\"url\":\"https:\\\/\\\/cardamomo.com\\\/en\\\/show\\\/flamenco-a-flor-de-piel\\\/\",\"name\":\"Raw flamenco emotion - Cardamomo Flamenco Madrid\",\"isPartOf\":{\"@id\":\"https:\\\/\\\/cardamomo.com\\\/en\\\/#website\"},\"primaryImageOfPage\":{\"@id\":\"https:\\\/\\\/cardamomo.com\\\/en\\\/show\\\/flamenco-a-flor-de-piel\\\/#primaryimage\"},\"image\":{\"@id\":\"https:\\\/\\\/cardamomo.com\\\/es\\\/show\\\/flamenco-a-flor-de-piel\\\/#primaryimage\"},\"thumbnailUrl\":\"https:\\\/\\\/cardamomo.ams3.digitaloceanspaces.com\\\/wp-content\\\/uploads\\\/2025\\\/07\\\/21093417\\\/programacion-cardamomo-21-27-julio.jpg\",\"datePublished\":\"2025-07-21T09:35:07+00:00\",\"dateModified\":\"2025-09-12T16:21:51+00:00\",\"breadcrumb\":{\"@id\":\"https:\\\/\\\/cardamomo.com\\\/en\\\/show\\\/flamenco-a-flor-de-piel\\\/#breadcrumb\"},\"inLanguage\":\"en-US\",\"potentialAction\":[{\"@type\":\"ReadAction\",\"target\":[[\"https:\\\/\\\/cardamomo.com\\\/en\\\/show\\\/flamenco-a-flor-de-piel\\\/\"]]}]},{\"@type\":\"ImageObject\",\"inLanguage\":\"en-US\",\"@id\":\"https:\\\/\\\/cardamomo.com\\\/en\\\/show\\\/flamenco-a-flor-de-piel\\\/#primaryimage\",\"url\":\"https:\\\/\\\/cardamomo.ams3.digitaloceanspaces.com\\\/wp-content\\\/uploads\\\/2025\\\/07\\\/21093417\\\/programacion-cardamomo-21-27-julio.jpg\",\"contentUrl\":\"https:\\\/\\\/cardamomo.ams3.digitaloceanspaces.com\\\/wp-content\\\/uploads\\\/2025\\\/07\\\/21093417\\\/programacion-cardamomo-21-27-julio.jpg\",\"width\":1200,\"height\":800,\"caption\":\"Programaci\u00f3n art\u00edstica 21 al 27 de Julio de Cardamomo Flamenco Madrid\"},{\"@type\":\"BreadcrumbList\",\"@id\":\"https:\\\/\\\/cardamomo.com\\\/en\\\/show\\\/flamenco-a-flor-de-piel\\\/#breadcrumb\",\"itemListElement\":[{\"@type\":\"ListItem\",\"position\":1,\"name\":\"Cardamomo\",\"item\":\"https:\\\/\\\/cardamomo.com\\\/en\\\/\"},{\"@type\":\"ListItem\",\"position\":2,\"name\":\"Shows\",\"item\":\"https:\\\/\\\/cardamomo.com\\\/en\\\/show\\\/\"},{\"@type\":\"ListItem\",\"position\":3,\"name\":\"Flamenco a Flor de Piel\"}]},{\"@type\":\"WebSite\",\"@id\":\"https:\\\/\\\/cardamomo.com\\\/en\\\/#website\",\"url\":\"https:\\\/\\\/cardamomo.com\\\/en\\\/\",\"name\":\"Cardamomo Flamenco Madrid\",\"description\":\"\",\"potentialAction\":[{\"@type\":\"SearchAction\",\"target\":{\"@type\":\"EntryPoint\",\"urlTemplate\":\"https:\\\/\\\/cardamomo.com\\\/en\\\/?s={search_term_string}\"},\"query-input\":{\"@type\":\"PropertyValueSpecification\",\"valueRequired\":true,\"valueName\":\"search_term_string\"}}],\"inLanguage\":\"en-US\"}]}<\/script>\n<!-- \/ Yoast SEO plugin. -->","yoast_head_json":{"title":"Raw flamenco emotion - Cardamomo Flamenco Madrid","robots":{"index":"index","follow":"follow","max-snippet":"max-snippet:-1","max-image-preview":"max-image-preview:large","max-video-preview":"max-video-preview:-1"},"canonical":"\/","og_locale":"en_US","og_type":"article","og_title":"Raw flamenco emotion - Cardamomo Flamenco Madrid","og_description":"What we\u2019ve prepared for this week is one of those things you feel deep in your chest. Imagine the pure energy\u2014almost like fire\u2014that is El Yiyo on stage. He\u2019s one of those dancers who grabs you and won\u2019t let go. And alongside him, the elegance and strength of Sof\u00eda del R\u00edo and Nerea Fern\u00e1ndez, offering...","og_url":"https:\/\/cardamomo.com\/en\/show\/flamenco-a-flor-de-piel\/","og_site_name":"Cardamomo Flamenco Madrid","article_modified_time":"2025-09-12T16:21:51+00:00","og_image":[{"width":1200,"height":800,"url":"https:\/\/cardamomo.ams3.digitaloceanspaces.com\/wp-content\/uploads\/2025\/07\/21093417\/programacion-cardamomo-21-27-julio.jpg","type":"image\/jpeg"}],"twitter_card":"summary_large_image","twitter_misc":{"Est. reading time":"2 minutes"},"schema":{"@context":"https:\/\/schema.org","@graph":[{"@type":"WebPage","@id":"https:\/\/cardamomo.com\/en\/show\/flamenco-a-flor-de-piel\/","url":"https:\/\/cardamomo.com\/en\/show\/flamenco-a-flor-de-piel\/","name":"Raw flamenco emotion - Cardamomo Flamenco Madrid","isPartOf":{"@id":"https:\/\/cardamomo.com\/en\/#website"},"primaryImageOfPage":{"@id":"https:\/\/cardamomo.com\/en\/show\/flamenco-a-flor-de-piel\/#primaryimage"},"image":{"@id":"https:\/\/cardamomo.com\/es\/show\/flamenco-a-flor-de-piel\/#primaryimage"},"thumbnailUrl":"https:\/\/cardamomo.ams3.digitaloceanspaces.com\/wp-content\/uploads\/2025\/07\/21093417\/programacion-cardamomo-21-27-julio.jpg","datePublished":"2025-07-21T09:35:07+00:00","dateModified":"2025-09-12T16:21:51+00:00","breadcrumb":{"@id":"https:\/\/cardamomo.com\/en\/show\/flamenco-a-flor-de-piel\/#breadcrumb"},"inLanguage":"en-US","potentialAction":[{"@type":"ReadAction","target":[["https:\/\/cardamomo.com\/en\/show\/flamenco-a-flor-de-piel\/"]]}]},{"@type":"ImageObject","inLanguage":"en-US","@id":"https:\/\/cardamomo.com\/en\/show\/flamenco-a-flor-de-piel\/#primaryimage","url":"https:\/\/cardamomo.ams3.digitaloceanspaces.com\/wp-content\/uploads\/2025\/07\/21093417\/programacion-cardamomo-21-27-julio.jpg","contentUrl":"https:\/\/cardamomo.ams3.digitaloceanspaces.com\/wp-content\/uploads\/2025\/07\/21093417\/programacion-cardamomo-21-27-julio.jpg","width":1200,"height":800,"caption":"Programaci\u00f3n art\u00edstica 21 al 27 de Julio de Cardamomo Flamenco Madrid"},{"@type":"BreadcrumbList","@id":"https:\/\/cardamomo.com\/en\/show\/flamenco-a-flor-de-piel\/#breadcrumb","itemListElement":[{"@type":"ListItem","position":1,"name":"Cardamomo","item":"https:\/\/cardamomo.com\/en\/"},{"@type":"ListItem","position":2,"name":"Shows","item":"https:\/\/cardamomo.com\/en\/show\/"},{"@type":"ListItem","position":3,"name":"Flamenco a Flor de Piel"}]},{"@type":"WebSite","@id":"https:\/\/cardamomo.com\/en\/#website","url":"https:\/\/cardamomo.com\/en\/","name":"Cardamomo Flamenco Madrid","description":"","potentialAction":[{"@type":"SearchAction","target":{"@type":"EntryPoint","urlTemplate":"https:\/\/cardamomo.com\/en\/?s={search_term_string}"},"query-input":{"@type":"PropertyValueSpecification","valueRequired":true,"valueName":"search_term_string"}}],"inLanguage":"en-US"}]}},"_links":{"self":[{"href":"https:\/\/cardamomo.com\/en\/wp-json\/wp\/v2\/show\/157652","targetHints":{"allow":["GET"]}}],"collection":[{"href":"https:\/\/cardamomo.com\/en\/wp-json\/wp\/v2\/show"}],"about":[{"href":"https:\/\/cardamomo.com\/en\/wp-json\/wp\/v2\/types\/show"}],"wp:featuredmedia":[{"embeddable":true,"href":"https:\/\/cardamomo.com\/en\/wp-json\/wp\/v2\/media\/157653"}],"wp:attachment":[{"href":"https:\/\/cardamomo.com\/en\/wp-json\/wp\/v2\/media?parent=157652"}],"curies":[{"name":"wp","href":"https:\/\/api.w.org\/{rel}","templated":true}]}}

<p></p>
<p data-start="124" data-end="213"><strong data-start="124" data-end="213">What we’ve prepared for this week is one of those things you feel deep in your chest.</strong></p>
<p data-start="215" data-end="508">Imagine the pure energy—almost like fire—that is <strong data-start="264" data-end="275">El Yiyo</strong> on stage. He’s one of those dancers who grabs you and won’t let go. And alongside him, the elegance and strength of <strong data-start="392" data-end="409">Sofía del Río</strong> and <strong data-start="414" data-end="433">Nerea Fernández</strong>, offering the perfect counterpoint, telling stories without a single word.</p>
<p data-start="510" data-end="792">The voice that will tighten your throat is that of <strong data-start="561" data-end="576">Saúl Quirós</strong>, a singer who gives it all from the heart. But the magic of this week is that we’ll also have the visceral power of <strong data-start="693" data-end="704">Ingueta</strong> and the spark of <strong data-start="722" data-end="731">Ricky</strong> on special nights—each bringing their own truth and emotion.</p>
<p data-start="794" data-end="1074">And to lift it all, the guitars of <strong data-start="829" data-end="846">Mario Montoya</strong> and <strong data-start="851" data-end="870">Antonio Jiménez</strong> will be the refuge and the drive behind each artist. And grounding it all, you’ll feel the heartbeat of the earth in the <strong data-start="992" data-end="1001">cajón</strong> played by <strong data-start="1012" data-end="1023">Antonio</strong> and <strong data-start="1028" data-end="1043">Iván Losada</strong>—the pulse that carries us all.</p>
<p data-start="1076" data-end="1201">These aren’t just names on a poster. They’re people who leave their soul on this stage. We want you to experience it with us.</p>
<p data-start="1203" data-end="1257"><a href="https://cardamomo.com/en/buy-flamenco-tickets/"><strong data-start="1207" data-end="1253">Book your ticket now and come to Cardamomo</strong></a></p>
<p></p>

<!-- This site is optimized with the Yoast SEO plugin v27.4 - https://yoast.com/product/yoast-seo-wordpress/ -->
<title>Raw flamenco emotion - Cardamomo Flamenco Madrid</title>
<meta name="robots" content="index, follow, max-snippet:-1, max-image-preview:large, max-video-preview:-1" />
<link rel="canonical" href="/" />
<meta property="og:locale" content="en_US" />
<meta property="og:type" content="article" />
<meta property="og:title" content="Raw flamenco emotion - Cardamomo Flamenco Madrid" />
<meta property="og:description" content="What we’ve prepared for this week is one of those things you feel deep in your chest. Imagine the pure energy—almost like fire—that is El Yiyo on stage. He’s one of those dancers who grabs you and won’t let go. And alongside him, the elegance and strength of Sofía del Río and Nerea Fernández, offering..." />
<meta property="og:url" content="https://cardamomo.com/en/show/flamenco-a-flor-de-piel/" />
<meta property="og:site_name" content="Cardamomo Flamenco Madrid" />
<meta property="article:modified_time" content="2025-09-12T16:21:51+00:00" />
<meta property="og:image" content="https://cardamomo.ams3.digitaloceanspaces.com/wp-content/uploads/2025/07/21093417/programacion-cardamomo-21-27-julio.jpg" />
	<meta property="og:image:width" content="1200" />
	<meta property="og:image:height" content="800" />
	<meta property="og:image:type" content="image/jpeg" />
<meta name="twitter:card" content="summary_large_image" />
<meta name="twitter:label1" content="Est. reading time" />
	<meta name="twitter:data1" content="2 minutes" />
<script type="application/ld+json" class="yoast-schema-graph">{"@context":"https:\/\/schema.org","@graph":[{"@type":"WebPage","@id":"https:\/\/cardamomo.com\/en\/show\/flamenco-a-flor-de-piel\/","url":"https:\/\/cardamomo.com\/en\/show\/flamenco-a-flor-de-piel\/","name":"Raw flamenco emotion - Cardamomo Flamenco Madrid","isPartOf":{"@id":"https:\/\/cardamomo.com\/en\/#website"},"primaryImageOfPage":{"@id":"https:\/\/cardamomo.com\/en\/show\/flamenco-a-flor-de-piel\/#primaryimage"},"image":{"@id":"https:\/\/cardamomo.com\/es\/show\/flamenco-a-flor-de-piel\/#primaryimage"},"thumbnailUrl":"https:\/\/cardamomo.ams3.digitaloceanspaces.com\/wp-content\/uploads\/2025\/07\/21093417\/programacion-cardamomo-21-27-julio.jpg","datePublished":"2025-07-21T09:35:07+00:00","dateModified":"2025-09-12T16:21:51+00:00","breadcrumb":{"@id":"https:\/\/cardamomo.com\/en\/show\/flamenco-a-flor-de-piel\/#breadcrumb"},"inLanguage":"en-US","potentialAction":[{"@type":"ReadAction","target":[["https:\/\/cardamomo.com\/en\/show\/flamenco-a-flor-de-piel\/"]]}]},{"@type":"ImageObject","inLanguage":"en-US","@id":"https:\/\/cardamomo.com\/en\/show\/flamenco-a-flor-de-piel\/#primaryimage","url":"https:\/\/cardamomo.ams3.digitaloceanspaces.com\/wp-content\/uploads\/2025\/07\/21093417\/programacion-cardamomo-21-27-julio.jpg","contentUrl":"https:\/\/cardamomo.ams3.digitaloceanspaces.com\/wp-content\/uploads\/2025\/07\/21093417\/programacion-cardamomo-21-27-julio.jpg","width":1200,"height":800,"caption":"Programación artística 21 al 27 de Julio de Cardamomo Flamenco Madrid"},{"@type":"BreadcrumbList","@id":"https:\/\/cardamomo.com\/en\/show\/flamenco-a-flor-de-piel\/#breadcrumb","itemListElement":[{"@type":"ListItem","position":1,"name":"Cardamomo","item":"https:\/\/cardamomo.com\/en\/"},{"@type":"ListItem","position":2,"name":"Shows","item":"https:\/\/cardamomo.com\/en\/show\/"},{"@type":"ListItem","position":3,"name":"Flamenco a Flor de Piel"}]},{"@type":"WebSite","@id":"https:\/\/cardamomo.com\/en\/#website","url":"https:\/\/cardamomo.com\/en\/","name":"Cardamomo Flamenco Madrid","description":"","potentialAction":[{"@type":"SearchAction","target":{"@type":"EntryPoint","urlTemplate":"https:\/\/cardamomo.com\/en\/?s={search_term_string}"},"query-input":{"@type":"PropertyValueSpecification","valueRequired":true,"valueName":"search_term_string"}}],"inLanguage":"en-US"}]}</script>
<!-- / Yoast SEO plugin. -->

What we’ve prepared for this week is one of those things you feel deep in your chest. Imagine the pure energy—almost like fire—that is El Yiyo on stage. He’s one of those dancers who grabs you and won’t let go. And alongside him, the elegance and strength of Sofía del Río and Nerea Fernández, offering...

Programación artística 21 al 27 de Julio de Cardamomo Flamenco Madrid
