{"id":103472,"date":"2022-06-25T21:45:05","date_gmt":"2022-06-25T21:45:05","guid":{"rendered":"https:\/\/cardamomo.com\/es\/?post_type=show&#038;p=103472"},"modified":"2024-12-26T21:56:28","modified_gmt":"2024-12-26T21:56:28","slug":"vanesa-coloma-por-primera-vez-en-cardamomo","status":"publish","type":"show","link":"https:\/\/cardamomo.com\/en\/show\/the-great-flamenco-dancer-vanesa-coloma-at-cardamomo\/","title":{"rendered":"The great flamenco dancer Vanesa Coloma at Cardamomo"},"content":{"rendered":"<p>Winner of the National Award &#8220;<em>Perla de C\u00e1diz&#8221;<\/em> for Alegr\u00edas 2008 and semifinalist in the International Contest of Cante de Las Minas 2017, the dancer from Madrid visits us to Cardamomo for the first time. She has been trained at the Royal Conservatory of Madrid specializing in Spanish Dance and Flamenco. She has collaborated with artists like Alfonso Losa, Jes\u00fas Carmona, Roc\u00edo Molina, Bel\u00e9n Maya or Manuel Li\u00f1\u00e1n, among others.<\/p>\n<p>After dancing in the best tablaos in Spain and a great international tour with the show &#8216;Flamenkl\u00f3rica&#8217;, Vanesa visits us from wednesday, september 7.<\/p>\n<p>Don&#8217;t miss Vanesa&#8217;s technique, grace and elegance live.<\/p>\n<p>You can make your reservations here:<\/p>\n<p>???? reservas@cardamomo.com<\/p>\n<p>\u260e\ufe0f ( +34) 91 805 1038\/ (+34) 691 02 21 17<\/p>\n<p>???? cardamomo.com<\/p>\n<p>&nbsp;<\/p>","protected":false},"featured_media":0,"template":"","meta":{"_acf_changed":false,"inline_featured_image":false},"class_list":["post-103472","show","type-show","status-publish","hentry"],"acf":[],"yoast_head":"<!-- This site is optimized with the Yoast SEO plugin v27.4 - https:\/\/yoast.com\/product\/yoast-seo-wordpress\/ -->\n<title>The great flamenco dancer Vanesa Coloma at Cardamomo - Cardamomo Flamenco Madrid<\/title>\n<meta name=\"robots\" content=\"index, follow, max-snippet:-1, max-image-preview:large, max-video-preview:-1\" \/>\n<link rel=\"canonical\" href=\"\/\" \/>\n<meta property=\"og:locale\" content=\"en_US\" \/>\n<meta property=\"og:type\" content=\"article\" \/>\n<meta property=\"og:title\" content=\"The great flamenco dancer Vanesa Coloma at Cardamomo - Cardamomo Flamenco Madrid\" \/>\n<meta property=\"og:description\" content=\"Winner of the National Award &#8220;Perla de C\u00e1diz&#8221; for Alegr\u00edas 2008 and semifinalist in the International Contest of Cante de Las Minas 2017, the dancer from Madrid visits us to Cardamomo for the first time. She has been trained at the Royal Conservatory of Madrid specializing in Spanish Dance and Flamenco. She has collaborated with...\" \/>\n<meta property=\"og:url\" content=\"https:\/\/cardamomo.com\/en\/show\/la-bailaora-vanesa-coloma-en-cardamomo\/\" \/>\n<meta property=\"og:site_name\" content=\"Cardamomo Flamenco Madrid\" \/>\n<meta property=\"article:modified_time\" content=\"2024-12-26T21:56:28+00:00\" \/>\n<meta name=\"twitter:card\" content=\"summary_large_image\" \/>\n<meta name=\"twitter:label1\" content=\"Est. reading time\" \/>\n\t<meta name=\"twitter:data1\" content=\"1 minute\" \/>\n<script type=\"application\/ld+json\" class=\"yoast-schema-graph\">{\"@context\":\"https:\\\/\\\/schema.org\",\"@graph\":[{\"@type\":\"WebPage\",\"@id\":\"https:\\\/\\\/cardamomo.com\\\/en\\\/show\\\/la-bailaora-vanesa-coloma-en-cardamomo\\\/\",\"url\":\"https:\\\/\\\/cardamomo.com\\\/en\\\/show\\\/la-bailaora-vanesa-coloma-en-cardamomo\\\/\",\"name\":\"The great flamenco dancer Vanesa Coloma at Cardamomo - Cardamomo Flamenco Madrid\",\"isPartOf\":{\"@id\":\"https:\\\/\\\/cardamomo.com\\\/en\\\/#website\"},\"datePublished\":\"2022-06-25T21:45:05+00:00\",\"dateModified\":\"2024-12-26T21:56:28+00:00\",\"breadcrumb\":{\"@id\":\"https:\\\/\\\/cardamomo.com\\\/en\\\/show\\\/la-bailaora-vanesa-coloma-en-cardamomo\\\/#breadcrumb\"},\"inLanguage\":\"en-US\",\"potentialAction\":[{\"@type\":\"ReadAction\",\"target\":[[\"https:\\\/\\\/cardamomo.com\\\/en\\\/show\\\/la-bailaora-vanesa-coloma-en-cardamomo\\\/\"]]}]},{\"@type\":\"BreadcrumbList\",\"@id\":\"https:\\\/\\\/cardamomo.com\\\/en\\\/show\\\/la-bailaora-vanesa-coloma-en-cardamomo\\\/#breadcrumb\",\"itemListElement\":[{\"@type\":\"ListItem\",\"position\":1,\"name\":\"Cardamomo\",\"item\":\"https:\\\/\\\/cardamomo.com\\\/en\\\/\"},{\"@type\":\"ListItem\",\"position\":2,\"name\":\"Shows\",\"item\":\"https:\\\/\\\/cardamomo.com\\\/en\\\/show\\\/\"},{\"@type\":\"ListItem\",\"position\":3,\"name\":\"La bailaora Vanesa Coloma en Cardamomo\"}]},{\"@type\":\"WebSite\",\"@id\":\"https:\\\/\\\/cardamomo.com\\\/en\\\/#website\",\"url\":\"https:\\\/\\\/cardamomo.com\\\/en\\\/\",\"name\":\"Cardamomo Flamenco Madrid\",\"description\":\"\",\"potentialAction\":[{\"@type\":\"SearchAction\",\"target\":{\"@type\":\"EntryPoint\",\"urlTemplate\":\"https:\\\/\\\/cardamomo.com\\\/en\\\/?s={search_term_string}\"},\"query-input\":{\"@type\":\"PropertyValueSpecification\",\"valueRequired\":true,\"valueName\":\"search_term_string\"}}],\"inLanguage\":\"en-US\"}]}<\/script>\n<!-- \/ Yoast SEO plugin. -->","yoast_head_json":{"title":"The great flamenco dancer Vanesa Coloma at Cardamomo - Cardamomo Flamenco Madrid","robots":{"index":"index","follow":"follow","max-snippet":"max-snippet:-1","max-image-preview":"max-image-preview:large","max-video-preview":"max-video-preview:-1"},"canonical":"\/","og_locale":"en_US","og_type":"article","og_title":"The great flamenco dancer Vanesa Coloma at Cardamomo - Cardamomo Flamenco Madrid","og_description":"Winner of the National Award &#8220;Perla de C\u00e1diz&#8221; for Alegr\u00edas 2008 and semifinalist in the International Contest of Cante de Las Minas 2017, the dancer from Madrid visits us to Cardamomo for the first time. She has been trained at the Royal Conservatory of Madrid specializing in Spanish Dance and Flamenco. She has collaborated with...","og_url":"https:\/\/cardamomo.com\/en\/show\/la-bailaora-vanesa-coloma-en-cardamomo\/","og_site_name":"Cardamomo Flamenco Madrid","article_modified_time":"2024-12-26T21:56:28+00:00","twitter_card":"summary_large_image","twitter_misc":{"Est. reading time":"1 minute"},"schema":{"@context":"https:\/\/schema.org","@graph":[{"@type":"WebPage","@id":"https:\/\/cardamomo.com\/en\/show\/la-bailaora-vanesa-coloma-en-cardamomo\/","url":"https:\/\/cardamomo.com\/en\/show\/la-bailaora-vanesa-coloma-en-cardamomo\/","name":"The great flamenco dancer Vanesa Coloma at Cardamomo - Cardamomo Flamenco Madrid","isPartOf":{"@id":"https:\/\/cardamomo.com\/en\/#website"},"datePublished":"2022-06-25T21:45:05+00:00","dateModified":"2024-12-26T21:56:28+00:00","breadcrumb":{"@id":"https:\/\/cardamomo.com\/en\/show\/la-bailaora-vanesa-coloma-en-cardamomo\/#breadcrumb"},"inLanguage":"en-US","potentialAction":[{"@type":"ReadAction","target":[["https:\/\/cardamomo.com\/en\/show\/la-bailaora-vanesa-coloma-en-cardamomo\/"]]}]},{"@type":"BreadcrumbList","@id":"https:\/\/cardamomo.com\/en\/show\/la-bailaora-vanesa-coloma-en-cardamomo\/#breadcrumb","itemListElement":[{"@type":"ListItem","position":1,"name":"Cardamomo","item":"https:\/\/cardamomo.com\/en\/"},{"@type":"ListItem","position":2,"name":"Shows","item":"https:\/\/cardamomo.com\/en\/show\/"},{"@type":"ListItem","position":3,"name":"La bailaora Vanesa Coloma en Cardamomo"}]},{"@type":"WebSite","@id":"https:\/\/cardamomo.com\/en\/#website","url":"https:\/\/cardamomo.com\/en\/","name":"Cardamomo Flamenco Madrid","description":"","potentialAction":[{"@type":"SearchAction","target":{"@type":"EntryPoint","urlTemplate":"https:\/\/cardamomo.com\/en\/?s={search_term_string}"},"query-input":{"@type":"PropertyValueSpecification","valueRequired":true,"valueName":"search_term_string"}}],"inLanguage":"en-US"}]}},"_links":{"self":[{"href":"https:\/\/cardamomo.com\/en\/wp-json\/wp\/v2\/show\/103472","targetHints":{"allow":["GET"]}}],"collection":[{"href":"https:\/\/cardamomo.com\/en\/wp-json\/wp\/v2\/show"}],"about":[{"href":"https:\/\/cardamomo.com\/en\/wp-json\/wp\/v2\/types\/show"}],"wp:attachment":[{"href":"https:\/\/cardamomo.com\/en\/wp-json\/wp\/v2\/media?parent=103472"}],"curies":[{"name":"wp","href":"https:\/\/api.w.org\/{rel}","templated":true}]}}

<p>Winner of the National Award &#8220;<em>Perla de Cádiz&#8221;</em> for Alegrías 2008 and semifinalist in the International Contest of Cante de Las Minas 2017, the dancer from Madrid visits us to Cardamomo for the first time. She has been trained at the Royal Conservatory of Madrid specializing in Spanish Dance and Flamenco. She has collaborated with artists like Alfonso Losa, Jesús Carmona, Rocío Molina, Belén Maya or Manuel Liñán, among others.</p>
<p>After dancing in the best tablaos in Spain and a great international tour with the show &#8216;Flamenklórica&#8217;, Vanesa visits us from wednesday, september 7.</p>
<p>Don&#8217;t miss Vanesa&#8217;s technique, grace and elegance live.</p>
<p>You can make your reservations here:</p>
<p>???? reservas@cardamomo.com</p>
<p>☎️ ( +34) 91 805 1038/ (+34) 691 02 21 17</p>
<p>???? cardamomo.com</p>
<p>&nbsp;</p>

<!-- This site is optimized with the Yoast SEO plugin v27.4 - https://yoast.com/product/yoast-seo-wordpress/ -->
<title>The great flamenco dancer Vanesa Coloma at Cardamomo - Cardamomo Flamenco Madrid</title>
<meta name="robots" content="index, follow, max-snippet:-1, max-image-preview:large, max-video-preview:-1" />
<link rel="canonical" href="/" />
<meta property="og:locale" content="en_US" />
<meta property="og:type" content="article" />
<meta property="og:title" content="The great flamenco dancer Vanesa Coloma at Cardamomo - Cardamomo Flamenco Madrid" />
<meta property="og:description" content="Winner of the National Award &#8220;Perla de Cádiz&#8221; for Alegrías 2008 and semifinalist in the International Contest of Cante de Las Minas 2017, the dancer from Madrid visits us to Cardamomo for the first time. She has been trained at the Royal Conservatory of Madrid specializing in Spanish Dance and Flamenco. She has collaborated with..." />
<meta property="og:url" content="https://cardamomo.com/en/show/la-bailaora-vanesa-coloma-en-cardamomo/" />
<meta property="og:site_name" content="Cardamomo Flamenco Madrid" />
<meta property="article:modified_time" content="2024-12-26T21:56:28+00:00" />
<meta name="twitter:card" content="summary_large_image" />
<meta name="twitter:label1" content="Est. reading time" />
	<meta name="twitter:data1" content="1 minute" />
<script type="application/ld+json" class="yoast-schema-graph">{"@context":"https:\/\/schema.org","@graph":[{"@type":"WebPage","@id":"https:\/\/cardamomo.com\/en\/show\/la-bailaora-vanesa-coloma-en-cardamomo\/","url":"https:\/\/cardamomo.com\/en\/show\/la-bailaora-vanesa-coloma-en-cardamomo\/","name":"The great flamenco dancer Vanesa Coloma at Cardamomo - Cardamomo Flamenco Madrid","isPartOf":{"@id":"https:\/\/cardamomo.com\/en\/#website"},"datePublished":"2022-06-25T21:45:05+00:00","dateModified":"2024-12-26T21:56:28+00:00","breadcrumb":{"@id":"https:\/\/cardamomo.com\/en\/show\/la-bailaora-vanesa-coloma-en-cardamomo\/#breadcrumb"},"inLanguage":"en-US","potentialAction":[{"@type":"ReadAction","target":[["https:\/\/cardamomo.com\/en\/show\/la-bailaora-vanesa-coloma-en-cardamomo\/"]]}]},{"@type":"BreadcrumbList","@id":"https:\/\/cardamomo.com\/en\/show\/la-bailaora-vanesa-coloma-en-cardamomo\/#breadcrumb","itemListElement":[{"@type":"ListItem","position":1,"name":"Cardamomo","item":"https:\/\/cardamomo.com\/en\/"},{"@type":"ListItem","position":2,"name":"Shows","item":"https:\/\/cardamomo.com\/en\/show\/"},{"@type":"ListItem","position":3,"name":"La bailaora Vanesa Coloma en Cardamomo"}]},{"@type":"WebSite","@id":"https:\/\/cardamomo.com\/en\/#website","url":"https:\/\/cardamomo.com\/en\/","name":"Cardamomo Flamenco Madrid","description":"","potentialAction":[{"@type":"SearchAction","target":{"@type":"EntryPoint","urlTemplate":"https:\/\/cardamomo.com\/en\/?s={search_term_string}"},"query-input":{"@type":"PropertyValueSpecification","valueRequired":true,"valueName":"search_term_string"}}],"inLanguage":"en-US"}]}</script>
<!-- / Yoast SEO plugin. -->

Winner of the National Award &#8220;Perla de Cádiz&#8221; for Alegrías 2008 and semifinalist in the International Contest of Cante de Las Minas 2017, the dancer from Madrid visits us to Cardamomo for the first time. She has been trained at the Royal Conservatory of Madrid specializing in Spanish Dance and Flamenco. She has collaborated with...
