{"id":690,"date":"2016-07-29T12:57:44","date_gmt":"2016-07-29T10:57:44","guid":{"rendered":"http:\/\/cardamomo.fullcircle.es\/?post_type=artist&#038;p=690"},"modified":"2025-04-03T08:19:21","modified_gmt":"2025-04-03T08:19:21","slug":"rober-el-moreno","status":"publish","type":"artist","link":"https:\/\/cardamomo.com\/en\/artist\/rober-el-moreno-madrid\/","title":{"rendered":"Rober &#8220;El Moreno&#8221; (Madrid)"},"content":{"rendered":"<p><\/p>\n<h4>Biography<\/h4>\n<p>He began his artistic training in dance at the age of 6 years old at the prestigious Madrid academy of flamenco and Spanish dance Amor de Dios, under the guidance of teachers Antonio Reyes and Cristobal Reyes, continuing his learning until today with the dancer and choreographer Alfonso Losa and the teachings of Toni El Pelao, Farruquito, Miguel Ca\u00f1as and Nino de los Reyes.<\/p>\n<p>He has worked in Teatro Compac Gran Via, Teatro Garc\u00eda Lorca and La Latina in Madrid, in the Auditorio Alc\u00e1zar de San Juan in Valladolid and the Teatro Nescaf\u00e9 de las Artes in Santiago de Chile, as well as in the Madrid tablaos Cardamomo, Casa Patas, Museo La Corrala, Tablao Torero, Tablao Estaci\u00f3n Los Porches and Tablao Cantares. Rober, &#8220;El Moreno&#8221; stands out for being an innovative dancer, but, at the same time of a great flamenco purity.<\/p>\n<p>Despite his youth, he has a long career of performances with great artists. Of all his performances we can highlight his performance as the main artist in the tribute to Camar\u00f3n de la Isla held in Salamanca. For a while he was working with the company of Tito Losada and then spent two years with the company of Maria Toledo performing in places like: Menansalbas (Toledo), Plaza Santo Cristo de Veracruz (Las Cabeza de San Juan), (Festival Yerbabuena), Sala Luz de Gas (Barcelona), Auditorio Villaviciosa de Od\u00f3n (Madrid), El Aai\u00fan (Morocco), Auditorio Nacional (Pr\u00edncipe de Vergara , Madrid), Complejo Alc\u00e1ntara (Badajoz), Polideportivo Municipal (Navas del Rey , Valladolid), Auditorio de Arroyomol\u00ednos (Madrid), Palacio de Congresos (C\u00e1diz), El arahal (Sevilla), Sala copera (Granada), B\u00e9lgica , Bruselas , Melilla, center, Casino central de salamanca, as well as the continuity of the tour with the album Magn\u00e9tica.<\/p>","protected":false},"featured_media":157274,"template":"","meta":{"_acf_changed":false,"inline_featured_image":false},"class_list":["post-690","artist","type-artist","status-publish","has-post-thumbnail","hentry"],"acf":[],"yoast_head":"<!-- This site is optimized with the Yoast SEO plugin v27.4 - https:\/\/yoast.com\/product\/yoast-seo-wordpress\/ -->\n<title>Rober &quot;El Moreno&quot; (Madrid) - Cardamomo Flamenco Madrid<\/title>\n<meta name=\"robots\" content=\"index, follow, max-snippet:-1, max-image-preview:large, max-video-preview:-1\" \/>\n<link rel=\"canonical\" href=\"\/\" \/>\n<meta property=\"og:locale\" content=\"en_US\" \/>\n<meta property=\"og:type\" content=\"article\" \/>\n<meta property=\"og:title\" content=\"Rober &quot;El Moreno&quot; (Madrid) - Cardamomo Flamenco Madrid\" \/>\n<meta property=\"og:description\" content=\"Biography He began his artistic training in dance at the age of 6 years old at the prestigious Madrid academy of flamenco and Spanish dance Amor de Dios, under the guidance of teachers Antonio Reyes and Cristobal Reyes, continuing his learning until today with the dancer and choreographer Alfonso Losa and the teachings of Toni...\" \/>\n<meta property=\"og:url\" content=\"https:\/\/cardamomo.com\/en\/artist\/rober-el-moreno-madrid\/\" \/>\n<meta property=\"og:site_name\" content=\"Cardamomo Flamenco Madrid\" \/>\n<meta property=\"article:modified_time\" content=\"2025-04-03T08:19:21+00:00\" \/>\n<meta property=\"og:image\" content=\"https:\/\/cardamomo.ams3.digitaloceanspaces.com\/wp-content\/uploads\/2016\/07\/03081857\/rober-el-moreno.jpg\" \/>\n\t<meta property=\"og:image:width\" content=\"600\" \/>\n\t<meta property=\"og:image:height\" content=\"750\" \/>\n\t<meta property=\"og:image:type\" content=\"image\/jpeg\" \/>\n<meta name=\"twitter:card\" content=\"summary_large_image\" \/>\n<meta name=\"twitter:label1\" content=\"Est. reading time\" \/>\n\t<meta name=\"twitter:data1\" content=\"2 minutes\" \/>\n<script type=\"application\/ld+json\" class=\"yoast-schema-graph\">{\"@context\":\"https:\\\/\\\/schema.org\",\"@graph\":[{\"@type\":\"WebPage\",\"@id\":\"https:\\\/\\\/cardamomo.com\\\/en\\\/artist\\\/rober-el-moreno-madrid\\\/\",\"url\":\"https:\\\/\\\/cardamomo.com\\\/en\\\/artist\\\/rober-el-moreno-madrid\\\/\",\"name\":\"Rober \\\"El Moreno\\\" (Madrid) - Cardamomo Flamenco Madrid\",\"isPartOf\":{\"@id\":\"https:\\\/\\\/cardamomo.com\\\/en\\\/#website\"},\"primaryImageOfPage\":{\"@id\":\"https:\\\/\\\/cardamomo.com\\\/en\\\/artist\\\/rober-el-moreno-madrid\\\/#primaryimage\"},\"image\":{\"@id\":\"https:\\\/\\\/cardamomo.com\\\/es\\\/artist\\\/rober-el-moreno-madrid\\\/#primaryimage\"},\"thumbnailUrl\":\"https:\\\/\\\/cardamomo.ams3.digitaloceanspaces.com\\\/wp-content\\\/uploads\\\/2016\\\/07\\\/03081857\\\/rober-el-moreno.jpg\",\"datePublished\":\"2016-07-29T10:57:44+00:00\",\"dateModified\":\"2025-04-03T08:19:21+00:00\",\"breadcrumb\":{\"@id\":\"https:\\\/\\\/cardamomo.com\\\/en\\\/artist\\\/rober-el-moreno-madrid\\\/#breadcrumb\"},\"inLanguage\":\"en-US\",\"potentialAction\":[{\"@type\":\"ReadAction\",\"target\":[[\"https:\\\/\\\/cardamomo.com\\\/en\\\/artist\\\/rober-el-moreno-madrid\\\/\"]]}]},{\"@type\":\"ImageObject\",\"inLanguage\":\"en-US\",\"@id\":\"https:\\\/\\\/cardamomo.com\\\/en\\\/artist\\\/rober-el-moreno-madrid\\\/#primaryimage\",\"url\":\"https:\\\/\\\/cardamomo.ams3.digitaloceanspaces.com\\\/wp-content\\\/uploads\\\/2016\\\/07\\\/03081857\\\/rober-el-moreno.jpg\",\"contentUrl\":\"https:\\\/\\\/cardamomo.ams3.digitaloceanspaces.com\\\/wp-content\\\/uploads\\\/2016\\\/07\\\/03081857\\\/rober-el-moreno.jpg\",\"width\":600,\"height\":750,\"caption\":\"Bailaor Rober \\\"El Moreno\\\" (Madrid)\"},{\"@type\":\"BreadcrumbList\",\"@id\":\"https:\\\/\\\/cardamomo.com\\\/en\\\/artist\\\/rober-el-moreno-madrid\\\/#breadcrumb\",\"itemListElement\":[{\"@type\":\"ListItem\",\"position\":1,\"name\":\"Cardamomo\",\"item\":\"https:\\\/\\\/cardamomo.com\\\/en\\\/\"},{\"@type\":\"ListItem\",\"position\":2,\"name\":\"Artists\",\"item\":\"https:\\\/\\\/cardamomo.com\\\/en\\\/artist\\\/\"},{\"@type\":\"ListItem\",\"position\":3,\"name\":\"Rober \u00abEl Moreno\u00bb (Madrid)\"}]},{\"@type\":\"WebSite\",\"@id\":\"https:\\\/\\\/cardamomo.com\\\/en\\\/#website\",\"url\":\"https:\\\/\\\/cardamomo.com\\\/en\\\/\",\"name\":\"Cardamomo Flamenco Madrid\",\"description\":\"\",\"potentialAction\":[{\"@type\":\"SearchAction\",\"target\":{\"@type\":\"EntryPoint\",\"urlTemplate\":\"https:\\\/\\\/cardamomo.com\\\/en\\\/?s={search_term_string}\"},\"query-input\":{\"@type\":\"PropertyValueSpecification\",\"valueRequired\":true,\"valueName\":\"search_term_string\"}}],\"inLanguage\":\"en-US\"}]}<\/script>\n<!-- \/ Yoast SEO plugin. -->","yoast_head_json":{"title":"Rober \"El Moreno\" (Madrid) - Cardamomo Flamenco Madrid","robots":{"index":"index","follow":"follow","max-snippet":"max-snippet:-1","max-image-preview":"max-image-preview:large","max-video-preview":"max-video-preview:-1"},"canonical":"\/","og_locale":"en_US","og_type":"article","og_title":"Rober \"El Moreno\" (Madrid) - Cardamomo Flamenco Madrid","og_description":"Biography He began his artistic training in dance at the age of 6 years old at the prestigious Madrid academy of flamenco and Spanish dance Amor de Dios, under the guidance of teachers Antonio Reyes and Cristobal Reyes, continuing his learning until today with the dancer and choreographer Alfonso Losa and the teachings of Toni...","og_url":"https:\/\/cardamomo.com\/en\/artist\/rober-el-moreno-madrid\/","og_site_name":"Cardamomo Flamenco Madrid","article_modified_time":"2025-04-03T08:19:21+00:00","og_image":[{"width":600,"height":750,"url":"https:\/\/cardamomo.ams3.digitaloceanspaces.com\/wp-content\/uploads\/2016\/07\/03081857\/rober-el-moreno.jpg","type":"image\/jpeg"}],"twitter_card":"summary_large_image","twitter_misc":{"Est. reading time":"2 minutes"},"schema":{"@context":"https:\/\/schema.org","@graph":[{"@type":"WebPage","@id":"https:\/\/cardamomo.com\/en\/artist\/rober-el-moreno-madrid\/","url":"https:\/\/cardamomo.com\/en\/artist\/rober-el-moreno-madrid\/","name":"Rober \"El Moreno\" (Madrid) - Cardamomo Flamenco Madrid","isPartOf":{"@id":"https:\/\/cardamomo.com\/en\/#website"},"primaryImageOfPage":{"@id":"https:\/\/cardamomo.com\/en\/artist\/rober-el-moreno-madrid\/#primaryimage"},"image":{"@id":"https:\/\/cardamomo.com\/es\/artist\/rober-el-moreno-madrid\/#primaryimage"},"thumbnailUrl":"https:\/\/cardamomo.ams3.digitaloceanspaces.com\/wp-content\/uploads\/2016\/07\/03081857\/rober-el-moreno.jpg","datePublished":"2016-07-29T10:57:44+00:00","dateModified":"2025-04-03T08:19:21+00:00","breadcrumb":{"@id":"https:\/\/cardamomo.com\/en\/artist\/rober-el-moreno-madrid\/#breadcrumb"},"inLanguage":"en-US","potentialAction":[{"@type":"ReadAction","target":[["https:\/\/cardamomo.com\/en\/artist\/rober-el-moreno-madrid\/"]]}]},{"@type":"ImageObject","inLanguage":"en-US","@id":"https:\/\/cardamomo.com\/en\/artist\/rober-el-moreno-madrid\/#primaryimage","url":"https:\/\/cardamomo.ams3.digitaloceanspaces.com\/wp-content\/uploads\/2016\/07\/03081857\/rober-el-moreno.jpg","contentUrl":"https:\/\/cardamomo.ams3.digitaloceanspaces.com\/wp-content\/uploads\/2016\/07\/03081857\/rober-el-moreno.jpg","width":600,"height":750,"caption":"Bailaor Rober \"El Moreno\" (Madrid)"},{"@type":"BreadcrumbList","@id":"https:\/\/cardamomo.com\/en\/artist\/rober-el-moreno-madrid\/#breadcrumb","itemListElement":[{"@type":"ListItem","position":1,"name":"Cardamomo","item":"https:\/\/cardamomo.com\/en\/"},{"@type":"ListItem","position":2,"name":"Artists","item":"https:\/\/cardamomo.com\/en\/artist\/"},{"@type":"ListItem","position":3,"name":"Rober \u00abEl Moreno\u00bb (Madrid)"}]},{"@type":"WebSite","@id":"https:\/\/cardamomo.com\/en\/#website","url":"https:\/\/cardamomo.com\/en\/","name":"Cardamomo Flamenco Madrid","description":"","potentialAction":[{"@type":"SearchAction","target":{"@type":"EntryPoint","urlTemplate":"https:\/\/cardamomo.com\/en\/?s={search_term_string}"},"query-input":{"@type":"PropertyValueSpecification","valueRequired":true,"valueName":"search_term_string"}}],"inLanguage":"en-US"}]}},"_links":{"self":[{"href":"https:\/\/cardamomo.com\/en\/wp-json\/wp\/v2\/artist\/690","targetHints":{"allow":["GET"]}}],"collection":[{"href":"https:\/\/cardamomo.com\/en\/wp-json\/wp\/v2\/artist"}],"about":[{"href":"https:\/\/cardamomo.com\/en\/wp-json\/wp\/v2\/types\/artist"}],"wp:featuredmedia":[{"embeddable":true,"href":"https:\/\/cardamomo.com\/en\/wp-json\/wp\/v2\/media\/157274"}],"wp:attachment":[{"href":"https:\/\/cardamomo.com\/en\/wp-json\/wp\/v2\/media?parent=690"}],"curies":[{"name":"wp","href":"https:\/\/api.w.org\/{rel}","templated":true}]}}

<p></p>
<h4>Biography</h4>
<p>He began his artistic training in dance at the age of 6 years old at the prestigious Madrid academy of flamenco and Spanish dance Amor de Dios, under the guidance of teachers Antonio Reyes and Cristobal Reyes, continuing his learning until today with the dancer and choreographer Alfonso Losa and the teachings of Toni El Pelao, Farruquito, Miguel Cañas and Nino de los Reyes.</p>
<p>He has worked in Teatro Compac Gran Via, Teatro García Lorca and La Latina in Madrid, in the Auditorio Alcázar de San Juan in Valladolid and the Teatro Nescafé de las Artes in Santiago de Chile, as well as in the Madrid tablaos Cardamomo, Casa Patas, Museo La Corrala, Tablao Torero, Tablao Estación Los Porches and Tablao Cantares. Rober, &#8220;El Moreno&#8221; stands out for being an innovative dancer, but, at the same time of a great flamenco purity.</p>
<p>Despite his youth, he has a long career of performances with great artists. Of all his performances we can highlight his performance as the main artist in the tribute to Camarón de la Isla held in Salamanca. For a while he was working with the company of Tito Losada and then spent two years with the company of Maria Toledo performing in places like: Menansalbas (Toledo), Plaza Santo Cristo de Veracruz (Las Cabeza de San Juan), (Festival Yerbabuena), Sala Luz de Gas (Barcelona), Auditorio Villaviciosa de Odón (Madrid), El Aaiún (Morocco), Auditorio Nacional (Príncipe de Vergara , Madrid), Complejo Alcántara (Badajoz), Polideportivo Municipal (Navas del Rey , Valladolid), Auditorio de Arroyomolínos (Madrid), Palacio de Congresos (Cádiz), El arahal (Sevilla), Sala copera (Granada), Bélgica , Bruselas , Melilla, center, Casino central de salamanca, as well as the continuity of the tour with the album Magnética.</p>
