{"id":681,"date":"2016-07-29T12:46:22","date_gmt":"2016-07-29T10:46:22","guid":{"rendered":"http:\/\/cardamomo.fullcircle.es\/?post_type=artist&#038;p=681"},"modified":"2025-04-03T09:37:17","modified_gmt":"2025-04-03T09:37:17","slug":"paula-rodriguez-lazaro","status":"publish","type":"artist","link":"https:\/\/cardamomo.com\/en\/artist\/paula-rodriguez-lazaro\/","title":{"rendered":"Paula Rodr\u00edguez L\u00e1zaro"},"content":{"rendered":"<p><\/p>\n<h4><strong>ARTISTIC TRAINING<\/strong><\/h4>\n<p>Born in Santander, she began dancing at the age of four at the Centro Autorizado de Danza Armengou and until she was seventeen she studied classical and contemporary dance with Gema de Beraza, Spanish dance with Carmen Armengou and flamenco with Paz Diaz.<\/p>\n<p>In 2007 she moved to Madrid to complete her studies at the Centro de Danza Espa\u00f1ola y Flamenco Amor de Dios with teachers such as Truco, Mar\u00eda Juncal, Alfonso Losa, Pepa Molina, and more exclusively with the teacher Merche Esmeralda.<\/p>\n<p>In 2011 she continued her training in Seville taking classes with Juana Amaya, Andr\u00e9s Pe\u00f1a and Ram\u00f3n Mart\u00ednez.<\/p>\n<p>She has also taken courses with Mercedes Ruiz in Jerez de la Frontera (2009), with Roc\u00edo Molina in Barcelona (2010) and with Eva Yerbabuena in Barcelona (2013).<\/p>\n<blockquote><p>Paula captivates live with her charm, strength and energy providing a great experience during the show.<\/p><\/blockquote>\n<h4>COMPETITIONS AND SCHOLARSHIPS<\/h4>\n<p>In 2008, First Prize with congratulations from the jury in the National Competition of Anaprode in the modality of flamenco, with the piece &#8220;Tiento a tres&#8221;.<\/p>\n<p>First Prize with congratulations from the jury at the Anaprode National Competition in the contemporary modality, with the paso a dos &#8220;Necesito que me necesites&#8221; (I need you to need me).<\/p>\n<p>In 2009 gold scholarship of the I Cycle of Complete Formation of Flamenco in Amor de Dios.<\/p>\n<p>In June 2013 finalist in the II Flamenco Dance Contest of the Madrid tablao &#8220;Las Carboneras&#8221;.<\/p>\n<p>In July 2014 finalist of the Spanish dance and flamenco choreography contest with the piece &#8220;Al placer de nosotros&#8221;.<\/p>\n<p>In November 2014 finalist of the Concurso de j\u00f3venes flamencos del tablao Villarosa.<\/p>\n<h4>PROFESSIONAL EXPERIENCE<\/h4>\n<p>In 2010 she was a repeater in the company of Maria Juncal in the show &#8220;Tercera Llamada&#8221;.<\/p>\n<p>In the same year she is invited as a dancer in the Miguel Hernandez Festival in Alicante, with the piece &#8220;Nanas a la cebolla&#8221;.<\/p>\n<p>In 2011 she is soloist and choreographer of the Santander dance company &#8220;Contrapposto&#8221;, in the premiere of the show &#8220;De tripas coraz\u00f3n&#8221; and &#8220;M\u00e1s coraz\u00f3n&#8221;.<\/p>\n<p>In 2012 she was part of the dance company &#8220;Rojas y Rodriguez&#8221; with the premiere of a new production called &#8220;Filigrana&#8221;.<\/p>\n<p>In July 2013 she worked with Merche Esmeralda as a repeater in a flamenco course given for the National Ballet of Spain.<\/p>\n<p>Since 2015 she collaborates in the company of Juan Carlos Avecilla with his show &#8220;Mel\u00f3mano&#8221; and &#8220;Creencias&#8221; touring Spain and Europe.<\/p>\n<p>In August 2016 she is a guest artist of the prestigious Gorvio Flamenco Festival (France).<\/p>\n<p>In June 2017 she participated as a guest artist at the Toledo Flamenco Festival sharing the bill with David Palomar.<\/p>\n<p>From 2014 to the present she works regularly in Madrid tablaos such as &#8220;La Taberna de Mister Pinckleton&#8221;, &#8220;La estaci\u00f3n de los Porches&#8221;, and &#8220;Casapatas&#8221;.\u00a0Since the end of 2017 she has been a regular dancer at the excellent tablao &#8220;Cardamomo&#8221;, sharing tablas with Juan Andr\u00e9s Maya and Antonio Canales.<\/p>\n<p>Since 2015 she teaches courses and master classes on a regular basis in dance schools in Santander, Valladolid and Burgos, creating shows for festivals.<\/p>\n<p>She currently directs her own company. Her latest show &#8220;Mi Tarara&#8221; was premiered in October 2018 with a full capacity of 600 people at the Casyc theater in Santander.<\/p>\n<p><a href=\"https:\/\/paularodriguezlazaro.com\/\" target=\"_blank\" rel=\"noopener noreferrer\">https:\/\/paularodriguezlazaro.com\/\u00a0\u00a0<\/a>\u00a0\u00a0\u00a0\u00a0\u00a0\u00a0\u00a0\u00a0\u00a0\u00a0\u00a0<a href=\"https:\/\/www.instagram.com\/paularodriguezlazaro\/\" target=\"_blank\" rel=\"noopener noreferrer\">Visita su instagram\u00a0<\/a><\/p>","protected":false},"featured_media":157283,"template":"","meta":{"_acf_changed":false,"inline_featured_image":false},"class_list":["post-681","artist","type-artist","status-publish","has-post-thumbnail","hentry"],"acf":[],"yoast_head":"<!-- This site is optimized with the Yoast SEO plugin v27.4 - https:\/\/yoast.com\/product\/yoast-seo-wordpress\/ -->\n<title>Paula Rodr\u00edguez L\u00e1zaro - Cardamomo Flamenco Madrid<\/title>\n<meta name=\"robots\" content=\"index, follow, max-snippet:-1, max-image-preview:large, max-video-preview:-1\" \/>\n<link rel=\"canonical\" href=\"\/\" \/>\n<meta property=\"og:locale\" content=\"en_US\" \/>\n<meta property=\"og:type\" content=\"article\" \/>\n<meta property=\"og:title\" content=\"Paula Rodr\u00edguez L\u00e1zaro - Cardamomo Flamenco Madrid\" \/>\n<meta property=\"og:description\" content=\"ARTISTIC TRAINING Born in Santander, she began dancing at the age of four at the Centro Autorizado de Danza Armengou and until she was seventeen she studied classical and contemporary dance with Gema de Beraza, Spanish dance with Carmen Armengou and flamenco with Paz Diaz. In 2007 she moved to Madrid to complete her studies...\" \/>\n<meta property=\"og:url\" content=\"https:\/\/cardamomo.com\/en\/artist\/paula-rodriguez-lazaro\/\" \/>\n<meta property=\"og:site_name\" content=\"Cardamomo Flamenco Madrid\" \/>\n<meta property=\"article:modified_time\" content=\"2025-04-03T09:37:17+00:00\" \/>\n<meta property=\"og:image\" content=\"https:\/\/cardamomo.ams3.digitaloceanspaces.com\/wp-content\/uploads\/2016\/07\/03093657\/paula-rodriguez-1.jpg\" \/>\n\t<meta property=\"og:image:width\" content=\"600\" \/>\n\t<meta property=\"og:image:height\" content=\"750\" \/>\n\t<meta property=\"og:image:type\" content=\"image\/jpeg\" \/>\n<meta name=\"twitter:card\" content=\"summary_large_image\" \/>\n<meta name=\"twitter:label1\" content=\"Est. reading time\" \/>\n\t<meta name=\"twitter:data1\" content=\"3 minutes\" \/>\n<script type=\"application\/ld+json\" class=\"yoast-schema-graph\">{\"@context\":\"https:\\\/\\\/schema.org\",\"@graph\":[{\"@type\":\"WebPage\",\"@id\":\"https:\\\/\\\/cardamomo.com\\\/en\\\/artist\\\/paula-rodriguez-lazaro\\\/\",\"url\":\"https:\\\/\\\/cardamomo.com\\\/en\\\/artist\\\/paula-rodriguez-lazaro\\\/\",\"name\":\"Paula Rodr\u00edguez L\u00e1zaro - Cardamomo Flamenco Madrid\",\"isPartOf\":{\"@id\":\"https:\\\/\\\/cardamomo.com\\\/en\\\/#website\"},\"primaryImageOfPage\":{\"@id\":\"https:\\\/\\\/cardamomo.com\\\/en\\\/artist\\\/paula-rodriguez-lazaro\\\/#primaryimage\"},\"image\":{\"@id\":\"https:\\\/\\\/cardamomo.com\\\/es\\\/artist\\\/paula-rodriguez-lazaro\\\/#primaryimage\"},\"thumbnailUrl\":\"https:\\\/\\\/cardamomo.ams3.digitaloceanspaces.com\\\/wp-content\\\/uploads\\\/2016\\\/07\\\/03093657\\\/paula-rodriguez-1.jpg\",\"datePublished\":\"2016-07-29T10:46:22+00:00\",\"dateModified\":\"2025-04-03T09:37:17+00:00\",\"breadcrumb\":{\"@id\":\"https:\\\/\\\/cardamomo.com\\\/en\\\/artist\\\/paula-rodriguez-lazaro\\\/#breadcrumb\"},\"inLanguage\":\"en-US\",\"potentialAction\":[{\"@type\":\"ReadAction\",\"target\":[[\"https:\\\/\\\/cardamomo.com\\\/en\\\/artist\\\/paula-rodriguez-lazaro\\\/\"]]}]},{\"@type\":\"ImageObject\",\"inLanguage\":\"en-US\",\"@id\":\"https:\\\/\\\/cardamomo.com\\\/en\\\/artist\\\/paula-rodriguez-lazaro\\\/#primaryimage\",\"url\":\"https:\\\/\\\/cardamomo.ams3.digitaloceanspaces.com\\\/wp-content\\\/uploads\\\/2016\\\/07\\\/03093657\\\/paula-rodriguez-1.jpg\",\"contentUrl\":\"https:\\\/\\\/cardamomo.ams3.digitaloceanspaces.com\\\/wp-content\\\/uploads\\\/2016\\\/07\\\/03093657\\\/paula-rodriguez-1.jpg\",\"width\":600,\"height\":750,\"caption\":\"Bailaora Paula Rodr\u00edguez L\u00e1zaro\"},{\"@type\":\"BreadcrumbList\",\"@id\":\"https:\\\/\\\/cardamomo.com\\\/en\\\/artist\\\/paula-rodriguez-lazaro\\\/#breadcrumb\",\"itemListElement\":[{\"@type\":\"ListItem\",\"position\":1,\"name\":\"Cardamomo\",\"item\":\"https:\\\/\\\/cardamomo.com\\\/en\\\/\"},{\"@type\":\"ListItem\",\"position\":2,\"name\":\"Artists\",\"item\":\"https:\\\/\\\/cardamomo.com\\\/en\\\/artist\\\/\"},{\"@type\":\"ListItem\",\"position\":3,\"name\":\"Paula Rodr\u00edguez L\u00e1zaro\"}]},{\"@type\":\"WebSite\",\"@id\":\"https:\\\/\\\/cardamomo.com\\\/en\\\/#website\",\"url\":\"https:\\\/\\\/cardamomo.com\\\/en\\\/\",\"name\":\"Cardamomo Flamenco Madrid\",\"description\":\"\",\"potentialAction\":[{\"@type\":\"SearchAction\",\"target\":{\"@type\":\"EntryPoint\",\"urlTemplate\":\"https:\\\/\\\/cardamomo.com\\\/en\\\/?s={search_term_string}\"},\"query-input\":{\"@type\":\"PropertyValueSpecification\",\"valueRequired\":true,\"valueName\":\"search_term_string\"}}],\"inLanguage\":\"en-US\"}]}<\/script>\n<!-- \/ Yoast SEO plugin. -->","yoast_head_json":{"title":"Paula Rodr\u00edguez L\u00e1zaro - Cardamomo Flamenco Madrid","robots":{"index":"index","follow":"follow","max-snippet":"max-snippet:-1","max-image-preview":"max-image-preview:large","max-video-preview":"max-video-preview:-1"},"canonical":"\/","og_locale":"en_US","og_type":"article","og_title":"Paula Rodr\u00edguez L\u00e1zaro - Cardamomo Flamenco Madrid","og_description":"ARTISTIC TRAINING Born in Santander, she began dancing at the age of four at the Centro Autorizado de Danza Armengou and until she was seventeen she studied classical and contemporary dance with Gema de Beraza, Spanish dance with Carmen Armengou and flamenco with Paz Diaz. In 2007 she moved to Madrid to complete her studies...","og_url":"https:\/\/cardamomo.com\/en\/artist\/paula-rodriguez-lazaro\/","og_site_name":"Cardamomo Flamenco Madrid","article_modified_time":"2025-04-03T09:37:17+00:00","og_image":[{"width":600,"height":750,"url":"https:\/\/cardamomo.ams3.digitaloceanspaces.com\/wp-content\/uploads\/2016\/07\/03093657\/paula-rodriguez-1.jpg","type":"image\/jpeg"}],"twitter_card":"summary_large_image","twitter_misc":{"Est. reading time":"3 minutes"},"schema":{"@context":"https:\/\/schema.org","@graph":[{"@type":"WebPage","@id":"https:\/\/cardamomo.com\/en\/artist\/paula-rodriguez-lazaro\/","url":"https:\/\/cardamomo.com\/en\/artist\/paula-rodriguez-lazaro\/","name":"Paula Rodr\u00edguez L\u00e1zaro - Cardamomo Flamenco Madrid","isPartOf":{"@id":"https:\/\/cardamomo.com\/en\/#website"},"primaryImageOfPage":{"@id":"https:\/\/cardamomo.com\/en\/artist\/paula-rodriguez-lazaro\/#primaryimage"},"image":{"@id":"https:\/\/cardamomo.com\/es\/artist\/paula-rodriguez-lazaro\/#primaryimage"},"thumbnailUrl":"https:\/\/cardamomo.ams3.digitaloceanspaces.com\/wp-content\/uploads\/2016\/07\/03093657\/paula-rodriguez-1.jpg","datePublished":"2016-07-29T10:46:22+00:00","dateModified":"2025-04-03T09:37:17+00:00","breadcrumb":{"@id":"https:\/\/cardamomo.com\/en\/artist\/paula-rodriguez-lazaro\/#breadcrumb"},"inLanguage":"en-US","potentialAction":[{"@type":"ReadAction","target":[["https:\/\/cardamomo.com\/en\/artist\/paula-rodriguez-lazaro\/"]]}]},{"@type":"ImageObject","inLanguage":"en-US","@id":"https:\/\/cardamomo.com\/en\/artist\/paula-rodriguez-lazaro\/#primaryimage","url":"https:\/\/cardamomo.ams3.digitaloceanspaces.com\/wp-content\/uploads\/2016\/07\/03093657\/paula-rodriguez-1.jpg","contentUrl":"https:\/\/cardamomo.ams3.digitaloceanspaces.com\/wp-content\/uploads\/2016\/07\/03093657\/paula-rodriguez-1.jpg","width":600,"height":750,"caption":"Bailaora Paula Rodr\u00edguez L\u00e1zaro"},{"@type":"BreadcrumbList","@id":"https:\/\/cardamomo.com\/en\/artist\/paula-rodriguez-lazaro\/#breadcrumb","itemListElement":[{"@type":"ListItem","position":1,"name":"Cardamomo","item":"https:\/\/cardamomo.com\/en\/"},{"@type":"ListItem","position":2,"name":"Artists","item":"https:\/\/cardamomo.com\/en\/artist\/"},{"@type":"ListItem","position":3,"name":"Paula Rodr\u00edguez L\u00e1zaro"}]},{"@type":"WebSite","@id":"https:\/\/cardamomo.com\/en\/#website","url":"https:\/\/cardamomo.com\/en\/","name":"Cardamomo Flamenco Madrid","description":"","potentialAction":[{"@type":"SearchAction","target":{"@type":"EntryPoint","urlTemplate":"https:\/\/cardamomo.com\/en\/?s={search_term_string}"},"query-input":{"@type":"PropertyValueSpecification","valueRequired":true,"valueName":"search_term_string"}}],"inLanguage":"en-US"}]}},"_links":{"self":[{"href":"https:\/\/cardamomo.com\/en\/wp-json\/wp\/v2\/artist\/681","targetHints":{"allow":["GET"]}}],"collection":[{"href":"https:\/\/cardamomo.com\/en\/wp-json\/wp\/v2\/artist"}],"about":[{"href":"https:\/\/cardamomo.com\/en\/wp-json\/wp\/v2\/types\/artist"}],"wp:featuredmedia":[{"embeddable":true,"href":"https:\/\/cardamomo.com\/en\/wp-json\/wp\/v2\/media\/157283"}],"wp:attachment":[{"href":"https:\/\/cardamomo.com\/en\/wp-json\/wp\/v2\/media?parent=681"}],"curies":[{"name":"wp","href":"https:\/\/api.w.org\/{rel}","templated":true}]}}

Paula Rodríguez Lázaro

<p></p>
<h4><strong>ARTISTIC TRAINING</strong></h4>
<p>Born in Santander, she began dancing at the age of four at the Centro Autorizado de Danza Armengou and until she was seventeen she studied classical and contemporary dance with Gema de Beraza, Spanish dance with Carmen Armengou and flamenco with Paz Diaz.</p>
<p>In 2007 she moved to Madrid to complete her studies at the Centro de Danza Española y Flamenco Amor de Dios with teachers such as Truco, María Juncal, Alfonso Losa, Pepa Molina, and more exclusively with the teacher Merche Esmeralda.</p>
<p>In 2011 she continued her training in Seville taking classes with Juana Amaya, Andrés Peña and Ramón Martínez.</p>
<p>She has also taken courses with Mercedes Ruiz in Jerez de la Frontera (2009), with Rocío Molina in Barcelona (2010) and with Eva Yerbabuena in Barcelona (2013).</p>
<blockquote><p>Paula captivates live with her charm, strength and energy providing a great experience during the show.</p></blockquote>
<h4>COMPETITIONS AND SCHOLARSHIPS</h4>
<p>In 2008, First Prize with congratulations from the jury in the National Competition of Anaprode in the modality of flamenco, with the piece &#8220;Tiento a tres&#8221;.</p>
<p>First Prize with congratulations from the jury at the Anaprode National Competition in the contemporary modality, with the paso a dos &#8220;Necesito que me necesites&#8221; (I need you to need me).</p>
<p>In 2009 gold scholarship of the I Cycle of Complete Formation of Flamenco in Amor de Dios.</p>
<p>In June 2013 finalist in the II Flamenco Dance Contest of the Madrid tablao &#8220;Las Carboneras&#8221;.</p>
<p>In July 2014 finalist of the Spanish dance and flamenco choreography contest with the piece &#8220;Al placer de nosotros&#8221;.</p>
<p>In November 2014 finalist of the Concurso de jóvenes flamencos del tablao Villarosa.</p>
<h4>PROFESSIONAL EXPERIENCE</h4>
<p>In 2010 she was a repeater in the company of Maria Juncal in the show &#8220;Tercera Llamada&#8221;.</p>
<p>In the same year she is invited as a dancer in the Miguel Hernandez Festival in Alicante, with the piece &#8220;Nanas a la cebolla&#8221;.</p>
<p>In 2011 she is soloist and choreographer of the Santander dance company &#8220;Contrapposto&#8221;, in the premiere of the show &#8220;De tripas corazón&#8221; and &#8220;Más corazón&#8221;.</p>
<p>In 2012 she was part of the dance company &#8220;Rojas y Rodriguez&#8221; with the premiere of a new production called &#8220;Filigrana&#8221;.</p>
<p>In July 2013 she worked with Merche Esmeralda as a repeater in a flamenco course given for the National Ballet of Spain.</p>
<p>Since 2015 she collaborates in the company of Juan Carlos Avecilla with his show &#8220;Melómano&#8221; and &#8220;Creencias&#8221; touring Spain and Europe.</p>
<p>In August 2016 she is a guest artist of the prestigious Gorvio Flamenco Festival (France).</p>
<p>In June 2017 she participated as a guest artist at the Toledo Flamenco Festival sharing the bill with David Palomar.</p>
<p>From 2014 to the present she works regularly in Madrid tablaos such as &#8220;La Taberna de Mister Pinckleton&#8221;, &#8220;La estación de los Porches&#8221;, and &#8220;Casapatas&#8221;. Since the end of 2017 she has been a regular dancer at the excellent tablao &#8220;Cardamomo&#8221;, sharing tablas with Juan Andrés Maya and Antonio Canales.</p>
<p>Since 2015 she teaches courses and master classes on a regular basis in dance schools in Santander, Valladolid and Burgos, creating shows for festivals.</p>
<p>She currently directs her own company. Her latest show &#8220;Mi Tarara&#8221; was premiered in October 2018 with a full capacity of 600 people at the Casyc theater in Santander.</p>
<p><a href="https://paularodriguezlazaro.com/" target="_blank" rel="noopener noreferrer">https://paularodriguezlazaro.com/  </a>           <a href="https://www.instagram.com/paularodriguezlazaro/" target="_blank" rel="noopener noreferrer">Visita su instagram </a></p>

<!-- This site is optimized with the Yoast SEO plugin v27.4 - https://yoast.com/product/yoast-seo-wordpress/ -->
<title>Paula Rodríguez Lázaro - Cardamomo Flamenco Madrid</title>
<meta name="robots" content="index, follow, max-snippet:-1, max-image-preview:large, max-video-preview:-1" />
<link rel="canonical" href="/" />
<meta property="og:locale" content="en_US" />
<meta property="og:type" content="article" />
<meta property="og:title" content="Paula Rodríguez Lázaro - Cardamomo Flamenco Madrid" />
<meta property="og:description" content="ARTISTIC TRAINING Born in Santander, she began dancing at the age of four at the Centro Autorizado de Danza Armengou and until she was seventeen she studied classical and contemporary dance with Gema de Beraza, Spanish dance with Carmen Armengou and flamenco with Paz Diaz. In 2007 she moved to Madrid to complete her studies..." />
<meta property="og:url" content="https://cardamomo.com/en/artist/paula-rodriguez-lazaro/" />
<meta property="og:site_name" content="Cardamomo Flamenco Madrid" />
<meta property="article:modified_time" content="2025-04-03T09:37:17+00:00" />
<meta property="og:image" content="https://cardamomo.ams3.digitaloceanspaces.com/wp-content/uploads/2016/07/03093657/paula-rodriguez-1.jpg" />
	<meta property="og:image:width" content="600" />
	<meta property="og:image:height" content="750" />
	<meta property="og:image:type" content="image/jpeg" />
<meta name="twitter:card" content="summary_large_image" />
<meta name="twitter:label1" content="Est. reading time" />
	<meta name="twitter:data1" content="3 minutes" />
<script type="application/ld+json" class="yoast-schema-graph">{"@context":"https:\/\/schema.org","@graph":[{"@type":"WebPage","@id":"https:\/\/cardamomo.com\/en\/artist\/paula-rodriguez-lazaro\/","url":"https:\/\/cardamomo.com\/en\/artist\/paula-rodriguez-lazaro\/","name":"Paula Rodríguez Lázaro - Cardamomo Flamenco Madrid","isPartOf":{"@id":"https:\/\/cardamomo.com\/en\/#website"},"primaryImageOfPage":{"@id":"https:\/\/cardamomo.com\/en\/artist\/paula-rodriguez-lazaro\/#primaryimage"},"image":{"@id":"https:\/\/cardamomo.com\/es\/artist\/paula-rodriguez-lazaro\/#primaryimage"},"thumbnailUrl":"https:\/\/cardamomo.ams3.digitaloceanspaces.com\/wp-content\/uploads\/2016\/07\/03093657\/paula-rodriguez-1.jpg","datePublished":"2016-07-29T10:46:22+00:00","dateModified":"2025-04-03T09:37:17+00:00","breadcrumb":{"@id":"https:\/\/cardamomo.com\/en\/artist\/paula-rodriguez-lazaro\/#breadcrumb"},"inLanguage":"en-US","potentialAction":[{"@type":"ReadAction","target":[["https:\/\/cardamomo.com\/en\/artist\/paula-rodriguez-lazaro\/"]]}]},{"@type":"ImageObject","inLanguage":"en-US","@id":"https:\/\/cardamomo.com\/en\/artist\/paula-rodriguez-lazaro\/#primaryimage","url":"https:\/\/cardamomo.ams3.digitaloceanspaces.com\/wp-content\/uploads\/2016\/07\/03093657\/paula-rodriguez-1.jpg","contentUrl":"https:\/\/cardamomo.ams3.digitaloceanspaces.com\/wp-content\/uploads\/2016\/07\/03093657\/paula-rodriguez-1.jpg","width":600,"height":750,"caption":"Bailaora Paula Rodríguez Lázaro"},{"@type":"BreadcrumbList","@id":"https:\/\/cardamomo.com\/en\/artist\/paula-rodriguez-lazaro\/#breadcrumb","itemListElement":[{"@type":"ListItem","position":1,"name":"Cardamomo","item":"https:\/\/cardamomo.com\/en\/"},{"@type":"ListItem","position":2,"name":"Artists","item":"https:\/\/cardamomo.com\/en\/artist\/"},{"@type":"ListItem","position":3,"name":"Paula Rodríguez Lázaro"}]},{"@type":"WebSite","@id":"https:\/\/cardamomo.com\/en\/#website","url":"https:\/\/cardamomo.com\/en\/","name":"Cardamomo Flamenco Madrid","description":"","potentialAction":[{"@type":"SearchAction","target":{"@type":"EntryPoint","urlTemplate":"https:\/\/cardamomo.com\/en\/?s={search_term_string}"},"query-input":{"@type":"PropertyValueSpecification","valueRequired":true,"valueName":"search_term_string"}}],"inLanguage":"en-US"}]}</script>
<!-- / Yoast SEO plugin. -->

Paula Rodríguez Lázaro - Cardamomo Flamenco Madrid

Bailaora Paula Rodríguez Lázaro
