{"id":63106,"date":"2019-05-30T11:05:35","date_gmt":"2019-05-30T09:05:35","guid":{"rendered":"https:\/\/cardamomo.com\/es\/?post_type=artist&#038;p=63106"},"modified":"2025-03-19T12:40:50","modified_gmt":"2025-03-19T12:40:50","slug":"aitana-de-los-reyes","status":"publish","type":"artist","link":"https:\/\/cardamomo.com\/en\/artist\/aitana-de-los-reyes\/","title":{"rendered":"Aitana De los Reyes"},"content":{"rendered":"<p><\/p>\n<h4>BIOGRAPHY<\/h4>\n<p>Aitana de los Reyes presents herself as a pure gypsy dancer. She is a descendant of the Viejo Agujeras, from the Amaya family (Negros de Ronda). She grew up in El Puerto de Santa Maria (Cadiz) surrounded by flamenco. Her cantaora mother and guitarist father taught her from the cradle the importance of compas. She had not yet learned to walk when she was already entertaining weddings and other types of gypsy celebrations that she attended with her family.<\/p>\n<p>The enthusiasm and talent that Aitana felt intrinsically for flamenco was so strong that it was at the age of four when she first took the stage. She was one of the protagonists of the cast of dancers in the program &#8220;Mi primer Ole&#8221; of Canal Sur.<\/p>\n<p>The beginnings of this dancer go back to the different gypsy celebrations she attended with her family, going on to collaborate in different Associations or Pe\u00f1as de C\u00e1diz. In 2008, she was already performing regularly in a tablao called &#8220;La Posada del Puerto&#8221;. The following year, he performed as a Young Promise of Dance in Cadiz for the &#8220;IX JORNADAS DEL AYER, HOY HOY Y EL MA\u00d1ANA&#8221; (IX JORNADAS DEL AYER, HOY Y EL MA\u00d1ANA).<\/p>\n<p>In 2010, she participates in the show &#8220;J\u00f3venes Talentos&#8221; in the 7th International Festival of the &#8220;Teatro Alhambra&#8221; in Geneva (Switzerland). From the age of 13 to 21 years, with this same show, he takes his art to many countries such as Japan, France, Portugal, Germany, Colombia and Palestine. He is part of the cast of the show &#8220;Rancapino Chico&#8221; referring to his first album &#8220;Por mi amor al arte&#8221;.<\/p>\n<h4>AWARDS AND TRAINING:<\/h4>\n<p>Recognition Award &#8220;MUJERES CON LUZ PROPIA&#8221; Young Woman for Professional Trajectory (2016).<br \/>\nCourse with La Lupi ( Taranto ) from 07-08-2017 to 12-08-2017 in Jerez de la Frontera.<br \/>\nCourse with Soraya Clavijo ( Tangos ) from 17-10-2016 to 28-10-2016 in Jerez de la Frontera.<br \/>\nCourse with Antonio Canales ( Seguiriyas ) from 17-08-2015 to 22-08-2015 in Jerez de la Frontera.<br \/>\nCourse with Domingo Ortega from 15 to 19 August 2011 in Jerez de la Frontera.<br \/>\nCourse with Farruquito (from March 9 to March 13, 2009 in Jerez de la Frontera.<br \/>\nCourse with Ana Mar\u00eda L\u00f3pez from 10-09-2007 to 28-05-2008, 120 hours, subsidized by the Junta de Andaluc\u00eda in Jerez de la Frontera.<br \/>\nCourse with La Farruca (Rosario) from the 1st to the 5th of March 2008 in Jerez de la Frontera.<br \/>\nCourse with Farruco (Antonio) from 18 to 22 December 2006 in Chipiona.<\/p>\n<h4>Performances:<\/h4>\n<p>Participation in the Festival de Jerez, in the Cycle of Pe\u00f1a in &#8220;La Buena Gente&#8221; and &#8220;Torres Macarena&#8221; in Seville. In the Provincial Circuit of Pe\u00f1as organized by the Provincial Federation of Flamenco Pe\u00f1as in &#8220;La Perla de Cadiz&#8221;.<\/p>\n<p>Special performance at the FESTIVAL AL KAMANDJATI 2018 in JERUSALEM, PALESTINE. She has combined these world tours with performances in different flamenco corners of recognized prestige in the capital of Spain, such as Tablao Flamenco Cardamomo.<\/p>\n<p>In 2017 she performs in different international flamenco venues such as the &#8220;Sala Andaluza&#8221; in Tokyo (Japan); or the &#8220;Teatro Da Trindade&#8221; in Lisbon (Portugal).<\/p>\n<p>In 2016 she dances in different flamenco pe\u00f1as in her homeland such as &#8220;El Pescaero&#8221; or &#8220;El Palacio del Virrey Laserna&#8221; both in Jerez de la Frontera. He travels to the Teatro Mayor in Bogota (Colombia) with the show &#8220;Julio Mario Santo Domingo&#8221;. This same year, he participates in the &#8220;Ciclo flamenco y mestizos&#8221; directed by Paco Ortega for the SGAE in Madrid.<\/p>\n<p>He is part of the company Antonio Rey in Wurzburg (Germany), and participates in the show organized by the European Twinning Committee Utrillas-Decazeville, in France. At the same time, he combines all these international performances with numerous shows in his homeland, Andalusia.<\/p>\n<p>&nbsp;<\/p>","protected":false},"featured_media":157216,"template":"","meta":{"_acf_changed":false,"inline_featured_image":false},"class_list":["post-63106","artist","type-artist","status-publish","has-post-thumbnail","hentry"],"acf":[],"yoast_head":"<!-- This site is optimized with the Yoast SEO plugin v27.4 - https:\/\/yoast.com\/product\/yoast-seo-wordpress\/ -->\n<title>Aitana De los Reyes - Cardamomo Flamenco Madrid<\/title>\n<meta name=\"robots\" content=\"index, follow, max-snippet:-1, max-image-preview:large, max-video-preview:-1\" \/>\n<link rel=\"canonical\" href=\"\/\" \/>\n<meta property=\"og:locale\" content=\"en_US\" \/>\n<meta property=\"og:type\" content=\"article\" \/>\n<meta property=\"og:title\" content=\"Aitana De los Reyes - Cardamomo Flamenco Madrid\" \/>\n<meta property=\"og:description\" content=\"BIOGRAPHY Aitana de los Reyes presents herself as a pure gypsy dancer. She is a descendant of the Viejo Agujeras, from the Amaya family (Negros de Ronda). She grew up in El Puerto de Santa Maria (Cadiz) surrounded by flamenco. Her cantaora mother and guitarist father taught her from the cradle the importance of compas....\" \/>\n<meta property=\"og:url\" content=\"https:\/\/cardamomo.com\/en\/artist\/aitana-de-los-reyes\/\" \/>\n<meta property=\"og:site_name\" content=\"Cardamomo Flamenco Madrid\" \/>\n<meta property=\"article:modified_time\" content=\"2025-03-19T12:40:50+00:00\" \/>\n<meta property=\"og:image\" content=\"https:\/\/cardamomo.ams3.digitaloceanspaces.com\/wp-content\/uploads\/2019\/05\/19124034\/aitana-de-los-reyes.jpg\" \/>\n\t<meta property=\"og:image:width\" content=\"600\" \/>\n\t<meta property=\"og:image:height\" content=\"750\" \/>\n\t<meta property=\"og:image:type\" content=\"image\/jpeg\" \/>\n<meta name=\"twitter:card\" content=\"summary_large_image\" \/>\n<meta name=\"twitter:label1\" content=\"Est. reading time\" \/>\n\t<meta name=\"twitter:data1\" content=\"3 minutes\" \/>\n<script type=\"application\/ld+json\" class=\"yoast-schema-graph\">{\"@context\":\"https:\\\/\\\/schema.org\",\"@graph\":[{\"@type\":\"WebPage\",\"@id\":\"https:\\\/\\\/cardamomo.com\\\/en\\\/artist\\\/aitana-de-los-reyes\\\/\",\"url\":\"https:\\\/\\\/cardamomo.com\\\/en\\\/artist\\\/aitana-de-los-reyes\\\/\",\"name\":\"Aitana De los Reyes - Cardamomo Flamenco Madrid\",\"isPartOf\":{\"@id\":\"https:\\\/\\\/cardamomo.com\\\/en\\\/#website\"},\"primaryImageOfPage\":{\"@id\":\"https:\\\/\\\/cardamomo.com\\\/en\\\/artist\\\/aitana-de-los-reyes\\\/#primaryimage\"},\"image\":{\"@id\":\"https:\\\/\\\/cardamomo.com\\\/es\\\/artist\\\/aitana-de-los-reyes\\\/#primaryimage\"},\"thumbnailUrl\":\"https:\\\/\\\/cardamomo.ams3.digitaloceanspaces.com\\\/wp-content\\\/uploads\\\/2019\\\/05\\\/19124034\\\/aitana-de-los-reyes.jpg\",\"datePublished\":\"2019-05-30T09:05:35+00:00\",\"dateModified\":\"2025-03-19T12:40:50+00:00\",\"breadcrumb\":{\"@id\":\"https:\\\/\\\/cardamomo.com\\\/en\\\/artist\\\/aitana-de-los-reyes\\\/#breadcrumb\"},\"inLanguage\":\"en-US\",\"potentialAction\":[{\"@type\":\"ReadAction\",\"target\":[[\"https:\\\/\\\/cardamomo.com\\\/en\\\/artist\\\/aitana-de-los-reyes\\\/\"]]}]},{\"@type\":\"ImageObject\",\"inLanguage\":\"en-US\",\"@id\":\"https:\\\/\\\/cardamomo.com\\\/en\\\/artist\\\/aitana-de-los-reyes\\\/#primaryimage\",\"url\":\"https:\\\/\\\/cardamomo.ams3.digitaloceanspaces.com\\\/wp-content\\\/uploads\\\/2019\\\/05\\\/19124034\\\/aitana-de-los-reyes.jpg\",\"contentUrl\":\"https:\\\/\\\/cardamomo.ams3.digitaloceanspaces.com\\\/wp-content\\\/uploads\\\/2019\\\/05\\\/19124034\\\/aitana-de-los-reyes.jpg\",\"width\":600,\"height\":750,\"caption\":\"Bailaora Aitana de los Reyes\"},{\"@type\":\"BreadcrumbList\",\"@id\":\"https:\\\/\\\/cardamomo.com\\\/en\\\/artist\\\/aitana-de-los-reyes\\\/#breadcrumb\",\"itemListElement\":[{\"@type\":\"ListItem\",\"position\":1,\"name\":\"Cardamomo\",\"item\":\"https:\\\/\\\/cardamomo.com\\\/en\\\/\"},{\"@type\":\"ListItem\",\"position\":2,\"name\":\"Artists\",\"item\":\"https:\\\/\\\/cardamomo.com\\\/en\\\/artist\\\/\"},{\"@type\":\"ListItem\",\"position\":3,\"name\":\"Aitana De los Reyes\"}]},{\"@type\":\"WebSite\",\"@id\":\"https:\\\/\\\/cardamomo.com\\\/en\\\/#website\",\"url\":\"https:\\\/\\\/cardamomo.com\\\/en\\\/\",\"name\":\"Cardamomo Flamenco Madrid\",\"description\":\"\",\"potentialAction\":[{\"@type\":\"SearchAction\",\"target\":{\"@type\":\"EntryPoint\",\"urlTemplate\":\"https:\\\/\\\/cardamomo.com\\\/en\\\/?s={search_term_string}\"},\"query-input\":{\"@type\":\"PropertyValueSpecification\",\"valueRequired\":true,\"valueName\":\"search_term_string\"}}],\"inLanguage\":\"en-US\"}]}<\/script>\n<!-- \/ Yoast SEO plugin. -->","yoast_head_json":{"title":"Aitana De los Reyes - Cardamomo Flamenco Madrid","robots":{"index":"index","follow":"follow","max-snippet":"max-snippet:-1","max-image-preview":"max-image-preview:large","max-video-preview":"max-video-preview:-1"},"canonical":"\/","og_locale":"en_US","og_type":"article","og_title":"Aitana De los Reyes - Cardamomo Flamenco Madrid","og_description":"BIOGRAPHY Aitana de los Reyes presents herself as a pure gypsy dancer. She is a descendant of the Viejo Agujeras, from the Amaya family (Negros de Ronda). She grew up in El Puerto de Santa Maria (Cadiz) surrounded by flamenco. Her cantaora mother and guitarist father taught her from the cradle the importance of compas....","og_url":"https:\/\/cardamomo.com\/en\/artist\/aitana-de-los-reyes\/","og_site_name":"Cardamomo Flamenco Madrid","article_modified_time":"2025-03-19T12:40:50+00:00","og_image":[{"width":600,"height":750,"url":"https:\/\/cardamomo.ams3.digitaloceanspaces.com\/wp-content\/uploads\/2019\/05\/19124034\/aitana-de-los-reyes.jpg","type":"image\/jpeg"}],"twitter_card":"summary_large_image","twitter_misc":{"Est. reading time":"3 minutes"},"schema":{"@context":"https:\/\/schema.org","@graph":[{"@type":"WebPage","@id":"https:\/\/cardamomo.com\/en\/artist\/aitana-de-los-reyes\/","url":"https:\/\/cardamomo.com\/en\/artist\/aitana-de-los-reyes\/","name":"Aitana De los Reyes - Cardamomo Flamenco Madrid","isPartOf":{"@id":"https:\/\/cardamomo.com\/en\/#website"},"primaryImageOfPage":{"@id":"https:\/\/cardamomo.com\/en\/artist\/aitana-de-los-reyes\/#primaryimage"},"image":{"@id":"https:\/\/cardamomo.com\/es\/artist\/aitana-de-los-reyes\/#primaryimage"},"thumbnailUrl":"https:\/\/cardamomo.ams3.digitaloceanspaces.com\/wp-content\/uploads\/2019\/05\/19124034\/aitana-de-los-reyes.jpg","datePublished":"2019-05-30T09:05:35+00:00","dateModified":"2025-03-19T12:40:50+00:00","breadcrumb":{"@id":"https:\/\/cardamomo.com\/en\/artist\/aitana-de-los-reyes\/#breadcrumb"},"inLanguage":"en-US","potentialAction":[{"@type":"ReadAction","target":[["https:\/\/cardamomo.com\/en\/artist\/aitana-de-los-reyes\/"]]}]},{"@type":"ImageObject","inLanguage":"en-US","@id":"https:\/\/cardamomo.com\/en\/artist\/aitana-de-los-reyes\/#primaryimage","url":"https:\/\/cardamomo.ams3.digitaloceanspaces.com\/wp-content\/uploads\/2019\/05\/19124034\/aitana-de-los-reyes.jpg","contentUrl":"https:\/\/cardamomo.ams3.digitaloceanspaces.com\/wp-content\/uploads\/2019\/05\/19124034\/aitana-de-los-reyes.jpg","width":600,"height":750,"caption":"Bailaora Aitana de los Reyes"},{"@type":"BreadcrumbList","@id":"https:\/\/cardamomo.com\/en\/artist\/aitana-de-los-reyes\/#breadcrumb","itemListElement":[{"@type":"ListItem","position":1,"name":"Cardamomo","item":"https:\/\/cardamomo.com\/en\/"},{"@type":"ListItem","position":2,"name":"Artists","item":"https:\/\/cardamomo.com\/en\/artist\/"},{"@type":"ListItem","position":3,"name":"Aitana De los Reyes"}]},{"@type":"WebSite","@id":"https:\/\/cardamomo.com\/en\/#website","url":"https:\/\/cardamomo.com\/en\/","name":"Cardamomo Flamenco Madrid","description":"","potentialAction":[{"@type":"SearchAction","target":{"@type":"EntryPoint","urlTemplate":"https:\/\/cardamomo.com\/en\/?s={search_term_string}"},"query-input":{"@type":"PropertyValueSpecification","valueRequired":true,"valueName":"search_term_string"}}],"inLanguage":"en-US"}]}},"_links":{"self":[{"href":"https:\/\/cardamomo.com\/en\/wp-json\/wp\/v2\/artist\/63106","targetHints":{"allow":["GET"]}}],"collection":[{"href":"https:\/\/cardamomo.com\/en\/wp-json\/wp\/v2\/artist"}],"about":[{"href":"https:\/\/cardamomo.com\/en\/wp-json\/wp\/v2\/types\/artist"}],"wp:featuredmedia":[{"embeddable":true,"href":"https:\/\/cardamomo.com\/en\/wp-json\/wp\/v2\/media\/157216"}],"wp:attachment":[{"href":"https:\/\/cardamomo.com\/en\/wp-json\/wp\/v2\/media?parent=63106"}],"curies":[{"name":"wp","href":"https:\/\/api.w.org\/{rel}","templated":true}]}}

<p></p>
<h4>BIOGRAPHY</h4>
<p>Aitana de los Reyes presents herself as a pure gypsy dancer. She is a descendant of the Viejo Agujeras, from the Amaya family (Negros de Ronda). She grew up in El Puerto de Santa Maria (Cadiz) surrounded by flamenco. Her cantaora mother and guitarist father taught her from the cradle the importance of compas. She had not yet learned to walk when she was already entertaining weddings and other types of gypsy celebrations that she attended with her family.</p>
<p>The enthusiasm and talent that Aitana felt intrinsically for flamenco was so strong that it was at the age of four when she first took the stage. She was one of the protagonists of the cast of dancers in the program &#8220;Mi primer Ole&#8221; of Canal Sur.</p>
<p>The beginnings of this dancer go back to the different gypsy celebrations she attended with her family, going on to collaborate in different Associations or Peñas de Cádiz. In 2008, she was already performing regularly in a tablao called &#8220;La Posada del Puerto&#8221;. The following year, he performed as a Young Promise of Dance in Cadiz for the &#8220;IX JORNADAS DEL AYER, HOY HOY Y EL MAÑANA&#8221; (IX JORNADAS DEL AYER, HOY Y EL MAÑANA).</p>
<p>In 2010, she participates in the show &#8220;Jóvenes Talentos&#8221; in the 7th International Festival of the &#8220;Teatro Alhambra&#8221; in Geneva (Switzerland). From the age of 13 to 21 years, with this same show, he takes his art to many countries such as Japan, France, Portugal, Germany, Colombia and Palestine. He is part of the cast of the show &#8220;Rancapino Chico&#8221; referring to his first album &#8220;Por mi amor al arte&#8221;.</p>
<h4>AWARDS AND TRAINING:</h4>
<p>Recognition Award &#8220;MUJERES CON LUZ PROPIA&#8221; Young Woman for Professional Trajectory (2016).<br />
Course with La Lupi ( Taranto ) from 07-08-2017 to 12-08-2017 in Jerez de la Frontera.<br />
Course with Soraya Clavijo ( Tangos ) from 17-10-2016 to 28-10-2016 in Jerez de la Frontera.<br />
Course with Antonio Canales ( Seguiriyas ) from 17-08-2015 to 22-08-2015 in Jerez de la Frontera.<br />
Course with Domingo Ortega from 15 to 19 August 2011 in Jerez de la Frontera.<br />
Course with Farruquito (from March 9 to March 13, 2009 in Jerez de la Frontera.<br />
Course with Ana María López from 10-09-2007 to 28-05-2008, 120 hours, subsidized by the Junta de Andalucía in Jerez de la Frontera.<br />
Course with La Farruca (Rosario) from the 1st to the 5th of March 2008 in Jerez de la Frontera.<br />
Course with Farruco (Antonio) from 18 to 22 December 2006 in Chipiona.</p>
<h4>Performances:</h4>
<p>Participation in the Festival de Jerez, in the Cycle of Peña in &#8220;La Buena Gente&#8221; and &#8220;Torres Macarena&#8221; in Seville. In the Provincial Circuit of Peñas organized by the Provincial Federation of Flamenco Peñas in &#8220;La Perla de Cadiz&#8221;.</p>
<p>Special performance at the FESTIVAL AL KAMANDJATI 2018 in JERUSALEM, PALESTINE. She has combined these world tours with performances in different flamenco corners of recognized prestige in the capital of Spain, such as Tablao Flamenco Cardamomo.</p>
<p>In 2017 she performs in different international flamenco venues such as the &#8220;Sala Andaluza&#8221; in Tokyo (Japan); or the &#8220;Teatro Da Trindade&#8221; in Lisbon (Portugal).</p>
<p>In 2016 she dances in different flamenco peñas in her homeland such as &#8220;El Pescaero&#8221; or &#8220;El Palacio del Virrey Laserna&#8221; both in Jerez de la Frontera. He travels to the Teatro Mayor in Bogota (Colombia) with the show &#8220;Julio Mario Santo Domingo&#8221;. This same year, he participates in the &#8220;Ciclo flamenco y mestizos&#8221; directed by Paco Ortega for the SGAE in Madrid.</p>
<p>He is part of the company Antonio Rey in Wurzburg (Germany), and participates in the show organized by the European Twinning Committee Utrillas-Decazeville, in France. At the same time, he combines all these international performances with numerous shows in his homeland, Andalusia.</p>
<p>&nbsp;</p>
