{"id":22209,"date":"2016-09-12T17:27:45","date_gmt":"2016-09-12T15:27:45","guid":{"rendered":"https:\/\/cardamomo.com\/es\/?post_type=artist&#038;p=22209"},"modified":"2025-04-02T10:50:20","modified_gmt":"2025-04-02T10:50:20","slug":"jose-losada","status":"publish","type":"artist","link":"https:\/\/cardamomo.com\/en\/artist\/jose-losada\/","title":{"rendered":"Jose Losada"},"content":{"rendered":"<p><strong>Jos\u00e9 Losada<\/strong> admired his cousins and uncles from a very early age. He wanted to emulate them by following the path of the flamenco guitar. This extraordinary artist, who began his career in the tablaos of Madrid, has toured the world with shows such as <strong>Las Mil y Una Noches, Misa flamenca, Vertiges,<\/strong> etc. He has also worked with such important figures as <a href=\"https:\/\/tablaoflamenco1911.com\/es\/antonio-canales-padrino-del-1911\/\">Antonio Canales<\/a>, <a href=\"https:\/\/cardamomo.com\/es\/artist\/jose-maya\/\">Jos\u00e9 Maya<\/a> and Jes\u00fas Carmona.<\/p>\n<h2>Jos\u00e9 Losada, a promising guitarist<\/h2>\n<p>At the age of<strong> fourteen<\/strong> he made his first great leap to the big stages at the <strong>Teatro de La Latina<\/strong> under the guidance of his cousin Iv\u00e1n Losada. Even today he still remembers the success of the piece <strong>&#8220;ronde\u00f1a&#8221;<\/strong>, which he played by heart, having rehearsed it so many times because of the admiration he felt for his family. There is no doubt that the career that still lies ahead for this fantastic guitarist is promising.<\/p>","protected":false},"featured_media":157253,"template":"","meta":{"_acf_changed":false,"inline_featured_image":false},"class_list":["post-22209","artist","type-artist","status-publish","has-post-thumbnail","hentry"],"acf":[],"yoast_head":"<!-- This site is optimized with the Yoast SEO plugin v27.4 - https:\/\/yoast.com\/product\/yoast-seo-wordpress\/ -->\n<title>Jose Losada - Cardamomo Flamenco Madrid<\/title>\n<meta name=\"description\" content=\"Jos\u00e9 Losada es un guitarrista Madrile\u00f1o perteneciente a una gran familia flamenca. Si quieres conocer m\u00e1s sobre su carrera, pincha \u00a1aqu\u00ed!\" \/>\n<meta name=\"robots\" content=\"index, follow, max-snippet:-1, max-image-preview:large, max-video-preview:-1\" \/>\n<link rel=\"canonical\" href=\"\/\" \/>\n<meta property=\"og:locale\" content=\"en_US\" \/>\n<meta property=\"og:type\" content=\"article\" \/>\n<meta property=\"og:title\" content=\"Jose Losada - Cardamomo Flamenco Madrid\" \/>\n<meta property=\"og:description\" content=\"Jos\u00e9 Losada es un guitarrista Madrile\u00f1o perteneciente a una gran familia flamenca. Si quieres conocer m\u00e1s sobre su carrera, pincha \u00a1aqu\u00ed!\" \/>\n<meta property=\"og:url\" content=\"https:\/\/cardamomo.com\/en\/artist\/jose-losada\/\" \/>\n<meta property=\"og:site_name\" content=\"Cardamomo Flamenco Madrid\" \/>\n<meta property=\"article:modified_time\" content=\"2025-04-02T10:50:20+00:00\" \/>\n<meta property=\"og:image\" content=\"https:\/\/cardamomo.ams3.digitaloceanspaces.com\/wp-content\/uploads\/2016\/09\/02105003\/jose-losada-1.jpg\" \/>\n\t<meta property=\"og:image:width\" content=\"600\" \/>\n\t<meta property=\"og:image:height\" content=\"750\" \/>\n\t<meta property=\"og:image:type\" content=\"image\/jpeg\" \/>\n<meta name=\"twitter:card\" content=\"summary_large_image\" \/>\n<meta name=\"twitter:label1\" content=\"Est. reading time\" \/>\n\t<meta name=\"twitter:data1\" content=\"1 minute\" \/>\n<script type=\"application\/ld+json\" class=\"yoast-schema-graph\">{\"@context\":\"https:\\\/\\\/schema.org\",\"@graph\":[{\"@type\":\"WebPage\",\"@id\":\"https:\\\/\\\/cardamomo.com\\\/en\\\/artist\\\/jose-losada\\\/\",\"url\":\"https:\\\/\\\/cardamomo.com\\\/en\\\/artist\\\/jose-losada\\\/\",\"name\":\"Jose Losada - Cardamomo Flamenco Madrid\",\"isPartOf\":{\"@id\":\"https:\\\/\\\/cardamomo.com\\\/en\\\/#website\"},\"primaryImageOfPage\":{\"@id\":\"https:\\\/\\\/cardamomo.com\\\/en\\\/artist\\\/jose-losada\\\/#primaryimage\"},\"image\":{\"@id\":\"https:\\\/\\\/cardamomo.com\\\/es\\\/artist\\\/jose-losada\\\/#primaryimage\"},\"thumbnailUrl\":\"https:\\\/\\\/cardamomo.ams3.digitaloceanspaces.com\\\/wp-content\\\/uploads\\\/2016\\\/09\\\/02105003\\\/jose-losada-1.jpg\",\"datePublished\":\"2016-09-12T15:27:45+00:00\",\"dateModified\":\"2025-04-02T10:50:20+00:00\",\"description\":\"Jos\u00e9 Losada es un guitarrista Madrile\u00f1o perteneciente a una gran familia flamenca. Si quieres conocer m\u00e1s sobre su carrera, pincha \u00a1aqu\u00ed!\",\"breadcrumb\":{\"@id\":\"https:\\\/\\\/cardamomo.com\\\/en\\\/artist\\\/jose-losada\\\/#breadcrumb\"},\"inLanguage\":\"en-US\",\"potentialAction\":[{\"@type\":\"ReadAction\",\"target\":[[\"https:\\\/\\\/cardamomo.com\\\/en\\\/artist\\\/jose-losada\\\/\"]]}]},{\"@type\":\"ImageObject\",\"inLanguage\":\"en-US\",\"@id\":\"https:\\\/\\\/cardamomo.com\\\/en\\\/artist\\\/jose-losada\\\/#primaryimage\",\"url\":\"https:\\\/\\\/cardamomo.ams3.digitaloceanspaces.com\\\/wp-content\\\/uploads\\\/2016\\\/09\\\/02105003\\\/jose-losada-1.jpg\",\"contentUrl\":\"https:\\\/\\\/cardamomo.ams3.digitaloceanspaces.com\\\/wp-content\\\/uploads\\\/2016\\\/09\\\/02105003\\\/jose-losada-1.jpg\",\"width\":600,\"height\":750,\"caption\":\"Guitarrista Jos\u00e9 Losada\"},{\"@type\":\"BreadcrumbList\",\"@id\":\"https:\\\/\\\/cardamomo.com\\\/en\\\/artist\\\/jose-losada\\\/#breadcrumb\",\"itemListElement\":[{\"@type\":\"ListItem\",\"position\":1,\"name\":\"Cardamomo\",\"item\":\"https:\\\/\\\/cardamomo.com\\\/en\\\/\"},{\"@type\":\"ListItem\",\"position\":2,\"name\":\"Artists\",\"item\":\"https:\\\/\\\/cardamomo.com\\\/en\\\/artist\\\/\"},{\"@type\":\"ListItem\",\"position\":3,\"name\":\"Jose Losada\"}]},{\"@type\":\"WebSite\",\"@id\":\"https:\\\/\\\/cardamomo.com\\\/en\\\/#website\",\"url\":\"https:\\\/\\\/cardamomo.com\\\/en\\\/\",\"name\":\"Cardamomo Flamenco Madrid\",\"description\":\"\",\"potentialAction\":[{\"@type\":\"SearchAction\",\"target\":{\"@type\":\"EntryPoint\",\"urlTemplate\":\"https:\\\/\\\/cardamomo.com\\\/en\\\/?s={search_term_string}\"},\"query-input\":{\"@type\":\"PropertyValueSpecification\",\"valueRequired\":true,\"valueName\":\"search_term_string\"}}],\"inLanguage\":\"en-US\"}]}<\/script>\n<!-- \/ Yoast SEO plugin. -->","yoast_head_json":{"title":"Jose Losada - Cardamomo Flamenco Madrid","description":"Jos\u00e9 Losada es un guitarrista Madrile\u00f1o perteneciente a una gran familia flamenca. Si quieres conocer m\u00e1s sobre su carrera, pincha \u00a1aqu\u00ed!","robots":{"index":"index","follow":"follow","max-snippet":"max-snippet:-1","max-image-preview":"max-image-preview:large","max-video-preview":"max-video-preview:-1"},"canonical":"\/","og_locale":"en_US","og_type":"article","og_title":"Jose Losada - Cardamomo Flamenco Madrid","og_description":"Jos\u00e9 Losada es un guitarrista Madrile\u00f1o perteneciente a una gran familia flamenca. Si quieres conocer m\u00e1s sobre su carrera, pincha \u00a1aqu\u00ed!","og_url":"https:\/\/cardamomo.com\/en\/artist\/jose-losada\/","og_site_name":"Cardamomo Flamenco Madrid","article_modified_time":"2025-04-02T10:50:20+00:00","og_image":[{"width":600,"height":750,"url":"https:\/\/cardamomo.ams3.digitaloceanspaces.com\/wp-content\/uploads\/2016\/09\/02105003\/jose-losada-1.jpg","type":"image\/jpeg"}],"twitter_card":"summary_large_image","twitter_misc":{"Est. reading time":"1 minute"},"schema":{"@context":"https:\/\/schema.org","@graph":[{"@type":"WebPage","@id":"https:\/\/cardamomo.com\/en\/artist\/jose-losada\/","url":"https:\/\/cardamomo.com\/en\/artist\/jose-losada\/","name":"Jose Losada - Cardamomo Flamenco Madrid","isPartOf":{"@id":"https:\/\/cardamomo.com\/en\/#website"},"primaryImageOfPage":{"@id":"https:\/\/cardamomo.com\/en\/artist\/jose-losada\/#primaryimage"},"image":{"@id":"https:\/\/cardamomo.com\/es\/artist\/jose-losada\/#primaryimage"},"thumbnailUrl":"https:\/\/cardamomo.ams3.digitaloceanspaces.com\/wp-content\/uploads\/2016\/09\/02105003\/jose-losada-1.jpg","datePublished":"2016-09-12T15:27:45+00:00","dateModified":"2025-04-02T10:50:20+00:00","description":"Jos\u00e9 Losada es un guitarrista Madrile\u00f1o perteneciente a una gran familia flamenca. Si quieres conocer m\u00e1s sobre su carrera, pincha \u00a1aqu\u00ed!","breadcrumb":{"@id":"https:\/\/cardamomo.com\/en\/artist\/jose-losada\/#breadcrumb"},"inLanguage":"en-US","potentialAction":[{"@type":"ReadAction","target":[["https:\/\/cardamomo.com\/en\/artist\/jose-losada\/"]]}]},{"@type":"ImageObject","inLanguage":"en-US","@id":"https:\/\/cardamomo.com\/en\/artist\/jose-losada\/#primaryimage","url":"https:\/\/cardamomo.ams3.digitaloceanspaces.com\/wp-content\/uploads\/2016\/09\/02105003\/jose-losada-1.jpg","contentUrl":"https:\/\/cardamomo.ams3.digitaloceanspaces.com\/wp-content\/uploads\/2016\/09\/02105003\/jose-losada-1.jpg","width":600,"height":750,"caption":"Guitarrista Jos\u00e9 Losada"},{"@type":"BreadcrumbList","@id":"https:\/\/cardamomo.com\/en\/artist\/jose-losada\/#breadcrumb","itemListElement":[{"@type":"ListItem","position":1,"name":"Cardamomo","item":"https:\/\/cardamomo.com\/en\/"},{"@type":"ListItem","position":2,"name":"Artists","item":"https:\/\/cardamomo.com\/en\/artist\/"},{"@type":"ListItem","position":3,"name":"Jose Losada"}]},{"@type":"WebSite","@id":"https:\/\/cardamomo.com\/en\/#website","url":"https:\/\/cardamomo.com\/en\/","name":"Cardamomo Flamenco Madrid","description":"","potentialAction":[{"@type":"SearchAction","target":{"@type":"EntryPoint","urlTemplate":"https:\/\/cardamomo.com\/en\/?s={search_term_string}"},"query-input":{"@type":"PropertyValueSpecification","valueRequired":true,"valueName":"search_term_string"}}],"inLanguage":"en-US"}]}},"_links":{"self":[{"href":"https:\/\/cardamomo.com\/en\/wp-json\/wp\/v2\/artist\/22209","targetHints":{"allow":["GET"]}}],"collection":[{"href":"https:\/\/cardamomo.com\/en\/wp-json\/wp\/v2\/artist"}],"about":[{"href":"https:\/\/cardamomo.com\/en\/wp-json\/wp\/v2\/types\/artist"}],"wp:featuredmedia":[{"embeddable":true,"href":"https:\/\/cardamomo.com\/en\/wp-json\/wp\/v2\/media\/157253"}],"wp:attachment":[{"href":"https:\/\/cardamomo.com\/en\/wp-json\/wp\/v2\/media?parent=22209"}],"curies":[{"name":"wp","href":"https:\/\/api.w.org\/{rel}","templated":true}]}}

<p><strong>José Losada</strong> admired his cousins and uncles from a very early age. He wanted to emulate them by following the path of the flamenco guitar. This extraordinary artist, who began his career in the tablaos of Madrid, has toured the world with shows such as <strong>Las Mil y Una Noches, Misa flamenca, Vertiges,</strong> etc. He has also worked with such important figures as <a href="https://tablaoflamenco1911.com/es/antonio-canales-padrino-del-1911/">Antonio Canales</a>, <a href="https://cardamomo.com/es/artist/jose-maya/">José Maya</a> and Jesús Carmona.</p>
<h2>José Losada, a promising guitarist</h2>
<p>At the age of<strong> fourteen</strong> he made his first great leap to the big stages at the <strong>Teatro de La Latina</strong> under the guidance of his cousin Iván Losada. Even today he still remembers the success of the piece <strong>&#8220;rondeña&#8221;</strong>, which he played by heart, having rehearsed it so many times because of the admiration he felt for his family. There is no doubt that the career that still lies ahead for this fantastic guitarist is promising.</p>

<!-- This site is optimized with the Yoast SEO plugin v27.4 - https://yoast.com/product/yoast-seo-wordpress/ -->
<title>Jose Losada - Cardamomo Flamenco Madrid</title>
<meta name="description" content="José Losada es un guitarrista Madrileño perteneciente a una gran familia flamenca. Si quieres conocer más sobre su carrera, pincha ¡aquí!" />
<meta name="robots" content="index, follow, max-snippet:-1, max-image-preview:large, max-video-preview:-1" />
<link rel="canonical" href="/" />
<meta property="og:locale" content="en_US" />
<meta property="og:type" content="article" />
<meta property="og:title" content="Jose Losada - Cardamomo Flamenco Madrid" />
<meta property="og:description" content="José Losada es un guitarrista Madrileño perteneciente a una gran familia flamenca. Si quieres conocer más sobre su carrera, pincha ¡aquí!" />
<meta property="og:url" content="https://cardamomo.com/en/artist/jose-losada/" />
<meta property="og:site_name" content="Cardamomo Flamenco Madrid" />
<meta property="article:modified_time" content="2025-04-02T10:50:20+00:00" />
<meta property="og:image" content="https://cardamomo.ams3.digitaloceanspaces.com/wp-content/uploads/2016/09/02105003/jose-losada-1.jpg" />
	<meta property="og:image:width" content="600" />
	<meta property="og:image:height" content="750" />
	<meta property="og:image:type" content="image/jpeg" />
<meta name="twitter:card" content="summary_large_image" />
<meta name="twitter:label1" content="Est. reading time" />
	<meta name="twitter:data1" content="1 minute" />
<script type="application/ld+json" class="yoast-schema-graph">{"@context":"https:\/\/schema.org","@graph":[{"@type":"WebPage","@id":"https:\/\/cardamomo.com\/en\/artist\/jose-losada\/","url":"https:\/\/cardamomo.com\/en\/artist\/jose-losada\/","name":"Jose Losada - Cardamomo Flamenco Madrid","isPartOf":{"@id":"https:\/\/cardamomo.com\/en\/#website"},"primaryImageOfPage":{"@id":"https:\/\/cardamomo.com\/en\/artist\/jose-losada\/#primaryimage"},"image":{"@id":"https:\/\/cardamomo.com\/es\/artist\/jose-losada\/#primaryimage"},"thumbnailUrl":"https:\/\/cardamomo.ams3.digitaloceanspaces.com\/wp-content\/uploads\/2016\/09\/02105003\/jose-losada-1.jpg","datePublished":"2016-09-12T15:27:45+00:00","dateModified":"2025-04-02T10:50:20+00:00","description":"José Losada es un guitarrista Madrileño perteneciente a una gran familia flamenca. Si quieres conocer más sobre su carrera, pincha ¡aquí!","breadcrumb":{"@id":"https:\/\/cardamomo.com\/en\/artist\/jose-losada\/#breadcrumb"},"inLanguage":"en-US","potentialAction":[{"@type":"ReadAction","target":[["https:\/\/cardamomo.com\/en\/artist\/jose-losada\/"]]}]},{"@type":"ImageObject","inLanguage":"en-US","@id":"https:\/\/cardamomo.com\/en\/artist\/jose-losada\/#primaryimage","url":"https:\/\/cardamomo.ams3.digitaloceanspaces.com\/wp-content\/uploads\/2016\/09\/02105003\/jose-losada-1.jpg","contentUrl":"https:\/\/cardamomo.ams3.digitaloceanspaces.com\/wp-content\/uploads\/2016\/09\/02105003\/jose-losada-1.jpg","width":600,"height":750,"caption":"Guitarrista José Losada"},{"@type":"BreadcrumbList","@id":"https:\/\/cardamomo.com\/en\/artist\/jose-losada\/#breadcrumb","itemListElement":[{"@type":"ListItem","position":1,"name":"Cardamomo","item":"https:\/\/cardamomo.com\/en\/"},{"@type":"ListItem","position":2,"name":"Artists","item":"https:\/\/cardamomo.com\/en\/artist\/"},{"@type":"ListItem","position":3,"name":"Jose Losada"}]},{"@type":"WebSite","@id":"https:\/\/cardamomo.com\/en\/#website","url":"https:\/\/cardamomo.com\/en\/","name":"Cardamomo Flamenco Madrid","description":"","potentialAction":[{"@type":"SearchAction","target":{"@type":"EntryPoint","urlTemplate":"https:\/\/cardamomo.com\/en\/?s={search_term_string}"},"query-input":{"@type":"PropertyValueSpecification","valueRequired":true,"valueName":"search_term_string"}}],"inLanguage":"en-US"}]}</script>
<!-- / Yoast SEO plugin. -->

José Losada es un guitarrista Madrileño perteneciente a una gran familia flamenca. Si quieres conocer más sobre su carrera, pincha ¡aquí!

Guitarrista José Losada
