{"id":138550,"date":"2024-03-05T17:35:12","date_gmt":"2024-03-05T16:35:12","guid":{"rendered":"https:\/\/cardamomo.com\/es\/?post_type=artist&#038;p=138550"},"modified":"2025-03-10T15:43:15","modified_gmt":"2025-03-10T15:43:15","slug":"ricardo-vazquez","status":"publish","type":"artist","link":"https:\/\/cardamomo.com\/en\/artist\/ricardo-vazquez\/","title":{"rendered":"Ricardo V\u00e1zquez"},"content":{"rendered":"<p><strong>Ricardo V\u00e1zquez Amador<\/strong> was born on 21 January 1984 in Madrid. Since he was a child he has experienced flamenco in the family environment thanks to the fact that all his uncles sing or play the guitar.<\/p>\n<blockquote><p>He inherited his art from his grandmother Josefa &#8220;Pepa&#8221; Amador Montes, a gypsy old woman with a special gift for singing and dancing.<\/p><\/blockquote>\n<p>Her great-grandfather Jos\u00e9 gave her her first guitar when she was only 3 years old. Since then, Ricardo V\u00e1zquez&#8217;s curiosity for music has not ceased. At the age of 12 he received his first lesson from Aquilino Jim\u00e9nez &#8220;<strong>El Entri&#8221;<\/strong> from the neighbourhood of Ca\u00f1o Roto, one of the best flamenco guitar teachers in Spain.<\/p>\n<h2>Ricardo V\u00e1zquez has an international career.<\/h2>\n<p>His first encounter on stage was with the cantaora <strong>Celia Flores<\/strong> -daughter of the famous actress Marisol Flores- and <strong>Aroa Fern\u00e1ndez<\/strong>. From then on she began to perform in various musical groups in Madrid.<\/p>\n<p>His first encounter with flamenco dancing was on the stage of the tablao Almonte, in a live performance. This guitarist progressively trained in accompaniment until he performed in tablaos such as <strong>Cardamomo<\/strong> and <strong>Tablao Flamenco 1911.<\/strong><\/p>\n<h3>Shows in which he participates<\/h3>\n<p>He stands out in the show &#8220;Genios&#8221; (2019) together with the dancer <strong>Curro de Candela<\/strong> performing with the Orquesta Sinf\u00f3nica RTVE at the Teatro Monumental in Madrid.<\/p>\n<p>He took part in the concert series <strong>Las Noches del Monumental<\/strong> at the Teatro Monumental in Madrid with the Mari\u00e1n Moraru Group, concerts which were broadcast on the RTVE television channel, La 2.<\/p>\n<p>In 2021 and 2022 he participated in shows such as <em>Herencia<\/em> and <em>Amores Flamencos<\/em> in Santander, Toledo and at the Palace Hotel (Madrid).<\/p>\n<p>He worked with the conductor <strong>Luis Cobos<\/strong> performing music for series and with the conductor <strong>Oliver D\u00edaz<\/strong> providing the flamenco guitar in works such as:<\/p>\n<ul>\n<li><em>Partita in D minor for solo violin, BWV 1004<\/em> by J.S Bach<\/li>\n<li><em>Concerto N. 2 In G Minor, RV 315 &#8220;El Verano&#8221;. III Presto<\/em> by Vivaldi<\/li>\n<li><em>Capriccio no. 24<\/em> by Paganini.<\/li>\n<\/ul>\n<p>In 2023 he performed at the <strong>Albuquerque Flamenco Festival<\/strong> (USA) with the dancer <strong>Nazaret Reyes.<\/strong><\/p>\n<p>He currently collaborates as artistic director of the <em><strong>Ballet Flamenco Eterno Picasso<\/strong><\/em> with the artist Carlos Rodr\u00edguez of Mediaset Pro.<\/p>","protected":false},"featured_media":157146,"template":"","meta":{"_acf_changed":false,"inline_featured_image":false},"class_list":["post-138550","artist","type-artist","status-publish","has-post-thumbnail","hentry"],"acf":[],"yoast_head":"<!-- This site is optimized with the Yoast SEO plugin v27.4 - https:\/\/yoast.com\/product\/yoast-seo-wordpress\/ -->\n<title>Ricardo V\u00e1zquez<\/title>\n<meta name=\"description\" content=\"\u00a1El guitarrista Ricardo V\u00e1zquez en Cardamomo! Conoce m\u00e1s sobre la trayectoria de este magn\u00edfico m\u00fasico pulsando \u00a1aqu\u00ed!\" \/>\n<meta name=\"robots\" content=\"index, follow, max-snippet:-1, max-image-preview:large, max-video-preview:-1\" \/>\n<link rel=\"canonical\" href=\"\/\" \/>\n<meta property=\"og:locale\" content=\"en_US\" \/>\n<meta property=\"og:type\" content=\"article\" \/>\n<meta property=\"og:title\" content=\"Ricardo V\u00e1zquez\" \/>\n<meta property=\"og:description\" content=\"\u00a1El guitarrista Ricardo V\u00e1zquez en Cardamomo! Conoce m\u00e1s sobre la trayectoria de este magn\u00edfico m\u00fasico pulsando \u00a1aqu\u00ed!\" \/>\n<meta property=\"og:url\" content=\"https:\/\/cardamomo.com\/en\/artist\/ricardo-vazquez\/\" \/>\n<meta property=\"og:site_name\" content=\"Cardamomo Flamenco Madrid\" \/>\n<meta property=\"article:modified_time\" content=\"2025-03-10T15:43:15+00:00\" \/>\n<meta property=\"og:image\" content=\"https:\/\/cardamomo.ams3.digitaloceanspaces.com\/wp-content\/uploads\/2024\/03\/10134153\/ricardo-vazquez.jpg\" \/>\n\t<meta property=\"og:image:width\" content=\"600\" \/>\n\t<meta property=\"og:image:height\" content=\"751\" \/>\n\t<meta property=\"og:image:type\" content=\"image\/jpeg\" \/>\n<meta name=\"twitter:card\" content=\"summary_large_image\" \/>\n<meta name=\"twitter:label1\" content=\"Est. reading time\" \/>\n\t<meta name=\"twitter:data1\" content=\"2 minutes\" \/>\n<script type=\"application\/ld+json\" class=\"yoast-schema-graph\">{\"@context\":\"https:\\\/\\\/schema.org\",\"@graph\":[{\"@type\":\"WebPage\",\"@id\":\"https:\\\/\\\/cardamomo.com\\\/en\\\/artist\\\/ricardo-vazquez\\\/\",\"url\":\"https:\\\/\\\/cardamomo.com\\\/en\\\/artist\\\/ricardo-vazquez\\\/\",\"name\":\"Ricardo V\u00e1zquez\",\"isPartOf\":{\"@id\":\"https:\\\/\\\/cardamomo.com\\\/en\\\/#website\"},\"primaryImageOfPage\":{\"@id\":\"https:\\\/\\\/cardamomo.com\\\/en\\\/artist\\\/ricardo-vazquez\\\/#primaryimage\"},\"image\":{\"@id\":\"https:\\\/\\\/cardamomo.com\\\/es\\\/artist\\\/ricardo-vazquez\\\/#primaryimage\"},\"thumbnailUrl\":\"https:\\\/\\\/cardamomo.ams3.digitaloceanspaces.com\\\/wp-content\\\/uploads\\\/2024\\\/03\\\/10134153\\\/ricardo-vazquez.jpg\",\"datePublished\":\"2024-03-05T16:35:12+00:00\",\"dateModified\":\"2025-03-10T15:43:15+00:00\",\"description\":\"\u00a1El guitarrista Ricardo V\u00e1zquez en Cardamomo! Conoce m\u00e1s sobre la trayectoria de este magn\u00edfico m\u00fasico pulsando \u00a1aqu\u00ed!\",\"breadcrumb\":{\"@id\":\"https:\\\/\\\/cardamomo.com\\\/en\\\/artist\\\/ricardo-vazquez\\\/#breadcrumb\"},\"inLanguage\":\"en-US\",\"potentialAction\":[{\"@type\":\"ReadAction\",\"target\":[[\"https:\\\/\\\/cardamomo.com\\\/en\\\/artist\\\/ricardo-vazquez\\\/\"]]}]},{\"@type\":\"ImageObject\",\"inLanguage\":\"en-US\",\"@id\":\"https:\\\/\\\/cardamomo.com\\\/en\\\/artist\\\/ricardo-vazquez\\\/#primaryimage\",\"url\":\"https:\\\/\\\/cardamomo.ams3.digitaloceanspaces.com\\\/wp-content\\\/uploads\\\/2024\\\/03\\\/10134153\\\/ricardo-vazquez.jpg\",\"contentUrl\":\"https:\\\/\\\/cardamomo.ams3.digitaloceanspaces.com\\\/wp-content\\\/uploads\\\/2024\\\/03\\\/10134153\\\/ricardo-vazquez.jpg\",\"width\":600,\"height\":751,\"caption\":\"guitarrista Ricardo V\u00e1zquez\"},{\"@type\":\"BreadcrumbList\",\"@id\":\"https:\\\/\\\/cardamomo.com\\\/en\\\/artist\\\/ricardo-vazquez\\\/#breadcrumb\",\"itemListElement\":[{\"@type\":\"ListItem\",\"position\":1,\"name\":\"Cardamomo\",\"item\":\"https:\\\/\\\/cardamomo.com\\\/en\\\/\"},{\"@type\":\"ListItem\",\"position\":2,\"name\":\"Artists\",\"item\":\"https:\\\/\\\/cardamomo.com\\\/en\\\/artist\\\/\"},{\"@type\":\"ListItem\",\"position\":3,\"name\":\"Ricardo V\u00e1zquez\"}]},{\"@type\":\"WebSite\",\"@id\":\"https:\\\/\\\/cardamomo.com\\\/en\\\/#website\",\"url\":\"https:\\\/\\\/cardamomo.com\\\/en\\\/\",\"name\":\"Cardamomo Flamenco Madrid\",\"description\":\"\",\"potentialAction\":[{\"@type\":\"SearchAction\",\"target\":{\"@type\":\"EntryPoint\",\"urlTemplate\":\"https:\\\/\\\/cardamomo.com\\\/en\\\/?s={search_term_string}\"},\"query-input\":{\"@type\":\"PropertyValueSpecification\",\"valueRequired\":true,\"valueName\":\"search_term_string\"}}],\"inLanguage\":\"en-US\"}]}<\/script>\n<!-- \/ Yoast SEO plugin. -->","yoast_head_json":{"title":"Ricardo V\u00e1zquez","description":"\u00a1El guitarrista Ricardo V\u00e1zquez en Cardamomo! Conoce m\u00e1s sobre la trayectoria de este magn\u00edfico m\u00fasico pulsando \u00a1aqu\u00ed!","robots":{"index":"index","follow":"follow","max-snippet":"max-snippet:-1","max-image-preview":"max-image-preview:large","max-video-preview":"max-video-preview:-1"},"canonical":"\/","og_locale":"en_US","og_type":"article","og_title":"Ricardo V\u00e1zquez","og_description":"\u00a1El guitarrista Ricardo V\u00e1zquez en Cardamomo! Conoce m\u00e1s sobre la trayectoria de este magn\u00edfico m\u00fasico pulsando \u00a1aqu\u00ed!","og_url":"https:\/\/cardamomo.com\/en\/artist\/ricardo-vazquez\/","og_site_name":"Cardamomo Flamenco Madrid","article_modified_time":"2025-03-10T15:43:15+00:00","og_image":[{"width":600,"height":751,"url":"https:\/\/cardamomo.ams3.digitaloceanspaces.com\/wp-content\/uploads\/2024\/03\/10134153\/ricardo-vazquez.jpg","type":"image\/jpeg"}],"twitter_card":"summary_large_image","twitter_misc":{"Est. reading time":"2 minutes"},"schema":{"@context":"https:\/\/schema.org","@graph":[{"@type":"WebPage","@id":"https:\/\/cardamomo.com\/en\/artist\/ricardo-vazquez\/","url":"https:\/\/cardamomo.com\/en\/artist\/ricardo-vazquez\/","name":"Ricardo V\u00e1zquez","isPartOf":{"@id":"https:\/\/cardamomo.com\/en\/#website"},"primaryImageOfPage":{"@id":"https:\/\/cardamomo.com\/en\/artist\/ricardo-vazquez\/#primaryimage"},"image":{"@id":"https:\/\/cardamomo.com\/es\/artist\/ricardo-vazquez\/#primaryimage"},"thumbnailUrl":"https:\/\/cardamomo.ams3.digitaloceanspaces.com\/wp-content\/uploads\/2024\/03\/10134153\/ricardo-vazquez.jpg","datePublished":"2024-03-05T16:35:12+00:00","dateModified":"2025-03-10T15:43:15+00:00","description":"\u00a1El guitarrista Ricardo V\u00e1zquez en Cardamomo! Conoce m\u00e1s sobre la trayectoria de este magn\u00edfico m\u00fasico pulsando \u00a1aqu\u00ed!","breadcrumb":{"@id":"https:\/\/cardamomo.com\/en\/artist\/ricardo-vazquez\/#breadcrumb"},"inLanguage":"en-US","potentialAction":[{"@type":"ReadAction","target":[["https:\/\/cardamomo.com\/en\/artist\/ricardo-vazquez\/"]]}]},{"@type":"ImageObject","inLanguage":"en-US","@id":"https:\/\/cardamomo.com\/en\/artist\/ricardo-vazquez\/#primaryimage","url":"https:\/\/cardamomo.ams3.digitaloceanspaces.com\/wp-content\/uploads\/2024\/03\/10134153\/ricardo-vazquez.jpg","contentUrl":"https:\/\/cardamomo.ams3.digitaloceanspaces.com\/wp-content\/uploads\/2024\/03\/10134153\/ricardo-vazquez.jpg","width":600,"height":751,"caption":"guitarrista Ricardo V\u00e1zquez"},{"@type":"BreadcrumbList","@id":"https:\/\/cardamomo.com\/en\/artist\/ricardo-vazquez\/#breadcrumb","itemListElement":[{"@type":"ListItem","position":1,"name":"Cardamomo","item":"https:\/\/cardamomo.com\/en\/"},{"@type":"ListItem","position":2,"name":"Artists","item":"https:\/\/cardamomo.com\/en\/artist\/"},{"@type":"ListItem","position":3,"name":"Ricardo V\u00e1zquez"}]},{"@type":"WebSite","@id":"https:\/\/cardamomo.com\/en\/#website","url":"https:\/\/cardamomo.com\/en\/","name":"Cardamomo Flamenco Madrid","description":"","potentialAction":[{"@type":"SearchAction","target":{"@type":"EntryPoint","urlTemplate":"https:\/\/cardamomo.com\/en\/?s={search_term_string}"},"query-input":{"@type":"PropertyValueSpecification","valueRequired":true,"valueName":"search_term_string"}}],"inLanguage":"en-US"}]}},"_links":{"self":[{"href":"https:\/\/cardamomo.com\/en\/wp-json\/wp\/v2\/artist\/138550","targetHints":{"allow":["GET"]}}],"collection":[{"href":"https:\/\/cardamomo.com\/en\/wp-json\/wp\/v2\/artist"}],"about":[{"href":"https:\/\/cardamomo.com\/en\/wp-json\/wp\/v2\/types\/artist"}],"wp:featuredmedia":[{"embeddable":true,"href":"https:\/\/cardamomo.com\/en\/wp-json\/wp\/v2\/media\/157146"}],"wp:attachment":[{"href":"https:\/\/cardamomo.com\/en\/wp-json\/wp\/v2\/media?parent=138550"}],"curies":[{"name":"wp","href":"https:\/\/api.w.org\/{rel}","templated":true}]}}

Ricardo Vázquez

<p><strong>Ricardo Vázquez Amador</strong> was born on 21 January 1984 in Madrid. Since he was a child he has experienced flamenco in the family environment thanks to the fact that all his uncles sing or play the guitar.</p>
<blockquote><p>He inherited his art from his grandmother Josefa &#8220;Pepa&#8221; Amador Montes, a gypsy old woman with a special gift for singing and dancing.</p></blockquote>
<p>Her great-grandfather José gave her her first guitar when she was only 3 years old. Since then, Ricardo Vázquez&#8217;s curiosity for music has not ceased. At the age of 12 he received his first lesson from Aquilino Jiménez &#8220;<strong>El Entri&#8221;</strong> from the neighbourhood of Caño Roto, one of the best flamenco guitar teachers in Spain.</p>
<h2>Ricardo Vázquez has an international career.</h2>
<p>His first encounter on stage was with the cantaora <strong>Celia Flores</strong> -daughter of the famous actress Marisol Flores- and <strong>Aroa Fernández</strong>. From then on she began to perform in various musical groups in Madrid.</p>
<p>His first encounter with flamenco dancing was on the stage of the tablao Almonte, in a live performance. This guitarist progressively trained in accompaniment until he performed in tablaos such as <strong>Cardamomo</strong> and <strong>Tablao Flamenco 1911.</strong></p>
<h3>Shows in which he participates</h3>
<p>He stands out in the show &#8220;Genios&#8221; (2019) together with the dancer <strong>Curro de Candela</strong> performing with the Orquesta Sinfónica RTVE at the Teatro Monumental in Madrid.</p>
<p>He took part in the concert series <strong>Las Noches del Monumental</strong> at the Teatro Monumental in Madrid with the Marián Moraru Group, concerts which were broadcast on the RTVE television channel, La 2.</p>
<p>In 2021 and 2022 he participated in shows such as <em>Herencia</em> and <em>Amores Flamencos</em> in Santander, Toledo and at the Palace Hotel (Madrid).</p>
<p>He worked with the conductor <strong>Luis Cobos</strong> performing music for series and with the conductor <strong>Oliver Díaz</strong> providing the flamenco guitar in works such as:</p>
<ul>
<li><em>Partita in D minor for solo violin, BWV 1004</em> by J.S Bach</li>
<li><em>Concerto N. 2 In G Minor, RV 315 &#8220;El Verano&#8221;. III Presto</em> by Vivaldi</li>
<li><em>Capriccio no. 24</em> by Paganini.</li>
</ul>
<p>In 2023 he performed at the <strong>Albuquerque Flamenco Festival</strong> (USA) with the dancer <strong>Nazaret Reyes.</strong></p>
<p>He currently collaborates as artistic director of the <em><strong>Ballet Flamenco Eterno Picasso</strong></em> with the artist Carlos Rodríguez of Mediaset Pro.</p>

<!-- This site is optimized with the Yoast SEO plugin v27.4 - https://yoast.com/product/yoast-seo-wordpress/ -->
<title>Ricardo Vázquez</title>
<meta name="description" content="¡El guitarrista Ricardo Vázquez en Cardamomo! Conoce más sobre la trayectoria de este magnífico músico pulsando ¡aquí!" />
<meta name="robots" content="index, follow, max-snippet:-1, max-image-preview:large, max-video-preview:-1" />
<link rel="canonical" href="/" />
<meta property="og:locale" content="en_US" />
<meta property="og:type" content="article" />
<meta property="og:title" content="Ricardo Vázquez" />
<meta property="og:description" content="¡El guitarrista Ricardo Vázquez en Cardamomo! Conoce más sobre la trayectoria de este magnífico músico pulsando ¡aquí!" />
<meta property="og:url" content="https://cardamomo.com/en/artist/ricardo-vazquez/" />
<meta property="og:site_name" content="Cardamomo Flamenco Madrid" />
<meta property="article:modified_time" content="2025-03-10T15:43:15+00:00" />
<meta property="og:image" content="https://cardamomo.ams3.digitaloceanspaces.com/wp-content/uploads/2024/03/10134153/ricardo-vazquez.jpg" />
	<meta property="og:image:width" content="600" />
	<meta property="og:image:height" content="751" />
	<meta property="og:image:type" content="image/jpeg" />
<meta name="twitter:card" content="summary_large_image" />
<meta name="twitter:label1" content="Est. reading time" />
	<meta name="twitter:data1" content="2 minutes" />
<script type="application/ld+json" class="yoast-schema-graph">{"@context":"https:\/\/schema.org","@graph":[{"@type":"WebPage","@id":"https:\/\/cardamomo.com\/en\/artist\/ricardo-vazquez\/","url":"https:\/\/cardamomo.com\/en\/artist\/ricardo-vazquez\/","name":"Ricardo Vázquez","isPartOf":{"@id":"https:\/\/cardamomo.com\/en\/#website"},"primaryImageOfPage":{"@id":"https:\/\/cardamomo.com\/en\/artist\/ricardo-vazquez\/#primaryimage"},"image":{"@id":"https:\/\/cardamomo.com\/es\/artist\/ricardo-vazquez\/#primaryimage"},"thumbnailUrl":"https:\/\/cardamomo.ams3.digitaloceanspaces.com\/wp-content\/uploads\/2024\/03\/10134153\/ricardo-vazquez.jpg","datePublished":"2024-03-05T16:35:12+00:00","dateModified":"2025-03-10T15:43:15+00:00","description":"¡El guitarrista Ricardo Vázquez en Cardamomo! Conoce más sobre la trayectoria de este magnífico músico pulsando ¡aquí!","breadcrumb":{"@id":"https:\/\/cardamomo.com\/en\/artist\/ricardo-vazquez\/#breadcrumb"},"inLanguage":"en-US","potentialAction":[{"@type":"ReadAction","target":[["https:\/\/cardamomo.com\/en\/artist\/ricardo-vazquez\/"]]}]},{"@type":"ImageObject","inLanguage":"en-US","@id":"https:\/\/cardamomo.com\/en\/artist\/ricardo-vazquez\/#primaryimage","url":"https:\/\/cardamomo.ams3.digitaloceanspaces.com\/wp-content\/uploads\/2024\/03\/10134153\/ricardo-vazquez.jpg","contentUrl":"https:\/\/cardamomo.ams3.digitaloceanspaces.com\/wp-content\/uploads\/2024\/03\/10134153\/ricardo-vazquez.jpg","width":600,"height":751,"caption":"guitarrista Ricardo Vázquez"},{"@type":"BreadcrumbList","@id":"https:\/\/cardamomo.com\/en\/artist\/ricardo-vazquez\/#breadcrumb","itemListElement":[{"@type":"ListItem","position":1,"name":"Cardamomo","item":"https:\/\/cardamomo.com\/en\/"},{"@type":"ListItem","position":2,"name":"Artists","item":"https:\/\/cardamomo.com\/en\/artist\/"},{"@type":"ListItem","position":3,"name":"Ricardo Vázquez"}]},{"@type":"WebSite","@id":"https:\/\/cardamomo.com\/en\/#website","url":"https:\/\/cardamomo.com\/en\/","name":"Cardamomo Flamenco Madrid","description":"","potentialAction":[{"@type":"SearchAction","target":{"@type":"EntryPoint","urlTemplate":"https:\/\/cardamomo.com\/en\/?s={search_term_string}"},"query-input":{"@type":"PropertyValueSpecification","valueRequired":true,"valueName":"search_term_string"}}],"inLanguage":"en-US"}]}</script>
<!-- / Yoast SEO plugin. -->

¡El guitarrista Ricardo Vázquez en Cardamomo! Conoce más sobre la trayectoria de este magnífico músico pulsando ¡aquí!

guitarrista Ricardo Vázquez
