{"id":102767,"date":"2022-06-17T18:41:41","date_gmt":"2022-06-17T16:41:41","guid":{"rendered":"https:\/\/cardamomo.com\/es\/?post_type=artist&#038;p=102767"},"modified":"2025-03-12T10:32:22","modified_gmt":"2025-03-12T10:32:22","slug":"pastora-galvan","status":"publish","type":"artist","link":"https:\/\/cardamomo.com\/en\/artist\/pastora-galvan\/","title":{"rendered":"Pastora Galv\u00e1n"},"content":{"rendered":"<p><\/p>\n<h4>Biography<\/h4>\n<p>Dancer born in Seville, daughter of<strong> Jos\u00e9 Galv\u00e1n, <\/strong>and sister of<strong> Israel Galv\u00e1n,<\/strong> a family of flamenco dancers with different styles. \u00a0In 1990, Pastora began studying Spanish Dance at the Conservatory of Seville until 1998.\u00a0 At the age of 15 she traveled for the first time to the United States with the San Francisco Flamenco Theater Company. The following year she taught at Stanford University and performed in France with the Israel Galv\u00e1n Company.<\/p>\n<p>He has taken his art to the main Spanish theaters and tablaos, as well as to several countries in Europe, Japan, the United States, the Middle East, Cuba, among others. One of her greatest challenges was to perform at the Biennial of September 2006, premiering &#8220;La Francesa&#8221;, as the main dancer under five choreographies created by Israel Galv\u00e1n especially for her. The success was such that she has taken this same work to important festivals such as the Andaluc\u00eda Flamenca Festival in Madrid, the Festival de Jerez, the Festival Internacional de Granada and Montpellier Danse.<\/p>\n<p>In 2008, she performed with her brother as a guest artist in the show Tres movimientos de <strong>Pedro Sierra<\/strong>. That same year, she collaborated with Carmen Linares, <strong>Miguel Poveda<\/strong> and guitarist <strong>Juan Carlos Romero<\/strong> in Cuatro Esquinas, a work created for the Flamenco Festival, which was performed in several cities in the United States.<\/p>\n<p>Throughout his career he has worked with great artists such as <strong>Fernando Terremoto, Carmen Linares, Eva Yervabuena, Antonio Canales, La Susi, Mar\u00eda Pag\u00e9s, Jos\u00e9 Luis Rodr\u00edguez, Arc\u00e1ngel, Joaqu\u00edn Grilo, Pedro Sierra<\/strong>, among others. He is currently collaborating with the pianist and composer <strong>David Pe\u00f1a Dorantes<\/strong> and with the singer <strong>Esperanza Fern\u00e1ndez.<\/strong><\/p>\n<h4>Festivals, Works and Awards<\/h4>\n<p>Participation in festivals all over the world such as:<\/p>\n<p>Flamenco Biennial, Mont-de-Marsans.<\/p>\n<p>Festival del Corral del Carb\u00f3n in Granada; Alburqueque, Argeles-sur-Mer and Monterrey (Mexico).<\/p>\n<p>Flamenco in the Sun Festival in Miami.<\/p>\n<p>Festival de Jerez, Andaluc\u00eda Flamenca, M\u00e1laga en Flamenco, Montpellier Danse.<\/p>\n<p>International Festival of Granada.<\/p>\n<p>Flamenco Festival (USA).<\/p>\n<p>Flamenco Biennial of the Netherlands.<\/p>\n<p>N\u00eemes Flamenco Festival, France.<\/p>\n<p>Spring Festival of Cairo or Beirut.<\/p>\n<p>Flamenc Empiric Festival in El Mercat de les Flors, Barcelona.<\/p>\n<p>Work Mira\/Los zapatos rojos by Israel Galv\u00e1n.<\/p>\n<p>La Metamorfosis (2000), Galv\u00e1nicas (2002), with guitarist Gerardo N\u00fa\u00f1ez and Dos Hermanos (2004).<\/p>\n<p>Identidades at the Teatro Maestranza in Seville, directed by Antonio Canales.<\/p>\n<p>Moratana, at the Torre de Don Fadrique in Seville, under the stage direction of Rub\u00e9n Olmo, organized by the Bienal de Flamenco de Sevilla 2015.<\/p>\n<p>&#8220;Mirame&#8221;, a review of his last ten years of dancing in 2016.<\/p>\n<p>&#8220;La edad de oro&#8221; revival of a show by Israel Galv\u00e1n performed by Pastora where she returns to the flamenco essentiality: dancing, singing and guitar playing.<\/p>\n<p>La M\u00e1quina de Buler\u00edas at the Fundaci\u00f3n Caja Sol in Seville 2019. Pastora Galv\u00e1n is accompanied on stage by Jos\u00e9 Valencia, as guest artist, and to the beat of &#8220;Botote&#8221;. Directed by the bailaor Israel Galv\u00e1n.<\/p>","protected":false},"featured_media":157182,"template":"","meta":{"_acf_changed":false,"inline_featured_image":false},"class_list":["post-102767","artist","type-artist","status-publish","has-post-thumbnail","hentry"],"acf":[],"yoast_head":"<!-- This site is optimized with the Yoast SEO plugin v27.4 - https:\/\/yoast.com\/product\/yoast-seo-wordpress\/ -->\n<title>Pastora Galv\u00e1n - Cardamomo Flamenco Madrid<\/title>\n<meta name=\"robots\" content=\"index, follow, max-snippet:-1, max-image-preview:large, max-video-preview:-1\" \/>\n<link rel=\"canonical\" href=\"\/\" \/>\n<meta property=\"og:locale\" content=\"en_US\" \/>\n<meta property=\"og:type\" content=\"article\" \/>\n<meta property=\"og:title\" content=\"Pastora Galv\u00e1n - Cardamomo Flamenco Madrid\" \/>\n<meta property=\"og:description\" content=\"Biography Dancer born in Seville, daughter of Jos\u00e9 Galv\u00e1n, and sister of Israel Galv\u00e1n, a family of flamenco dancers with different styles. \u00a0In 1990, Pastora began studying Spanish Dance at the Conservatory of Seville until 1998.\u00a0 At the age of 15 she traveled for the first time to the United States with the San Francisco...\" \/>\n<meta property=\"og:url\" content=\"https:\/\/cardamomo.com\/en\/artist\/pastora-galvan\/\" \/>\n<meta property=\"og:site_name\" content=\"Cardamomo Flamenco Madrid\" \/>\n<meta property=\"article:modified_time\" content=\"2025-03-12T10:32:22+00:00\" \/>\n<meta property=\"og:image\" content=\"https:\/\/cardamomo.ams3.digitaloceanspaces.com\/wp-content\/uploads\/2022\/06\/12103205\/pastora-galvan.jpg\" \/>\n\t<meta property=\"og:image:width\" content=\"600\" \/>\n\t<meta property=\"og:image:height\" content=\"749\" \/>\n\t<meta property=\"og:image:type\" content=\"image\/jpeg\" \/>\n<meta name=\"twitter:card\" content=\"summary_large_image\" \/>\n<meta name=\"twitter:label1\" content=\"Est. reading time\" \/>\n\t<meta name=\"twitter:data1\" content=\"3 minutes\" \/>\n<script type=\"application\/ld+json\" class=\"yoast-schema-graph\">{\"@context\":\"https:\\\/\\\/schema.org\",\"@graph\":[{\"@type\":\"WebPage\",\"@id\":\"https:\\\/\\\/cardamomo.com\\\/en\\\/artist\\\/pastora-galvan\\\/\",\"url\":\"https:\\\/\\\/cardamomo.com\\\/en\\\/artist\\\/pastora-galvan\\\/\",\"name\":\"Pastora Galv\u00e1n - Cardamomo Flamenco Madrid\",\"isPartOf\":{\"@id\":\"https:\\\/\\\/cardamomo.com\\\/en\\\/#website\"},\"primaryImageOfPage\":{\"@id\":\"https:\\\/\\\/cardamomo.com\\\/en\\\/artist\\\/pastora-galvan\\\/#primaryimage\"},\"image\":{\"@id\":\"https:\\\/\\\/cardamomo.com\\\/es\\\/artist\\\/pastora-galvan\\\/#primaryimage\"},\"thumbnailUrl\":\"https:\\\/\\\/cardamomo.ams3.digitaloceanspaces.com\\\/wp-content\\\/uploads\\\/2022\\\/06\\\/12103205\\\/pastora-galvan.jpg\",\"datePublished\":\"2022-06-17T16:41:41+00:00\",\"dateModified\":\"2025-03-12T10:32:22+00:00\",\"breadcrumb\":{\"@id\":\"https:\\\/\\\/cardamomo.com\\\/en\\\/artist\\\/pastora-galvan\\\/#breadcrumb\"},\"inLanguage\":\"en-US\",\"potentialAction\":[{\"@type\":\"ReadAction\",\"target\":[[\"https:\\\/\\\/cardamomo.com\\\/en\\\/artist\\\/pastora-galvan\\\/\"]]}]},{\"@type\":\"ImageObject\",\"inLanguage\":\"en-US\",\"@id\":\"https:\\\/\\\/cardamomo.com\\\/en\\\/artist\\\/pastora-galvan\\\/#primaryimage\",\"url\":\"https:\\\/\\\/cardamomo.ams3.digitaloceanspaces.com\\\/wp-content\\\/uploads\\\/2022\\\/06\\\/12103205\\\/pastora-galvan.jpg\",\"contentUrl\":\"https:\\\/\\\/cardamomo.ams3.digitaloceanspaces.com\\\/wp-content\\\/uploads\\\/2022\\\/06\\\/12103205\\\/pastora-galvan.jpg\",\"width\":600,\"height\":749,\"caption\":\"Bailaora Pastora Galv\u00e1n\"},{\"@type\":\"BreadcrumbList\",\"@id\":\"https:\\\/\\\/cardamomo.com\\\/en\\\/artist\\\/pastora-galvan\\\/#breadcrumb\",\"itemListElement\":[{\"@type\":\"ListItem\",\"position\":1,\"name\":\"Cardamomo\",\"item\":\"https:\\\/\\\/cardamomo.com\\\/en\\\/\"},{\"@type\":\"ListItem\",\"position\":2,\"name\":\"Artists\",\"item\":\"https:\\\/\\\/cardamomo.com\\\/en\\\/artist\\\/\"},{\"@type\":\"ListItem\",\"position\":3,\"name\":\"Pastora Galv\u00e1n\"}]},{\"@type\":\"WebSite\",\"@id\":\"https:\\\/\\\/cardamomo.com\\\/en\\\/#website\",\"url\":\"https:\\\/\\\/cardamomo.com\\\/en\\\/\",\"name\":\"Cardamomo Flamenco Madrid\",\"description\":\"\",\"potentialAction\":[{\"@type\":\"SearchAction\",\"target\":{\"@type\":\"EntryPoint\",\"urlTemplate\":\"https:\\\/\\\/cardamomo.com\\\/en\\\/?s={search_term_string}\"},\"query-input\":{\"@type\":\"PropertyValueSpecification\",\"valueRequired\":true,\"valueName\":\"search_term_string\"}}],\"inLanguage\":\"en-US\"}]}<\/script>\n<!-- \/ Yoast SEO plugin. -->","yoast_head_json":{"title":"Pastora Galv\u00e1n - Cardamomo Flamenco Madrid","robots":{"index":"index","follow":"follow","max-snippet":"max-snippet:-1","max-image-preview":"max-image-preview:large","max-video-preview":"max-video-preview:-1"},"canonical":"\/","og_locale":"en_US","og_type":"article","og_title":"Pastora Galv\u00e1n - Cardamomo Flamenco Madrid","og_description":"Biography Dancer born in Seville, daughter of Jos\u00e9 Galv\u00e1n, and sister of Israel Galv\u00e1n, a family of flamenco dancers with different styles. \u00a0In 1990, Pastora began studying Spanish Dance at the Conservatory of Seville until 1998.\u00a0 At the age of 15 she traveled for the first time to the United States with the San Francisco...","og_url":"https:\/\/cardamomo.com\/en\/artist\/pastora-galvan\/","og_site_name":"Cardamomo Flamenco Madrid","article_modified_time":"2025-03-12T10:32:22+00:00","og_image":[{"width":600,"height":749,"url":"https:\/\/cardamomo.ams3.digitaloceanspaces.com\/wp-content\/uploads\/2022\/06\/12103205\/pastora-galvan.jpg","type":"image\/jpeg"}],"twitter_card":"summary_large_image","twitter_misc":{"Est. reading time":"3 minutes"},"schema":{"@context":"https:\/\/schema.org","@graph":[{"@type":"WebPage","@id":"https:\/\/cardamomo.com\/en\/artist\/pastora-galvan\/","url":"https:\/\/cardamomo.com\/en\/artist\/pastora-galvan\/","name":"Pastora Galv\u00e1n - Cardamomo Flamenco Madrid","isPartOf":{"@id":"https:\/\/cardamomo.com\/en\/#website"},"primaryImageOfPage":{"@id":"https:\/\/cardamomo.com\/en\/artist\/pastora-galvan\/#primaryimage"},"image":{"@id":"https:\/\/cardamomo.com\/es\/artist\/pastora-galvan\/#primaryimage"},"thumbnailUrl":"https:\/\/cardamomo.ams3.digitaloceanspaces.com\/wp-content\/uploads\/2022\/06\/12103205\/pastora-galvan.jpg","datePublished":"2022-06-17T16:41:41+00:00","dateModified":"2025-03-12T10:32:22+00:00","breadcrumb":{"@id":"https:\/\/cardamomo.com\/en\/artist\/pastora-galvan\/#breadcrumb"},"inLanguage":"en-US","potentialAction":[{"@type":"ReadAction","target":[["https:\/\/cardamomo.com\/en\/artist\/pastora-galvan\/"]]}]},{"@type":"ImageObject","inLanguage":"en-US","@id":"https:\/\/cardamomo.com\/en\/artist\/pastora-galvan\/#primaryimage","url":"https:\/\/cardamomo.ams3.digitaloceanspaces.com\/wp-content\/uploads\/2022\/06\/12103205\/pastora-galvan.jpg","contentUrl":"https:\/\/cardamomo.ams3.digitaloceanspaces.com\/wp-content\/uploads\/2022\/06\/12103205\/pastora-galvan.jpg","width":600,"height":749,"caption":"Bailaora Pastora Galv\u00e1n"},{"@type":"BreadcrumbList","@id":"https:\/\/cardamomo.com\/en\/artist\/pastora-galvan\/#breadcrumb","itemListElement":[{"@type":"ListItem","position":1,"name":"Cardamomo","item":"https:\/\/cardamomo.com\/en\/"},{"@type":"ListItem","position":2,"name":"Artists","item":"https:\/\/cardamomo.com\/en\/artist\/"},{"@type":"ListItem","position":3,"name":"Pastora Galv\u00e1n"}]},{"@type":"WebSite","@id":"https:\/\/cardamomo.com\/en\/#website","url":"https:\/\/cardamomo.com\/en\/","name":"Cardamomo Flamenco Madrid","description":"","potentialAction":[{"@type":"SearchAction","target":{"@type":"EntryPoint","urlTemplate":"https:\/\/cardamomo.com\/en\/?s={search_term_string}"},"query-input":{"@type":"PropertyValueSpecification","valueRequired":true,"valueName":"search_term_string"}}],"inLanguage":"en-US"}]}},"_links":{"self":[{"href":"https:\/\/cardamomo.com\/en\/wp-json\/wp\/v2\/artist\/102767","targetHints":{"allow":["GET"]}}],"collection":[{"href":"https:\/\/cardamomo.com\/en\/wp-json\/wp\/v2\/artist"}],"about":[{"href":"https:\/\/cardamomo.com\/en\/wp-json\/wp\/v2\/types\/artist"}],"wp:featuredmedia":[{"embeddable":true,"href":"https:\/\/cardamomo.com\/en\/wp-json\/wp\/v2\/media\/157182"}],"wp:attachment":[{"href":"https:\/\/cardamomo.com\/en\/wp-json\/wp\/v2\/media?parent=102767"}],"curies":[{"name":"wp","href":"https:\/\/api.w.org\/{rel}","templated":true}]}}

Pastora Galván

<p></p>
<h4>Biography</h4>
<p>Dancer born in Seville, daughter of<strong> José Galván, </strong>and sister of<strong> Israel Galván,</strong> a family of flamenco dancers with different styles.  In 1990, Pastora began studying Spanish Dance at the Conservatory of Seville until 1998.  At the age of 15 she traveled for the first time to the United States with the San Francisco Flamenco Theater Company. The following year she taught at Stanford University and performed in France with the Israel Galván Company.</p>
<p>He has taken his art to the main Spanish theaters and tablaos, as well as to several countries in Europe, Japan, the United States, the Middle East, Cuba, among others. One of her greatest challenges was to perform at the Biennial of September 2006, premiering &#8220;La Francesa&#8221;, as the main dancer under five choreographies created by Israel Galván especially for her. The success was such that she has taken this same work to important festivals such as the Andalucía Flamenca Festival in Madrid, the Festival de Jerez, the Festival Internacional de Granada and Montpellier Danse.</p>
<p>In 2008, she performed with her brother as a guest artist in the show Tres movimientos de <strong>Pedro Sierra</strong>. That same year, she collaborated with Carmen Linares, <strong>Miguel Poveda</strong> and guitarist <strong>Juan Carlos Romero</strong> in Cuatro Esquinas, a work created for the Flamenco Festival, which was performed in several cities in the United States.</p>
<p>Throughout his career he has worked with great artists such as <strong>Fernando Terremoto, Carmen Linares, Eva Yervabuena, Antonio Canales, La Susi, María Pagés, José Luis Rodríguez, Arcángel, Joaquín Grilo, Pedro Sierra</strong>, among others. He is currently collaborating with the pianist and composer <strong>David Peña Dorantes</strong> and with the singer <strong>Esperanza Fernández.</strong></p>
<h4>Festivals, Works and Awards</h4>
<p>Participation in festivals all over the world such as:</p>
<p>Flamenco Biennial, Mont-de-Marsans.</p>
<p>Festival del Corral del Carbón in Granada; Alburqueque, Argeles-sur-Mer and Monterrey (Mexico).</p>
<p>Flamenco in the Sun Festival in Miami.</p>
<p>Festival de Jerez, Andalucía Flamenca, Málaga en Flamenco, Montpellier Danse.</p>
<p>International Festival of Granada.</p>
<p>Flamenco Festival (USA).</p>
<p>Flamenco Biennial of the Netherlands.</p>
<p>Nîmes Flamenco Festival, France.</p>
<p>Spring Festival of Cairo or Beirut.</p>
<p>Flamenc Empiric Festival in El Mercat de les Flors, Barcelona.</p>
<p>Work Mira/Los zapatos rojos by Israel Galván.</p>
<p>La Metamorfosis (2000), Galvánicas (2002), with guitarist Gerardo Núñez and Dos Hermanos (2004).</p>
<p>Identidades at the Teatro Maestranza in Seville, directed by Antonio Canales.</p>
<p>Moratana, at the Torre de Don Fadrique in Seville, under the stage direction of Rubén Olmo, organized by the Bienal de Flamenco de Sevilla 2015.</p>
<p>&#8220;Mirame&#8221;, a review of his last ten years of dancing in 2016.</p>
<p>&#8220;La edad de oro&#8221; revival of a show by Israel Galván performed by Pastora where she returns to the flamenco essentiality: dancing, singing and guitar playing.</p>
<p>La Máquina de Bulerías at the Fundación Caja Sol in Seville 2019. Pastora Galván is accompanied on stage by José Valencia, as guest artist, and to the beat of &#8220;Botote&#8221;. Directed by the bailaor Israel Galván.</p>

<!-- This site is optimized with the Yoast SEO plugin v27.4 - https://yoast.com/product/yoast-seo-wordpress/ -->
<title>Pastora Galván - Cardamomo Flamenco Madrid</title>
<meta name="robots" content="index, follow, max-snippet:-1, max-image-preview:large, max-video-preview:-1" />
<link rel="canonical" href="/" />
<meta property="og:locale" content="en_US" />
<meta property="og:type" content="article" />
<meta property="og:title" content="Pastora Galván - Cardamomo Flamenco Madrid" />
<meta property="og:description" content="Biography Dancer born in Seville, daughter of José Galván, and sister of Israel Galván, a family of flamenco dancers with different styles.  In 1990, Pastora began studying Spanish Dance at the Conservatory of Seville until 1998.  At the age of 15 she traveled for the first time to the United States with the San Francisco..." />
<meta property="og:url" content="https://cardamomo.com/en/artist/pastora-galvan/" />
<meta property="og:site_name" content="Cardamomo Flamenco Madrid" />
<meta property="article:modified_time" content="2025-03-12T10:32:22+00:00" />
<meta property="og:image" content="https://cardamomo.ams3.digitaloceanspaces.com/wp-content/uploads/2022/06/12103205/pastora-galvan.jpg" />
	<meta property="og:image:width" content="600" />
	<meta property="og:image:height" content="749" />
	<meta property="og:image:type" content="image/jpeg" />
<meta name="twitter:card" content="summary_large_image" />
<meta name="twitter:label1" content="Est. reading time" />
	<meta name="twitter:data1" content="3 minutes" />
<script type="application/ld+json" class="yoast-schema-graph">{"@context":"https:\/\/schema.org","@graph":[{"@type":"WebPage","@id":"https:\/\/cardamomo.com\/en\/artist\/pastora-galvan\/","url":"https:\/\/cardamomo.com\/en\/artist\/pastora-galvan\/","name":"Pastora Galván - Cardamomo Flamenco Madrid","isPartOf":{"@id":"https:\/\/cardamomo.com\/en\/#website"},"primaryImageOfPage":{"@id":"https:\/\/cardamomo.com\/en\/artist\/pastora-galvan\/#primaryimage"},"image":{"@id":"https:\/\/cardamomo.com\/es\/artist\/pastora-galvan\/#primaryimage"},"thumbnailUrl":"https:\/\/cardamomo.ams3.digitaloceanspaces.com\/wp-content\/uploads\/2022\/06\/12103205\/pastora-galvan.jpg","datePublished":"2022-06-17T16:41:41+00:00","dateModified":"2025-03-12T10:32:22+00:00","breadcrumb":{"@id":"https:\/\/cardamomo.com\/en\/artist\/pastora-galvan\/#breadcrumb"},"inLanguage":"en-US","potentialAction":[{"@type":"ReadAction","target":[["https:\/\/cardamomo.com\/en\/artist\/pastora-galvan\/"]]}]},{"@type":"ImageObject","inLanguage":"en-US","@id":"https:\/\/cardamomo.com\/en\/artist\/pastora-galvan\/#primaryimage","url":"https:\/\/cardamomo.ams3.digitaloceanspaces.com\/wp-content\/uploads\/2022\/06\/12103205\/pastora-galvan.jpg","contentUrl":"https:\/\/cardamomo.ams3.digitaloceanspaces.com\/wp-content\/uploads\/2022\/06\/12103205\/pastora-galvan.jpg","width":600,"height":749,"caption":"Bailaora Pastora Galván"},{"@type":"BreadcrumbList","@id":"https:\/\/cardamomo.com\/en\/artist\/pastora-galvan\/#breadcrumb","itemListElement":[{"@type":"ListItem","position":1,"name":"Cardamomo","item":"https:\/\/cardamomo.com\/en\/"},{"@type":"ListItem","position":2,"name":"Artists","item":"https:\/\/cardamomo.com\/en\/artist\/"},{"@type":"ListItem","position":3,"name":"Pastora Galván"}]},{"@type":"WebSite","@id":"https:\/\/cardamomo.com\/en\/#website","url":"https:\/\/cardamomo.com\/en\/","name":"Cardamomo Flamenco Madrid","description":"","potentialAction":[{"@type":"SearchAction","target":{"@type":"EntryPoint","urlTemplate":"https:\/\/cardamomo.com\/en\/?s={search_term_string}"},"query-input":{"@type":"PropertyValueSpecification","valueRequired":true,"valueName":"search_term_string"}}],"inLanguage":"en-US"}]}</script>
<!-- / Yoast SEO plugin. -->

Pastora Galván - Cardamomo Flamenco Madrid

Biography Dancer born in Seville, daughter of José Galván, and sister of Israel Galván, a family of flamenco dancers with different styles.  In 1990, Pastora began studying Spanish Dance at the Conservatory of Seville until 1998.  At the age of 15 she traveled for the first time to the United States with the San Francisco...

Bailaora Pastora Galván
