{"id":101918,"date":"2022-06-07T19:32:45","date_gmt":"2022-06-07T17:32:45","guid":{"rendered":"https:\/\/cardamomo.com\/es\/?post_type=artist&#038;p=101918"},"modified":"2025-03-17T15:57:46","modified_gmt":"2025-03-17T15:57:46","slug":"jose-del-calli","status":"publish","type":"artist","link":"https:\/\/cardamomo.com\/en\/artist\/jose-del-calli\/","title":{"rendered":"Jos\u00e9 del Calli"},"content":{"rendered":"<p><\/p>\n<h4>Biography<\/h4>\n<p>In 1990, in the heart of a family of artists, Jos\u00e9 Plant\u00f3n Heredia, better known artistically as Jos\u00e9 Del Calli, was born. Son of the cantaor Jos\u00e9 Antonio Plant\u00f3n Moreno, better known as &#8220;El Calli&#8221;, a prestigious cantaor from C\u00f3rdoba. His family has a tablao in C\u00f3rdoba called &#8220;La Buler\u00eda&#8221;, in which Jose has participated all his childhood and part of his adulthood. As a child he was a percussionist because he was too shy to sing, but later he lost his shyness, grew up and became one of the most professional singers among the young talents of flamenco. Jos\u00e9 decides to make his first presentation in J\u00f3venes Flamencos 2014 , and sings Sole\u00e1 and Taranto winning the first prize of the contest. The singer has developed a great career performing and learning alongside the greatest such as: &#8220;Farruquito&#8221;, &#8220;El Pele&#8221;, Remedios Amaya, Paco Pe\u00f1a, Pepe Habichuela, Diego Del Morao and many more. He has participated in different collaborations with artists such as: &#8220;Fosforito&#8221;, &#8220;Pansequito&#8221;, Montse Cort\u00e9s or Vicente Amigo among others.<\/p>\n<p>&nbsp;<\/p>\n<h4><strong>Important works and experience<\/strong><\/h4>\n<p>Casa Patas Foundation, with guitarist Paco Pe\u00f1a.<br \/>\nBiennial of Amsterdam with &#8220;Farruquito&#8221;, &#8220;Donante&#8221; and &#8220;El Pele&#8221;.<br \/>\nTeatro Real with Jos\u00e9 Maya.<\/p>\n<p>&nbsp;<\/p>\n<h4><strong>Anecdote<\/strong><\/h4>\n<p>Jos\u00e9 tells us that he was with &#8220;El Tete&#8221; and &#8220;El Yiyo&#8221; in a very famous tablao and many people approached them to ask for photos. As Jos\u00e9 was not very well known at that time, they asked him who he was, and Jos\u00e9 tells us that he pretended to be the master of the brothers, &#8220;El Tete&#8221; and &#8220;El Yiyo&#8221;. People started asking him for pictures and asked him to dance and Jose danced so well that people didn&#8217;t doubt for a second the veracity of his story.<\/p>","protected":false},"featured_media":157194,"template":"","meta":{"_acf_changed":false,"inline_featured_image":false},"class_list":["post-101918","artist","type-artist","status-publish","has-post-thumbnail","hentry"],"acf":[],"yoast_head":"<!-- This site is optimized with the Yoast SEO plugin v27.4 - https:\/\/yoast.com\/product\/yoast-seo-wordpress\/ -->\n<title>Jos\u00e9 del Calli - Cardamomo Flamenco Madrid<\/title>\n<meta name=\"description\" content=\"El cantaor cordob\u00e9s Jos\u00e9 del Calli en Cardamomo. \u00a1Conoce m\u00e1s sobre esta joven figura del cante en nuestra web!\" \/>\n<meta name=\"robots\" content=\"index, follow, max-snippet:-1, max-image-preview:large, max-video-preview:-1\" \/>\n<link rel=\"canonical\" href=\"\/\" \/>\n<meta property=\"og:locale\" content=\"en_US\" \/>\n<meta property=\"og:type\" content=\"article\" \/>\n<meta property=\"og:title\" content=\"Jos\u00e9 del Calli - Cardamomo Flamenco Madrid\" \/>\n<meta property=\"og:description\" content=\"El cantaor cordob\u00e9s Jos\u00e9 del Calli en Cardamomo. \u00a1Conoce m\u00e1s sobre esta joven figura del cante en nuestra web!\" \/>\n<meta property=\"og:url\" content=\"https:\/\/cardamomo.com\/en\/artist\/jose-del-calli\/\" \/>\n<meta property=\"og:site_name\" content=\"Cardamomo Flamenco Madrid\" \/>\n<meta property=\"article:modified_time\" content=\"2025-03-17T15:57:46+00:00\" \/>\n<meta property=\"og:image\" content=\"https:\/\/cardamomo.ams3.digitaloceanspaces.com\/wp-content\/uploads\/2022\/06\/17155649\/jose-el-calli.jpg\" \/>\n\t<meta property=\"og:image:width\" content=\"600\" \/>\n\t<meta property=\"og:image:height\" content=\"750\" \/>\n\t<meta property=\"og:image:type\" content=\"image\/jpeg\" \/>\n<meta name=\"twitter:card\" content=\"summary_large_image\" \/>\n<meta name=\"twitter:label1\" content=\"Est. reading time\" \/>\n\t<meta name=\"twitter:data1\" content=\"2 minutes\" \/>\n<script type=\"application\/ld+json\" class=\"yoast-schema-graph\">{\"@context\":\"https:\\\/\\\/schema.org\",\"@graph\":[{\"@type\":\"WebPage\",\"@id\":\"https:\\\/\\\/cardamomo.com\\\/en\\\/artist\\\/jose-del-calli\\\/\",\"url\":\"https:\\\/\\\/cardamomo.com\\\/en\\\/artist\\\/jose-del-calli\\\/\",\"name\":\"Jos\u00e9 del Calli - Cardamomo Flamenco Madrid\",\"isPartOf\":{\"@id\":\"https:\\\/\\\/cardamomo.com\\\/en\\\/#website\"},\"primaryImageOfPage\":{\"@id\":\"https:\\\/\\\/cardamomo.com\\\/en\\\/artist\\\/jose-del-calli\\\/#primaryimage\"},\"image\":{\"@id\":\"https:\\\/\\\/cardamomo.com\\\/es\\\/artist\\\/jose-del-calli\\\/#primaryimage\"},\"thumbnailUrl\":\"https:\\\/\\\/cardamomo.ams3.digitaloceanspaces.com\\\/wp-content\\\/uploads\\\/2022\\\/06\\\/17155649\\\/jose-el-calli.jpg\",\"datePublished\":\"2022-06-07T17:32:45+00:00\",\"dateModified\":\"2025-03-17T15:57:46+00:00\",\"description\":\"El cantaor cordob\u00e9s Jos\u00e9 del Calli en Cardamomo. \u00a1Conoce m\u00e1s sobre esta joven figura del cante en nuestra web!\",\"breadcrumb\":{\"@id\":\"https:\\\/\\\/cardamomo.com\\\/en\\\/artist\\\/jose-del-calli\\\/#breadcrumb\"},\"inLanguage\":\"en-US\",\"potentialAction\":[{\"@type\":\"ReadAction\",\"target\":[[\"https:\\\/\\\/cardamomo.com\\\/en\\\/artist\\\/jose-del-calli\\\/\"]]}]},{\"@type\":\"ImageObject\",\"inLanguage\":\"en-US\",\"@id\":\"https:\\\/\\\/cardamomo.com\\\/en\\\/artist\\\/jose-del-calli\\\/#primaryimage\",\"url\":\"https:\\\/\\\/cardamomo.ams3.digitaloceanspaces.com\\\/wp-content\\\/uploads\\\/2022\\\/06\\\/17155649\\\/jose-el-calli.jpg\",\"contentUrl\":\"https:\\\/\\\/cardamomo.ams3.digitaloceanspaces.com\\\/wp-content\\\/uploads\\\/2022\\\/06\\\/17155649\\\/jose-el-calli.jpg\",\"width\":600,\"height\":750,\"caption\":\"Cantaor Jos\u00e9 el Calli\"},{\"@type\":\"BreadcrumbList\",\"@id\":\"https:\\\/\\\/cardamomo.com\\\/en\\\/artist\\\/jose-del-calli\\\/#breadcrumb\",\"itemListElement\":[{\"@type\":\"ListItem\",\"position\":1,\"name\":\"Cardamomo\",\"item\":\"https:\\\/\\\/cardamomo.com\\\/en\\\/\"},{\"@type\":\"ListItem\",\"position\":2,\"name\":\"Artists\",\"item\":\"https:\\\/\\\/cardamomo.com\\\/en\\\/artist\\\/\"},{\"@type\":\"ListItem\",\"position\":3,\"name\":\"Jos\u00e9 del Calli\"}]},{\"@type\":\"WebSite\",\"@id\":\"https:\\\/\\\/cardamomo.com\\\/en\\\/#website\",\"url\":\"https:\\\/\\\/cardamomo.com\\\/en\\\/\",\"name\":\"Cardamomo Flamenco Madrid\",\"description\":\"\",\"potentialAction\":[{\"@type\":\"SearchAction\",\"target\":{\"@type\":\"EntryPoint\",\"urlTemplate\":\"https:\\\/\\\/cardamomo.com\\\/en\\\/?s={search_term_string}\"},\"query-input\":{\"@type\":\"PropertyValueSpecification\",\"valueRequired\":true,\"valueName\":\"search_term_string\"}}],\"inLanguage\":\"en-US\"}]}<\/script>\n<!-- \/ Yoast SEO plugin. -->","yoast_head_json":{"title":"Jos\u00e9 del Calli - Cardamomo Flamenco Madrid","description":"El cantaor cordob\u00e9s Jos\u00e9 del Calli en Cardamomo. \u00a1Conoce m\u00e1s sobre esta joven figura del cante en nuestra web!","robots":{"index":"index","follow":"follow","max-snippet":"max-snippet:-1","max-image-preview":"max-image-preview:large","max-video-preview":"max-video-preview:-1"},"canonical":"\/","og_locale":"en_US","og_type":"article","og_title":"Jos\u00e9 del Calli - Cardamomo Flamenco Madrid","og_description":"El cantaor cordob\u00e9s Jos\u00e9 del Calli en Cardamomo. \u00a1Conoce m\u00e1s sobre esta joven figura del cante en nuestra web!","og_url":"https:\/\/cardamomo.com\/en\/artist\/jose-del-calli\/","og_site_name":"Cardamomo Flamenco Madrid","article_modified_time":"2025-03-17T15:57:46+00:00","og_image":[{"width":600,"height":750,"url":"https:\/\/cardamomo.ams3.digitaloceanspaces.com\/wp-content\/uploads\/2022\/06\/17155649\/jose-el-calli.jpg","type":"image\/jpeg"}],"twitter_card":"summary_large_image","twitter_misc":{"Est. reading time":"2 minutes"},"schema":{"@context":"https:\/\/schema.org","@graph":[{"@type":"WebPage","@id":"https:\/\/cardamomo.com\/en\/artist\/jose-del-calli\/","url":"https:\/\/cardamomo.com\/en\/artist\/jose-del-calli\/","name":"Jos\u00e9 del Calli - Cardamomo Flamenco Madrid","isPartOf":{"@id":"https:\/\/cardamomo.com\/en\/#website"},"primaryImageOfPage":{"@id":"https:\/\/cardamomo.com\/en\/artist\/jose-del-calli\/#primaryimage"},"image":{"@id":"https:\/\/cardamomo.com\/es\/artist\/jose-del-calli\/#primaryimage"},"thumbnailUrl":"https:\/\/cardamomo.ams3.digitaloceanspaces.com\/wp-content\/uploads\/2022\/06\/17155649\/jose-el-calli.jpg","datePublished":"2022-06-07T17:32:45+00:00","dateModified":"2025-03-17T15:57:46+00:00","description":"El cantaor cordob\u00e9s Jos\u00e9 del Calli en Cardamomo. \u00a1Conoce m\u00e1s sobre esta joven figura del cante en nuestra web!","breadcrumb":{"@id":"https:\/\/cardamomo.com\/en\/artist\/jose-del-calli\/#breadcrumb"},"inLanguage":"en-US","potentialAction":[{"@type":"ReadAction","target":[["https:\/\/cardamomo.com\/en\/artist\/jose-del-calli\/"]]}]},{"@type":"ImageObject","inLanguage":"en-US","@id":"https:\/\/cardamomo.com\/en\/artist\/jose-del-calli\/#primaryimage","url":"https:\/\/cardamomo.ams3.digitaloceanspaces.com\/wp-content\/uploads\/2022\/06\/17155649\/jose-el-calli.jpg","contentUrl":"https:\/\/cardamomo.ams3.digitaloceanspaces.com\/wp-content\/uploads\/2022\/06\/17155649\/jose-el-calli.jpg","width":600,"height":750,"caption":"Cantaor Jos\u00e9 el Calli"},{"@type":"BreadcrumbList","@id":"https:\/\/cardamomo.com\/en\/artist\/jose-del-calli\/#breadcrumb","itemListElement":[{"@type":"ListItem","position":1,"name":"Cardamomo","item":"https:\/\/cardamomo.com\/en\/"},{"@type":"ListItem","position":2,"name":"Artists","item":"https:\/\/cardamomo.com\/en\/artist\/"},{"@type":"ListItem","position":3,"name":"Jos\u00e9 del Calli"}]},{"@type":"WebSite","@id":"https:\/\/cardamomo.com\/en\/#website","url":"https:\/\/cardamomo.com\/en\/","name":"Cardamomo Flamenco Madrid","description":"","potentialAction":[{"@type":"SearchAction","target":{"@type":"EntryPoint","urlTemplate":"https:\/\/cardamomo.com\/en\/?s={search_term_string}"},"query-input":{"@type":"PropertyValueSpecification","valueRequired":true,"valueName":"search_term_string"}}],"inLanguage":"en-US"}]}},"_links":{"self":[{"href":"https:\/\/cardamomo.com\/en\/wp-json\/wp\/v2\/artist\/101918","targetHints":{"allow":["GET"]}}],"collection":[{"href":"https:\/\/cardamomo.com\/en\/wp-json\/wp\/v2\/artist"}],"about":[{"href":"https:\/\/cardamomo.com\/en\/wp-json\/wp\/v2\/types\/artist"}],"wp:featuredmedia":[{"embeddable":true,"href":"https:\/\/cardamomo.com\/en\/wp-json\/wp\/v2\/media\/157194"}],"wp:attachment":[{"href":"https:\/\/cardamomo.com\/en\/wp-json\/wp\/v2\/media?parent=101918"}],"curies":[{"name":"wp","href":"https:\/\/api.w.org\/{rel}","templated":true}]}}

José del Calli

<p></p>
<h4>Biography</h4>
<p>In 1990, in the heart of a family of artists, José Plantón Heredia, better known artistically as José Del Calli, was born. Son of the cantaor José Antonio Plantón Moreno, better known as &#8220;El Calli&#8221;, a prestigious cantaor from Córdoba. His family has a tablao in Córdoba called &#8220;La Bulería&#8221;, in which Jose has participated all his childhood and part of his adulthood. As a child he was a percussionist because he was too shy to sing, but later he lost his shyness, grew up and became one of the most professional singers among the young talents of flamenco. José decides to make his first presentation in Jóvenes Flamencos 2014 , and sings Soleá and Taranto winning the first prize of the contest. The singer has developed a great career performing and learning alongside the greatest such as: &#8220;Farruquito&#8221;, &#8220;El Pele&#8221;, Remedios Amaya, Paco Peña, Pepe Habichuela, Diego Del Morao and many more. He has participated in different collaborations with artists such as: &#8220;Fosforito&#8221;, &#8220;Pansequito&#8221;, Montse Cortés or Vicente Amigo among others.</p>
<p>&nbsp;</p>
<h4><strong>Important works and experience</strong></h4>
<p>Casa Patas Foundation, with guitarist Paco Peña.<br />
Biennial of Amsterdam with &#8220;Farruquito&#8221;, &#8220;Donante&#8221; and &#8220;El Pele&#8221;.<br />
Teatro Real with José Maya.</p>
<p>&nbsp;</p>
<h4><strong>Anecdote</strong></h4>
<p>José tells us that he was with &#8220;El Tete&#8221; and &#8220;El Yiyo&#8221; in a very famous tablao and many people approached them to ask for photos. As José was not very well known at that time, they asked him who he was, and José tells us that he pretended to be the master of the brothers, &#8220;El Tete&#8221; and &#8220;El Yiyo&#8221;. People started asking him for pictures and asked him to dance and Jose danced so well that people didn&#8217;t doubt for a second the veracity of his story.</p>

<!-- This site is optimized with the Yoast SEO plugin v27.4 - https://yoast.com/product/yoast-seo-wordpress/ -->
<title>José del Calli - Cardamomo Flamenco Madrid</title>
<meta name="description" content="El cantaor cordobés José del Calli en Cardamomo. ¡Conoce más sobre esta joven figura del cante en nuestra web!" />
<meta name="robots" content="index, follow, max-snippet:-1, max-image-preview:large, max-video-preview:-1" />
<link rel="canonical" href="/" />
<meta property="og:locale" content="en_US" />
<meta property="og:type" content="article" />
<meta property="og:title" content="José del Calli - Cardamomo Flamenco Madrid" />
<meta property="og:description" content="El cantaor cordobés José del Calli en Cardamomo. ¡Conoce más sobre esta joven figura del cante en nuestra web!" />
<meta property="og:url" content="https://cardamomo.com/en/artist/jose-del-calli/" />
<meta property="og:site_name" content="Cardamomo Flamenco Madrid" />
<meta property="article:modified_time" content="2025-03-17T15:57:46+00:00" />
<meta property="og:image" content="https://cardamomo.ams3.digitaloceanspaces.com/wp-content/uploads/2022/06/17155649/jose-el-calli.jpg" />
	<meta property="og:image:width" content="600" />
	<meta property="og:image:height" content="750" />
	<meta property="og:image:type" content="image/jpeg" />
<meta name="twitter:card" content="summary_large_image" />
<meta name="twitter:label1" content="Est. reading time" />
	<meta name="twitter:data1" content="2 minutes" />
<script type="application/ld+json" class="yoast-schema-graph">{"@context":"https:\/\/schema.org","@graph":[{"@type":"WebPage","@id":"https:\/\/cardamomo.com\/en\/artist\/jose-del-calli\/","url":"https:\/\/cardamomo.com\/en\/artist\/jose-del-calli\/","name":"José del Calli - Cardamomo Flamenco Madrid","isPartOf":{"@id":"https:\/\/cardamomo.com\/en\/#website"},"primaryImageOfPage":{"@id":"https:\/\/cardamomo.com\/en\/artist\/jose-del-calli\/#primaryimage"},"image":{"@id":"https:\/\/cardamomo.com\/es\/artist\/jose-del-calli\/#primaryimage"},"thumbnailUrl":"https:\/\/cardamomo.ams3.digitaloceanspaces.com\/wp-content\/uploads\/2022\/06\/17155649\/jose-el-calli.jpg","datePublished":"2022-06-07T17:32:45+00:00","dateModified":"2025-03-17T15:57:46+00:00","description":"El cantaor cordobés José del Calli en Cardamomo. ¡Conoce más sobre esta joven figura del cante en nuestra web!","breadcrumb":{"@id":"https:\/\/cardamomo.com\/en\/artist\/jose-del-calli\/#breadcrumb"},"inLanguage":"en-US","potentialAction":[{"@type":"ReadAction","target":[["https:\/\/cardamomo.com\/en\/artist\/jose-del-calli\/"]]}]},{"@type":"ImageObject","inLanguage":"en-US","@id":"https:\/\/cardamomo.com\/en\/artist\/jose-del-calli\/#primaryimage","url":"https:\/\/cardamomo.ams3.digitaloceanspaces.com\/wp-content\/uploads\/2022\/06\/17155649\/jose-el-calli.jpg","contentUrl":"https:\/\/cardamomo.ams3.digitaloceanspaces.com\/wp-content\/uploads\/2022\/06\/17155649\/jose-el-calli.jpg","width":600,"height":750,"caption":"Cantaor José el Calli"},{"@type":"BreadcrumbList","@id":"https:\/\/cardamomo.com\/en\/artist\/jose-del-calli\/#breadcrumb","itemListElement":[{"@type":"ListItem","position":1,"name":"Cardamomo","item":"https:\/\/cardamomo.com\/en\/"},{"@type":"ListItem","position":2,"name":"Artists","item":"https:\/\/cardamomo.com\/en\/artist\/"},{"@type":"ListItem","position":3,"name":"José del Calli"}]},{"@type":"WebSite","@id":"https:\/\/cardamomo.com\/en\/#website","url":"https:\/\/cardamomo.com\/en\/","name":"Cardamomo Flamenco Madrid","description":"","potentialAction":[{"@type":"SearchAction","target":{"@type":"EntryPoint","urlTemplate":"https:\/\/cardamomo.com\/en\/?s={search_term_string}"},"query-input":{"@type":"PropertyValueSpecification","valueRequired":true,"valueName":"search_term_string"}}],"inLanguage":"en-US"}]}</script>
<!-- / Yoast SEO plugin. -->

José del Calli - Cardamomo Flamenco Madrid

El cantaor cordobés José del Calli en Cardamomo. ¡Conoce más sobre esta joven figura del cante en nuestra web!

Cantaor José el Calli
