{"version":"1.0","provider_name":"Cardamomo Flamenco Madrid","provider_url":"https:\/\/cardamomo.com\/en","author_name":"admin_cardamomo","author_url":"https:\/\/cardamomo.com\/en\/author\/admin_cardamomo\/","title":"Yerai Cort\u00e9s - Cardamomo Flamenco Madrid","type":"rich","width":600,"height":338,"html":"<blockquote class=\"wp-embedded-content\" data-secret=\"zly503bhO4\"><a href=\"https:\/\/cardamomo.com\/en\/artist\/yerai-cortes\/\">Yerai Cort\u00e9s<\/a><\/blockquote><iframe sandbox=\"allow-scripts\" security=\"restricted\" src=\"https:\/\/cardamomo.com\/en\/artist\/yerai-cortes\/embed\/#?secret=zly503bhO4\" width=\"600\" height=\"338\" title=\"&#8220;Yerai Cort\u00e9s&#8221; &#8212; Cardamomo Flamenco Madrid\" data-secret=\"zly503bhO4\" frameborder=\"0\" marginwidth=\"0\" marginheight=\"0\" scrolling=\"no\" class=\"wp-embedded-content\"><\/iframe><script type=\"text\/javascript\">\n\/* <![CDATA[ *\/\n\/*! This file is auto-generated *\/\n!function(d,l){\"use strict\";l.querySelector&&d.addEventListener&&\"undefined\"!=typeof URL&&(d.wp=d.wp||{},d.wp.receiveEmbedMessage||(d.wp.receiveEmbedMessage=function(e){var t=e.data;if((t||t.secret||t.message||t.value)&&!\/[^a-zA-Z0-9]\/.test(t.secret)){for(var s,r,n,a=l.querySelectorAll('iframe[data-secret=\"'+t.secret+'\"]'),o=l.querySelectorAll('blockquote[data-secret=\"'+t.secret+'\"]'),c=new RegExp(\"^https?:$\",\"i\"),i=0;i<o.length;i++)o[i].style.display=\"none\";for(i=0;i<a.length;i++)s=a[i],e.source===s.contentWindow&&(s.removeAttribute(\"style\"),\"height\"===t.message?(1e3<(r=parseInt(t.value,10))?r=1e3:~~r<200&&(r=200),s.height=r):\"link\"===t.message&&(r=new URL(s.getAttribute(\"src\")),n=new URL(t.value),c.test(n.protocol))&&n.host===r.host&&l.activeElement===s&&(d.top.location.href=t.value))}},d.addEventListener(\"message\",d.wp.receiveEmbedMessage,!1),l.addEventListener(\"DOMContentLoaded\",function(){for(var e,t,s=l.querySelectorAll(\"iframe.wp-embedded-content\"),r=0;r<s.length;r++)(t=(e=s[r]).getAttribute(\"data-secret\"))||(t=Math.random().toString(36).substring(2,12),e.src+=\"#?secret=\"+t,e.setAttribute(\"data-secret\",t)),e.contentWindow.postMessage({message:\"ready\",secret:t},\"*\")},!1)))}(window,document);\n\/\/# sourceURL=https:\/\/cardamomo.com\/wp-includes\/js\/wp-embed.min.js\n\/* ]]> *\/\n<\/script>\n","thumbnail_url":"https:\/\/cardamomo.ams3.digitaloceanspaces.com\/wp-content\/uploads\/2022\/07\/12100656\/yeray-cortes.jpg","thumbnail_width":600,"thumbnail_height":750,"description":"Biography Yeray Cort\u00e9s Merino, better known artistically as Yeray Cort\u00e9s, was born in 1995 in Alicante. His father Miguel and his mother Mar\u00eda introduced him to flamenco music, teaching him to play the guitar from an early age. He started playing the caj\u00f3n, accompanying his father in the falsetas of Paco de Luc\u00eda and Tomatito..."}

Yerai Cortés - Cardamomo Flamenco Madrid

<blockquote class="wp-embedded-content" data-secret="zly503bhO4"><a href="https://cardamomo.com/en/artist/yerai-cortes/">Yerai Cortés</a></blockquote><iframe sandbox="allow-scripts" security="restricted" src="https://cardamomo.com/en/artist/yerai-cortes/embed/#?secret=zly503bhO4" width="600" height="338" title="&#8220;Yerai Cortés&#8221; &#8212; Cardamomo Flamenco Madrid" data-secret="zly503bhO4" frameborder="0" marginwidth="0" marginheight="0" scrolling="no" class="wp-embedded-content"></iframe><script type="text/javascript">
/* <![CDATA[ */
/*! This file is auto-generated */
!function(d,l){"use strict";l.querySelector&&d.addEventListener&&"undefined"!=typeof URL&&(d.wp=d.wp||{},d.wp.receiveEmbedMessage||(d.wp.receiveEmbedMessage=function(e){var t=e.data;if((t||t.secret||t.message||t.value)&&!/[^a-zA-Z0-9]/.test(t.secret)){for(var s,r,n,a=l.querySelectorAll('iframe[data-secret="'+t.secret+'"]'),o=l.querySelectorAll('blockquote[data-secret="'+t.secret+'"]'),c=new RegExp("^https?:$","i"),i=0;i<o.length;i++)o[i].style.display="none";for(i=0;i<a.length;i++)s=a[i],e.source===s.contentWindow&&(s.removeAttribute("style"),"height"===t.message?(1e3<(r=parseInt(t.value,10))?r=1e3:~~r<200&&(r=200),s.height=r):"link"===t.message&&(r=new URL(s.getAttribute("src")),n=new URL(t.value),c.test(n.protocol))&&n.host===r.host&&l.activeElement===s&&(d.top.location.href=t.value))}},d.addEventListener("message",d.wp.receiveEmbedMessage,!1),l.addEventListener("DOMContentLoaded",function(){for(var e,t,s=l.querySelectorAll("iframe.wp-embedded-content"),r=0;r<s.length;r++)(t=(e=s[r]).getAttribute("data-secret"))||(t=Math.random().toString(36).substring(2,12),e.src+="#?secret="+t,e.setAttribute("data-secret",t)),e.contentWindow.postMessage({message:"ready",secret:t},"*")},!1)))}(window,document);
//# sourceURL=https://cardamomo.com/wp-includes/js/wp-embed.min.js
/* ]]> */
</script>

Biography Yeray Cortés Merino, better known artistically as Yeray Cortés, was born in 1995 in Alicante. His father Miguel and his mother María introduced him to flamenco music, teaching him to play the guitar from an early age. He started playing the cajón, accompanying his father in the falsetas of Paco de Lucía and Tomatito...
