{"id":95900,"date":"2022-03-25T21:45:05","date_gmt":"2022-03-25T21:45:05","guid":{"rendered":"https:\/\/cardamomo.com\/es\/?post_type=show&#038;p=95900"},"modified":"2024-12-26T21:59:05","modified_gmt":"2024-12-26T21:59:05","slug":"el-bailaor-y-coreografo-alfonso-losa-aterriza-en-cardamomo","status":"publish","type":"show","link":"https:\/\/cardamomo.com\/de\/show\/der-vogt-und-choreograph-alfonso-losa-besucht-uns-zur-weihnachtszeit\/","title":{"rendered":"Der Vogt und Choreograph Alfonso Losa besucht uns zur Weihnachtszeit"},"content":{"rendered":"<p><strong>Der Madrider K\u00fcnstler,<\/strong> der als Autor zahlreicher Ausstellungen in unserem Land bekannt ist, wurde dank seiner Technik, seines Stils und seiner Professionalit\u00e4t bereits mehrfach ausgezeichnet. Einige der wichtigsten Auszeichnungen sind: El Desplante Award beim Festival del Cante de las Minas; El G\u00fcito por sole\u00e1 Award beim Flamenco Art Contest of Cordoba 2007; Outstanding Dancer Award beim Madrid Choreography Contest, und viele andere.<\/p>\n<p>Auch <strong>Alfonso Losa<\/strong> erlebte mit seiner Ausstellung Con-secuencia einen Wandel in der Ausdrucksweise seiner Kunst. Diese wurde auf dem Festival de Jerez 2018 vorgestellt. Sein Werk markiert ein Vorher und ein Nachher in seiner k\u00fcnstlerischen Laufbahn. Unterst\u00fctzt von der szenischen Arbeit des Regisseurs Florencio Campos, rekapituliert Losa, was er gelernt hat, um sich in eine neue Erfahrung zu st\u00fcrzen: die Erforschung der Improvisation und des Managements der B\u00fchnenenergie in Echtzeit. Eine Herausforderung, der sich nur sehr wenige K\u00fcnstler stellen k\u00f6nnen.<\/p>\n<p>Entdecken Sie mit unserem Gastk\u00fcnstler eine neue Sichtweise auf die Kunst.<\/p>\n<p>Sichern Sie sich jetzt Ihre Tickets!<\/p>\n<p>???? reservas@cardamomo.com<\/p>\n<p>\u260e\ufe0f ( +34) 91 805 1038\/ (+34) 691 02 21 17<\/p>\n<p>???? cardamomo.com<\/p>\n<p>&nbsp;<\/p>","protected":false},"featured_media":98943,"template":"","meta":{"_acf_changed":false,"inline_featured_image":false},"class_list":["post-95900","show","type-show","status-publish","has-post-thumbnail","hentry"],"acf":[],"yoast_head":"<!-- This site is optimized with the Yoast SEO plugin v27.4 - https:\/\/yoast.com\/product\/yoast-seo-wordpress\/ -->\n<title>Der Vogt und Choreograph Alfonso Losa besucht uns zur Weihnachtszeit - Cardamomo Flamenco Madrid<\/title>\n<meta name=\"robots\" content=\"index, follow, max-snippet:-1, max-image-preview:large, max-video-preview:-1\" \/>\n<link rel=\"canonical\" href=\"\/\" \/>\n<meta property=\"og:locale\" content=\"de_DE\" \/>\n<meta property=\"og:type\" content=\"article\" \/>\n<meta property=\"og:title\" content=\"Der Vogt und Choreograph Alfonso Losa besucht uns zur Weihnachtszeit - Cardamomo Flamenco Madrid\" \/>\n<meta property=\"og:description\" content=\"Der Madrider K\u00fcnstler, der als Autor zahlreicher Ausstellungen in unserem Land bekannt ist, wurde dank seiner Technik, seines Stils und seiner Professionalit\u00e4t bereits mehrfach ausgezeichnet. Einige der wichtigsten Auszeichnungen sind: El Desplante Award beim Festival del Cante de las Minas; El G\u00fcito por sole\u00e1 Award beim Flamenco Art Contest of Cordoba 2007; Outstanding Dancer Award...\" \/>\n<meta property=\"og:url\" content=\"https:\/\/cardamomo.com\/de\/show\/el-bailaor-y-coreografo-alfonso-losa-nos-visita-en-navidad\/\" \/>\n<meta property=\"og:site_name\" content=\"Cardamomo Flamenco Madrid\" \/>\n<meta property=\"article:modified_time\" content=\"2024-12-26T21:59:05+00:00\" \/>\n<meta name=\"twitter:card\" content=\"summary_large_image\" \/>\n<meta name=\"twitter:label1\" content=\"Gesch\u00e4tzte Lesezeit\" \/>\n\t<meta name=\"twitter:data1\" content=\"2\u00a0Minuten\" \/>\n<script type=\"application\/ld+json\" class=\"yoast-schema-graph\">{\"@context\":\"https:\\\/\\\/schema.org\",\"@graph\":[{\"@type\":\"WebPage\",\"@id\":\"https:\\\/\\\/cardamomo.com\\\/de\\\/show\\\/el-bailaor-y-coreografo-alfonso-losa-nos-visita-en-navidad\\\/\",\"url\":\"https:\\\/\\\/cardamomo.com\\\/de\\\/show\\\/el-bailaor-y-coreografo-alfonso-losa-nos-visita-en-navidad\\\/\",\"name\":\"Der Vogt und Choreograph Alfonso Losa besucht uns zur Weihnachtszeit - Cardamomo Flamenco Madrid\",\"isPartOf\":{\"@id\":\"https:\\\/\\\/cardamomo.com\\\/de\\\/#website\"},\"primaryImageOfPage\":{\"@id\":\"https:\\\/\\\/cardamomo.com\\\/de\\\/show\\\/el-bailaor-y-coreografo-alfonso-losa-nos-visita-en-navidad\\\/#primaryimage\"},\"image\":{\"@id\":\"https:\\\/\\\/cardamomo.com\\\/es\\\/show\\\/el-bailaor-y-coreografo-alfonso-losa-nos-visita-en-navidad\\\/#primaryimage\"},\"thumbnailUrl\":\"\",\"datePublished\":\"2022-03-25T21:45:05+00:00\",\"dateModified\":\"2024-12-26T21:59:05+00:00\",\"breadcrumb\":{\"@id\":\"https:\\\/\\\/cardamomo.com\\\/de\\\/show\\\/el-bailaor-y-coreografo-alfonso-losa-nos-visita-en-navidad\\\/#breadcrumb\"},\"inLanguage\":\"de\",\"potentialAction\":[{\"@type\":\"ReadAction\",\"target\":[[\"https:\\\/\\\/cardamomo.com\\\/de\\\/show\\\/el-bailaor-y-coreografo-alfonso-losa-nos-visita-en-navidad\\\/\"]]}]},{\"@type\":\"ImageObject\",\"inLanguage\":\"de\",\"@id\":\"https:\\\/\\\/cardamomo.com\\\/de\\\/show\\\/el-bailaor-y-coreografo-alfonso-losa-nos-visita-en-navidad\\\/#primaryimage\",\"url\":\"\",\"contentUrl\":\"\"},{\"@type\":\"BreadcrumbList\",\"@id\":\"https:\\\/\\\/cardamomo.com\\\/de\\\/show\\\/el-bailaor-y-coreografo-alfonso-losa-nos-visita-en-navidad\\\/#breadcrumb\",\"itemListElement\":[{\"@type\":\"ListItem\",\"position\":1,\"name\":\"Cardamomo\",\"item\":\"https:\\\/\\\/cardamomo.com\\\/de\\\/\"},{\"@type\":\"ListItem\",\"position\":2,\"name\":\"Shows\",\"item\":\"https:\\\/\\\/cardamomo.com\\\/de\\\/show\\\/\"},{\"@type\":\"ListItem\",\"position\":3,\"name\":\"El bailaor y core\u00f3grafo Alfonso Losa nos visita en Navidad\"}]},{\"@type\":\"WebSite\",\"@id\":\"https:\\\/\\\/cardamomo.com\\\/de\\\/#website\",\"url\":\"https:\\\/\\\/cardamomo.com\\\/de\\\/\",\"name\":\"Cardamomo Flamenco Madrid\",\"description\":\"\",\"potentialAction\":[{\"@type\":\"SearchAction\",\"target\":{\"@type\":\"EntryPoint\",\"urlTemplate\":\"https:\\\/\\\/cardamomo.com\\\/de\\\/?s={search_term_string}\"},\"query-input\":{\"@type\":\"PropertyValueSpecification\",\"valueRequired\":true,\"valueName\":\"search_term_string\"}}],\"inLanguage\":\"de\"}]}<\/script>\n<!-- \/ Yoast SEO plugin. -->","yoast_head_json":{"title":"Der Vogt und Choreograph Alfonso Losa besucht uns zur Weihnachtszeit - Cardamomo Flamenco Madrid","robots":{"index":"index","follow":"follow","max-snippet":"max-snippet:-1","max-image-preview":"max-image-preview:large","max-video-preview":"max-video-preview:-1"},"canonical":"\/","og_locale":"de_DE","og_type":"article","og_title":"Der Vogt und Choreograph Alfonso Losa besucht uns zur Weihnachtszeit - Cardamomo Flamenco Madrid","og_description":"Der Madrider K\u00fcnstler, der als Autor zahlreicher Ausstellungen in unserem Land bekannt ist, wurde dank seiner Technik, seines Stils und seiner Professionalit\u00e4t bereits mehrfach ausgezeichnet. Einige der wichtigsten Auszeichnungen sind: El Desplante Award beim Festival del Cante de las Minas; El G\u00fcito por sole\u00e1 Award beim Flamenco Art Contest of Cordoba 2007; Outstanding Dancer Award...","og_url":"https:\/\/cardamomo.com\/de\/show\/el-bailaor-y-coreografo-alfonso-losa-nos-visita-en-navidad\/","og_site_name":"Cardamomo Flamenco Madrid","article_modified_time":"2024-12-26T21:59:05+00:00","twitter_card":"summary_large_image","twitter_misc":{"Gesch\u00e4tzte Lesezeit":"2\u00a0Minuten"},"schema":{"@context":"https:\/\/schema.org","@graph":[{"@type":"WebPage","@id":"https:\/\/cardamomo.com\/de\/show\/el-bailaor-y-coreografo-alfonso-losa-nos-visita-en-navidad\/","url":"https:\/\/cardamomo.com\/de\/show\/el-bailaor-y-coreografo-alfonso-losa-nos-visita-en-navidad\/","name":"Der Vogt und Choreograph Alfonso Losa besucht uns zur Weihnachtszeit - Cardamomo Flamenco Madrid","isPartOf":{"@id":"https:\/\/cardamomo.com\/de\/#website"},"primaryImageOfPage":{"@id":"https:\/\/cardamomo.com\/de\/show\/el-bailaor-y-coreografo-alfonso-losa-nos-visita-en-navidad\/#primaryimage"},"image":{"@id":"https:\/\/cardamomo.com\/es\/show\/el-bailaor-y-coreografo-alfonso-losa-nos-visita-en-navidad\/#primaryimage"},"thumbnailUrl":"","datePublished":"2022-03-25T21:45:05+00:00","dateModified":"2024-12-26T21:59:05+00:00","breadcrumb":{"@id":"https:\/\/cardamomo.com\/de\/show\/el-bailaor-y-coreografo-alfonso-losa-nos-visita-en-navidad\/#breadcrumb"},"inLanguage":"de","potentialAction":[{"@type":"ReadAction","target":[["https:\/\/cardamomo.com\/de\/show\/el-bailaor-y-coreografo-alfonso-losa-nos-visita-en-navidad\/"]]}]},{"@type":"ImageObject","inLanguage":"de","@id":"https:\/\/cardamomo.com\/de\/show\/el-bailaor-y-coreografo-alfonso-losa-nos-visita-en-navidad\/#primaryimage","url":"","contentUrl":""},{"@type":"BreadcrumbList","@id":"https:\/\/cardamomo.com\/de\/show\/el-bailaor-y-coreografo-alfonso-losa-nos-visita-en-navidad\/#breadcrumb","itemListElement":[{"@type":"ListItem","position":1,"name":"Cardamomo","item":"https:\/\/cardamomo.com\/de\/"},{"@type":"ListItem","position":2,"name":"Shows","item":"https:\/\/cardamomo.com\/de\/show\/"},{"@type":"ListItem","position":3,"name":"El bailaor y core\u00f3grafo Alfonso Losa nos visita en Navidad"}]},{"@type":"WebSite","@id":"https:\/\/cardamomo.com\/de\/#website","url":"https:\/\/cardamomo.com\/de\/","name":"Cardamomo Flamenco Madrid","description":"","potentialAction":[{"@type":"SearchAction","target":{"@type":"EntryPoint","urlTemplate":"https:\/\/cardamomo.com\/de\/?s={search_term_string}"},"query-input":{"@type":"PropertyValueSpecification","valueRequired":true,"valueName":"search_term_string"}}],"inLanguage":"de"}]}},"_links":{"self":[{"href":"https:\/\/cardamomo.com\/de\/wp-json\/wp\/v2\/show\/95900","targetHints":{"allow":["GET"]}}],"collection":[{"href":"https:\/\/cardamomo.com\/de\/wp-json\/wp\/v2\/show"}],"about":[{"href":"https:\/\/cardamomo.com\/de\/wp-json\/wp\/v2\/types\/show"}],"wp:featuredmedia":[{"embeddable":true,"href":"https:\/\/cardamomo.com\/de\/wp-json\/"}],"wp:attachment":[{"href":"https:\/\/cardamomo.com\/de\/wp-json\/wp\/v2\/media?parent=95900"}],"curies":[{"name":"wp","href":"https:\/\/api.w.org\/{rel}","templated":true}]}}

<p><strong>Der Madrider Künstler,</strong> der als Autor zahlreicher Ausstellungen in unserem Land bekannt ist, wurde dank seiner Technik, seines Stils und seiner Professionalität bereits mehrfach ausgezeichnet. Einige der wichtigsten Auszeichnungen sind: El Desplante Award beim Festival del Cante de las Minas; El Güito por soleá Award beim Flamenco Art Contest of Cordoba 2007; Outstanding Dancer Award beim Madrid Choreography Contest, und viele andere.</p>
<p>Auch <strong>Alfonso Losa</strong> erlebte mit seiner Ausstellung Con-secuencia einen Wandel in der Ausdrucksweise seiner Kunst. Diese wurde auf dem Festival de Jerez 2018 vorgestellt. Sein Werk markiert ein Vorher und ein Nachher in seiner künstlerischen Laufbahn. Unterstützt von der szenischen Arbeit des Regisseurs Florencio Campos, rekapituliert Losa, was er gelernt hat, um sich in eine neue Erfahrung zu stürzen: die Erforschung der Improvisation und des Managements der Bühnenenergie in Echtzeit. Eine Herausforderung, der sich nur sehr wenige Künstler stellen können.</p>
<p>Entdecken Sie mit unserem Gastkünstler eine neue Sichtweise auf die Kunst.</p>
<p>Sichern Sie sich jetzt Ihre Tickets!</p>
<p>???? reservas@cardamomo.com</p>
<p>☎️ ( +34) 91 805 1038/ (+34) 691 02 21 17</p>
<p>???? cardamomo.com</p>
<p>&nbsp;</p>

<!-- This site is optimized with the Yoast SEO plugin v27.4 - https://yoast.com/product/yoast-seo-wordpress/ -->
<title>Der Vogt und Choreograph Alfonso Losa besucht uns zur Weihnachtszeit - Cardamomo Flamenco Madrid</title>
<meta name="robots" content="index, follow, max-snippet:-1, max-image-preview:large, max-video-preview:-1" />
<link rel="canonical" href="/" />
<meta property="og:locale" content="de_DE" />
<meta property="og:type" content="article" />
<meta property="og:title" content="Der Vogt und Choreograph Alfonso Losa besucht uns zur Weihnachtszeit - Cardamomo Flamenco Madrid" />
<meta property="og:description" content="Der Madrider Künstler, der als Autor zahlreicher Ausstellungen in unserem Land bekannt ist, wurde dank seiner Technik, seines Stils und seiner Professionalität bereits mehrfach ausgezeichnet. Einige der wichtigsten Auszeichnungen sind: El Desplante Award beim Festival del Cante de las Minas; El Güito por soleá Award beim Flamenco Art Contest of Cordoba 2007; Outstanding Dancer Award..." />
<meta property="og:url" content="https://cardamomo.com/de/show/el-bailaor-y-coreografo-alfonso-losa-nos-visita-en-navidad/" />
<meta property="og:site_name" content="Cardamomo Flamenco Madrid" />
<meta property="article:modified_time" content="2024-12-26T21:59:05+00:00" />
<meta name="twitter:card" content="summary_large_image" />
<meta name="twitter:label1" content="Geschätzte Lesezeit" />
	<meta name="twitter:data1" content="2 Minuten" />
<script type="application/ld+json" class="yoast-schema-graph">{"@context":"https:\/\/schema.org","@graph":[{"@type":"WebPage","@id":"https:\/\/cardamomo.com\/de\/show\/el-bailaor-y-coreografo-alfonso-losa-nos-visita-en-navidad\/","url":"https:\/\/cardamomo.com\/de\/show\/el-bailaor-y-coreografo-alfonso-losa-nos-visita-en-navidad\/","name":"Der Vogt und Choreograph Alfonso Losa besucht uns zur Weihnachtszeit - Cardamomo Flamenco Madrid","isPartOf":{"@id":"https:\/\/cardamomo.com\/de\/#website"},"primaryImageOfPage":{"@id":"https:\/\/cardamomo.com\/de\/show\/el-bailaor-y-coreografo-alfonso-losa-nos-visita-en-navidad\/#primaryimage"},"image":{"@id":"https:\/\/cardamomo.com\/es\/show\/el-bailaor-y-coreografo-alfonso-losa-nos-visita-en-navidad\/#primaryimage"},"thumbnailUrl":"","datePublished":"2022-03-25T21:45:05+00:00","dateModified":"2024-12-26T21:59:05+00:00","breadcrumb":{"@id":"https:\/\/cardamomo.com\/de\/show\/el-bailaor-y-coreografo-alfonso-losa-nos-visita-en-navidad\/#breadcrumb"},"inLanguage":"de","potentialAction":[{"@type":"ReadAction","target":[["https:\/\/cardamomo.com\/de\/show\/el-bailaor-y-coreografo-alfonso-losa-nos-visita-en-navidad\/"]]}]},{"@type":"ImageObject","inLanguage":"de","@id":"https:\/\/cardamomo.com\/de\/show\/el-bailaor-y-coreografo-alfonso-losa-nos-visita-en-navidad\/#primaryimage","url":"","contentUrl":""},{"@type":"BreadcrumbList","@id":"https:\/\/cardamomo.com\/de\/show\/el-bailaor-y-coreografo-alfonso-losa-nos-visita-en-navidad\/#breadcrumb","itemListElement":[{"@type":"ListItem","position":1,"name":"Cardamomo","item":"https:\/\/cardamomo.com\/de\/"},{"@type":"ListItem","position":2,"name":"Shows","item":"https:\/\/cardamomo.com\/de\/show\/"},{"@type":"ListItem","position":3,"name":"El bailaor y coreógrafo Alfonso Losa nos visita en Navidad"}]},{"@type":"WebSite","@id":"https:\/\/cardamomo.com\/de\/#website","url":"https:\/\/cardamomo.com\/de\/","name":"Cardamomo Flamenco Madrid","description":"","potentialAction":[{"@type":"SearchAction","target":{"@type":"EntryPoint","urlTemplate":"https:\/\/cardamomo.com\/de\/?s={search_term_string}"},"query-input":{"@type":"PropertyValueSpecification","valueRequired":true,"valueName":"search_term_string"}}],"inLanguage":"de"}]}</script>
<!-- / Yoast SEO plugin. -->

Der Madrider Künstler, der als Autor zahlreicher Ausstellungen in unserem Land bekannt ist, wurde dank seiner Technik, seines Stils und seiner Professionalität bereits mehrfach ausgezeichnet. Einige der wichtigsten Auszeichnungen sind: El Desplante Award beim Festival del Cante de las Minas; El Güito por soleá Award beim Flamenco Art Contest of Cordoba 2007; Outstanding Dancer Award...

El bailaor y coreógrafo Alfonso Losa nos visita en Navidad
