{"id":86856,"date":"2021-09-30T13:05:46","date_gmt":"2021-09-30T11:05:46","guid":{"rendered":"https:\/\/cardamomo.com\/es\/?post_type=show&amp;p=86856"},"modified":"2021-09-30T13:05:46","modified_gmt":"2021-09-30T11:05:46","slug":"macarena-ramirez","status":"publish","type":"show","link":"https:\/\/cardamomo.com\/de\/show\/macarena-ramirez\/","title":{"rendered":"Macarena Ram\u00edrez kehrt zu Cardamomo zur\u00fcck"},"content":{"rendered":"<p><\/p>\n<h2>La Bailaora de C\u00e1diz wird vom 17. bis 22. Oktober auf unserer B\u00fchne zu sehen sein.<\/h2>\n<p>Macarena Ram\u00edrez wurde am Konservatorium Maribel Gallardo in C\u00e1diz ausgebildet und hat ihre Ausbildung im Bereich der darstellenden K\u00fcnste fortgesetzt. Seit ihrer Kindheit hat sie sich als K\u00fcnstlerin und T\u00e4nzerin hervorgetan und wurde 2002 eine der T\u00e4nzerinnen in der Kompanie von Antonio el Pipa, in der sie in &#8222;Puertas adentro&#8220;, &#8222;Danza Cali&#8220; und &#8222;De tablao&#8220; mitwirkte. Au\u00dferdem spielte sie als Kind die Lola Flores in dem Film &#8222;Lola, la pel\u00edcula&#8220;.<\/p>\n<p>Vor kurzem begann sie ihre Karriere als Choreografin, gr\u00fcndete ihre eigene Flamenco-Truppe und pr\u00e4sentierte ihre ersten beiden Shows: &#8222;8 letras, 8 palos&#8220; und &#8222;Recuerdos&#8220;. In letzterem schl\u00fcpft die K\u00fcnstlerin in die Rolle einer ehemaligen Bailaora im Ruhestand, die sich an ihre Jugend als Bailaora und K\u00fcnstlerin erinnert, ein Leben, das sie aufgeben musste, um sich ihrer Familie zu widmen. Andererseits geht ihre k\u00fcnstlerische Karriere \u00fcber den Bildschirm hinaus, als sie 2021 zur Gewinnerin der TVE-Fernsehsendung &#8222;Die T\u00e4nzerin&#8220; erkl\u00e4rt wird.<\/p>\n<p>Eine K\u00fcnstlerin von Kopf bis Fu\u00df, verpassen Sie nicht ihre Show!<\/p>\n<p><strong>Buchungen<\/strong> \u2b07\ufe0f<\/p>\n<p class=\"p1\"><strong><span class=\"s1\">????\u00a0<\/span>reservas@cardamomo.com<\/strong><\/p>\n<p class=\"p2\"><strong>\u260e\ufe0f (\u200b +34) 91 805 1038\/ (+34) 691 02 21 17<\/strong><\/p>\n<p class=\"p1\"><strong><span class=\"s1\">????\u00a0<\/span>cardamomo.com<\/strong><\/p>\n<p><img loading=\"lazy\" decoding=\"async\" class=\"alignnone wp-image-110199\" src=\"https:\/\/cardamomo.com\/wp-content\/uploads\/2022\/03\/log_comunidad_m.jpg\" alt=\"\" width=\"38\" height=\"54\" \/><img loading=\"lazy\" decoding=\"async\" class=\"alignnone wp-image-110187\" src=\"https:\/\/cardamomo.com\/wp-content\/uploads\/2022\/03\/firma_madrid_negro-300x82.png\" alt=\"\" width=\"227\" height=\"62\" \/><img loading=\"lazy\" decoding=\"async\" class=\"alignnone wp-image-110186\" src=\"https:\/\/cardamomo.com\/wp-content\/uploads\/2022\/03\/inaem-02-cajetin-rojo-300x53.png\" alt=\"\" width=\"294\" height=\"52\" \/><\/p>","protected":false},"featured_media":95501,"template":"","meta":{"_acf_changed":false,"inline_featured_image":false},"class_list":["post-86856","show","type-show","status-publish","has-post-thumbnail","hentry"],"acf":[],"yoast_head":"<!-- This site is optimized with the Yoast SEO plugin v27.4 - https:\/\/yoast.com\/product\/yoast-seo-wordpress\/ -->\n<title>Macarena Ram\u00edrez kehrt zu Cardamomo zur\u00fcck - Cardamomo Flamenco Madrid<\/title>\n<meta name=\"robots\" content=\"index, follow, max-snippet:-1, max-image-preview:large, max-video-preview:-1\" \/>\n<link rel=\"canonical\" href=\"\/\" \/>\n<meta property=\"og:locale\" content=\"de_DE\" \/>\n<meta property=\"og:type\" content=\"article\" \/>\n<meta property=\"og:title\" content=\"Macarena Ram\u00edrez kehrt zu Cardamomo zur\u00fcck - Cardamomo Flamenco Madrid\" \/>\n<meta property=\"og:description\" content=\"La Bailaora de C\u00e1diz wird vom 17. bis 22. Oktober auf unserer B\u00fchne zu sehen sein. Macarena Ram\u00edrez wurde am Konservatorium Maribel Gallardo in C\u00e1diz ausgebildet und hat ihre Ausbildung im Bereich der darstellenden K\u00fcnste fortgesetzt. Seit ihrer Kindheit hat sie sich als K\u00fcnstlerin und T\u00e4nzerin hervorgetan und wurde 2002 eine der T\u00e4nzerinnen in der...\" \/>\n<meta property=\"og:url\" content=\"https:\/\/cardamomo.com\/de\/show\/macarena-ramirez\/\" \/>\n<meta property=\"og:site_name\" content=\"Cardamomo Flamenco Madrid\" \/>\n<meta name=\"twitter:card\" content=\"summary_large_image\" \/>\n<meta name=\"twitter:label1\" content=\"Gesch\u00e4tzte Lesezeit\" \/>\n\t<meta name=\"twitter:data1\" content=\"1\u00a0Minute\" \/>\n<script type=\"application\/ld+json\" class=\"yoast-schema-graph\">{\"@context\":\"https:\\\/\\\/schema.org\",\"@graph\":[{\"@type\":\"WebPage\",\"@id\":\"https:\\\/\\\/cardamomo.com\\\/de\\\/show\\\/macarena-ramirez\\\/\",\"url\":\"https:\\\/\\\/cardamomo.com\\\/de\\\/show\\\/macarena-ramirez\\\/\",\"name\":\"Macarena Ram\u00edrez kehrt zu Cardamomo zur\u00fcck - Cardamomo Flamenco Madrid\",\"isPartOf\":{\"@id\":\"https:\\\/\\\/cardamomo.com\\\/de\\\/#website\"},\"primaryImageOfPage\":{\"@id\":\"https:\\\/\\\/cardamomo.com\\\/de\\\/show\\\/macarena-ramirez\\\/#primaryimage\"},\"image\":{\"@id\":\"https:\\\/\\\/cardamomo.com\\\/es\\\/show\\\/macarena-ramirez\\\/#primaryimage\"},\"thumbnailUrl\":\"\",\"datePublished\":\"2021-09-30T11:05:46+00:00\",\"breadcrumb\":{\"@id\":\"https:\\\/\\\/cardamomo.com\\\/de\\\/show\\\/macarena-ramirez\\\/#breadcrumb\"},\"inLanguage\":\"de\",\"potentialAction\":[{\"@type\":\"ReadAction\",\"target\":[[\"https:\\\/\\\/cardamomo.com\\\/de\\\/show\\\/macarena-ramirez\\\/\"]]}]},{\"@type\":\"ImageObject\",\"inLanguage\":\"de\",\"@id\":\"https:\\\/\\\/cardamomo.com\\\/de\\\/show\\\/macarena-ramirez\\\/#primaryimage\",\"url\":\"\",\"contentUrl\":\"\"},{\"@type\":\"BreadcrumbList\",\"@id\":\"https:\\\/\\\/cardamomo.com\\\/de\\\/show\\\/macarena-ramirez\\\/#breadcrumb\",\"itemListElement\":[{\"@type\":\"ListItem\",\"position\":1,\"name\":\"Cardamomo\",\"item\":\"https:\\\/\\\/cardamomo.com\\\/de\\\/\"},{\"@type\":\"ListItem\",\"position\":2,\"name\":\"Shows\",\"item\":\"https:\\\/\\\/cardamomo.com\\\/de\\\/show\\\/\"},{\"@type\":\"ListItem\",\"position\":3,\"name\":\"Macarena Ram\u00edrez vuelve a Cardamomo\"}]},{\"@type\":\"WebSite\",\"@id\":\"https:\\\/\\\/cardamomo.com\\\/de\\\/#website\",\"url\":\"https:\\\/\\\/cardamomo.com\\\/de\\\/\",\"name\":\"Cardamomo Flamenco Madrid\",\"description\":\"\",\"potentialAction\":[{\"@type\":\"SearchAction\",\"target\":{\"@type\":\"EntryPoint\",\"urlTemplate\":\"https:\\\/\\\/cardamomo.com\\\/de\\\/?s={search_term_string}\"},\"query-input\":{\"@type\":\"PropertyValueSpecification\",\"valueRequired\":true,\"valueName\":\"search_term_string\"}}],\"inLanguage\":\"de\"}]}<\/script>\n<!-- \/ Yoast SEO plugin. -->","yoast_head_json":{"title":"Macarena Ram\u00edrez kehrt zu Cardamomo zur\u00fcck - Cardamomo Flamenco Madrid","robots":{"index":"index","follow":"follow","max-snippet":"max-snippet:-1","max-image-preview":"max-image-preview:large","max-video-preview":"max-video-preview:-1"},"canonical":"\/","og_locale":"de_DE","og_type":"article","og_title":"Macarena Ram\u00edrez kehrt zu Cardamomo zur\u00fcck - Cardamomo Flamenco Madrid","og_description":"La Bailaora de C\u00e1diz wird vom 17. bis 22. Oktober auf unserer B\u00fchne zu sehen sein. Macarena Ram\u00edrez wurde am Konservatorium Maribel Gallardo in C\u00e1diz ausgebildet und hat ihre Ausbildung im Bereich der darstellenden K\u00fcnste fortgesetzt. Seit ihrer Kindheit hat sie sich als K\u00fcnstlerin und T\u00e4nzerin hervorgetan und wurde 2002 eine der T\u00e4nzerinnen in der...","og_url":"https:\/\/cardamomo.com\/de\/show\/macarena-ramirez\/","og_site_name":"Cardamomo Flamenco Madrid","twitter_card":"summary_large_image","twitter_misc":{"Gesch\u00e4tzte Lesezeit":"1\u00a0Minute"},"schema":{"@context":"https:\/\/schema.org","@graph":[{"@type":"WebPage","@id":"https:\/\/cardamomo.com\/de\/show\/macarena-ramirez\/","url":"https:\/\/cardamomo.com\/de\/show\/macarena-ramirez\/","name":"Macarena Ram\u00edrez kehrt zu Cardamomo zur\u00fcck - Cardamomo Flamenco Madrid","isPartOf":{"@id":"https:\/\/cardamomo.com\/de\/#website"},"primaryImageOfPage":{"@id":"https:\/\/cardamomo.com\/de\/show\/macarena-ramirez\/#primaryimage"},"image":{"@id":"https:\/\/cardamomo.com\/es\/show\/macarena-ramirez\/#primaryimage"},"thumbnailUrl":"","datePublished":"2021-09-30T11:05:46+00:00","breadcrumb":{"@id":"https:\/\/cardamomo.com\/de\/show\/macarena-ramirez\/#breadcrumb"},"inLanguage":"de","potentialAction":[{"@type":"ReadAction","target":[["https:\/\/cardamomo.com\/de\/show\/macarena-ramirez\/"]]}]},{"@type":"ImageObject","inLanguage":"de","@id":"https:\/\/cardamomo.com\/de\/show\/macarena-ramirez\/#primaryimage","url":"","contentUrl":""},{"@type":"BreadcrumbList","@id":"https:\/\/cardamomo.com\/de\/show\/macarena-ramirez\/#breadcrumb","itemListElement":[{"@type":"ListItem","position":1,"name":"Cardamomo","item":"https:\/\/cardamomo.com\/de\/"},{"@type":"ListItem","position":2,"name":"Shows","item":"https:\/\/cardamomo.com\/de\/show\/"},{"@type":"ListItem","position":3,"name":"Macarena Ram\u00edrez vuelve a Cardamomo"}]},{"@type":"WebSite","@id":"https:\/\/cardamomo.com\/de\/#website","url":"https:\/\/cardamomo.com\/de\/","name":"Cardamomo Flamenco Madrid","description":"","potentialAction":[{"@type":"SearchAction","target":{"@type":"EntryPoint","urlTemplate":"https:\/\/cardamomo.com\/de\/?s={search_term_string}"},"query-input":{"@type":"PropertyValueSpecification","valueRequired":true,"valueName":"search_term_string"}}],"inLanguage":"de"}]}},"_links":{"self":[{"href":"https:\/\/cardamomo.com\/de\/wp-json\/wp\/v2\/show\/86856","targetHints":{"allow":["GET"]}}],"collection":[{"href":"https:\/\/cardamomo.com\/de\/wp-json\/wp\/v2\/show"}],"about":[{"href":"https:\/\/cardamomo.com\/de\/wp-json\/wp\/v2\/types\/show"}],"wp:featuredmedia":[{"embeddable":true,"href":"https:\/\/cardamomo.com\/de\/wp-json\/"}],"wp:attachment":[{"href":"https:\/\/cardamomo.com\/de\/wp-json\/wp\/v2\/media?parent=86856"}],"curies":[{"name":"wp","href":"https:\/\/api.w.org\/{rel}","templated":true}]}}

Macarena Ramírez kehrt zu Cardamomo zurück

<p></p>
<h2>La Bailaora de Cádiz wird vom 17. bis 22. Oktober auf unserer Bühne zu sehen sein.</h2>
<p>Macarena Ramírez wurde am Konservatorium Maribel Gallardo in Cádiz ausgebildet und hat ihre Ausbildung im Bereich der darstellenden Künste fortgesetzt. Seit ihrer Kindheit hat sie sich als Künstlerin und Tänzerin hervorgetan und wurde 2002 eine der Tänzerinnen in der Kompanie von Antonio el Pipa, in der sie in &#8222;Puertas adentro&#8220;, &#8222;Danza Cali&#8220; und &#8222;De tablao&#8220; mitwirkte. Außerdem spielte sie als Kind die Lola Flores in dem Film &#8222;Lola, la película&#8220;.</p>
<p>Vor kurzem begann sie ihre Karriere als Choreografin, gründete ihre eigene Flamenco-Truppe und präsentierte ihre ersten beiden Shows: &#8222;8 letras, 8 palos&#8220; und &#8222;Recuerdos&#8220;. In letzterem schlüpft die Künstlerin in die Rolle einer ehemaligen Bailaora im Ruhestand, die sich an ihre Jugend als Bailaora und Künstlerin erinnert, ein Leben, das sie aufgeben musste, um sich ihrer Familie zu widmen. Andererseits geht ihre künstlerische Karriere über den Bildschirm hinaus, als sie 2021 zur Gewinnerin der TVE-Fernsehsendung &#8222;Die Tänzerin&#8220; erklärt wird.</p>
<p>Eine Künstlerin von Kopf bis Fuß, verpassen Sie nicht ihre Show!</p>
<p><strong>Buchungen</strong> ⬇️</p>
<p class="p1"><strong><span class="s1">???? </span>reservas@cardamomo.com</strong></p>
<p class="p2"><strong>☎️ (​ +34) 91 805 1038/ (+34) 691 02 21 17</strong></p>
<p class="p1"><strong><span class="s1">???? </span>cardamomo.com</strong></p>
<p><img loading="lazy" decoding="async" class="alignnone wp-image-110199" src="https://cardamomo.com/wp-content/uploads/2022/03/log_comunidad_m.jpg" alt="" width="38" height="54" /><img loading="lazy" decoding="async" class="alignnone wp-image-110187" src="https://cardamomo.com/wp-content/uploads/2022/03/firma_madrid_negro-300x82.png" alt="" width="227" height="62" /><img loading="lazy" decoding="async" class="alignnone wp-image-110186" src="https://cardamomo.com/wp-content/uploads/2022/03/inaem-02-cajetin-rojo-300x53.png" alt="" width="294" height="52" /></p>

<!-- This site is optimized with the Yoast SEO plugin v27.4 - https://yoast.com/product/yoast-seo-wordpress/ -->
<title>Macarena Ramírez kehrt zu Cardamomo zurück - Cardamomo Flamenco Madrid</title>
<meta name="robots" content="index, follow, max-snippet:-1, max-image-preview:large, max-video-preview:-1" />
<link rel="canonical" href="/" />
<meta property="og:locale" content="de_DE" />
<meta property="og:type" content="article" />
<meta property="og:title" content="Macarena Ramírez kehrt zu Cardamomo zurück - Cardamomo Flamenco Madrid" />
<meta property="og:description" content="La Bailaora de Cádiz wird vom 17. bis 22. Oktober auf unserer Bühne zu sehen sein. Macarena Ramírez wurde am Konservatorium Maribel Gallardo in Cádiz ausgebildet und hat ihre Ausbildung im Bereich der darstellenden Künste fortgesetzt. Seit ihrer Kindheit hat sie sich als Künstlerin und Tänzerin hervorgetan und wurde 2002 eine der Tänzerinnen in der..." />
<meta property="og:url" content="https://cardamomo.com/de/show/macarena-ramirez/" />
<meta property="og:site_name" content="Cardamomo Flamenco Madrid" />
<meta name="twitter:card" content="summary_large_image" />
<meta name="twitter:label1" content="Geschätzte Lesezeit" />
	<meta name="twitter:data1" content="1 Minute" />
<script type="application/ld+json" class="yoast-schema-graph">{"@context":"https:\/\/schema.org","@graph":[{"@type":"WebPage","@id":"https:\/\/cardamomo.com\/de\/show\/macarena-ramirez\/","url":"https:\/\/cardamomo.com\/de\/show\/macarena-ramirez\/","name":"Macarena Ramírez kehrt zu Cardamomo zurück - Cardamomo Flamenco Madrid","isPartOf":{"@id":"https:\/\/cardamomo.com\/de\/#website"},"primaryImageOfPage":{"@id":"https:\/\/cardamomo.com\/de\/show\/macarena-ramirez\/#primaryimage"},"image":{"@id":"https:\/\/cardamomo.com\/es\/show\/macarena-ramirez\/#primaryimage"},"thumbnailUrl":"","datePublished":"2021-09-30T11:05:46+00:00","breadcrumb":{"@id":"https:\/\/cardamomo.com\/de\/show\/macarena-ramirez\/#breadcrumb"},"inLanguage":"de","potentialAction":[{"@type":"ReadAction","target":[["https:\/\/cardamomo.com\/de\/show\/macarena-ramirez\/"]]}]},{"@type":"ImageObject","inLanguage":"de","@id":"https:\/\/cardamomo.com\/de\/show\/macarena-ramirez\/#primaryimage","url":"","contentUrl":""},{"@type":"BreadcrumbList","@id":"https:\/\/cardamomo.com\/de\/show\/macarena-ramirez\/#breadcrumb","itemListElement":[{"@type":"ListItem","position":1,"name":"Cardamomo","item":"https:\/\/cardamomo.com\/de\/"},{"@type":"ListItem","position":2,"name":"Shows","item":"https:\/\/cardamomo.com\/de\/show\/"},{"@type":"ListItem","position":3,"name":"Macarena Ramírez vuelve a Cardamomo"}]},{"@type":"WebSite","@id":"https:\/\/cardamomo.com\/de\/#website","url":"https:\/\/cardamomo.com\/de\/","name":"Cardamomo Flamenco Madrid","description":"","potentialAction":[{"@type":"SearchAction","target":{"@type":"EntryPoint","urlTemplate":"https:\/\/cardamomo.com\/de\/?s={search_term_string}"},"query-input":{"@type":"PropertyValueSpecification","valueRequired":true,"valueName":"search_term_string"}}],"inLanguage":"de"}]}</script>
<!-- / Yoast SEO plugin. -->

Macarena Ramírez kehrt zu Cardamomo zurück - Cardamomo Flamenco Madrid

La Bailaora de Cádiz wird vom 17. bis 22. Oktober auf unserer Bühne zu sehen sein. Macarena Ramírez wurde am Konservatorium Maribel Gallardo in Cádiz ausgebildet und hat ihre Ausbildung im Bereich der darstellenden Künste fortgesetzt. Seit ihrer Kindheit hat sie sich als Künstlerin und Tänzerin hervorgetan und wurde 2002 eine der Tänzerinnen in der...

Macarena Ramírez vuelve a Cardamomo
