{"id":81800,"date":"2021-05-31T14:15:07","date_gmt":"2021-05-31T12:15:07","guid":{"rendered":"https:\/\/cardamomo.com\/es\/?post_type=show&amp;p=81800"},"modified":"2021-05-31T14:15:07","modified_gmt":"2021-05-31T12:15:07","slug":"del-17-al-20-de-junio-choro-molina","status":"publish","type":"show","link":"https:\/\/cardamomo.com\/de\/show\/der-talentierte-tanzer-choro-molina-kehrt-nach-cardamomo-zuruck\/","title":{"rendered":"Der talentierte T\u00e4nzer Choro Molina kehrt nach Cardamomo zur\u00fcck"},"content":{"rendered":"<p>Antonio ist ein mehrfach ausgezeichneter K\u00fcnstler und Solot\u00e4nzer, der mit Kompanien wie Israel Galv\u00e1n und Eva la Yerbabuena aufgetreten ist.<br \/>\nEr blickt auf eine lange Karriere zur\u00fcck und ist an ein gro\u00dfes Publikum in Theatern, auf Festivals usw. gew\u00f6hnt. Er kommt nach Cardamomo, um aus erster Hand die W\u00e4rme des Publikums zu erfahren. Die Atmosph\u00e4re, die man nur in einem so intimen Raum wie unserem Tablao finden kann.<\/p>\n<p>Ein Zyklus mit den ber\u00fchmtesten T\u00e4nzern der Welt k\u00f6nnte ohne seine Anwesenheit nicht vollst\u00e4ndig sein. F\u00fcr den K\u00fcnstler, der 2015 die Show <em>&#8222;Aviso: Bayles de Jitanos&#8220;<\/em> mit seiner eigenen Kompanie auf dem Festival de Jerez pr\u00e4sentierte, ist dies eine der meistgesch\u00e4tzten Shows in der Welt des Flamenco.<\/p>\n<p>Verpassen Sie diesen talentierten T\u00e4nzer nicht live im Cardamomo Tablao Flamenco.<\/p>\n<p><strong>Buchungen \u2b07\ufe0f<\/strong><\/p>\n<p><strong>???? reservas@cardamomo.com<\/strong><\/p>\n<p><strong>\u260e\ufe0f ( +34) 91 805 1038\/ (+34) 691 02 21 17<\/strong><\/p>\n<p><strong>???? cardamomo.com<\/strong><\/p>\n<p><img loading=\"lazy\" decoding=\"async\" class=\"alignnone wp-image-110199\" src=\"https:\/\/cardamomo.com\/wp-content\/uploads\/2022\/03\/log_comunidad_m.jpg\" alt=\"\" width=\"38\" height=\"54\" \/><img loading=\"lazy\" decoding=\"async\" class=\"alignnone wp-image-110187\" src=\"https:\/\/cardamomo.com\/wp-content\/uploads\/2022\/03\/firma_madrid_negro-300x82.png\" alt=\"\" width=\"227\" height=\"62\" \/><img loading=\"lazy\" decoding=\"async\" class=\"alignnone wp-image-110186\" src=\"https:\/\/cardamomo.com\/wp-content\/uploads\/2022\/03\/inaem-02-cajetin-rojo-300x53.png\" alt=\"\" width=\"294\" height=\"52\" \/><\/p>","protected":false},"featured_media":98607,"template":"","meta":{"_acf_changed":false,"inline_featured_image":false},"class_list":["post-81800","show","type-show","status-publish","has-post-thumbnail","hentry"],"acf":[],"yoast_head":"<!-- This site is optimized with the Yoast SEO plugin v27.4 - https:\/\/yoast.com\/product\/yoast-seo-wordpress\/ -->\n<title>Der talentierte T\u00e4nzer Choro Molina kehrt nach Cardamomo zur\u00fcck - Cardamomo Flamenco Madrid<\/title>\n<meta name=\"robots\" content=\"index, follow, max-snippet:-1, max-image-preview:large, max-video-preview:-1\" \/>\n<link rel=\"canonical\" href=\"\/\" \/>\n<meta property=\"og:locale\" content=\"de_DE\" \/>\n<meta property=\"og:type\" content=\"article\" \/>\n<meta property=\"og:title\" content=\"Der talentierte T\u00e4nzer Choro Molina kehrt nach Cardamomo zur\u00fcck - Cardamomo Flamenco Madrid\" \/>\n<meta property=\"og:description\" content=\"Antonio ist ein mehrfach ausgezeichneter K\u00fcnstler und Solot\u00e4nzer, der mit Kompanien wie Israel Galv\u00e1n und Eva la Yerbabuena aufgetreten ist. Er blickt auf eine lange Karriere zur\u00fcck und ist an ein gro\u00dfes Publikum in Theatern, auf Festivals usw. gew\u00f6hnt. Er kommt nach Cardamomo, um aus erster Hand die W\u00e4rme des Publikums zu erfahren. Die Atmosph\u00e4re,...\" \/>\n<meta property=\"og:url\" content=\"https:\/\/cardamomo.com\/de\/show\/el-talentoso-bailaor-choro-molina-vuelve-a-cardamomo\/\" \/>\n<meta property=\"og:site_name\" content=\"Cardamomo Flamenco Madrid\" \/>\n<meta name=\"twitter:card\" content=\"summary_large_image\" \/>\n<meta name=\"twitter:label1\" content=\"Gesch\u00e4tzte Lesezeit\" \/>\n\t<meta name=\"twitter:data1\" content=\"2\u00a0Minuten\" \/>\n<script type=\"application\/ld+json\" class=\"yoast-schema-graph\">{\"@context\":\"https:\\\/\\\/schema.org\",\"@graph\":[{\"@type\":\"WebPage\",\"@id\":\"https:\\\/\\\/cardamomo.com\\\/de\\\/show\\\/el-talentoso-bailaor-choro-molina-vuelve-a-cardamomo\\\/\",\"url\":\"https:\\\/\\\/cardamomo.com\\\/de\\\/show\\\/el-talentoso-bailaor-choro-molina-vuelve-a-cardamomo\\\/\",\"name\":\"Der talentierte T\u00e4nzer Choro Molina kehrt nach Cardamomo zur\u00fcck - Cardamomo Flamenco Madrid\",\"isPartOf\":{\"@id\":\"https:\\\/\\\/cardamomo.com\\\/de\\\/#website\"},\"primaryImageOfPage\":{\"@id\":\"https:\\\/\\\/cardamomo.com\\\/de\\\/show\\\/el-talentoso-bailaor-choro-molina-vuelve-a-cardamomo\\\/#primaryimage\"},\"image\":{\"@id\":\"https:\\\/\\\/cardamomo.com\\\/es\\\/show\\\/el-talentoso-bailaor-choro-molina-vuelve-a-cardamomo\\\/#primaryimage\"},\"thumbnailUrl\":\"\",\"datePublished\":\"2021-05-31T12:15:07+00:00\",\"breadcrumb\":{\"@id\":\"https:\\\/\\\/cardamomo.com\\\/de\\\/show\\\/el-talentoso-bailaor-choro-molina-vuelve-a-cardamomo\\\/#breadcrumb\"},\"inLanguage\":\"de\",\"potentialAction\":[{\"@type\":\"ReadAction\",\"target\":[[\"https:\\\/\\\/cardamomo.com\\\/de\\\/show\\\/el-talentoso-bailaor-choro-molina-vuelve-a-cardamomo\\\/\"]]}]},{\"@type\":\"ImageObject\",\"inLanguage\":\"de\",\"@id\":\"https:\\\/\\\/cardamomo.com\\\/de\\\/show\\\/el-talentoso-bailaor-choro-molina-vuelve-a-cardamomo\\\/#primaryimage\",\"url\":\"\",\"contentUrl\":\"\"},{\"@type\":\"BreadcrumbList\",\"@id\":\"https:\\\/\\\/cardamomo.com\\\/de\\\/show\\\/el-talentoso-bailaor-choro-molina-vuelve-a-cardamomo\\\/#breadcrumb\",\"itemListElement\":[{\"@type\":\"ListItem\",\"position\":1,\"name\":\"Cardamomo\",\"item\":\"https:\\\/\\\/cardamomo.com\\\/de\\\/\"},{\"@type\":\"ListItem\",\"position\":2,\"name\":\"Shows\",\"item\":\"https:\\\/\\\/cardamomo.com\\\/de\\\/show\\\/\"},{\"@type\":\"ListItem\",\"position\":3,\"name\":\"El talentoso bailaor Choro Molina vuelve a Cardamomo\"}]},{\"@type\":\"WebSite\",\"@id\":\"https:\\\/\\\/cardamomo.com\\\/de\\\/#website\",\"url\":\"https:\\\/\\\/cardamomo.com\\\/de\\\/\",\"name\":\"Cardamomo Flamenco Madrid\",\"description\":\"\",\"potentialAction\":[{\"@type\":\"SearchAction\",\"target\":{\"@type\":\"EntryPoint\",\"urlTemplate\":\"https:\\\/\\\/cardamomo.com\\\/de\\\/?s={search_term_string}\"},\"query-input\":{\"@type\":\"PropertyValueSpecification\",\"valueRequired\":true,\"valueName\":\"search_term_string\"}}],\"inLanguage\":\"de\"}]}<\/script>\n<!-- \/ Yoast SEO plugin. -->","yoast_head_json":{"title":"Der talentierte T\u00e4nzer Choro Molina kehrt nach Cardamomo zur\u00fcck - Cardamomo Flamenco Madrid","robots":{"index":"index","follow":"follow","max-snippet":"max-snippet:-1","max-image-preview":"max-image-preview:large","max-video-preview":"max-video-preview:-1"},"canonical":"\/","og_locale":"de_DE","og_type":"article","og_title":"Der talentierte T\u00e4nzer Choro Molina kehrt nach Cardamomo zur\u00fcck - Cardamomo Flamenco Madrid","og_description":"Antonio ist ein mehrfach ausgezeichneter K\u00fcnstler und Solot\u00e4nzer, der mit Kompanien wie Israel Galv\u00e1n und Eva la Yerbabuena aufgetreten ist. Er blickt auf eine lange Karriere zur\u00fcck und ist an ein gro\u00dfes Publikum in Theatern, auf Festivals usw. gew\u00f6hnt. Er kommt nach Cardamomo, um aus erster Hand die W\u00e4rme des Publikums zu erfahren. Die Atmosph\u00e4re,...","og_url":"https:\/\/cardamomo.com\/de\/show\/el-talentoso-bailaor-choro-molina-vuelve-a-cardamomo\/","og_site_name":"Cardamomo Flamenco Madrid","twitter_card":"summary_large_image","twitter_misc":{"Gesch\u00e4tzte Lesezeit":"2\u00a0Minuten"},"schema":{"@context":"https:\/\/schema.org","@graph":[{"@type":"WebPage","@id":"https:\/\/cardamomo.com\/de\/show\/el-talentoso-bailaor-choro-molina-vuelve-a-cardamomo\/","url":"https:\/\/cardamomo.com\/de\/show\/el-talentoso-bailaor-choro-molina-vuelve-a-cardamomo\/","name":"Der talentierte T\u00e4nzer Choro Molina kehrt nach Cardamomo zur\u00fcck - Cardamomo Flamenco Madrid","isPartOf":{"@id":"https:\/\/cardamomo.com\/de\/#website"},"primaryImageOfPage":{"@id":"https:\/\/cardamomo.com\/de\/show\/el-talentoso-bailaor-choro-molina-vuelve-a-cardamomo\/#primaryimage"},"image":{"@id":"https:\/\/cardamomo.com\/es\/show\/el-talentoso-bailaor-choro-molina-vuelve-a-cardamomo\/#primaryimage"},"thumbnailUrl":"","datePublished":"2021-05-31T12:15:07+00:00","breadcrumb":{"@id":"https:\/\/cardamomo.com\/de\/show\/el-talentoso-bailaor-choro-molina-vuelve-a-cardamomo\/#breadcrumb"},"inLanguage":"de","potentialAction":[{"@type":"ReadAction","target":[["https:\/\/cardamomo.com\/de\/show\/el-talentoso-bailaor-choro-molina-vuelve-a-cardamomo\/"]]}]},{"@type":"ImageObject","inLanguage":"de","@id":"https:\/\/cardamomo.com\/de\/show\/el-talentoso-bailaor-choro-molina-vuelve-a-cardamomo\/#primaryimage","url":"","contentUrl":""},{"@type":"BreadcrumbList","@id":"https:\/\/cardamomo.com\/de\/show\/el-talentoso-bailaor-choro-molina-vuelve-a-cardamomo\/#breadcrumb","itemListElement":[{"@type":"ListItem","position":1,"name":"Cardamomo","item":"https:\/\/cardamomo.com\/de\/"},{"@type":"ListItem","position":2,"name":"Shows","item":"https:\/\/cardamomo.com\/de\/show\/"},{"@type":"ListItem","position":3,"name":"El talentoso bailaor Choro Molina vuelve a Cardamomo"}]},{"@type":"WebSite","@id":"https:\/\/cardamomo.com\/de\/#website","url":"https:\/\/cardamomo.com\/de\/","name":"Cardamomo Flamenco Madrid","description":"","potentialAction":[{"@type":"SearchAction","target":{"@type":"EntryPoint","urlTemplate":"https:\/\/cardamomo.com\/de\/?s={search_term_string}"},"query-input":{"@type":"PropertyValueSpecification","valueRequired":true,"valueName":"search_term_string"}}],"inLanguage":"de"}]}},"_links":{"self":[{"href":"https:\/\/cardamomo.com\/de\/wp-json\/wp\/v2\/show\/81800","targetHints":{"allow":["GET"]}}],"collection":[{"href":"https:\/\/cardamomo.com\/de\/wp-json\/wp\/v2\/show"}],"about":[{"href":"https:\/\/cardamomo.com\/de\/wp-json\/wp\/v2\/types\/show"}],"wp:featuredmedia":[{"embeddable":true,"href":"https:\/\/cardamomo.com\/de\/wp-json\/"}],"wp:attachment":[{"href":"https:\/\/cardamomo.com\/de\/wp-json\/wp\/v2\/media?parent=81800"}],"curies":[{"name":"wp","href":"https:\/\/api.w.org\/{rel}","templated":true}]}}

Der talentierte Tänzer Choro Molina kehrt nach Cardamomo zurück

<p>Antonio ist ein mehrfach ausgezeichneter Künstler und Solotänzer, der mit Kompanien wie Israel Galván und Eva la Yerbabuena aufgetreten ist.<br />
Er blickt auf eine lange Karriere zurück und ist an ein großes Publikum in Theatern, auf Festivals usw. gewöhnt. Er kommt nach Cardamomo, um aus erster Hand die Wärme des Publikums zu erfahren. Die Atmosphäre, die man nur in einem so intimen Raum wie unserem Tablao finden kann.</p>
<p>Ein Zyklus mit den berühmtesten Tänzern der Welt könnte ohne seine Anwesenheit nicht vollständig sein. Für den Künstler, der 2015 die Show <em>&#8222;Aviso: Bayles de Jitanos&#8220;</em> mit seiner eigenen Kompanie auf dem Festival de Jerez präsentierte, ist dies eine der meistgeschätzten Shows in der Welt des Flamenco.</p>
<p>Verpassen Sie diesen talentierten Tänzer nicht live im Cardamomo Tablao Flamenco.</p>
<p><strong>Buchungen ⬇️</strong></p>
<p><strong>???? reservas@cardamomo.com</strong></p>
<p><strong>☎️ ( +34) 91 805 1038/ (+34) 691 02 21 17</strong></p>
<p><strong>???? cardamomo.com</strong></p>
<p><img loading="lazy" decoding="async" class="alignnone wp-image-110199" src="https://cardamomo.com/wp-content/uploads/2022/03/log_comunidad_m.jpg" alt="" width="38" height="54" /><img loading="lazy" decoding="async" class="alignnone wp-image-110187" src="https://cardamomo.com/wp-content/uploads/2022/03/firma_madrid_negro-300x82.png" alt="" width="227" height="62" /><img loading="lazy" decoding="async" class="alignnone wp-image-110186" src="https://cardamomo.com/wp-content/uploads/2022/03/inaem-02-cajetin-rojo-300x53.png" alt="" width="294" height="52" /></p>

<!-- This site is optimized with the Yoast SEO plugin v27.4 - https://yoast.com/product/yoast-seo-wordpress/ -->
<title>Der talentierte Tänzer Choro Molina kehrt nach Cardamomo zurück - Cardamomo Flamenco Madrid</title>
<meta name="robots" content="index, follow, max-snippet:-1, max-image-preview:large, max-video-preview:-1" />
<link rel="canonical" href="/" />
<meta property="og:locale" content="de_DE" />
<meta property="og:type" content="article" />
<meta property="og:title" content="Der talentierte Tänzer Choro Molina kehrt nach Cardamomo zurück - Cardamomo Flamenco Madrid" />
<meta property="og:description" content="Antonio ist ein mehrfach ausgezeichneter Künstler und Solotänzer, der mit Kompanien wie Israel Galván und Eva la Yerbabuena aufgetreten ist. Er blickt auf eine lange Karriere zurück und ist an ein großes Publikum in Theatern, auf Festivals usw. gewöhnt. Er kommt nach Cardamomo, um aus erster Hand die Wärme des Publikums zu erfahren. Die Atmosphäre,..." />
<meta property="og:url" content="https://cardamomo.com/de/show/el-talentoso-bailaor-choro-molina-vuelve-a-cardamomo/" />
<meta property="og:site_name" content="Cardamomo Flamenco Madrid" />
<meta name="twitter:card" content="summary_large_image" />
<meta name="twitter:label1" content="Geschätzte Lesezeit" />
	<meta name="twitter:data1" content="2 Minuten" />
<script type="application/ld+json" class="yoast-schema-graph">{"@context":"https:\/\/schema.org","@graph":[{"@type":"WebPage","@id":"https:\/\/cardamomo.com\/de\/show\/el-talentoso-bailaor-choro-molina-vuelve-a-cardamomo\/","url":"https:\/\/cardamomo.com\/de\/show\/el-talentoso-bailaor-choro-molina-vuelve-a-cardamomo\/","name":"Der talentierte Tänzer Choro Molina kehrt nach Cardamomo zurück - Cardamomo Flamenco Madrid","isPartOf":{"@id":"https:\/\/cardamomo.com\/de\/#website"},"primaryImageOfPage":{"@id":"https:\/\/cardamomo.com\/de\/show\/el-talentoso-bailaor-choro-molina-vuelve-a-cardamomo\/#primaryimage"},"image":{"@id":"https:\/\/cardamomo.com\/es\/show\/el-talentoso-bailaor-choro-molina-vuelve-a-cardamomo\/#primaryimage"},"thumbnailUrl":"","datePublished":"2021-05-31T12:15:07+00:00","breadcrumb":{"@id":"https:\/\/cardamomo.com\/de\/show\/el-talentoso-bailaor-choro-molina-vuelve-a-cardamomo\/#breadcrumb"},"inLanguage":"de","potentialAction":[{"@type":"ReadAction","target":[["https:\/\/cardamomo.com\/de\/show\/el-talentoso-bailaor-choro-molina-vuelve-a-cardamomo\/"]]}]},{"@type":"ImageObject","inLanguage":"de","@id":"https:\/\/cardamomo.com\/de\/show\/el-talentoso-bailaor-choro-molina-vuelve-a-cardamomo\/#primaryimage","url":"","contentUrl":""},{"@type":"BreadcrumbList","@id":"https:\/\/cardamomo.com\/de\/show\/el-talentoso-bailaor-choro-molina-vuelve-a-cardamomo\/#breadcrumb","itemListElement":[{"@type":"ListItem","position":1,"name":"Cardamomo","item":"https:\/\/cardamomo.com\/de\/"},{"@type":"ListItem","position":2,"name":"Shows","item":"https:\/\/cardamomo.com\/de\/show\/"},{"@type":"ListItem","position":3,"name":"El talentoso bailaor Choro Molina vuelve a Cardamomo"}]},{"@type":"WebSite","@id":"https:\/\/cardamomo.com\/de\/#website","url":"https:\/\/cardamomo.com\/de\/","name":"Cardamomo Flamenco Madrid","description":"","potentialAction":[{"@type":"SearchAction","target":{"@type":"EntryPoint","urlTemplate":"https:\/\/cardamomo.com\/de\/?s={search_term_string}"},"query-input":{"@type":"PropertyValueSpecification","valueRequired":true,"valueName":"search_term_string"}}],"inLanguage":"de"}]}</script>
<!-- / Yoast SEO plugin. -->

Der talentierte Tänzer Choro Molina kehrt nach Cardamomo zurück - Cardamomo Flamenco Madrid

Antonio ist ein mehrfach ausgezeichneter Künstler und Solotänzer, der mit Kompanien wie Israel Galván und Eva la Yerbabuena aufgetreten ist. Er blickt auf eine lange Karriere zurück und ist an ein großes Publikum in Theatern, auf Festivals usw. gewöhnt. Er kommt nach Cardamomo, um aus erster Hand die Wärme des Publikums zu erfahren. Die Atmosphäre,...
