{"id":158402,"date":"2025-12-22T11:11:12","date_gmt":"2025-12-22T10:11:12","guid":{"rendered":"https:\/\/cardamomo.com\/es\/?post_type=show&#038;p=158402"},"modified":"2026-09-03T08:26:54","modified_gmt":"2026-09-03T06:26:54","slug":"programacion-artistica-semanal-cardamomo","status":"publish","type":"show","link":"https:\/\/cardamomo.com\/de\/show\/woechentliches-kuenstlerisches-programm\/","title":{"rendered":"W\u00f6chentliche K\u00fcnstlerische Programmgestaltung von Cardamomo"},"content":{"rendered":"<p><span style=\"font-weight: 400;\">Wer tritt diese Woche im Cardamomo auf? Vom 31. August bis 6. September wechselt das Flamenco-Ensemble jeden Abend. Das sind die K\u00fcnstler, die auf die B\u00fchne kommen:<\/span><\/p>\n<h2><b>Tanz<\/b><\/h2>\n<p><span style=\"font-weight: 400;\"><b>Mariano Lozano<\/b>, <b>Clara Guti\u00e9rrez<\/b> und <b>Luc\u00eda &#8222;La Flaca&#8220;<\/b> tanzen die ganze Woche, vom 31. August bis 6. September.<\/span><\/p>\n<h2><b>Cante (Gesang)<\/b><\/h2>\n<p><span style=\"font-weight: 400;\"><b>Emilio Silva<\/b> und <b>Jacob Quir\u00f3s<\/b> leihen die ganze Woche ihre Stimme, vom 31. August bis 6. September.<\/span><\/p>\n<h2><b>Gitarre<\/b><\/h2>\n<p><span style=\"font-weight: 400;\"><b>Ricardo V\u00e1zquez<\/b> begleitet die ganze Woche an der Gitarre, vom 31. August bis 6. September.<\/span><\/p>\n<h2><b>Perkussion<\/b><\/h2>\n<p><span style=\"font-weight: 400;\"><b>Iv\u00e1n Losada<\/b> gibt die ganze Woche den Takt am Caj\u00f3n vor, vom 31. August bis 6. September.<\/span><\/p>\n<h2><b>K\u00fcnstlerische Leitung<\/b><\/h2>\n<p><span style=\"font-weight: 400;\">An der Spitze der Show steht die k\u00fcnstlerische Leitung von <b>Paula Rodr\u00edguez L\u00e1zaro<\/b>.<\/span><br \/>\n<span style=\"font-weight: 400;\">Das Ensemble wechselt jeden Abend, sodass keine zwei Vorstellungen gleich sind. Komm und entdecke, wer an dem Tag auftritt, an dem du uns besuchst.<\/span><br \/>\n<div class=\"mini_module background_black\">\n    <div class=\"row align-items-end\">\n        <div class=\"col-12 col-md-7 col-lg-7 col-xl-7 col-xxl-7\">\n            <div class=\"h4\">\n                <em>Kaufe Tickets f\u00fcr die beste Flamenco-Show in Madrid.<\/em> \n            <\/div>\n        <\/div>\n        <div class=\"col-12 col-md-5 col-lg-5 col-xl-5 col-xxl-5\">\n            <div class=\"mini_module_button\">\n                <a class=\"the_button kensei_02 byn\" href=\"https:\/\/cardamomo.com\/de\/checkout\/\" data-text=\"Tickets kaufen\">\n                    <span>\n                        <div>\n                            Tickets kaufen                        <\/div>\n                    <\/span>\n                <\/a>\n\n            <\/div>\n        <\/div>\n    <\/div>\n<\/div><\/p>","protected":false},"featured_media":159779,"template":"","meta":{"_acf_changed":false,"inline_featured_image":false},"class_list":["post-158402","show","type-show","status-publish","has-post-thumbnail","hentry"],"acf":[],"yoast_head":"<!-- This site is optimized with the Yoast SEO plugin v28.2 - https:\/\/yoast.com\/product\/yoast-seo-wordpress\/ -->\n<title>W\u00f6chentliche K\u00fcnstlerische Programmgestaltung von Cardamomo - Cardamomo Flamenco Madrid<\/title>\n<meta name=\"description\" content=\"Entdecken Sie das w\u00f6chentliche k\u00fcnstlerische Programm von Cardamomo Flamenco Madrid mit wechselndem Ensemble und authentischem Flamenco im Herzen der Stadt.\" \/>\n<meta name=\"robots\" content=\"index, follow, max-snippet:-1, max-image-preview:large, max-video-preview:-1\" \/>\n<link rel=\"canonical\" href=\"\/\" \/>\n<meta property=\"og:locale\" content=\"de_DE\" \/>\n<meta property=\"og:type\" content=\"article\" \/>\n<meta property=\"og:title\" content=\"W\u00f6chentliche K\u00fcnstlerische Programmgestaltung von Cardamomo - Cardamomo Flamenco Madrid\" \/>\n<meta property=\"og:description\" content=\"Entdecken Sie das w\u00f6chentliche k\u00fcnstlerische Programm von Cardamomo Flamenco Madrid mit wechselndem Ensemble und authentischem Flamenco im Herzen der Stadt.\" \/>\n<meta property=\"og:url\" content=\"https:\/\/cardamomo.com\/de\/show\/programacion-artistica-semanal\/\" \/>\n<meta property=\"og:site_name\" content=\"Cardamomo Flamenco Madrid\" \/>\n<meta property=\"article:modified_time\" content=\"2026-09-03T06:26:54+00:00\" \/>\n<meta property=\"og:image\" content=\"https:\/\/cardamomo.ams3.digitaloceanspaces.com\/wp-content\/uploads\/2025\/12\/31110202\/programacion-artistica-semanal-31-agosto-6-septiembre-cardamomo.jpg\" \/>\n\t<meta property=\"og:image:width\" content=\"1200\" \/>\n\t<meta property=\"og:image:height\" content=\"800\" \/>\n\t<meta property=\"og:image:type\" content=\"image\/jpeg\" \/>\n<meta name=\"twitter:card\" content=\"summary_large_image\" \/>\n<meta name=\"twitter:label1\" content=\"Gesch\u00e4tzte Lesezeit\" \/>\n\t<meta name=\"twitter:data1\" content=\"1\u00a0Minute\" \/>\n<script type=\"application\/ld+json\" class=\"yoast-schema-graph\">{\"@context\":\"https:\\\/\\\/schema.org\",\"@graph\":[{\"@type\":\"WebPage\",\"@id\":\"https:\\\/\\\/cardamomo.com\\\/de\\\/show\\\/programacion-artistica-semanal\\\/\",\"url\":\"https:\\\/\\\/cardamomo.com\\\/de\\\/show\\\/programacion-artistica-semanal\\\/\",\"name\":\"W\u00f6chentliche K\u00fcnstlerische Programmgestaltung von Cardamomo - Cardamomo Flamenco Madrid\",\"isPartOf\":{\"@id\":\"https:\\\/\\\/cardamomo.com\\\/de\\\/#website\"},\"primaryImageOfPage\":{\"@id\":\"https:\\\/\\\/cardamomo.com\\\/de\\\/show\\\/programacion-artistica-semanal\\\/#primaryimage\"},\"image\":{\"@id\":\"https:\\\/\\\/cardamomo.com\\\/es\\\/show\\\/programacion-artistica-semanal\\\/#primaryimage\"},\"thumbnailUrl\":\"https:\\\/\\\/cardamomo.ams3.digitaloceanspaces.com\\\/wp-content\\\/uploads\\\/2025\\\/12\\\/31110202\\\/programacion-artistica-semanal-31-agosto-6-septiembre-cardamomo.jpg\",\"datePublished\":\"2025-12-22T10:11:12+00:00\",\"dateModified\":\"2026-09-03T06:26:54+00:00\",\"description\":\"Entdecken Sie das w\u00f6chentliche k\u00fcnstlerische Programm von Cardamomo Flamenco Madrid mit wechselndem Ensemble und authentischem Flamenco im Herzen der Stadt.\",\"breadcrumb\":{\"@id\":\"https:\\\/\\\/cardamomo.com\\\/de\\\/show\\\/programacion-artistica-semanal\\\/#breadcrumb\"},\"inLanguage\":\"de\",\"potentialAction\":[{\"@type\":\"ReadAction\",\"target\":[[\"https:\\\/\\\/cardamomo.com\\\/de\\\/show\\\/programacion-artistica-semanal\\\/\"]]}]},{\"@type\":\"ImageObject\",\"inLanguage\":\"de\",\"@id\":\"https:\\\/\\\/cardamomo.com\\\/de\\\/show\\\/programacion-artistica-semanal\\\/#primaryimage\",\"url\":\"https:\\\/\\\/cardamomo.ams3.digitaloceanspaces.com\\\/wp-content\\\/uploads\\\/2025\\\/12\\\/31110202\\\/programacion-artistica-semanal-31-agosto-6-septiembre-cardamomo.jpg\",\"contentUrl\":\"https:\\\/\\\/cardamomo.ams3.digitaloceanspaces.com\\\/wp-content\\\/uploads\\\/2025\\\/12\\\/31110202\\\/programacion-artistica-semanal-31-agosto-6-septiembre-cardamomo.jpg\",\"width\":1200,\"height\":800},{\"@type\":\"BreadcrumbList\",\"@id\":\"https:\\\/\\\/cardamomo.com\\\/de\\\/show\\\/programacion-artistica-semanal\\\/#breadcrumb\",\"itemListElement\":[{\"@type\":\"ListItem\",\"position\":1,\"name\":\"Cardamomo\",\"item\":\"https:\\\/\\\/cardamomo.com\\\/de\\\/\"},{\"@type\":\"ListItem\",\"position\":2,\"name\":\"Shows\",\"item\":\"https:\\\/\\\/cardamomo.com\\\/de\\\/show\\\/\"},{\"@type\":\"ListItem\",\"position\":3,\"name\":\"Programaci\u00f3n Art\u00edstica\"}]},{\"@type\":\"WebSite\",\"@id\":\"https:\\\/\\\/cardamomo.com\\\/de\\\/#website\",\"url\":\"https:\\\/\\\/cardamomo.com\\\/de\\\/\",\"name\":\"Cardamomo Flamenco Madrid\",\"description\":\"\",\"potentialAction\":[{\"@type\":\"SearchAction\",\"target\":{\"@type\":\"EntryPoint\",\"urlTemplate\":\"https:\\\/\\\/cardamomo.com\\\/de\\\/?s={search_term_string}\"},\"query-input\":{\"@type\":\"PropertyValueSpecification\",\"valueRequired\":true,\"valueName\":\"search_term_string\"}}],\"inLanguage\":\"de\"}]}<\/script>\n<!-- \/ Yoast SEO plugin. -->","yoast_head_json":{"title":"W\u00f6chentliche K\u00fcnstlerische Programmgestaltung von Cardamomo - Cardamomo Flamenco Madrid","description":"Entdecken Sie das w\u00f6chentliche k\u00fcnstlerische Programm von Cardamomo Flamenco Madrid mit wechselndem Ensemble und authentischem Flamenco im Herzen der Stadt.","robots":{"index":"index","follow":"follow","max-snippet":"max-snippet:-1","max-image-preview":"max-image-preview:large","max-video-preview":"max-video-preview:-1"},"canonical":"\/","og_locale":"de_DE","og_type":"article","og_title":"W\u00f6chentliche K\u00fcnstlerische Programmgestaltung von Cardamomo - Cardamomo Flamenco Madrid","og_description":"Entdecken Sie das w\u00f6chentliche k\u00fcnstlerische Programm von Cardamomo Flamenco Madrid mit wechselndem Ensemble und authentischem Flamenco im Herzen der Stadt.","og_url":"https:\/\/cardamomo.com\/de\/show\/programacion-artistica-semanal\/","og_site_name":"Cardamomo Flamenco Madrid","article_modified_time":"2026-09-03T06:26:54+00:00","og_image":[{"width":1200,"height":800,"url":"https:\/\/cardamomo.ams3.digitaloceanspaces.com\/wp-content\/uploads\/2025\/12\/31110202\/programacion-artistica-semanal-31-agosto-6-septiembre-cardamomo.jpg","type":"image\/jpeg"}],"twitter_card":"summary_large_image","twitter_misc":{"Gesch\u00e4tzte Lesezeit":"1\u00a0Minute"},"schema":{"@context":"https:\/\/schema.org","@graph":[{"@type":"WebPage","@id":"https:\/\/cardamomo.com\/de\/show\/programacion-artistica-semanal\/","url":"https:\/\/cardamomo.com\/de\/show\/programacion-artistica-semanal\/","name":"W\u00f6chentliche K\u00fcnstlerische Programmgestaltung von Cardamomo - Cardamomo Flamenco Madrid","isPartOf":{"@id":"https:\/\/cardamomo.com\/de\/#website"},"primaryImageOfPage":{"@id":"https:\/\/cardamomo.com\/de\/show\/programacion-artistica-semanal\/#primaryimage"},"image":{"@id":"https:\/\/cardamomo.com\/es\/show\/programacion-artistica-semanal\/#primaryimage"},"thumbnailUrl":"https:\/\/cardamomo.ams3.digitaloceanspaces.com\/wp-content\/uploads\/2025\/12\/31110202\/programacion-artistica-semanal-31-agosto-6-septiembre-cardamomo.jpg","datePublished":"2025-12-22T10:11:12+00:00","dateModified":"2026-09-03T06:26:54+00:00","description":"Entdecken Sie das w\u00f6chentliche k\u00fcnstlerische Programm von Cardamomo Flamenco Madrid mit wechselndem Ensemble und authentischem Flamenco im Herzen der Stadt.","breadcrumb":{"@id":"https:\/\/cardamomo.com\/de\/show\/programacion-artistica-semanal\/#breadcrumb"},"inLanguage":"de","potentialAction":[{"@type":"ReadAction","target":[["https:\/\/cardamomo.com\/de\/show\/programacion-artistica-semanal\/"]]}]},{"@type":"ImageObject","inLanguage":"de","@id":"https:\/\/cardamomo.com\/de\/show\/programacion-artistica-semanal\/#primaryimage","url":"https:\/\/cardamomo.ams3.digitaloceanspaces.com\/wp-content\/uploads\/2025\/12\/31110202\/programacion-artistica-semanal-31-agosto-6-septiembre-cardamomo.jpg","contentUrl":"https:\/\/cardamomo.ams3.digitaloceanspaces.com\/wp-content\/uploads\/2025\/12\/31110202\/programacion-artistica-semanal-31-agosto-6-septiembre-cardamomo.jpg","width":1200,"height":800},{"@type":"BreadcrumbList","@id":"https:\/\/cardamomo.com\/de\/show\/programacion-artistica-semanal\/#breadcrumb","itemListElement":[{"@type":"ListItem","position":1,"name":"Cardamomo","item":"https:\/\/cardamomo.com\/de\/"},{"@type":"ListItem","position":2,"name":"Shows","item":"https:\/\/cardamomo.com\/de\/show\/"},{"@type":"ListItem","position":3,"name":"Programaci\u00f3n Art\u00edstica"}]},{"@type":"WebSite","@id":"https:\/\/cardamomo.com\/de\/#website","url":"https:\/\/cardamomo.com\/de\/","name":"Cardamomo Flamenco Madrid","description":"","potentialAction":[{"@type":"SearchAction","target":{"@type":"EntryPoint","urlTemplate":"https:\/\/cardamomo.com\/de\/?s={search_term_string}"},"query-input":{"@type":"PropertyValueSpecification","valueRequired":true,"valueName":"search_term_string"}}],"inLanguage":"de"}]}},"_links":{"self":[{"href":"https:\/\/cardamomo.com\/de\/wp-json\/wp\/v2\/show\/158402","targetHints":{"allow":["GET"]}}],"collection":[{"href":"https:\/\/cardamomo.com\/de\/wp-json\/wp\/v2\/show"}],"about":[{"href":"https:\/\/cardamomo.com\/de\/wp-json\/wp\/v2\/types\/show"}],"wp:featuredmedia":[{"embeddable":true,"href":"https:\/\/cardamomo.com\/de\/wp-json\/wp\/v2\/media\/159779"}],"wp:attachment":[{"href":"https:\/\/cardamomo.com\/de\/wp-json\/wp\/v2\/media?parent=158402"}],"curies":[{"name":"wp","href":"https:\/\/api.w.org\/{rel}","templated":true}]}}

Wöchentliche Künstlerische Programmgestaltung von Cardamomo

<p><span style="font-weight: 400;">Wer tritt diese Woche im Cardamomo auf? Vom 31. August bis 6. September wechselt das Flamenco-Ensemble jeden Abend. Das sind die Künstler, die auf die Bühne kommen:</span></p>
<h2><b>Tanz</b></h2>
<p><span style="font-weight: 400;"><b>Mariano Lozano</b>, <b>Clara Gutiérrez</b> und <b>Lucía &#8222;La Flaca&#8220;</b> tanzen die ganze Woche, vom 31. August bis 6. September.</span></p>
<h2><b>Cante (Gesang)</b></h2>
<p><span style="font-weight: 400;"><b>Emilio Silva</b> und <b>Jacob Quirós</b> leihen die ganze Woche ihre Stimme, vom 31. August bis 6. September.</span></p>
<h2><b>Gitarre</b></h2>
<p><span style="font-weight: 400;"><b>Ricardo Vázquez</b> begleitet die ganze Woche an der Gitarre, vom 31. August bis 6. September.</span></p>
<h2><b>Perkussion</b></h2>
<p><span style="font-weight: 400;"><b>Iván Losada</b> gibt die ganze Woche den Takt am Cajón vor, vom 31. August bis 6. September.</span></p>
<h2><b>Künstlerische Leitung</b></h2>
<p><span style="font-weight: 400;">An der Spitze der Show steht die künstlerische Leitung von <b>Paula Rodríguez Lázaro</b>.</span><br />
<span style="font-weight: 400;">Das Ensemble wechselt jeden Abend, sodass keine zwei Vorstellungen gleich sind. Komm und entdecke, wer an dem Tag auftritt, an dem du uns besuchst.</span><br />
<div class="mini_module background_black">
    <div class="row align-items-end">
        <div class="col-12 col-md-7 col-lg-7 col-xl-7 col-xxl-7">
            <div class="h4">
                <em>Kaufe Tickets für die beste Flamenco-Show in Madrid.</em> 
            </div>
        </div>
        <div class="col-12 col-md-5 col-lg-5 col-xl-5 col-xxl-5">
            <div class="mini_module_button">
                <a class="the_button kensei_02 byn" href="https://cardamomo.com/de/checkout/" data-text="Tickets kaufen">
                    <span>
                        <div>
                            Tickets kaufen                        </div>
                    </span>
                </a>

            </div>
        </div>
    </div>
</div></p>

<!-- This site is optimized with the Yoast SEO plugin v28.2 - https://yoast.com/product/yoast-seo-wordpress/ -->
<title>Wöchentliche Künstlerische Programmgestaltung von Cardamomo - Cardamomo Flamenco Madrid</title>
<meta name="description" content="Entdecken Sie das wöchentliche künstlerische Programm von Cardamomo Flamenco Madrid mit wechselndem Ensemble und authentischem Flamenco im Herzen der Stadt." />
<meta name="robots" content="index, follow, max-snippet:-1, max-image-preview:large, max-video-preview:-1" />
<link rel="canonical" href="/" />
<meta property="og:locale" content="de_DE" />
<meta property="og:type" content="article" />
<meta property="og:title" content="Wöchentliche Künstlerische Programmgestaltung von Cardamomo - Cardamomo Flamenco Madrid" />
<meta property="og:description" content="Entdecken Sie das wöchentliche künstlerische Programm von Cardamomo Flamenco Madrid mit wechselndem Ensemble und authentischem Flamenco im Herzen der Stadt." />
<meta property="og:url" content="https://cardamomo.com/de/show/programacion-artistica-semanal/" />
<meta property="og:site_name" content="Cardamomo Flamenco Madrid" />
<meta property="article:modified_time" content="2026-09-03T06:26:54+00:00" />
<meta property="og:image" content="https://cardamomo.ams3.digitaloceanspaces.com/wp-content/uploads/2025/12/31110202/programacion-artistica-semanal-31-agosto-6-septiembre-cardamomo.jpg" />
	<meta property="og:image:width" content="1200" />
	<meta property="og:image:height" content="800" />
	<meta property="og:image:type" content="image/jpeg" />
<meta name="twitter:card" content="summary_large_image" />
<meta name="twitter:label1" content="Geschätzte Lesezeit" />
	<meta name="twitter:data1" content="1 Minute" />
<script type="application/ld+json" class="yoast-schema-graph">{"@context":"https:\/\/schema.org","@graph":[{"@type":"WebPage","@id":"https:\/\/cardamomo.com\/de\/show\/programacion-artistica-semanal\/","url":"https:\/\/cardamomo.com\/de\/show\/programacion-artistica-semanal\/","name":"Wöchentliche Künstlerische Programmgestaltung von Cardamomo - Cardamomo Flamenco Madrid","isPartOf":{"@id":"https:\/\/cardamomo.com\/de\/#website"},"primaryImageOfPage":{"@id":"https:\/\/cardamomo.com\/de\/show\/programacion-artistica-semanal\/#primaryimage"},"image":{"@id":"https:\/\/cardamomo.com\/es\/show\/programacion-artistica-semanal\/#primaryimage"},"thumbnailUrl":"https:\/\/cardamomo.ams3.digitaloceanspaces.com\/wp-content\/uploads\/2025\/12\/31110202\/programacion-artistica-semanal-31-agosto-6-septiembre-cardamomo.jpg","datePublished":"2025-12-22T10:11:12+00:00","dateModified":"2026-09-03T06:26:54+00:00","description":"Entdecken Sie das wöchentliche künstlerische Programm von Cardamomo Flamenco Madrid mit wechselndem Ensemble und authentischem Flamenco im Herzen der Stadt.","breadcrumb":{"@id":"https:\/\/cardamomo.com\/de\/show\/programacion-artistica-semanal\/#breadcrumb"},"inLanguage":"de","potentialAction":[{"@type":"ReadAction","target":[["https:\/\/cardamomo.com\/de\/show\/programacion-artistica-semanal\/"]]}]},{"@type":"ImageObject","inLanguage":"de","@id":"https:\/\/cardamomo.com\/de\/show\/programacion-artistica-semanal\/#primaryimage","url":"https:\/\/cardamomo.ams3.digitaloceanspaces.com\/wp-content\/uploads\/2025\/12\/31110202\/programacion-artistica-semanal-31-agosto-6-septiembre-cardamomo.jpg","contentUrl":"https:\/\/cardamomo.ams3.digitaloceanspaces.com\/wp-content\/uploads\/2025\/12\/31110202\/programacion-artistica-semanal-31-agosto-6-septiembre-cardamomo.jpg","width":1200,"height":800},{"@type":"BreadcrumbList","@id":"https:\/\/cardamomo.com\/de\/show\/programacion-artistica-semanal\/#breadcrumb","itemListElement":[{"@type":"ListItem","position":1,"name":"Cardamomo","item":"https:\/\/cardamomo.com\/de\/"},{"@type":"ListItem","position":2,"name":"Shows","item":"https:\/\/cardamomo.com\/de\/show\/"},{"@type":"ListItem","position":3,"name":"Programación Artística"}]},{"@type":"WebSite","@id":"https:\/\/cardamomo.com\/de\/#website","url":"https:\/\/cardamomo.com\/de\/","name":"Cardamomo Flamenco Madrid","description":"","potentialAction":[{"@type":"SearchAction","target":{"@type":"EntryPoint","urlTemplate":"https:\/\/cardamomo.com\/de\/?s={search_term_string}"},"query-input":{"@type":"PropertyValueSpecification","valueRequired":true,"valueName":"search_term_string"}}],"inLanguage":"de"}]}</script>
<!-- / Yoast SEO plugin. -->

Wöchentliche Künstlerische Programmgestaltung von Cardamomo - Cardamomo Flamenco Madrid

Entdecken Sie das wöchentliche künstlerische Programm von Cardamomo Flamenco Madrid mit wechselndem Ensemble und authentischem Flamenco im Herzen der Stadt.

Programación Artística
