{"id":157979,"date":"2025-11-21T15:18:45","date_gmt":"2025-11-21T14:18:45","guid":{"rendered":"https:\/\/cardamomo.com\/es\/?post_type=show&#038;p=157979"},"modified":"2025-12-03T11:40:07","modified_gmt":"2025-12-03T10:40:07","slug":"noviembre-nos-deja-con-flamenco-en-cardamomo","status":"publish","type":"show","link":"https:\/\/cardamomo.com\/de\/show\/november-flamenco-2\/","title":{"rendered":"Der November verabschiedet sich mit Flamenco im Cardamomo."},"content":{"rendered":"<p><\/p>\n<p data-start=\"3764\" data-end=\"4144\">In dieser letzten Woche des <strong data-start=\"3792\" data-end=\"3804\">November<\/strong> kehren wir im <strong data-start=\"3819\" data-end=\"3832\">Cardamomo<\/strong> zum Ursprung zur\u00fcck, zur Kraft der Gruppe. Wir haben ein Ensemble zusammengestellt, das eine echte Familie ist, K\u00fcnstler, die sich kennen, respektieren und auf der B\u00fchne suchen, um jene Magie zu erzeugen, die man nicht proben kann. In diesen Tagen wird unsere B\u00fchne K\u00fcnstler empfangen, die Geschichte schreiben.<\/p>\n<p data-start=\"4146\" data-end=\"4602\">Mach dich bereit, denn der <strong data-start=\"4173\" data-end=\"4181\">Tanz<\/strong> wird ein wahrer Wirbelsturm sein. Wir vereinen ein Trio von Assen, das einem den Atem raubt \u2013 eine perfekte Kombination aus St\u00e4rke, Eleganz und Duende: die Kraft von <strong data-start=\"4348\" data-end=\"4365\">Vanesa Coloma<\/strong>, die Kunst und der Comp\u00e1s unserer k\u00fcnstlerischen Leiterin <strong data-start=\"4424\" data-end=\"4450\">Paula Rodr\u00edguez L\u00e1zaro<\/strong>, und die unverwechselbare Geschwindigkeit des Maestro <strong data-start=\"4505\" data-end=\"4522\">Jose Escarp\u00edn<\/strong>. Sie zusammen zu haben ist ein Luxus, und ihre Chemie wird die B\u00fchne entz\u00fcnden.<\/p>\n<p data-start=\"4604\" data-end=\"4974\">Der Architekt des Klangs, der das Klangbett dieser N\u00e4chte an der <strong data-start=\"4669\" data-end=\"4680\">Gitarre<\/strong> weben wird, ist der gro\u00dfe <strong data-start=\"4707\" data-end=\"4726\">Ricardo V\u00e1zquez<\/strong>. Sein Spiel ist das perfekte Fundament, auf dem Gesang und Tanz frei fliegen k\u00f6nnen. Und derjenige, der den Herzschlag liefert, der Motor des Rhythmus dieses Festes, ist eine wahre Legende der <strong data-start=\"4920\" data-end=\"4934\">Perkussion<\/strong>: der unverwechselbare <strong data-start=\"4957\" data-end=\"4973\">Lucky Losada<\/strong>.<\/p>\n<p data-start=\"4976\" data-end=\"5297\">Und die Stimmen\u2026 mach dich gefasst, denn diese Woche ist der <strong data-start=\"5037\" data-end=\"5046\">cante<\/strong> ein Aufmarsch von Giganten. Auf unserer B\u00fchne werden die Stimmen des gro\u00dfen <strong data-start=\"5123\" data-end=\"5132\">Cancu<\/strong>, das Metall und die Jondura des Maestro <strong data-start=\"5173\" data-end=\"5189\">Diego Amador<\/strong> und das tiefe Echo von <strong data-start=\"5213\" data-end=\"5231\">Jos\u00e9 del Calli<\/strong> zu h\u00f6ren sein. Ein Cante-Aufgebot, das Hemden zum Platzen bringt.<\/p>\n<p data-start=\"5299\" data-end=\"5527\">Kurz gesagt: eine Woche, um Flamenco in seinem reinsten Zustand zu erleben, geboren aus Komplizenschaft und Respekt zwischen K\u00fcnstlern, die sich bewundern. Das ist keine Show, das ist ein Familientreffen. Und du bist eingeladen.<\/p>\n<p data-start=\"5299\" data-end=\"5527\"><a href=\"https:\/\/cardamomo.com\/de\/tickets-bestellen\/\"><strong data-start=\"550\" data-end=\"595\">Wir erwarten dich zu Hause, im Cardamomo.<\/strong><\/a><\/p>\n<p><\/p>","protected":false},"featured_media":157980,"template":"","meta":{"_acf_changed":false,"inline_featured_image":false},"class_list":["post-157979","show","type-show","status-publish","has-post-thumbnail","hentry"],"acf":[],"yoast_head":"<!-- This site is optimized with the Yoast SEO plugin v27.4 - https:\/\/yoast.com\/product\/yoast-seo-wordpress\/ -->\n<title>Der November verabschiedet sich mit Flamenco im Cardamomo. - Cardamomo Flamenco Madrid<\/title>\n<meta name=\"description\" content=\"Erlebe eine unvergessliche Woche im Cardamomo: pures Kunsthandwerk, starke Emotionen und ein historisches Ensemble. Jetzt buchen.\" \/>\n<meta name=\"robots\" content=\"index, follow, max-snippet:-1, max-image-preview:large, max-video-preview:-1\" \/>\n<link rel=\"canonical\" href=\"\/\" \/>\n<meta property=\"og:locale\" content=\"de_DE\" \/>\n<meta property=\"og:type\" content=\"article\" \/>\n<meta property=\"og:title\" content=\"Der November verabschiedet sich mit Flamenco im Cardamomo. - Cardamomo Flamenco Madrid\" \/>\n<meta property=\"og:description\" content=\"Erlebe eine unvergessliche Woche im Cardamomo: pures Kunsthandwerk, starke Emotionen und ein historisches Ensemble. Jetzt buchen.\" \/>\n<meta property=\"og:url\" content=\"https:\/\/cardamomo.com\/de\/show\/noviembre-flamenco-2\/\" \/>\n<meta property=\"og:site_name\" content=\"Cardamomo Flamenco Madrid\" \/>\n<meta property=\"article:modified_time\" content=\"2025-12-03T10:40:07+00:00\" \/>\n<meta property=\"og:image\" content=\"https:\/\/cardamomo.ams3.digitaloceanspaces.com\/wp-content\/uploads\/2025\/11\/21153541\/programacion-artistica-cardamomo-24-30-noviembre.jpg\" \/>\n\t<meta property=\"og:image:width\" content=\"1200\" \/>\n\t<meta property=\"og:image:height\" content=\"800\" \/>\n\t<meta property=\"og:image:type\" content=\"image\/jpeg\" \/>\n<meta name=\"twitter:card\" content=\"summary_large_image\" \/>\n<meta name=\"twitter:label1\" content=\"Gesch\u00e4tzte Lesezeit\" \/>\n\t<meta name=\"twitter:data1\" content=\"2\u00a0Minuten\" \/>\n<script type=\"application\/ld+json\" class=\"yoast-schema-graph\">{\"@context\":\"https:\\\/\\\/schema.org\",\"@graph\":[{\"@type\":\"WebPage\",\"@id\":\"https:\\\/\\\/cardamomo.com\\\/de\\\/show\\\/noviembre-flamenco-2\\\/\",\"url\":\"https:\\\/\\\/cardamomo.com\\\/de\\\/show\\\/noviembre-flamenco-2\\\/\",\"name\":\"Der November verabschiedet sich mit Flamenco im Cardamomo. - Cardamomo Flamenco Madrid\",\"isPartOf\":{\"@id\":\"https:\\\/\\\/cardamomo.com\\\/de\\\/#website\"},\"primaryImageOfPage\":{\"@id\":\"https:\\\/\\\/cardamomo.com\\\/de\\\/show\\\/noviembre-flamenco-2\\\/#primaryimage\"},\"image\":{\"@id\":\"https:\\\/\\\/cardamomo.com\\\/es\\\/show\\\/noviembre-flamenco-2\\\/#primaryimage\"},\"thumbnailUrl\":\"https:\\\/\\\/cardamomo.ams3.digitaloceanspaces.com\\\/wp-content\\\/uploads\\\/2025\\\/11\\\/21153541\\\/programacion-artistica-cardamomo-24-30-noviembre.jpg\",\"datePublished\":\"2025-11-21T14:18:45+00:00\",\"dateModified\":\"2025-12-03T10:40:07+00:00\",\"description\":\"Erlebe eine unvergessliche Woche im Cardamomo: pures Kunsthandwerk, starke Emotionen und ein historisches Ensemble. Jetzt buchen.\",\"breadcrumb\":{\"@id\":\"https:\\\/\\\/cardamomo.com\\\/de\\\/show\\\/noviembre-flamenco-2\\\/#breadcrumb\"},\"inLanguage\":\"de\",\"potentialAction\":[{\"@type\":\"ReadAction\",\"target\":[[\"https:\\\/\\\/cardamomo.com\\\/de\\\/show\\\/noviembre-flamenco-2\\\/\"]]}]},{\"@type\":\"ImageObject\",\"inLanguage\":\"de\",\"@id\":\"https:\\\/\\\/cardamomo.com\\\/de\\\/show\\\/noviembre-flamenco-2\\\/#primaryimage\",\"url\":\"https:\\\/\\\/cardamomo.ams3.digitaloceanspaces.com\\\/wp-content\\\/uploads\\\/2025\\\/11\\\/21153541\\\/programacion-artistica-cardamomo-24-30-noviembre.jpg\",\"contentUrl\":\"https:\\\/\\\/cardamomo.ams3.digitaloceanspaces.com\\\/wp-content\\\/uploads\\\/2025\\\/11\\\/21153541\\\/programacion-artistica-cardamomo-24-30-noviembre.jpg\",\"width\":1200,\"height\":800,\"caption\":\"Programacio\u0301n Arti\u0301stica Cardamomo 24-30 Noviembre\"},{\"@type\":\"BreadcrumbList\",\"@id\":\"https:\\\/\\\/cardamomo.com\\\/de\\\/show\\\/noviembre-flamenco-2\\\/#breadcrumb\",\"itemListElement\":[{\"@type\":\"ListItem\",\"position\":1,\"name\":\"Cardamomo\",\"item\":\"https:\\\/\\\/cardamomo.com\\\/de\\\/\"},{\"@type\":\"ListItem\",\"position\":2,\"name\":\"Shows\",\"item\":\"https:\\\/\\\/cardamomo.com\\\/de\\\/show\\\/\"},{\"@type\":\"ListItem\",\"position\":3,\"name\":\"Noviembre nos deja con Flamenco en Cardamomo\"}]},{\"@type\":\"WebSite\",\"@id\":\"https:\\\/\\\/cardamomo.com\\\/de\\\/#website\",\"url\":\"https:\\\/\\\/cardamomo.com\\\/de\\\/\",\"name\":\"Cardamomo Flamenco Madrid\",\"description\":\"\",\"potentialAction\":[{\"@type\":\"SearchAction\",\"target\":{\"@type\":\"EntryPoint\",\"urlTemplate\":\"https:\\\/\\\/cardamomo.com\\\/de\\\/?s={search_term_string}\"},\"query-input\":{\"@type\":\"PropertyValueSpecification\",\"valueRequired\":true,\"valueName\":\"search_term_string\"}}],\"inLanguage\":\"de\"}]}<\/script>\n<!-- \/ Yoast SEO plugin. -->","yoast_head_json":{"title":"Der November verabschiedet sich mit Flamenco im Cardamomo. - Cardamomo Flamenco Madrid","description":"Erlebe eine unvergessliche Woche im Cardamomo: pures Kunsthandwerk, starke Emotionen und ein historisches Ensemble. Jetzt buchen.","robots":{"index":"index","follow":"follow","max-snippet":"max-snippet:-1","max-image-preview":"max-image-preview:large","max-video-preview":"max-video-preview:-1"},"canonical":"\/","og_locale":"de_DE","og_type":"article","og_title":"Der November verabschiedet sich mit Flamenco im Cardamomo. - Cardamomo Flamenco Madrid","og_description":"Erlebe eine unvergessliche Woche im Cardamomo: pures Kunsthandwerk, starke Emotionen und ein historisches Ensemble. Jetzt buchen.","og_url":"https:\/\/cardamomo.com\/de\/show\/noviembre-flamenco-2\/","og_site_name":"Cardamomo Flamenco Madrid","article_modified_time":"2025-12-03T10:40:07+00:00","og_image":[{"width":1200,"height":800,"url":"https:\/\/cardamomo.ams3.digitaloceanspaces.com\/wp-content\/uploads\/2025\/11\/21153541\/programacion-artistica-cardamomo-24-30-noviembre.jpg","type":"image\/jpeg"}],"twitter_card":"summary_large_image","twitter_misc":{"Gesch\u00e4tzte Lesezeit":"2\u00a0Minuten"},"schema":{"@context":"https:\/\/schema.org","@graph":[{"@type":"WebPage","@id":"https:\/\/cardamomo.com\/de\/show\/noviembre-flamenco-2\/","url":"https:\/\/cardamomo.com\/de\/show\/noviembre-flamenco-2\/","name":"Der November verabschiedet sich mit Flamenco im Cardamomo. - Cardamomo Flamenco Madrid","isPartOf":{"@id":"https:\/\/cardamomo.com\/de\/#website"},"primaryImageOfPage":{"@id":"https:\/\/cardamomo.com\/de\/show\/noviembre-flamenco-2\/#primaryimage"},"image":{"@id":"https:\/\/cardamomo.com\/es\/show\/noviembre-flamenco-2\/#primaryimage"},"thumbnailUrl":"https:\/\/cardamomo.ams3.digitaloceanspaces.com\/wp-content\/uploads\/2025\/11\/21153541\/programacion-artistica-cardamomo-24-30-noviembre.jpg","datePublished":"2025-11-21T14:18:45+00:00","dateModified":"2025-12-03T10:40:07+00:00","description":"Erlebe eine unvergessliche Woche im Cardamomo: pures Kunsthandwerk, starke Emotionen und ein historisches Ensemble. Jetzt buchen.","breadcrumb":{"@id":"https:\/\/cardamomo.com\/de\/show\/noviembre-flamenco-2\/#breadcrumb"},"inLanguage":"de","potentialAction":[{"@type":"ReadAction","target":[["https:\/\/cardamomo.com\/de\/show\/noviembre-flamenco-2\/"]]}]},{"@type":"ImageObject","inLanguage":"de","@id":"https:\/\/cardamomo.com\/de\/show\/noviembre-flamenco-2\/#primaryimage","url":"https:\/\/cardamomo.ams3.digitaloceanspaces.com\/wp-content\/uploads\/2025\/11\/21153541\/programacion-artistica-cardamomo-24-30-noviembre.jpg","contentUrl":"https:\/\/cardamomo.ams3.digitaloceanspaces.com\/wp-content\/uploads\/2025\/11\/21153541\/programacion-artistica-cardamomo-24-30-noviembre.jpg","width":1200,"height":800,"caption":"Programacio\u0301n Arti\u0301stica Cardamomo 24-30 Noviembre"},{"@type":"BreadcrumbList","@id":"https:\/\/cardamomo.com\/de\/show\/noviembre-flamenco-2\/#breadcrumb","itemListElement":[{"@type":"ListItem","position":1,"name":"Cardamomo","item":"https:\/\/cardamomo.com\/de\/"},{"@type":"ListItem","position":2,"name":"Shows","item":"https:\/\/cardamomo.com\/de\/show\/"},{"@type":"ListItem","position":3,"name":"Noviembre nos deja con Flamenco en Cardamomo"}]},{"@type":"WebSite","@id":"https:\/\/cardamomo.com\/de\/#website","url":"https:\/\/cardamomo.com\/de\/","name":"Cardamomo Flamenco Madrid","description":"","potentialAction":[{"@type":"SearchAction","target":{"@type":"EntryPoint","urlTemplate":"https:\/\/cardamomo.com\/de\/?s={search_term_string}"},"query-input":{"@type":"PropertyValueSpecification","valueRequired":true,"valueName":"search_term_string"}}],"inLanguage":"de"}]}},"_links":{"self":[{"href":"https:\/\/cardamomo.com\/de\/wp-json\/wp\/v2\/show\/157979","targetHints":{"allow":["GET"]}}],"collection":[{"href":"https:\/\/cardamomo.com\/de\/wp-json\/wp\/v2\/show"}],"about":[{"href":"https:\/\/cardamomo.com\/de\/wp-json\/wp\/v2\/types\/show"}],"wp:featuredmedia":[{"embeddable":true,"href":"https:\/\/cardamomo.com\/de\/wp-json\/wp\/v2\/media\/157980"}],"wp:attachment":[{"href":"https:\/\/cardamomo.com\/de\/wp-json\/wp\/v2\/media?parent=157979"}],"curies":[{"name":"wp","href":"https:\/\/api.w.org\/{rel}","templated":true}]}}

<p></p>
<p data-start="3764" data-end="4144">In dieser letzten Woche des <strong data-start="3792" data-end="3804">November</strong> kehren wir im <strong data-start="3819" data-end="3832">Cardamomo</strong> zum Ursprung zurück, zur Kraft der Gruppe. Wir haben ein Ensemble zusammengestellt, das eine echte Familie ist, Künstler, die sich kennen, respektieren und auf der Bühne suchen, um jene Magie zu erzeugen, die man nicht proben kann. In diesen Tagen wird unsere Bühne Künstler empfangen, die Geschichte schreiben.</p>
<p data-start="4146" data-end="4602">Mach dich bereit, denn der <strong data-start="4173" data-end="4181">Tanz</strong> wird ein wahrer Wirbelsturm sein. Wir vereinen ein Trio von Assen, das einem den Atem raubt – eine perfekte Kombination aus Stärke, Eleganz und Duende: die Kraft von <strong data-start="4348" data-end="4365">Vanesa Coloma</strong>, die Kunst und der Compás unserer künstlerischen Leiterin <strong data-start="4424" data-end="4450">Paula Rodríguez Lázaro</strong>, und die unverwechselbare Geschwindigkeit des Maestro <strong data-start="4505" data-end="4522">Jose Escarpín</strong>. Sie zusammen zu haben ist ein Luxus, und ihre Chemie wird die Bühne entzünden.</p>
<p data-start="4604" data-end="4974">Der Architekt des Klangs, der das Klangbett dieser Nächte an der <strong data-start="4669" data-end="4680">Gitarre</strong> weben wird, ist der große <strong data-start="4707" data-end="4726">Ricardo Vázquez</strong>. Sein Spiel ist das perfekte Fundament, auf dem Gesang und Tanz frei fliegen können. Und derjenige, der den Herzschlag liefert, der Motor des Rhythmus dieses Festes, ist eine wahre Legende der <strong data-start="4920" data-end="4934">Perkussion</strong>: der unverwechselbare <strong data-start="4957" data-end="4973">Lucky Losada</strong>.</p>
<p data-start="4976" data-end="5297">Und die Stimmen… mach dich gefasst, denn diese Woche ist der <strong data-start="5037" data-end="5046">cante</strong> ein Aufmarsch von Giganten. Auf unserer Bühne werden die Stimmen des großen <strong data-start="5123" data-end="5132">Cancu</strong>, das Metall und die Jondura des Maestro <strong data-start="5173" data-end="5189">Diego Amador</strong> und das tiefe Echo von <strong data-start="5213" data-end="5231">José del Calli</strong> zu hören sein. Ein Cante-Aufgebot, das Hemden zum Platzen bringt.</p>
<p data-start="5299" data-end="5527">Kurz gesagt: eine Woche, um Flamenco in seinem reinsten Zustand zu erleben, geboren aus Komplizenschaft und Respekt zwischen Künstlern, die sich bewundern. Das ist keine Show, das ist ein Familientreffen. Und du bist eingeladen.</p>
<p data-start="5299" data-end="5527"><a href="https://cardamomo.com/de/tickets-bestellen/"><strong data-start="550" data-end="595">Wir erwarten dich zu Hause, im Cardamomo.</strong></a></p>
<p></p>

<!-- This site is optimized with the Yoast SEO plugin v27.4 - https://yoast.com/product/yoast-seo-wordpress/ -->
<title>Der November verabschiedet sich mit Flamenco im Cardamomo. - Cardamomo Flamenco Madrid</title>
<meta name="description" content="Erlebe eine unvergessliche Woche im Cardamomo: pures Kunsthandwerk, starke Emotionen und ein historisches Ensemble. Jetzt buchen." />
<meta name="robots" content="index, follow, max-snippet:-1, max-image-preview:large, max-video-preview:-1" />
<link rel="canonical" href="/" />
<meta property="og:locale" content="de_DE" />
<meta property="og:type" content="article" />
<meta property="og:title" content="Der November verabschiedet sich mit Flamenco im Cardamomo. - Cardamomo Flamenco Madrid" />
<meta property="og:description" content="Erlebe eine unvergessliche Woche im Cardamomo: pures Kunsthandwerk, starke Emotionen und ein historisches Ensemble. Jetzt buchen." />
<meta property="og:url" content="https://cardamomo.com/de/show/noviembre-flamenco-2/" />
<meta property="og:site_name" content="Cardamomo Flamenco Madrid" />
<meta property="article:modified_time" content="2025-12-03T10:40:07+00:00" />
<meta property="og:image" content="https://cardamomo.ams3.digitaloceanspaces.com/wp-content/uploads/2025/11/21153541/programacion-artistica-cardamomo-24-30-noviembre.jpg" />
	<meta property="og:image:width" content="1200" />
	<meta property="og:image:height" content="800" />
	<meta property="og:image:type" content="image/jpeg" />
<meta name="twitter:card" content="summary_large_image" />
<meta name="twitter:label1" content="Geschätzte Lesezeit" />
	<meta name="twitter:data1" content="2 Minuten" />
<script type="application/ld+json" class="yoast-schema-graph">{"@context":"https:\/\/schema.org","@graph":[{"@type":"WebPage","@id":"https:\/\/cardamomo.com\/de\/show\/noviembre-flamenco-2\/","url":"https:\/\/cardamomo.com\/de\/show\/noviembre-flamenco-2\/","name":"Der November verabschiedet sich mit Flamenco im Cardamomo. - Cardamomo Flamenco Madrid","isPartOf":{"@id":"https:\/\/cardamomo.com\/de\/#website"},"primaryImageOfPage":{"@id":"https:\/\/cardamomo.com\/de\/show\/noviembre-flamenco-2\/#primaryimage"},"image":{"@id":"https:\/\/cardamomo.com\/es\/show\/noviembre-flamenco-2\/#primaryimage"},"thumbnailUrl":"https:\/\/cardamomo.ams3.digitaloceanspaces.com\/wp-content\/uploads\/2025\/11\/21153541\/programacion-artistica-cardamomo-24-30-noviembre.jpg","datePublished":"2025-11-21T14:18:45+00:00","dateModified":"2025-12-03T10:40:07+00:00","description":"Erlebe eine unvergessliche Woche im Cardamomo: pures Kunsthandwerk, starke Emotionen und ein historisches Ensemble. Jetzt buchen.","breadcrumb":{"@id":"https:\/\/cardamomo.com\/de\/show\/noviembre-flamenco-2\/#breadcrumb"},"inLanguage":"de","potentialAction":[{"@type":"ReadAction","target":[["https:\/\/cardamomo.com\/de\/show\/noviembre-flamenco-2\/"]]}]},{"@type":"ImageObject","inLanguage":"de","@id":"https:\/\/cardamomo.com\/de\/show\/noviembre-flamenco-2\/#primaryimage","url":"https:\/\/cardamomo.ams3.digitaloceanspaces.com\/wp-content\/uploads\/2025\/11\/21153541\/programacion-artistica-cardamomo-24-30-noviembre.jpg","contentUrl":"https:\/\/cardamomo.ams3.digitaloceanspaces.com\/wp-content\/uploads\/2025\/11\/21153541\/programacion-artistica-cardamomo-24-30-noviembre.jpg","width":1200,"height":800,"caption":"Programación Artística Cardamomo 24-30 Noviembre"},{"@type":"BreadcrumbList","@id":"https:\/\/cardamomo.com\/de\/show\/noviembre-flamenco-2\/#breadcrumb","itemListElement":[{"@type":"ListItem","position":1,"name":"Cardamomo","item":"https:\/\/cardamomo.com\/de\/"},{"@type":"ListItem","position":2,"name":"Shows","item":"https:\/\/cardamomo.com\/de\/show\/"},{"@type":"ListItem","position":3,"name":"Noviembre nos deja con Flamenco en Cardamomo"}]},{"@type":"WebSite","@id":"https:\/\/cardamomo.com\/de\/#website","url":"https:\/\/cardamomo.com\/de\/","name":"Cardamomo Flamenco Madrid","description":"","potentialAction":[{"@type":"SearchAction","target":{"@type":"EntryPoint","urlTemplate":"https:\/\/cardamomo.com\/de\/?s={search_term_string}"},"query-input":{"@type":"PropertyValueSpecification","valueRequired":true,"valueName":"search_term_string"}}],"inLanguage":"de"}]}</script>
<!-- / Yoast SEO plugin. -->
