{"id":157974,"date":"2025-11-17T10:26:01","date_gmt":"2025-11-17T09:26:01","guid":{"rendered":"https:\/\/cardamomo.com\/es\/?post_type=show&#038;p=157974"},"modified":"2025-11-27T14:11:04","modified_gmt":"2025-11-27T13:11:04","slug":"esta-semana-cardamomo-presenta-un-vendaval-de-talento-flamenco","status":"publish","type":"show","link":"https:\/\/cardamomo.com\/de\/show\/woche-flamenco-sturm\/","title":{"rendered":"Diese Woche pr\u00e4sentiert Cardamomo einen Wirbelsturm aus Flamenco-Talent."},"content":{"rendered":"<p><\/p>\n<p data-start=\"441\" data-end=\"825\">Diese Woche vom <strong data-start=\"457\" data-end=\"481\">17. bis 23. November<\/strong> verwandelt sich die B\u00fchne von <strong data-start=\"512\" data-end=\"525\">Cardamomo<\/strong> in einen Treffpunkt, einen Kreuzungspunkt, an dem sich einige der st\u00e4rksten Namen des Flamenco begegnen. Wir haben ein Ensemble au\u00dfergew\u00f6hnlicher K\u00fcnstler zusammengestellt, eine Gruppe erstklassiger Talente, die jede Nacht eine einzigartige Gelegenheit bietet, die Magie dieser Begegnung zu erleben.<\/p>\n<p data-start=\"827\" data-end=\"1333\">Mach dich bereit, denn der <strong data-start=\"854\" data-end=\"862\">Tanz<\/strong> wird ein echtes Sturmgewitter sein. Im Laufe dieser sieben Tage wird unsere B\u00fchne von einem Zug titanischer K\u00fcnstler ersch\u00fcttert: die \u00fcberw\u00e4ltigende Kraft von <strong data-start=\"1022\" data-end=\"1030\">Yiyo<\/strong>, das Feuer von <strong data-start=\"1046\" data-end=\"1056\">Rapico<\/strong>, die Eleganz von <strong data-start=\"1074\" data-end=\"1100\">Paula Rodr\u00edguez L\u00e1zaro<\/strong>, das innere Duende von <strong data-start=\"1124\" data-end=\"1147\">Angelita Espa\u00f1adero<\/strong>, die Kunst von <strong data-start=\"1163\" data-end=\"1184\">Estefan\u00eda Narv\u00e1ez<\/strong>, die St\u00e4rke von <strong data-start=\"1201\" data-end=\"1220\">Clara Guti\u00e9rrez<\/strong> und der Funke von <strong data-start=\"1239\" data-end=\"1248\">Tachu<\/strong>. Stell dir vor, was passieren kann, wenn all diese K\u00fcnstler die gleiche Luft teilen.<\/p>\n<p data-start=\"1335\" data-end=\"1574\">Der rote Faden dieser Explosion, die Klanglandschaft, die all dies m\u00f6glich macht, liegt in den H\u00e4nden eines Meisters der <strong data-start=\"1456\" data-end=\"1467\">Gitarre<\/strong>: des gro\u00dfen <strong data-start=\"1480\" data-end=\"1497\">Mario Montoya<\/strong>. Er wird die Kl\u00e4nge weben, die diesem ganzen Talent freien Flug erm\u00f6glichen.<\/p>\n<p data-start=\"1576\" data-end=\"1925\">Und die Stimmen\u2026 oh, die Stimmen! Der <strong data-start=\"1614\" data-end=\"1623\">Cante<\/strong> dieser Woche wird ein st\u00e4ndiger Dialog zwischen Zigeunerseelen sein. Auf unserer B\u00fchne erklingen das tiefe Echo von <strong data-start=\"1740\" data-end=\"1756\">Jacob Quir\u00f3s<\/strong>, die Ausdruckskraft von <strong data-start=\"1781\" data-end=\"1803\">Antonio de Manuela<\/strong>, das Feuer von <strong data-start=\"1819\" data-end=\"1832\">Jua\u00f1arito<\/strong> und die kraftvolle Stimme von <strong data-start=\"1863\" data-end=\"1872\">Calli<\/strong>. Ein Gesangsaufgebot, das dir G\u00e4nsehaut machen wird.<\/p>\n<p data-start=\"1927\" data-end=\"2170\">Der Herzschlag dieser Woche, der <strong data-start=\"1960\" data-end=\"1972\">Rhythmus<\/strong> der Percussion, wird in den erfahrenen H\u00e4nden von zwei Giganten liegen: <strong data-start=\"2045\" data-end=\"2060\">Iv\u00e1n Losada<\/strong> und dem Maestro <strong data-start=\"2077\" data-end=\"2087\">Lamela<\/strong>, zwei Namen, die wissen, wie man das Herz im Rhythmus der Buler\u00edas schlagen l\u00e4sst.<\/p>\n<p data-start=\"2172\" data-end=\"2344\">Kurz gesagt: eine Woche, in der man mit offenen Augen und Ohren kommen sollte, denn dieses Talent wird die B\u00fchne \u00fcberfluten. Das ist reiner Flamenco. Das ist <strong data-start=\"2330\" data-end=\"2343\">Cardamomo<\/strong>.<\/p>\n<p data-start=\"279\" data-end=\"309\"><a href=\"https:\/\/cardamomo.com\/de\/tickets-bestellen\/\"><strong>Komm uns diese Woche besuchen.<\/strong><\/a><\/p>\n<h2 data-start=\"311\" data-end=\"332\"><\/h2>\n<p><\/p>","protected":false},"featured_media":157975,"template":"","meta":{"_acf_changed":false,"inline_featured_image":false},"class_list":["post-157974","show","type-show","status-publish","has-post-thumbnail","hentry"],"acf":[],"yoast_head":"<!-- This site is optimized with the Yoast SEO plugin v27.4 - https:\/\/yoast.com\/product\/yoast-seo-wordpress\/ -->\n<title>Diese Woche pr\u00e4sentiert Cardamomo einen Wirbelsturm aus Flamenco-Talent. - Cardamomo Flamenco Madrid<\/title>\n<meta name=\"robots\" content=\"index, follow, max-snippet:-1, max-image-preview:large, max-video-preview:-1\" \/>\n<link rel=\"canonical\" href=\"\/\" \/>\n<meta property=\"og:locale\" content=\"de_DE\" \/>\n<meta property=\"og:type\" content=\"article\" \/>\n<meta property=\"og:title\" content=\"Diese Woche pr\u00e4sentiert Cardamomo einen Wirbelsturm aus Flamenco-Talent. - Cardamomo Flamenco Madrid\" \/>\n<meta property=\"og:description\" content=\"Diese Woche vom 17. bis 23. November verwandelt sich die B\u00fchne von Cardamomo in einen Treffpunkt, einen Kreuzungspunkt, an dem sich einige der st\u00e4rksten Namen des Flamenco begegnen. Wir haben ein Ensemble au\u00dfergew\u00f6hnlicher K\u00fcnstler zusammengestellt, eine Gruppe erstklassiger Talente, die jede Nacht eine einzigartige Gelegenheit bietet, die Magie dieser Begegnung zu erleben. Mach dich bereit,...\" \/>\n<meta property=\"og:url\" content=\"https:\/\/cardamomo.com\/de\/show\/semana-vendaval-flamenco\/\" \/>\n<meta property=\"og:site_name\" content=\"Cardamomo Flamenco Madrid\" \/>\n<meta property=\"article:modified_time\" content=\"2025-11-27T13:11:04+00:00\" \/>\n<meta property=\"og:image\" content=\"https:\/\/cardamomo.ams3.digitaloceanspaces.com\/wp-content\/uploads\/2025\/11\/17102554\/programacion-cardamomo-17-23-noviembre.jpg\" \/>\n\t<meta property=\"og:image:width\" content=\"1200\" \/>\n\t<meta property=\"og:image:height\" content=\"800\" \/>\n\t<meta property=\"og:image:type\" content=\"image\/jpeg\" \/>\n<meta name=\"twitter:card\" content=\"summary_large_image\" \/>\n<meta name=\"twitter:label1\" content=\"Gesch\u00e4tzte Lesezeit\" \/>\n\t<meta name=\"twitter:data1\" content=\"1\u00a0Minute\" \/>\n<script type=\"application\/ld+json\" class=\"yoast-schema-graph\">{\"@context\":\"https:\\\/\\\/schema.org\",\"@graph\":[{\"@type\":\"WebPage\",\"@id\":\"https:\\\/\\\/cardamomo.com\\\/de\\\/show\\\/semana-vendaval-flamenco\\\/\",\"url\":\"https:\\\/\\\/cardamomo.com\\\/de\\\/show\\\/semana-vendaval-flamenco\\\/\",\"name\":\"Diese Woche pr\u00e4sentiert Cardamomo einen Wirbelsturm aus Flamenco-Talent. - Cardamomo Flamenco Madrid\",\"isPartOf\":{\"@id\":\"https:\\\/\\\/cardamomo.com\\\/de\\\/#website\"},\"primaryImageOfPage\":{\"@id\":\"https:\\\/\\\/cardamomo.com\\\/de\\\/show\\\/semana-vendaval-flamenco\\\/#primaryimage\"},\"image\":{\"@id\":\"https:\\\/\\\/cardamomo.com\\\/es\\\/show\\\/semana-vendaval-flamenco\\\/#primaryimage\"},\"thumbnailUrl\":\"https:\\\/\\\/cardamomo.ams3.digitaloceanspaces.com\\\/wp-content\\\/uploads\\\/2025\\\/11\\\/17102554\\\/programacion-cardamomo-17-23-noviembre.jpg\",\"datePublished\":\"2025-11-17T09:26:01+00:00\",\"dateModified\":\"2025-11-27T13:11:04+00:00\",\"breadcrumb\":{\"@id\":\"https:\\\/\\\/cardamomo.com\\\/de\\\/show\\\/semana-vendaval-flamenco\\\/#breadcrumb\"},\"inLanguage\":\"de\",\"potentialAction\":[{\"@type\":\"ReadAction\",\"target\":[[\"https:\\\/\\\/cardamomo.com\\\/de\\\/show\\\/semana-vendaval-flamenco\\\/\"]]}]},{\"@type\":\"ImageObject\",\"inLanguage\":\"de\",\"@id\":\"https:\\\/\\\/cardamomo.com\\\/de\\\/show\\\/semana-vendaval-flamenco\\\/#primaryimage\",\"url\":\"https:\\\/\\\/cardamomo.ams3.digitaloceanspaces.com\\\/wp-content\\\/uploads\\\/2025\\\/11\\\/17102554\\\/programacion-cardamomo-17-23-noviembre.jpg\",\"contentUrl\":\"https:\\\/\\\/cardamomo.ams3.digitaloceanspaces.com\\\/wp-content\\\/uploads\\\/2025\\\/11\\\/17102554\\\/programacion-cardamomo-17-23-noviembre.jpg\",\"width\":1200,\"height\":800,\"caption\":\"Programacio\u0301n Cardamomo 17-23 Noviembre\"},{\"@type\":\"BreadcrumbList\",\"@id\":\"https:\\\/\\\/cardamomo.com\\\/de\\\/show\\\/semana-vendaval-flamenco\\\/#breadcrumb\",\"itemListElement\":[{\"@type\":\"ListItem\",\"position\":1,\"name\":\"Cardamomo\",\"item\":\"https:\\\/\\\/cardamomo.com\\\/de\\\/\"},{\"@type\":\"ListItem\",\"position\":2,\"name\":\"Shows\",\"item\":\"https:\\\/\\\/cardamomo.com\\\/de\\\/show\\\/\"},{\"@type\":\"ListItem\",\"position\":3,\"name\":\"Esta semana Cardamomo presenta un vendaval de talento Flamenco\"}]},{\"@type\":\"WebSite\",\"@id\":\"https:\\\/\\\/cardamomo.com\\\/de\\\/#website\",\"url\":\"https:\\\/\\\/cardamomo.com\\\/de\\\/\",\"name\":\"Cardamomo Flamenco Madrid\",\"description\":\"\",\"potentialAction\":[{\"@type\":\"SearchAction\",\"target\":{\"@type\":\"EntryPoint\",\"urlTemplate\":\"https:\\\/\\\/cardamomo.com\\\/de\\\/?s={search_term_string}\"},\"query-input\":{\"@type\":\"PropertyValueSpecification\",\"valueRequired\":true,\"valueName\":\"search_term_string\"}}],\"inLanguage\":\"de\"}]}<\/script>\n<!-- \/ Yoast SEO plugin. -->","yoast_head_json":{"title":"Diese Woche pr\u00e4sentiert Cardamomo einen Wirbelsturm aus Flamenco-Talent. - Cardamomo Flamenco Madrid","robots":{"index":"index","follow":"follow","max-snippet":"max-snippet:-1","max-image-preview":"max-image-preview:large","max-video-preview":"max-video-preview:-1"},"canonical":"\/","og_locale":"de_DE","og_type":"article","og_title":"Diese Woche pr\u00e4sentiert Cardamomo einen Wirbelsturm aus Flamenco-Talent. - Cardamomo Flamenco Madrid","og_description":"Diese Woche vom 17. bis 23. November verwandelt sich die B\u00fchne von Cardamomo in einen Treffpunkt, einen Kreuzungspunkt, an dem sich einige der st\u00e4rksten Namen des Flamenco begegnen. Wir haben ein Ensemble au\u00dfergew\u00f6hnlicher K\u00fcnstler zusammengestellt, eine Gruppe erstklassiger Talente, die jede Nacht eine einzigartige Gelegenheit bietet, die Magie dieser Begegnung zu erleben. Mach dich bereit,...","og_url":"https:\/\/cardamomo.com\/de\/show\/semana-vendaval-flamenco\/","og_site_name":"Cardamomo Flamenco Madrid","article_modified_time":"2025-11-27T13:11:04+00:00","og_image":[{"width":1200,"height":800,"url":"https:\/\/cardamomo.ams3.digitaloceanspaces.com\/wp-content\/uploads\/2025\/11\/17102554\/programacion-cardamomo-17-23-noviembre.jpg","type":"image\/jpeg"}],"twitter_card":"summary_large_image","twitter_misc":{"Gesch\u00e4tzte Lesezeit":"1\u00a0Minute"},"schema":{"@context":"https:\/\/schema.org","@graph":[{"@type":"WebPage","@id":"https:\/\/cardamomo.com\/de\/show\/semana-vendaval-flamenco\/","url":"https:\/\/cardamomo.com\/de\/show\/semana-vendaval-flamenco\/","name":"Diese Woche pr\u00e4sentiert Cardamomo einen Wirbelsturm aus Flamenco-Talent. - Cardamomo Flamenco Madrid","isPartOf":{"@id":"https:\/\/cardamomo.com\/de\/#website"},"primaryImageOfPage":{"@id":"https:\/\/cardamomo.com\/de\/show\/semana-vendaval-flamenco\/#primaryimage"},"image":{"@id":"https:\/\/cardamomo.com\/es\/show\/semana-vendaval-flamenco\/#primaryimage"},"thumbnailUrl":"https:\/\/cardamomo.ams3.digitaloceanspaces.com\/wp-content\/uploads\/2025\/11\/17102554\/programacion-cardamomo-17-23-noviembre.jpg","datePublished":"2025-11-17T09:26:01+00:00","dateModified":"2025-11-27T13:11:04+00:00","breadcrumb":{"@id":"https:\/\/cardamomo.com\/de\/show\/semana-vendaval-flamenco\/#breadcrumb"},"inLanguage":"de","potentialAction":[{"@type":"ReadAction","target":[["https:\/\/cardamomo.com\/de\/show\/semana-vendaval-flamenco\/"]]}]},{"@type":"ImageObject","inLanguage":"de","@id":"https:\/\/cardamomo.com\/de\/show\/semana-vendaval-flamenco\/#primaryimage","url":"https:\/\/cardamomo.ams3.digitaloceanspaces.com\/wp-content\/uploads\/2025\/11\/17102554\/programacion-cardamomo-17-23-noviembre.jpg","contentUrl":"https:\/\/cardamomo.ams3.digitaloceanspaces.com\/wp-content\/uploads\/2025\/11\/17102554\/programacion-cardamomo-17-23-noviembre.jpg","width":1200,"height":800,"caption":"Programacio\u0301n Cardamomo 17-23 Noviembre"},{"@type":"BreadcrumbList","@id":"https:\/\/cardamomo.com\/de\/show\/semana-vendaval-flamenco\/#breadcrumb","itemListElement":[{"@type":"ListItem","position":1,"name":"Cardamomo","item":"https:\/\/cardamomo.com\/de\/"},{"@type":"ListItem","position":2,"name":"Shows","item":"https:\/\/cardamomo.com\/de\/show\/"},{"@type":"ListItem","position":3,"name":"Esta semana Cardamomo presenta un vendaval de talento Flamenco"}]},{"@type":"WebSite","@id":"https:\/\/cardamomo.com\/de\/#website","url":"https:\/\/cardamomo.com\/de\/","name":"Cardamomo Flamenco Madrid","description":"","potentialAction":[{"@type":"SearchAction","target":{"@type":"EntryPoint","urlTemplate":"https:\/\/cardamomo.com\/de\/?s={search_term_string}"},"query-input":{"@type":"PropertyValueSpecification","valueRequired":true,"valueName":"search_term_string"}}],"inLanguage":"de"}]}},"_links":{"self":[{"href":"https:\/\/cardamomo.com\/de\/wp-json\/wp\/v2\/show\/157974","targetHints":{"allow":["GET"]}}],"collection":[{"href":"https:\/\/cardamomo.com\/de\/wp-json\/wp\/v2\/show"}],"about":[{"href":"https:\/\/cardamomo.com\/de\/wp-json\/wp\/v2\/types\/show"}],"wp:featuredmedia":[{"embeddable":true,"href":"https:\/\/cardamomo.com\/de\/wp-json\/wp\/v2\/media\/157975"}],"wp:attachment":[{"href":"https:\/\/cardamomo.com\/de\/wp-json\/wp\/v2\/media?parent=157974"}],"curies":[{"name":"wp","href":"https:\/\/api.w.org\/{rel}","templated":true}]}}

Diese Woche präsentiert Cardamomo einen Wirbelsturm aus Flamenco-Talent.

<p></p>
<p data-start="441" data-end="825">Diese Woche vom <strong data-start="457" data-end="481">17. bis 23. November</strong> verwandelt sich die Bühne von <strong data-start="512" data-end="525">Cardamomo</strong> in einen Treffpunkt, einen Kreuzungspunkt, an dem sich einige der stärksten Namen des Flamenco begegnen. Wir haben ein Ensemble außergewöhnlicher Künstler zusammengestellt, eine Gruppe erstklassiger Talente, die jede Nacht eine einzigartige Gelegenheit bietet, die Magie dieser Begegnung zu erleben.</p>
<p data-start="827" data-end="1333">Mach dich bereit, denn der <strong data-start="854" data-end="862">Tanz</strong> wird ein echtes Sturmgewitter sein. Im Laufe dieser sieben Tage wird unsere Bühne von einem Zug titanischer Künstler erschüttert: die überwältigende Kraft von <strong data-start="1022" data-end="1030">Yiyo</strong>, das Feuer von <strong data-start="1046" data-end="1056">Rapico</strong>, die Eleganz von <strong data-start="1074" data-end="1100">Paula Rodríguez Lázaro</strong>, das innere Duende von <strong data-start="1124" data-end="1147">Angelita Españadero</strong>, die Kunst von <strong data-start="1163" data-end="1184">Estefanía Narváez</strong>, die Stärke von <strong data-start="1201" data-end="1220">Clara Gutiérrez</strong> und der Funke von <strong data-start="1239" data-end="1248">Tachu</strong>. Stell dir vor, was passieren kann, wenn all diese Künstler die gleiche Luft teilen.</p>
<p data-start="1335" data-end="1574">Der rote Faden dieser Explosion, die Klanglandschaft, die all dies möglich macht, liegt in den Händen eines Meisters der <strong data-start="1456" data-end="1467">Gitarre</strong>: des großen <strong data-start="1480" data-end="1497">Mario Montoya</strong>. Er wird die Klänge weben, die diesem ganzen Talent freien Flug ermöglichen.</p>
<p data-start="1576" data-end="1925">Und die Stimmen… oh, die Stimmen! Der <strong data-start="1614" data-end="1623">Cante</strong> dieser Woche wird ein ständiger Dialog zwischen Zigeunerseelen sein. Auf unserer Bühne erklingen das tiefe Echo von <strong data-start="1740" data-end="1756">Jacob Quirós</strong>, die Ausdruckskraft von <strong data-start="1781" data-end="1803">Antonio de Manuela</strong>, das Feuer von <strong data-start="1819" data-end="1832">Juañarito</strong> und die kraftvolle Stimme von <strong data-start="1863" data-end="1872">Calli</strong>. Ein Gesangsaufgebot, das dir Gänsehaut machen wird.</p>
<p data-start="1927" data-end="2170">Der Herzschlag dieser Woche, der <strong data-start="1960" data-end="1972">Rhythmus</strong> der Percussion, wird in den erfahrenen Händen von zwei Giganten liegen: <strong data-start="2045" data-end="2060">Iván Losada</strong> und dem Maestro <strong data-start="2077" data-end="2087">Lamela</strong>, zwei Namen, die wissen, wie man das Herz im Rhythmus der Bulerías schlagen lässt.</p>
<p data-start="2172" data-end="2344">Kurz gesagt: eine Woche, in der man mit offenen Augen und Ohren kommen sollte, denn dieses Talent wird die Bühne überfluten. Das ist reiner Flamenco. Das ist <strong data-start="2330" data-end="2343">Cardamomo</strong>.</p>
<p data-start="279" data-end="309"><a href="https://cardamomo.com/de/tickets-bestellen/"><strong>Komm uns diese Woche besuchen.</strong></a></p>
<h2 data-start="311" data-end="332"></h2>
<p></p>

<!-- This site is optimized with the Yoast SEO plugin v27.4 - https://yoast.com/product/yoast-seo-wordpress/ -->
<title>Diese Woche präsentiert Cardamomo einen Wirbelsturm aus Flamenco-Talent. - Cardamomo Flamenco Madrid</title>
<meta name="robots" content="index, follow, max-snippet:-1, max-image-preview:large, max-video-preview:-1" />
<link rel="canonical" href="/" />
<meta property="og:locale" content="de_DE" />
<meta property="og:type" content="article" />
<meta property="og:title" content="Diese Woche präsentiert Cardamomo einen Wirbelsturm aus Flamenco-Talent. - Cardamomo Flamenco Madrid" />
<meta property="og:description" content="Diese Woche vom 17. bis 23. November verwandelt sich die Bühne von Cardamomo in einen Treffpunkt, einen Kreuzungspunkt, an dem sich einige der stärksten Namen des Flamenco begegnen. Wir haben ein Ensemble außergewöhnlicher Künstler zusammengestellt, eine Gruppe erstklassiger Talente, die jede Nacht eine einzigartige Gelegenheit bietet, die Magie dieser Begegnung zu erleben. Mach dich bereit,..." />
<meta property="og:url" content="https://cardamomo.com/de/show/semana-vendaval-flamenco/" />
<meta property="og:site_name" content="Cardamomo Flamenco Madrid" />
<meta property="article:modified_time" content="2025-11-27T13:11:04+00:00" />
<meta property="og:image" content="https://cardamomo.ams3.digitaloceanspaces.com/wp-content/uploads/2025/11/17102554/programacion-cardamomo-17-23-noviembre.jpg" />
	<meta property="og:image:width" content="1200" />
	<meta property="og:image:height" content="800" />
	<meta property="og:image:type" content="image/jpeg" />
<meta name="twitter:card" content="summary_large_image" />
<meta name="twitter:label1" content="Geschätzte Lesezeit" />
	<meta name="twitter:data1" content="1 Minute" />
<script type="application/ld+json" class="yoast-schema-graph">{"@context":"https:\/\/schema.org","@graph":[{"@type":"WebPage","@id":"https:\/\/cardamomo.com\/de\/show\/semana-vendaval-flamenco\/","url":"https:\/\/cardamomo.com\/de\/show\/semana-vendaval-flamenco\/","name":"Diese Woche präsentiert Cardamomo einen Wirbelsturm aus Flamenco-Talent. - Cardamomo Flamenco Madrid","isPartOf":{"@id":"https:\/\/cardamomo.com\/de\/#website"},"primaryImageOfPage":{"@id":"https:\/\/cardamomo.com\/de\/show\/semana-vendaval-flamenco\/#primaryimage"},"image":{"@id":"https:\/\/cardamomo.com\/es\/show\/semana-vendaval-flamenco\/#primaryimage"},"thumbnailUrl":"https:\/\/cardamomo.ams3.digitaloceanspaces.com\/wp-content\/uploads\/2025\/11\/17102554\/programacion-cardamomo-17-23-noviembre.jpg","datePublished":"2025-11-17T09:26:01+00:00","dateModified":"2025-11-27T13:11:04+00:00","breadcrumb":{"@id":"https:\/\/cardamomo.com\/de\/show\/semana-vendaval-flamenco\/#breadcrumb"},"inLanguage":"de","potentialAction":[{"@type":"ReadAction","target":[["https:\/\/cardamomo.com\/de\/show\/semana-vendaval-flamenco\/"]]}]},{"@type":"ImageObject","inLanguage":"de","@id":"https:\/\/cardamomo.com\/de\/show\/semana-vendaval-flamenco\/#primaryimage","url":"https:\/\/cardamomo.ams3.digitaloceanspaces.com\/wp-content\/uploads\/2025\/11\/17102554\/programacion-cardamomo-17-23-noviembre.jpg","contentUrl":"https:\/\/cardamomo.ams3.digitaloceanspaces.com\/wp-content\/uploads\/2025\/11\/17102554\/programacion-cardamomo-17-23-noviembre.jpg","width":1200,"height":800,"caption":"Programación Cardamomo 17-23 Noviembre"},{"@type":"BreadcrumbList","@id":"https:\/\/cardamomo.com\/de\/show\/semana-vendaval-flamenco\/#breadcrumb","itemListElement":[{"@type":"ListItem","position":1,"name":"Cardamomo","item":"https:\/\/cardamomo.com\/de\/"},{"@type":"ListItem","position":2,"name":"Shows","item":"https:\/\/cardamomo.com\/de\/show\/"},{"@type":"ListItem","position":3,"name":"Esta semana Cardamomo presenta un vendaval de talento Flamenco"}]},{"@type":"WebSite","@id":"https:\/\/cardamomo.com\/de\/#website","url":"https:\/\/cardamomo.com\/de\/","name":"Cardamomo Flamenco Madrid","description":"","potentialAction":[{"@type":"SearchAction","target":{"@type":"EntryPoint","urlTemplate":"https:\/\/cardamomo.com\/de\/?s={search_term_string}"},"query-input":{"@type":"PropertyValueSpecification","valueRequired":true,"valueName":"search_term_string"}}],"inLanguage":"de"}]}</script>
<!-- / Yoast SEO plugin. -->

Diese Woche präsentiert Cardamomo einen Wirbelsturm aus Flamenco-Talent. - Cardamomo Flamenco Madrid

Diese Woche vom 17. bis 23. November verwandelt sich die Bühne von Cardamomo in einen Treffpunkt, einen Kreuzungspunkt, an dem sich einige der stärksten Namen des Flamenco begegnen. Wir haben ein Ensemble außergewöhnlicher Künstler zusammengestellt, eine Gruppe erstklassiger Talente, die jede Nacht eine einzigartige Gelegenheit bietet, die Magie dieser Begegnung zu erleben. Mach dich bereit,...
