{"id":157758,"date":"2025-09-12T16:45:34","date_gmt":"2025-09-12T16:45:34","guid":{"rendered":"https:\/\/cardamomo.com\/es\/?post_type=show&#038;p=157758"},"modified":"2025-10-23T14:21:21","modified_gmt":"2025-10-23T12:21:21","slug":"157758","status":"publish","type":"show","link":"https:\/\/cardamomo.com\/de\/show\/sommer-ende-flamenco-geht-weiter\/","title":{"rendered":"Der Sommer endet, der Flamenco geht weiter"},"content":{"rendered":"<p><\/p>\n<p data-start=\"160\" data-end=\"724\">Diese Woche erstrahlt die B\u00fchne von <strong data-start=\"196\" data-end=\"209\">Cardamomo<\/strong> mit einem Luxus-Ensemble, das Sie vom ersten <em data-start=\"255\" data-end=\"260\">Ol\u00e9<\/em> an zum Vibrieren bringt. Wir sind stolz darauf, T\u00e4nzer voller Kunst und Gef\u00fchl zu pr\u00e4sentieren: die Kraft und das Charisma von <strong data-start=\"388\" data-end=\"396\">Yiyo<\/strong>, die angeborene Eleganz von <strong data-start=\"425\" data-end=\"444\">Clara Guti\u00e9rrez<\/strong> und der Ausdruck von <strong data-start=\"466\" data-end=\"485\">Nerea Dom\u00ednguez<\/strong> (15.\u201317. September). Ab dem 18. bis 21. September \u00fcbernimmt die Leidenschaft von <strong data-start=\"567\" data-end=\"583\">Paula Moreno<\/strong> die B\u00fchne und f\u00fchrt gemeinsam mit <strong data-start=\"618\" data-end=\"644\">Paula Rodr\u00edguez L\u00e1zaro<\/strong> die k\u00fcnstlerische Leitung, um sicherzustellen, dass jedes Detail perfekt ist.<\/p>\n<p data-start=\"726\" data-end=\"1019\">Der Gesang, die Stimme des Flamenco, kommt von drei Kehlen, die die Luft zerschneiden: der <em data-start=\"817\" data-end=\"826\">Jondura<\/em> von <strong data-start=\"831\" data-end=\"847\">Jacob Quir\u00f3s<\/strong>, der Tiefe von <strong data-start=\"863\" data-end=\"878\">Sa\u00fal Quir\u00f3s<\/strong> und dem Versprechen eines Flamenco-Echos mit <strong data-start=\"924\" data-end=\"942\">Aser de Madrid<\/strong> (am 18. September). Jeder Gesang, eine Geschichte, eine Klage, eine Feier.<\/p>\n<p data-start=\"1021\" data-end=\"1252\">Und nat\u00fcrlich \u2013 was w\u00e4re Flamenco ohne die Gitarre? Die Virtuosit\u00e4t von <strong data-start=\"1093\" data-end=\"1112\">Ricardo V\u00e1zquez<\/strong> wird jeden Abend pr\u00e4sent sein und Melodien weben, die die Seele unserer Kunst sind, meisterhaft jede Stimme und jede Bewegung begleitend.<\/p>\n<p data-start=\"1254\" data-end=\"1484\">Den unaufhaltsamen Rhythmus und den vibrierenden Puls setzt die Percussion, mit der Energie von <strong data-start=\"1350\" data-end=\"1365\">Iv\u00e1n Losada<\/strong> und dem besonderen Beitrag von <strong data-start=\"1397\" data-end=\"1414\">\u00c1lvaro Lamela<\/strong> am 18. September, die das <em data-start=\"1441\" data-end=\"1449\">Comp\u00e1s<\/em> bis in die Seele sp\u00fcrbar machen.<\/p>\n<p data-start=\"1486\" data-end=\"1705\">Mit t\u00e4glichen Vorstellungen um <strong data-start=\"1517\" data-end=\"1550\">18:00, 19:30, 21:00 und 22:30<\/strong> l\u00e4dt <strong data-start=\"1556\" data-end=\"1569\">Cardamomo<\/strong> Sie ein, in ein authentisches und unvergessliches Flamenco-Erlebnis einzutauchen. Verpassen Sie es nicht! Erleben Sie die Magie live.<\/p>\n<p data-start=\"1707\" data-end=\"1762\"><a href=\"https:\/\/cardamomo.com\/de\/tickets-bestellen\/\"><strong>Reservieren Sie jetzt Ihre Tickets bei Cardamomo.<\/strong><\/a><\/p>\n<p><\/p>","protected":false},"featured_media":157761,"template":"","meta":{"_acf_changed":false,"inline_featured_image":false},"class_list":["post-157758","show","type-show","status-publish","has-post-thumbnail","hentry"],"acf":[],"yoast_head":"<!-- This site is optimized with the Yoast SEO plugin v27.4 - https:\/\/yoast.com\/product\/yoast-seo-wordpress\/ -->\n<title>Der Sommer endet, der Flamenco geht weiter - Cardamomo Flamenco Madrid<\/title>\n<meta name=\"description\" content=\"Der Sommer endet, doch die Magie des Flamenco lebt jeden Abend in Madrid weiter. Erleben Sie sie im Cardamomo.\" \/>\n<meta name=\"robots\" content=\"index, follow, max-snippet:-1, max-image-preview:large, max-video-preview:-1\" \/>\n<link rel=\"canonical\" href=\"\/\" \/>\n<meta property=\"og:locale\" content=\"de_DE\" \/>\n<meta property=\"og:type\" content=\"article\" \/>\n<meta property=\"og:title\" content=\"Der Sommer endet, der Flamenco geht weiter - Cardamomo Flamenco Madrid\" \/>\n<meta property=\"og:description\" content=\"Der Sommer endet, doch die Magie des Flamenco lebt jeden Abend in Madrid weiter. Erleben Sie sie im Cardamomo.\" \/>\n<meta property=\"og:url\" content=\"https:\/\/cardamomo.com\/de\/show\/verano-acaba-flamenco-continua\/\" \/>\n<meta property=\"og:site_name\" content=\"Cardamomo Flamenco Madrid\" \/>\n<meta property=\"article:modified_time\" content=\"2025-10-23T12:21:21+00:00\" \/>\n<meta property=\"og:image\" content=\"https:\/\/cardamomo.ams3.digitaloceanspaces.com\/wp-content\/uploads\/2025\/09\/16161837\/programacion-artistica-cardamomo-15-21-septiembre.jpg\" \/>\n\t<meta property=\"og:image:width\" content=\"1200\" \/>\n\t<meta property=\"og:image:height\" content=\"800\" \/>\n\t<meta property=\"og:image:type\" content=\"image\/jpeg\" \/>\n<meta name=\"twitter:card\" content=\"summary_large_image\" \/>\n<meta name=\"twitter:label1\" content=\"Gesch\u00e4tzte Lesezeit\" \/>\n\t<meta name=\"twitter:data1\" content=\"2\u00a0Minuten\" \/>\n<script type=\"application\/ld+json\" class=\"yoast-schema-graph\">{\"@context\":\"https:\\\/\\\/schema.org\",\"@graph\":[{\"@type\":\"WebPage\",\"@id\":\"https:\\\/\\\/cardamomo.com\\\/de\\\/show\\\/verano-acaba-flamenco-continua\\\/\",\"url\":\"https:\\\/\\\/cardamomo.com\\\/de\\\/show\\\/verano-acaba-flamenco-continua\\\/\",\"name\":\"Der Sommer endet, der Flamenco geht weiter - Cardamomo Flamenco Madrid\",\"isPartOf\":{\"@id\":\"https:\\\/\\\/cardamomo.com\\\/de\\\/#website\"},\"primaryImageOfPage\":{\"@id\":\"https:\\\/\\\/cardamomo.com\\\/de\\\/show\\\/verano-acaba-flamenco-continua\\\/#primaryimage\"},\"image\":{\"@id\":\"https:\\\/\\\/cardamomo.com\\\/es\\\/show\\\/verano-acaba-flamenco-continua\\\/#primaryimage\"},\"thumbnailUrl\":\"https:\\\/\\\/cardamomo.ams3.digitaloceanspaces.com\\\/wp-content\\\/uploads\\\/2025\\\/09\\\/16161837\\\/programacion-artistica-cardamomo-15-21-septiembre.jpg\",\"datePublished\":\"2025-09-12T16:45:34+00:00\",\"dateModified\":\"2025-10-23T12:21:21+00:00\",\"description\":\"Der Sommer endet, doch die Magie des Flamenco lebt jeden Abend in Madrid weiter. Erleben Sie sie im Cardamomo.\",\"breadcrumb\":{\"@id\":\"https:\\\/\\\/cardamomo.com\\\/de\\\/show\\\/verano-acaba-flamenco-continua\\\/#breadcrumb\"},\"inLanguage\":\"de\",\"potentialAction\":[{\"@type\":\"ReadAction\",\"target\":[[\"https:\\\/\\\/cardamomo.com\\\/de\\\/show\\\/verano-acaba-flamenco-continua\\\/\"]]}]},{\"@type\":\"ImageObject\",\"inLanguage\":\"de\",\"@id\":\"https:\\\/\\\/cardamomo.com\\\/de\\\/show\\\/verano-acaba-flamenco-continua\\\/#primaryimage\",\"url\":\"https:\\\/\\\/cardamomo.ams3.digitaloceanspaces.com\\\/wp-content\\\/uploads\\\/2025\\\/09\\\/16161837\\\/programacion-artistica-cardamomo-15-21-septiembre.jpg\",\"contentUrl\":\"https:\\\/\\\/cardamomo.ams3.digitaloceanspaces.com\\\/wp-content\\\/uploads\\\/2025\\\/09\\\/16161837\\\/programacion-artistica-cardamomo-15-21-septiembre.jpg\",\"width\":1200,\"height\":800,\"caption\":\"Programaci\u00f3n art\u00edstica Cardamomo 15-21 Septiembre\"},{\"@type\":\"BreadcrumbList\",\"@id\":\"https:\\\/\\\/cardamomo.com\\\/de\\\/show\\\/verano-acaba-flamenco-continua\\\/#breadcrumb\",\"itemListElement\":[{\"@type\":\"ListItem\",\"position\":1,\"name\":\"Cardamomo\",\"item\":\"https:\\\/\\\/cardamomo.com\\\/de\\\/\"},{\"@type\":\"ListItem\",\"position\":2,\"name\":\"Shows\",\"item\":\"https:\\\/\\\/cardamomo.com\\\/de\\\/show\\\/\"},{\"@type\":\"ListItem\",\"position\":3,\"name\":\"El verano se acaba, el Flamenco contin\u00faa\"}]},{\"@type\":\"WebSite\",\"@id\":\"https:\\\/\\\/cardamomo.com\\\/de\\\/#website\",\"url\":\"https:\\\/\\\/cardamomo.com\\\/de\\\/\",\"name\":\"Cardamomo Flamenco Madrid\",\"description\":\"\",\"potentialAction\":[{\"@type\":\"SearchAction\",\"target\":{\"@type\":\"EntryPoint\",\"urlTemplate\":\"https:\\\/\\\/cardamomo.com\\\/de\\\/?s={search_term_string}\"},\"query-input\":{\"@type\":\"PropertyValueSpecification\",\"valueRequired\":true,\"valueName\":\"search_term_string\"}}],\"inLanguage\":\"de\"}]}<\/script>\n<!-- \/ Yoast SEO plugin. -->","yoast_head_json":{"title":"Der Sommer endet, der Flamenco geht weiter - Cardamomo Flamenco Madrid","description":"Der Sommer endet, doch die Magie des Flamenco lebt jeden Abend in Madrid weiter. Erleben Sie sie im Cardamomo.","robots":{"index":"index","follow":"follow","max-snippet":"max-snippet:-1","max-image-preview":"max-image-preview:large","max-video-preview":"max-video-preview:-1"},"canonical":"\/","og_locale":"de_DE","og_type":"article","og_title":"Der Sommer endet, der Flamenco geht weiter - Cardamomo Flamenco Madrid","og_description":"Der Sommer endet, doch die Magie des Flamenco lebt jeden Abend in Madrid weiter. Erleben Sie sie im Cardamomo.","og_url":"https:\/\/cardamomo.com\/de\/show\/verano-acaba-flamenco-continua\/","og_site_name":"Cardamomo Flamenco Madrid","article_modified_time":"2025-10-23T12:21:21+00:00","og_image":[{"width":1200,"height":800,"url":"https:\/\/cardamomo.ams3.digitaloceanspaces.com\/wp-content\/uploads\/2025\/09\/16161837\/programacion-artistica-cardamomo-15-21-septiembre.jpg","type":"image\/jpeg"}],"twitter_card":"summary_large_image","twitter_misc":{"Gesch\u00e4tzte Lesezeit":"2\u00a0Minuten"},"schema":{"@context":"https:\/\/schema.org","@graph":[{"@type":"WebPage","@id":"https:\/\/cardamomo.com\/de\/show\/verano-acaba-flamenco-continua\/","url":"https:\/\/cardamomo.com\/de\/show\/verano-acaba-flamenco-continua\/","name":"Der Sommer endet, der Flamenco geht weiter - Cardamomo Flamenco Madrid","isPartOf":{"@id":"https:\/\/cardamomo.com\/de\/#website"},"primaryImageOfPage":{"@id":"https:\/\/cardamomo.com\/de\/show\/verano-acaba-flamenco-continua\/#primaryimage"},"image":{"@id":"https:\/\/cardamomo.com\/es\/show\/verano-acaba-flamenco-continua\/#primaryimage"},"thumbnailUrl":"https:\/\/cardamomo.ams3.digitaloceanspaces.com\/wp-content\/uploads\/2025\/09\/16161837\/programacion-artistica-cardamomo-15-21-septiembre.jpg","datePublished":"2025-09-12T16:45:34+00:00","dateModified":"2025-10-23T12:21:21+00:00","description":"Der Sommer endet, doch die Magie des Flamenco lebt jeden Abend in Madrid weiter. Erleben Sie sie im Cardamomo.","breadcrumb":{"@id":"https:\/\/cardamomo.com\/de\/show\/verano-acaba-flamenco-continua\/#breadcrumb"},"inLanguage":"de","potentialAction":[{"@type":"ReadAction","target":[["https:\/\/cardamomo.com\/de\/show\/verano-acaba-flamenco-continua\/"]]}]},{"@type":"ImageObject","inLanguage":"de","@id":"https:\/\/cardamomo.com\/de\/show\/verano-acaba-flamenco-continua\/#primaryimage","url":"https:\/\/cardamomo.ams3.digitaloceanspaces.com\/wp-content\/uploads\/2025\/09\/16161837\/programacion-artistica-cardamomo-15-21-septiembre.jpg","contentUrl":"https:\/\/cardamomo.ams3.digitaloceanspaces.com\/wp-content\/uploads\/2025\/09\/16161837\/programacion-artistica-cardamomo-15-21-septiembre.jpg","width":1200,"height":800,"caption":"Programaci\u00f3n art\u00edstica Cardamomo 15-21 Septiembre"},{"@type":"BreadcrumbList","@id":"https:\/\/cardamomo.com\/de\/show\/verano-acaba-flamenco-continua\/#breadcrumb","itemListElement":[{"@type":"ListItem","position":1,"name":"Cardamomo","item":"https:\/\/cardamomo.com\/de\/"},{"@type":"ListItem","position":2,"name":"Shows","item":"https:\/\/cardamomo.com\/de\/show\/"},{"@type":"ListItem","position":3,"name":"El verano se acaba, el Flamenco contin\u00faa"}]},{"@type":"WebSite","@id":"https:\/\/cardamomo.com\/de\/#website","url":"https:\/\/cardamomo.com\/de\/","name":"Cardamomo Flamenco Madrid","description":"","potentialAction":[{"@type":"SearchAction","target":{"@type":"EntryPoint","urlTemplate":"https:\/\/cardamomo.com\/de\/?s={search_term_string}"},"query-input":{"@type":"PropertyValueSpecification","valueRequired":true,"valueName":"search_term_string"}}],"inLanguage":"de"}]}},"_links":{"self":[{"href":"https:\/\/cardamomo.com\/de\/wp-json\/wp\/v2\/show\/157758","targetHints":{"allow":["GET"]}}],"collection":[{"href":"https:\/\/cardamomo.com\/de\/wp-json\/wp\/v2\/show"}],"about":[{"href":"https:\/\/cardamomo.com\/de\/wp-json\/wp\/v2\/types\/show"}],"wp:featuredmedia":[{"embeddable":true,"href":"https:\/\/cardamomo.com\/de\/wp-json\/wp\/v2\/media\/157761"}],"wp:attachment":[{"href":"https:\/\/cardamomo.com\/de\/wp-json\/wp\/v2\/media?parent=157758"}],"curies":[{"name":"wp","href":"https:\/\/api.w.org\/{rel}","templated":true}]}}

<p></p>
<p data-start="160" data-end="724">Diese Woche erstrahlt die Bühne von <strong data-start="196" data-end="209">Cardamomo</strong> mit einem Luxus-Ensemble, das Sie vom ersten <em data-start="255" data-end="260">Olé</em> an zum Vibrieren bringt. Wir sind stolz darauf, Tänzer voller Kunst und Gefühl zu präsentieren: die Kraft und das Charisma von <strong data-start="388" data-end="396">Yiyo</strong>, die angeborene Eleganz von <strong data-start="425" data-end="444">Clara Gutiérrez</strong> und der Ausdruck von <strong data-start="466" data-end="485">Nerea Domínguez</strong> (15.–17. September). Ab dem 18. bis 21. September übernimmt die Leidenschaft von <strong data-start="567" data-end="583">Paula Moreno</strong> die Bühne und führt gemeinsam mit <strong data-start="618" data-end="644">Paula Rodríguez Lázaro</strong> die künstlerische Leitung, um sicherzustellen, dass jedes Detail perfekt ist.</p>
<p data-start="726" data-end="1019">Der Gesang, die Stimme des Flamenco, kommt von drei Kehlen, die die Luft zerschneiden: der <em data-start="817" data-end="826">Jondura</em> von <strong data-start="831" data-end="847">Jacob Quirós</strong>, der Tiefe von <strong data-start="863" data-end="878">Saúl Quirós</strong> und dem Versprechen eines Flamenco-Echos mit <strong data-start="924" data-end="942">Aser de Madrid</strong> (am 18. September). Jeder Gesang, eine Geschichte, eine Klage, eine Feier.</p>
<p data-start="1021" data-end="1252">Und natürlich – was wäre Flamenco ohne die Gitarre? Die Virtuosität von <strong data-start="1093" data-end="1112">Ricardo Vázquez</strong> wird jeden Abend präsent sein und Melodien weben, die die Seele unserer Kunst sind, meisterhaft jede Stimme und jede Bewegung begleitend.</p>
<p data-start="1254" data-end="1484">Den unaufhaltsamen Rhythmus und den vibrierenden Puls setzt die Percussion, mit der Energie von <strong data-start="1350" data-end="1365">Iván Losada</strong> und dem besonderen Beitrag von <strong data-start="1397" data-end="1414">Álvaro Lamela</strong> am 18. September, die das <em data-start="1441" data-end="1449">Compás</em> bis in die Seele spürbar machen.</p>
<p data-start="1486" data-end="1705">Mit täglichen Vorstellungen um <strong data-start="1517" data-end="1550">18:00, 19:30, 21:00 und 22:30</strong> lädt <strong data-start="1556" data-end="1569">Cardamomo</strong> Sie ein, in ein authentisches und unvergessliches Flamenco-Erlebnis einzutauchen. Verpassen Sie es nicht! Erleben Sie die Magie live.</p>
<p data-start="1707" data-end="1762"><a href="https://cardamomo.com/de/tickets-bestellen/"><strong>Reservieren Sie jetzt Ihre Tickets bei Cardamomo.</strong></a></p>
<p></p>

<!-- This site is optimized with the Yoast SEO plugin v27.4 - https://yoast.com/product/yoast-seo-wordpress/ -->
<title>Der Sommer endet, der Flamenco geht weiter - Cardamomo Flamenco Madrid</title>
<meta name="description" content="Der Sommer endet, doch die Magie des Flamenco lebt jeden Abend in Madrid weiter. Erleben Sie sie im Cardamomo." />
<meta name="robots" content="index, follow, max-snippet:-1, max-image-preview:large, max-video-preview:-1" />
<link rel="canonical" href="/" />
<meta property="og:locale" content="de_DE" />
<meta property="og:type" content="article" />
<meta property="og:title" content="Der Sommer endet, der Flamenco geht weiter - Cardamomo Flamenco Madrid" />
<meta property="og:description" content="Der Sommer endet, doch die Magie des Flamenco lebt jeden Abend in Madrid weiter. Erleben Sie sie im Cardamomo." />
<meta property="og:url" content="https://cardamomo.com/de/show/verano-acaba-flamenco-continua/" />
<meta property="og:site_name" content="Cardamomo Flamenco Madrid" />
<meta property="article:modified_time" content="2025-10-23T12:21:21+00:00" />
<meta property="og:image" content="https://cardamomo.ams3.digitaloceanspaces.com/wp-content/uploads/2025/09/16161837/programacion-artistica-cardamomo-15-21-septiembre.jpg" />
	<meta property="og:image:width" content="1200" />
	<meta property="og:image:height" content="800" />
	<meta property="og:image:type" content="image/jpeg" />
<meta name="twitter:card" content="summary_large_image" />
<meta name="twitter:label1" content="Geschätzte Lesezeit" />
	<meta name="twitter:data1" content="2 Minuten" />
<script type="application/ld+json" class="yoast-schema-graph">{"@context":"https:\/\/schema.org","@graph":[{"@type":"WebPage","@id":"https:\/\/cardamomo.com\/de\/show\/verano-acaba-flamenco-continua\/","url":"https:\/\/cardamomo.com\/de\/show\/verano-acaba-flamenco-continua\/","name":"Der Sommer endet, der Flamenco geht weiter - Cardamomo Flamenco Madrid","isPartOf":{"@id":"https:\/\/cardamomo.com\/de\/#website"},"primaryImageOfPage":{"@id":"https:\/\/cardamomo.com\/de\/show\/verano-acaba-flamenco-continua\/#primaryimage"},"image":{"@id":"https:\/\/cardamomo.com\/es\/show\/verano-acaba-flamenco-continua\/#primaryimage"},"thumbnailUrl":"https:\/\/cardamomo.ams3.digitaloceanspaces.com\/wp-content\/uploads\/2025\/09\/16161837\/programacion-artistica-cardamomo-15-21-septiembre.jpg","datePublished":"2025-09-12T16:45:34+00:00","dateModified":"2025-10-23T12:21:21+00:00","description":"Der Sommer endet, doch die Magie des Flamenco lebt jeden Abend in Madrid weiter. Erleben Sie sie im Cardamomo.","breadcrumb":{"@id":"https:\/\/cardamomo.com\/de\/show\/verano-acaba-flamenco-continua\/#breadcrumb"},"inLanguage":"de","potentialAction":[{"@type":"ReadAction","target":[["https:\/\/cardamomo.com\/de\/show\/verano-acaba-flamenco-continua\/"]]}]},{"@type":"ImageObject","inLanguage":"de","@id":"https:\/\/cardamomo.com\/de\/show\/verano-acaba-flamenco-continua\/#primaryimage","url":"https:\/\/cardamomo.ams3.digitaloceanspaces.com\/wp-content\/uploads\/2025\/09\/16161837\/programacion-artistica-cardamomo-15-21-septiembre.jpg","contentUrl":"https:\/\/cardamomo.ams3.digitaloceanspaces.com\/wp-content\/uploads\/2025\/09\/16161837\/programacion-artistica-cardamomo-15-21-septiembre.jpg","width":1200,"height":800,"caption":"Programación artística Cardamomo 15-21 Septiembre"},{"@type":"BreadcrumbList","@id":"https:\/\/cardamomo.com\/de\/show\/verano-acaba-flamenco-continua\/#breadcrumb","itemListElement":[{"@type":"ListItem","position":1,"name":"Cardamomo","item":"https:\/\/cardamomo.com\/de\/"},{"@type":"ListItem","position":2,"name":"Shows","item":"https:\/\/cardamomo.com\/de\/show\/"},{"@type":"ListItem","position":3,"name":"El verano se acaba, el Flamenco continúa"}]},{"@type":"WebSite","@id":"https:\/\/cardamomo.com\/de\/#website","url":"https:\/\/cardamomo.com\/de\/","name":"Cardamomo Flamenco Madrid","description":"","potentialAction":[{"@type":"SearchAction","target":{"@type":"EntryPoint","urlTemplate":"https:\/\/cardamomo.com\/de\/?s={search_term_string}"},"query-input":{"@type":"PropertyValueSpecification","valueRequired":true,"valueName":"search_term_string"}}],"inLanguage":"de"}]}</script>
<!-- / Yoast SEO plugin. -->

Programación artística Cardamomo 15-21 Septiembre

El verano se acaba, el Flamenco continúa
